{"id":11106,"date":"2020-10-09T16:20:59","date_gmt":"2020-10-09T19:20:59","guid":{"rendered":"https:\/\/www.greenpeace.org\/argentina\/movilidadsostenible\/"},"modified":"2025-09-23T06:43:09","modified_gmt":"2025-09-23T09:43:09","slug":"movilidadsostenible","status":"publish","type":"page","link":"https:\/\/www.greenpeace.org\/argentina\/movilidadsostenible\/","title":{"rendered":"#MovilidadSostenible"},"content":{"rendered":"\n                    <div class=\"wp-block-group is-vertical is-layout-flex wp-container-core-group-is-layout-8cf370e7 wp-block-group-is-layout-flex\">\n                    \n\n                    \n                    <\/div>\n                    \n    <div class=\"wp-block-query posts-list p4-query-loop is-custom-layout-list is-layout-flow wp-block-query-is-layout-flow\">\n        <div class=\"wp-block-group is-content-justification-space-between is-layout-flex wp-container-core-group-is-layout-3d213aab wp-block-group-is-layout-flex\"><h2 class=\"wp-block-heading\">Art\u00edculos relacionados<\/h2>\n        <li class=\" wp-block-navigation-item see-all-link wp-block-navigation-link\"><a class=\"wp-block-navigation-item__content\"  href=\"http:\/\/www.greenpeace.org\/argentina\/news-stories\/?tag=movilidadsostenible&#038;post-type=story\"><span class=\"wp-block-navigation-item__label\">See all stories<\/span><\/a><\/li>\n        \n        <\/div>\n        \n\n    <p style=\"margin-top: 24px; margin-bottom: 36px;\"><\/p>\n\n    \n\n    <ul class=\"wp-block-post-template is-layout-flow wp-block-post-template-is-layout-flow\"><li class=\"wp-block-post post-22255 post type-post status-publish format-standard has-post-thumbnail hentry category-sustentabilidad tag-agroecologia tag-cambio-climatico tag-consumo tag-movilidadsostenible p4-page-type-blog\">\n            \n<div class=\"wp-block-columns is-layout-flex wp-container-core-columns-is-layout-9d6595d7 wp-block-columns-is-layout-flex\"><figure class=\"wp-block-post-featured-image\"><a href=\"https:\/\/www.greenpeace.org\/argentina\/blog\/problemas\/sustentabilidad\/3-consejos-para-hablar-de-cambio-climatico-con-ninos-y-ninas\/\" target=\"_self\"  ><img loading=\"lazy\" decoding=\"async\" width=\"2560\" height=\"1707\" src=\"https:\/\/www.greenpeace.org\/static\/planet4-argentina-stateless\/2022\/04\/6f493bfc-open-boat-sabado-16-2022-credito-lucia-prieto-greenpeace-27-scaled.jpg\" class=\"attachment-post-thumbnail size-post-thumbnail wp-post-image wp-stateless-item\" alt=\"3 consejos para hablar de cambio clim\u00e1tico con ni\u00f1os y ni\u00f1as\" style=\"object-fit:cover;\" srcset=\"https:\/\/www.greenpeace.org\/static\/planet4-argentina-stateless\/2022\/04\/6f493bfc-open-boat-sabado-16-2022-credito-lucia-prieto-greenpeace-27-scaled.jpg 2560w, https:\/\/www.greenpeace.org\/static\/planet4-argentina-stateless\/2022\/04\/6f493bfc-open-boat-sabado-16-2022-credito-lucia-prieto-greenpeace-27-300x200.jpg 300w, https:\/\/www.greenpeace.org\/static\/planet4-argentina-stateless\/2022\/04\/6f493bfc-open-boat-sabado-16-2022-credito-lucia-prieto-greenpeace-27-1024x683.jpg 1024w, https:\/\/www.greenpeace.org\/static\/planet4-argentina-stateless\/2022\/04\/6f493bfc-open-boat-sabado-16-2022-credito-lucia-prieto-greenpeace-27-768x512.jpg 768w, https:\/\/www.greenpeace.org\/static\/planet4-argentina-stateless\/2022\/04\/6f493bfc-open-boat-sabado-16-2022-credito-lucia-prieto-greenpeace-27-1536x1024.jpg 1536w, https:\/\/www.greenpeace.org\/static\/planet4-argentina-stateless\/2022\/04\/6f493bfc-open-boat-sabado-16-2022-credito-lucia-prieto-greenpeace-27-2048x1366.jpg 2048w, https:\/\/www.greenpeace.org\/static\/planet4-argentina-stateless\/2022\/04\/6f493bfc-open-boat-sabado-16-2022-credito-lucia-prieto-greenpeace-27-510x340.jpg 510w\" sizes=\"auto, (max-width: 2560px) 100vw, 2560px\" data-image-size=\"post-thumbnail\" data-stateless-media-bucket=\"planet4-argentina-stateless\" data-stateless-media-name=\"2022\/04\/6f493bfc-open-boat-sabado-16-2022-credito-lucia-prieto-greenpeace-27-scaled.jpg\" \/><\/a><\/figure>\n\n        <div class=\"wp-block-group is-layout-flow wp-block-group-is-layout-flow\">\n        <div class=\"wp-block-group is-layout-flex wp-block-group-is-layout-flex\"><div class=\"wp-block-post-terms\"><a href=\"https:\/\/www.greenpeace.org\/argentina\/category\/problemas\/sustentabilidad\/\">Sustentabilidad<\/a><\/div>\n        \n        \n        <\/div>\n        \n        <h3 class=\"wp-block-post-title\"><a href=\"https:\/\/www.greenpeace.org\/argentina\/blog\/problemas\/sustentabilidad\/3-consejos-para-hablar-de-cambio-climatico-con-ninos-y-ninas\/\" target=\"_self\" >3 consejos para hablar de cambio clim\u00e1tico con ni\u00f1os y ni\u00f1as<\/a><\/h3>\n        <div class=\"wp-block-post-excerpt\"><p class=\"wp-block-post-excerpt__excerpt\">As\u00ed es como se puede generar conciencia en los m\u00e1s peque\u00f1os sin aburrir ni asustar. <\/p><\/div>\n        \n        <div class=\"wp-block-group posts-list-meta is-layout-flow wp-block-group-is-layout-flow\"><span class='article-list-item-author'>Meri Castro<\/span>\n        <div class=\"wp-block-post-date\"><time datetime=\"2024-08-12T15:36:00-03:00\">12 agosto 2024<\/time><\/div>\n        \n        <\/div>\n        <\/div>\n        <\/div>\n\n            <\/li><li class=\"wp-block-post post-24331 post type-post status-publish format-standard has-post-thumbnail hentry category-contaminacion category-sustentabilidad tag-movilidadsostenible p4-page-type-blog\">\n            \n<div class=\"wp-block-columns is-layout-flex wp-container-core-columns-is-layout-9d6595d7 wp-block-columns-is-layout-flex\"><figure class=\"wp-block-post-featured-image\"><a href=\"https:\/\/www.greenpeace.org\/argentina\/blog\/problemas\/contaminacion\/dia-mundial-de-la-bicicleta-cuando-2-ruedas-son-mejor-que-4\/\" target=\"_self\"  ><img loading=\"lazy\" decoding=\"async\" width=\"800\" height=\"533\" src=\"https:\/\/www.greenpeace.org\/static\/planet4-argentina-stateless\/2024\/06\/51f3a128-gp0stomqj_low-res-with-credit-line-800px.jpg\" class=\"attachment-post-thumbnail size-post-thumbnail wp-post-image wp-stateless-item\" alt=\"D\u00eda Mundial de la Bicicleta, cuando 2 ruedas son mejor que 4\" style=\"object-fit:cover;\" srcset=\"https:\/\/www.greenpeace.org\/static\/planet4-argentina-stateless\/2024\/06\/51f3a128-gp0stomqj_low-res-with-credit-line-800px.jpg 800w, https:\/\/www.greenpeace.org\/static\/planet4-argentina-stateless\/2024\/06\/51f3a128-gp0stomqj_low-res-with-credit-line-800px-300x200.jpg 300w, https:\/\/www.greenpeace.org\/static\/planet4-argentina-stateless\/2024\/06\/51f3a128-gp0stomqj_low-res-with-credit-line-800px-768x512.jpg 768w, https:\/\/www.greenpeace.org\/static\/planet4-argentina-stateless\/2024\/06\/51f3a128-gp0stomqj_low-res-with-credit-line-800px-510x340.jpg 510w\" sizes=\"auto, (max-width: 800px) 100vw, 800px\" data-image-size=\"post-thumbnail\" data-stateless-media-bucket=\"planet4-argentina-stateless\" data-stateless-media-name=\"2024\/06\/51f3a128-gp0stomqj_low-res-with-credit-line-800px.jpg\" \/><\/a><\/figure>\n\n        <div class=\"wp-block-group is-layout-flow wp-block-group-is-layout-flow\">\n        <div class=\"wp-block-group is-layout-flex wp-block-group-is-layout-flex\"><div class=\"wp-block-post-terms\"><a href=\"https:\/\/www.greenpeace.org\/argentina\/category\/problemas\/contaminacion\/\">Contaminaci\u00f3n<\/a><\/div>\n        \n        \n        <\/div>\n        \n        <h3 class=\"wp-block-post-title\"><a href=\"https:\/\/www.greenpeace.org\/argentina\/blog\/problemas\/contaminacion\/dia-mundial-de-la-bicicleta-cuando-2-ruedas-son-mejor-que-4\/\" target=\"_self\" >D\u00eda Mundial de la Bicicleta, cuando 2 ruedas son mejor que 4<\/a><\/h3>\n        <div class=\"wp-block-post-excerpt\"><p class=\"wp-block-post-excerpt__excerpt\">La movilidad sustentable empieza poniendo a la bici en el centro de la escena. <\/p><\/div>\n        \n        <div class=\"wp-block-group posts-list-meta is-layout-flow wp-block-group-is-layout-flow\"><span class='article-list-item-author'>Meri Castro<\/span>\n        <div class=\"wp-block-post-date\"><time datetime=\"2024-06-03T11:17:56-03:00\">3 junio 2024<\/time><\/div>\n        \n        <\/div>\n        <\/div>\n        <\/div>\n\n            <\/li><li class=\"wp-block-post post-23005 post type-post status-publish format-standard has-post-thumbnail hentry category-climayenergia category-greenpeace category-sustentabilidad tag-movilidadsostenible tag-cambio-climatico tag-consumo p4-page-type-blog\">\n            \n<div class=\"wp-block-columns is-layout-flex wp-container-core-columns-is-layout-9d6595d7 wp-block-columns-is-layout-flex\"><figure class=\"wp-block-post-featured-image\"><a href=\"https:\/\/www.greenpeace.org\/argentina\/blog\/problemas\/climayenergia\/siete-habitos-caseros-para-refrescarte-este-verano-y-colaborar-con-el-cuidado-del-medioambiente-%f0%9f%a5%b5\/\" target=\"_self\"  ><img loading=\"lazy\" decoding=\"async\" width=\"786\" height=\"525\" src=\"https:\/\/www.greenpeace.org\/static\/planet4-argentina-stateless\/2023\/11\/26a1163c-ola-calor.png\" class=\"attachment-post-thumbnail size-post-thumbnail wp-post-image wp-stateless-item\" alt=\"Siete h\u00e1bitos caseros para refrescarte este verano y colaborar con el cuidado del medioambiente \ud83e\udd75\u00a0\" style=\"object-fit:cover;\" srcset=\"https:\/\/www.greenpeace.org\/static\/planet4-argentina-stateless\/2023\/11\/26a1163c-ola-calor.png 786w, https:\/\/www.greenpeace.org\/static\/planet4-argentina-stateless\/2023\/11\/26a1163c-ola-calor-300x200.png 300w, https:\/\/www.greenpeace.org\/static\/planet4-argentina-stateless\/2023\/11\/26a1163c-ola-calor-768x513.png 768w, https:\/\/www.greenpeace.org\/static\/planet4-argentina-stateless\/2023\/11\/26a1163c-ola-calor-510x340.png 510w\" sizes=\"auto, (max-width: 786px) 100vw, 786px\" data-image-size=\"post-thumbnail\" data-stateless-media-bucket=\"planet4-argentina-stateless\" data-stateless-media-name=\"2023\/11\/26a1163c-ola-calor.png\" \/><\/a><\/figure>\n\n        <div class=\"wp-block-group is-layout-flow wp-block-group-is-layout-flow\">\n        <div class=\"wp-block-group is-layout-flex wp-block-group-is-layout-flex\"><div class=\"wp-block-post-terms\"><a href=\"https:\/\/www.greenpeace.org\/argentina\/category\/problemas\/climayenergia\/\">Clima y Energ\u00eda<\/a><\/div>\n        \n        \n        <\/div>\n        \n        <h3 class=\"wp-block-post-title\"><a href=\"https:\/\/www.greenpeace.org\/argentina\/blog\/problemas\/climayenergia\/siete-habitos-caseros-para-refrescarte-este-verano-y-colaborar-con-el-cuidado-del-medioambiente-%f0%9f%a5%b5\/\" target=\"_self\" >Siete h\u00e1bitos caseros para refrescarte este verano y colaborar con el cuidado del medioambiente \ud83e\udd75\u00a0<\/a><\/h3>\n        <div class=\"wp-block-post-excerpt\"><p class=\"wp-block-post-excerpt__excerpt\">Te proponemos 7 h\u00e1bitos caseros para paliar estas olas de calor de una forma m\u00e1s ecol\u00f3gica y con la que contribuir a reducir las emisiones de gases de efecto invernadero (GEI) que producen el calentamiento global. <\/p><\/div>\n        \n        <div class=\"wp-block-group posts-list-meta is-layout-flow wp-block-group-is-layout-flow\"><span class='article-list-item-author'><a href='https:\/\/www.greenpeace.org\/argentina\/author\/ana-alvarez\/'>Editor<\/a><\/span>\n        <div class=\"wp-block-post-date\"><time datetime=\"2024-02-07T15:40:16-03:00\">7 febrero 2024<\/time><\/div>\n        \n        <\/div>\n        <\/div>\n        <\/div>\n\n            <\/li><li class=\"wp-block-post post-21792 post type-post status-publish format-standard has-post-thumbnail hentry category-sustentabilidad tag-agroecologia tag-plasticos tag-movilidadsostenible tag-basura tag-cambio-climatico p4-page-type-blog\">\n            \n<div class=\"wp-block-columns is-layout-flex wp-container-core-columns-is-layout-9d6595d7 wp-block-columns-is-layout-flex\"><figure class=\"wp-block-post-featured-image\"><a href=\"https:\/\/www.greenpeace.org\/argentina\/blog\/problemas\/sustentabilidad\/para-frenar-el-cambio-climatico-hay-que-pensar-fuera-de-la-caja\/\" target=\"_self\"  ><img loading=\"lazy\" decoding=\"async\" width=\"800\" height=\"533\" src=\"https:\/\/www.greenpeace.org\/static\/planet4-argentina-stateless\/2023\/10\/0af3f90a-gp0sttx3e_web_size_with_credit_line.jpg\" class=\"attachment-post-thumbnail size-post-thumbnail wp-post-image wp-stateless-item\" alt=\"Para frenar el cambio clim\u00e1tico hay que pensar fuera de la caja\" style=\"object-fit:cover;\" srcset=\"https:\/\/www.greenpeace.org\/static\/planet4-argentina-stateless\/2023\/10\/0af3f90a-gp0sttx3e_web_size_with_credit_line.jpg 800w, https:\/\/www.greenpeace.org\/static\/planet4-argentina-stateless\/2023\/10\/0af3f90a-gp0sttx3e_web_size_with_credit_line-300x200.jpg 300w, https:\/\/www.greenpeace.org\/static\/planet4-argentina-stateless\/2023\/10\/0af3f90a-gp0sttx3e_web_size_with_credit_line-768x512.jpg 768w, https:\/\/www.greenpeace.org\/static\/planet4-argentina-stateless\/2023\/10\/0af3f90a-gp0sttx3e_web_size_with_credit_line-510x340.jpg 510w\" sizes=\"auto, (max-width: 800px) 100vw, 800px\" data-image-size=\"post-thumbnail\" data-stateless-media-bucket=\"planet4-argentina-stateless\" data-stateless-media-name=\"2023\/10\/0af3f90a-gp0sttx3e_web_size_with_credit_line.jpg\" \/><\/a><\/figure>\n\n        <div class=\"wp-block-group is-layout-flow wp-block-group-is-layout-flow\">\n        <div class=\"wp-block-group is-layout-flex wp-block-group-is-layout-flex\"><div class=\"wp-block-post-terms\"><a href=\"https:\/\/www.greenpeace.org\/argentina\/category\/problemas\/sustentabilidad\/\">Sustentabilidad<\/a><\/div>\n        \n        \n        <\/div>\n        \n        <h3 class=\"wp-block-post-title\"><a href=\"https:\/\/www.greenpeace.org\/argentina\/blog\/problemas\/sustentabilidad\/para-frenar-el-cambio-climatico-hay-que-pensar-fuera-de-la-caja\/\" target=\"_self\" >Para frenar el cambio clim\u00e1tico hay que pensar fuera de la caja<\/a><\/h3>\n        <div class=\"wp-block-post-excerpt\"><p class=\"wp-block-post-excerpt__excerpt\">Frenar la crisis clim\u00e1tica exige que pensemos de nuevas formas. <\/p><\/div>\n        \n        <div class=\"wp-block-group posts-list-meta is-layout-flow wp-block-group-is-layout-flow\"><span class='article-list-item-author'>Meri Castro<\/span>\n        <div class=\"wp-block-post-date\"><time datetime=\"2023-10-23T15:52:18-03:00\">23 octubre 2023<\/time><\/div>\n        \n        <\/div>\n        <\/div>\n        <\/div>\n\n            <\/li><li class=\"wp-block-post post-21385 post type-post status-publish format-standard has-post-thumbnail hentry category-contaminacion category-oceanos tag-movilidadsostenible p4-page-type-blog\">\n            \n<div class=\"wp-block-columns is-layout-flex wp-container-core-columns-is-layout-9d6595d7 wp-block-columns-is-layout-flex\"><figure class=\"wp-block-post-featured-image\"><a href=\"https:\/\/www.greenpeace.org\/argentina\/blog\/problemas\/contaminacion\/video-un-estadio-inundado-de-petroleo-total-energies-es-el-sponsor-de-la-contaminacion-en-el-mundial-de-rugby-2023\/\" target=\"_self\"  ><img loading=\"lazy\" decoding=\"async\" width=\"749\" height=\"417\" src=\"https:\/\/www.greenpeace.org\/static\/planet4-argentina-stateless\/2023\/09\/2f704b6c-total5.png\" class=\"attachment-post-thumbnail size-post-thumbnail wp-post-image wp-stateless-item\" alt=\"VIDEO: \u00a1Un estadio inundado de petr\u00f3leo! Total Energies es el sponsor de la contaminaci\u00f3n en el Mundial de Rugby 2023\" style=\"object-fit:cover;\" srcset=\"https:\/\/www.greenpeace.org\/static\/planet4-argentina-stateless\/2023\/09\/2f704b6c-total5.png 749w, https:\/\/www.greenpeace.org\/static\/planet4-argentina-stateless\/2023\/09\/2f704b6c-total5-300x167.png 300w, https:\/\/www.greenpeace.org\/static\/planet4-argentina-stateless\/2023\/09\/2f704b6c-total5-510x284.png 510w\" sizes=\"auto, (max-width: 749px) 100vw, 749px\" data-image-size=\"post-thumbnail\" data-stateless-media-bucket=\"planet4-argentina-stateless\" data-stateless-media-name=\"2023\/09\/2f704b6c-total5.png\" \/><\/a><\/figure>\n\n        <div class=\"wp-block-group is-layout-flow wp-block-group-is-layout-flow\">\n        <div class=\"wp-block-group is-layout-flex wp-block-group-is-layout-flex\"><div class=\"wp-block-post-terms\"><a href=\"https:\/\/www.greenpeace.org\/argentina\/category\/problemas\/contaminacion\/\">Contaminaci\u00f3n<\/a><\/div>\n        \n        \n        <\/div>\n        \n        <h3 class=\"wp-block-post-title\"><a href=\"https:\/\/www.greenpeace.org\/argentina\/blog\/problemas\/contaminacion\/video-un-estadio-inundado-de-petroleo-total-energies-es-el-sponsor-de-la-contaminacion-en-el-mundial-de-rugby-2023\/\" target=\"_self\" >VIDEO: \u00a1Un estadio inundado de petr\u00f3leo! Total Energies es el sponsor de la contaminaci\u00f3n en el Mundial de Rugby 2023<\/a><\/h3>\n        <div class=\"wp-block-post-excerpt\"><p class=\"wp-block-post-excerpt__excerpt\">Una pieza animada realizada por Greenpeace Francia muestra c\u00f3mo la industria mundial de combustibles f\u00f3siles extrae suficiente petr\u00f3leo para llenar un estadio de rugby cada 3 horas y 24 minutos. <\/p><\/div>\n        \n        <div class=\"wp-block-group posts-list-meta is-layout-flow wp-block-group-is-layout-flow\"><span class='article-list-item-author'><a href='https:\/\/www.greenpeace.org\/argentina\/author\/lcolombo\/'>Laura Colombo<\/a><\/span>\n        <div class=\"wp-block-post-date\"><time datetime=\"2023-09-07T16:29:49-03:00\">7 septiembre 2023<\/time><\/div>\n        \n        <\/div>\n        <\/div>\n        <\/div>\n\n            <\/li><li class=\"wp-block-post post-20137 post type-post status-publish format-standard has-post-thumbnail hentry category-blog category-climayenergia tag-cambio-climatico tag-movilidadsostenible p4-page-type-blog\">\n            \n<div class=\"wp-block-columns is-layout-flex wp-container-core-columns-is-layout-9d6595d7 wp-block-columns-is-layout-flex\"><figure class=\"wp-block-post-featured-image\"><a href=\"https:\/\/www.greenpeace.org\/argentina\/blog\/problemas\/climayenergia\/ciudades-y-cambio-climatico-menos-coches-mas-verde-y-otra-forma-de-vida-es-posible\/\" target=\"_self\"  ><img loading=\"lazy\" decoding=\"async\" width=\"800\" height=\"534\" src=\"https:\/\/www.greenpeace.org\/static\/planet4-argentina-stateless\/2023\/06\/6ad9f34c-gp0stuc9m_web_size_with_credit_line.jpg\" class=\"attachment-post-thumbnail size-post-thumbnail wp-post-image wp-stateless-item\" alt=\"Ciudades y cambio clim\u00e1tico: menos coches, m\u00e1s verde y otra forma de vida es posible\" style=\"object-fit:cover;\" srcset=\"https:\/\/www.greenpeace.org\/static\/planet4-argentina-stateless\/2023\/06\/6ad9f34c-gp0stuc9m_web_size_with_credit_line.jpg 800w, https:\/\/www.greenpeace.org\/static\/planet4-argentina-stateless\/2023\/06\/6ad9f34c-gp0stuc9m_web_size_with_credit_line-300x200.jpg 300w, https:\/\/www.greenpeace.org\/static\/planet4-argentina-stateless\/2023\/06\/6ad9f34c-gp0stuc9m_web_size_with_credit_line-768x513.jpg 768w, https:\/\/www.greenpeace.org\/static\/planet4-argentina-stateless\/2023\/06\/6ad9f34c-gp0stuc9m_web_size_with_credit_line-510x340.jpg 510w\" sizes=\"auto, (max-width: 800px) 100vw, 800px\" data-image-size=\"post-thumbnail\" data-stateless-media-bucket=\"planet4-argentina-stateless\" data-stateless-media-name=\"2023\/06\/6ad9f34c-gp0stuc9m_web_size_with_credit_line.jpg\" \/><\/a><\/figure>\n\n        <div class=\"wp-block-group is-layout-flow wp-block-group-is-layout-flow\">\n        <div class=\"wp-block-group is-layout-flex wp-block-group-is-layout-flex\"><div class=\"wp-block-post-terms\"><a href=\"https:\/\/www.greenpeace.org\/argentina\/category\/blog\/\">Blog<\/a><\/div>\n        \n        \n        <\/div>\n        \n        <h3 class=\"wp-block-post-title\"><a href=\"https:\/\/www.greenpeace.org\/argentina\/blog\/problemas\/climayenergia\/ciudades-y-cambio-climatico-menos-coches-mas-verde-y-otra-forma-de-vida-es-posible\/\" target=\"_self\" >Ciudades y cambio clim\u00e1tico: menos coches, m\u00e1s verde y otra forma de vida es posible<\/a><\/h3>\n        <div class=\"wp-block-post-excerpt\"><p class=\"wp-block-post-excerpt__excerpt\">Las ciudades deben adaptarse para enfrentar un clima cambiante y reducir las emisiones que generan. <\/p><\/div>\n        \n        <div class=\"wp-block-group posts-list-meta is-layout-flow wp-block-group-is-layout-flow\"><span class='article-list-item-author'><a href='https:\/\/www.greenpeace.org\/argentina\/author\/meri\/'>Meri Castro<\/a><\/span>\n        <div class=\"wp-block-post-date\"><time datetime=\"2023-07-04T12:10:48-03:00\">4 julio 2023<\/time><\/div>\n        \n        <\/div>\n        <\/div>\n        <\/div>\n\n            <\/li><\/ul>\n\n    \n<div class=\"wp-block-buttons carousel-controls is-horizontal is-content-justification-space-between is-nowrap is-layout-flex wp-container-core-buttons-is-layout-044bd602 wp-block-buttons-is-layout-flex\">\n            <div class=\"wp-block-button carousel-control-prev\"><button type=\"button\" class=\"wp-block-button__link wp-element-button\">Prev<\/button><\/div>\n        \n\n            <div class=\"wp-block-button carousel-control-next\"><button type=\"button\" class=\"wp-block-button__link wp-element-button\">Next<\/button><\/div>\n        <\/div>\n\n\n    <li class=\" wp-block-navigation-item see-all-link wp-block-navigation-link\"><a class=\"wp-block-navigation-item__content\"  href=\"http:\/\/www.greenpeace.org\/argentina\/news-stories\/?tag=movilidadsostenible&#038;post-type=story\"><span class=\"wp-block-navigation-item__label\">See all stories<\/span><\/a><\/li><\/div>\n    \n    <div class=\"wp-block-query posts-list p4-query-loop is-custom-layout-grid is-layout-grid wp-container-core-query-is-layout-b8bb0bd1 wp-block-query-is-layout-grid\">\n        <div class=\"wp-block-group is-content-justification-space-between is-layout-flex wp-container-core-group-is-layout-3d213aab wp-block-group-is-layout-flex\"><h2 class=\"wp-block-heading\">Publications<\/h2>\n        <li class=\" wp-block-navigation-item see-all-link wp-block-navigation-link\"><a class=\"wp-block-navigation-item__content\"  href=\"http:\/\/www.greenpeace.org\/argentina\/news-stories\/?tag=movilidadsostenible&#038;post-type=\"><span class=\"wp-block-navigation-item__label\">See all stories<\/span><\/a><\/li>\n        \n        <\/div>\n        \n\n    <p style=\"margin-top: 24px; margin-bottom: 36px;\"><\/p>\n\n    <div class=\"wp-block-query-no-results\">\n        <p style=\"\">No posts found.<\/p>\n        <\/div>\n\n    \n\n    \n<div class=\"wp-block-buttons carousel-controls is-horizontal is-content-justification-space-between is-nowrap is-layout-flex wp-container-core-buttons-is-layout-044bd602 wp-block-buttons-is-layout-flex\">\n            <div class=\"wp-block-button carousel-control-prev\"><button type=\"button\" class=\"wp-block-button__link wp-element-button\">Prev<\/button><\/div>\n        \n\n            <div class=\"wp-block-button carousel-control-next\"><button type=\"button\" class=\"wp-block-button__link wp-element-button\">Next<\/button><\/div>\n        <\/div>\n\n\n    <li class=\" wp-block-navigation-item see-all-link wp-block-navigation-link\"><a class=\"wp-block-navigation-item__content\"  href=\"http:\/\/www.greenpeace.org\/argentina\/news-stories\/?tag=movilidadsostenible&#038;post-type=\"><span class=\"wp-block-navigation-item__label\">See all stories<\/span><\/a><\/li><\/div>\n    <div data-render=\"planet4-blocks\/happypoint\" data-attributes=\"{&quot;attributes&quot;:{&quot;override_default_content&quot;:true,&quot;local_content_provider&quot;:&quot;iframe_url&quot;,&quot;opacity&quot;:30}}\"><\/div>","protected":false},"excerpt":{"rendered":"","protected":false},"author":19,"featured_media":0,"parent":0,"menu_order":0,"comment_status":"closed","ping_status":"closed","template":"","meta":{"ep_exclude_from_search":false,"p4_hide_page_title_checkbox":"","p4_title":"","p4_subtitle":"","p4_description":"","background_image_id":"","background_image":"","p4_button_title":"","p4_button_link":"","p4_button_link_checkbox":"","p4_og_title":"","p4_og_description":"","p4_og_image":"","p4_og_image_id":"","p4_seo_canonical_url":"","p4_campaign_name":"","p4_local_project":"","p4_basket_name":"","p4_department":"","footnotes":""},"categories":[62],"tags":[],"class_list":["post-11106","page","type-page","status-publish","hentry","category-sustentabilidad"],"_links":{"self":[{"href":"https:\/\/www.greenpeace.org\/argentina\/wp-json\/wp\/v2\/pages\/11106","targetHints":{"allow":["GET"]}}],"collection":[{"href":"https:\/\/www.greenpeace.org\/argentina\/wp-json\/wp\/v2\/pages"}],"about":[{"href":"https:\/\/www.greenpeace.org\/argentina\/wp-json\/wp\/v2\/types\/page"}],"author":[{"embeddable":true,"href":"https:\/\/www.greenpeace.org\/argentina\/wp-json\/wp\/v2\/users\/19"}],"replies":[{"embeddable":true,"href":"https:\/\/www.greenpeace.org\/argentina\/wp-json\/wp\/v2\/comments?post=11106"}],"version-history":[{"count":12,"href":"https:\/\/www.greenpeace.org\/argentina\/wp-json\/wp\/v2\/pages\/11106\/revisions"}],"predecessor-version":[{"id":31796,"href":"https:\/\/www.greenpeace.org\/argentina\/wp-json\/wp\/v2\/pages\/11106\/revisions\/31796"}],"wp:attachment":[{"href":"https:\/\/www.greenpeace.org\/argentina\/wp-json\/wp\/v2\/media?parent=11106"}],"wp:term":[{"taxonomy":"category","embeddable":true,"href":"https:\/\/www.greenpeace.org\/argentina\/wp-json\/wp\/v2\/categories?post=11106"},{"taxonomy":"post_tag","embeddable":true,"href":"https:\/\/www.greenpeace.org\/argentina\/wp-json\/wp\/v2\/tags?post=11106"}],"curies":[{"name":"wp","href":"https:\/\/api.w.org\/{rel}","templated":true}]}}