{"id":20788,"date":"2023-07-19T20:55:13","date_gmt":"2023-07-19T23:55:13","guid":{"rendered":"https:\/\/www.greenpeace.org\/argentina\/?page_id=20788"},"modified":"2026-03-18T10:36:05","modified_gmt":"2026-03-18T13:36:05","slug":"preguntas-frecuentes","status":"publish","type":"page","link":"https:\/\/www.greenpeace.org\/argentina\/preguntas-frecuentes\/","title":{"rendered":"Preguntas frecuentes"},"content":{"rendered":"\n<section class=\"block accordion-block wp-block-planet4-blocks-accordion\"><header><h2 class=\"page-section-header\">Preguntas frecuentes<\/h2><\/header><div class=\"accordion-content\"><div class=\"accordion-headline\" name=\"\u00bfQu\u00e9 es Greenpeace?\">\u00bfQu\u00e9 es Greenpeace?<\/div><div class=\"panel panel-hidden\"><p class=\"accordion-text\">Somos una organizaci\u00f3n ecologista internacional econ\u00f3mica y pol\u00edticamente independiente.<br>Exponemos problem\u00e1ticas ambientales globales y denunciamos a empresas y gobiernos a trav\u00e9s de acciones no violentas y creativas.<br>Buscamos generar conciencia, informar, atraer la atenci\u00f3n p\u00fablica y promover la participaci\u00f3n para desarrollar soluciones.<\/p><a class=\"btn btn-secondary accordion-btn\" href=\"https:\/\/www.greenpeace.org\/argentina\/conocenos\/\" target=\"_blank\" rel=\"noopener noreferrer\">Le\u00e9 m\u00e1s sobre qui\u00e9nes somos<\/a><\/div><\/div><div class=\"accordion-content\"><div class=\"accordion-headline\" name=\"\u00bfC\u00f3mo y cu\u00e1ndo se fund\u00f3 Greenpeace?\">\u00bfC\u00f3mo y cu\u00e1ndo se fund\u00f3 Greenpeace?<\/div><div class=\"panel panel-hidden\"><p class=\"accordion-text\">Nuestra organizaci\u00f3n fue fundada en 1971 por un peque\u00f1o grupo de activistas canadienses que protestaba contra las pruebas nucleares que Estados Unidos llevaba a cabo en el archipi\u00e9lago de Amchitka, al sudoeste de Alaska.<br>Decidieron ir hacia el lugar en un barco pesquero llamado Phyllis Cormack para intentar detener las explosiones. Pero antes de iniciar el viaje lo rebautizaron con un nuevo nombre que resum\u00eda la filosof\u00eda del grupo: Greenpeace. &#8220;Queremos paz y queremos que sea verde&#8221;,\u00a0manifest\u00f3 uno de los tripulantes antes de zarpar desde Vancouver, Canad\u00e1, hacia Amchitka. As\u00ed naci\u00f3 Greenpeace.<br>En Argentina, la oficina de Greenpeace se cre\u00f3 en 1987.<\/p><a class=\"btn btn-secondary accordion-btn\" href=\"https:\/\/www.greenpeace.org\/argentina\/conocenos\/\" target=\"_blank\" rel=\"noopener noreferrer\">Conoc\u00e9 m\u00e1s sobre nuestra historia<\/a><\/div><\/div><div class=\"accordion-content\"><div class=\"accordion-headline\" name=\"\u00bfC\u00f3mo es la estructura de la organizaci\u00f3n?\">\u00bfC\u00f3mo es la estructura de la organizaci\u00f3n?<\/div><div class=\"panel panel-hidden\"><p class=\"accordion-text\">Greenpeace tiene 27 oficinas (nacionales y regionales) que realizan operaciones en 55 pa\u00edses. La oficina central se encuentra en Amsterdam, Holanda.<br>Greeenpeace Argentina cuenta con una oficina en la Ciudad Aut\u00f3noma de Buenos Aires. El staff est\u00e1 formado por m\u00e1s de 70 personas divididas en distintas \u00e1reas de trabajo: Direcci\u00f3n Ejecutiva, Unidad de Campa\u00f1as, Movilizaci\u00f3n P\u00fablica, Comunicaci\u00f3n, Recaudaci\u00f3n de Fondos, Log\u00edstica y Administraci\u00f3n<\/p><a class=\"btn btn-secondary accordion-btn\" href=\"https:\/\/www.greenpeace.org\/argentina\/organigrama\/\" target=\"_blank\" rel=\"noopener noreferrer\">Mir\u00e1 nuestro organigrama<\/a><\/div><\/div><div class=\"accordion-content\"><div class=\"accordion-headline\" name=\"\u00bfC\u00f3mo se financian?\">\u00bfC\u00f3mo se financian?<\/div><div class=\"panel panel-hidden\"><p class=\"accordion-text\">Para mantener nuestra independencia pol\u00edtica y econ\u00f3mica no aceptamos contribuciones de ning\u00fan tipo de parte de empresas, gobiernos o partidos pol\u00edticos. Nos financiamos solamente gracias al aporte de 3 millones de personas en todo el mundo y 165 mil en Argentina.<br><br>Nuestros libros contables son auditados cada a\u00f1o. Publicamos una rendici\u00f3n anual de los gastos para asegurar el uso transparente de los fondos que nos aportan los socios.<br><br><strong><a href=\"https:\/\/www.greenpeace.org\/static\/planet4-argentina-stateless\/2024\/09\/f4448f81-estados-contables-2023-ar.pdf\" target=\"_blank\" rel=\"noreferrer noopener\">Estado contable 2023<\/a><br><\/strong><a href=\"https:\/\/www.greenpeace.org\/static\/planet4-argentina-stateless\/2023\/09\/052fe281-arg-estados-contables-2022.pdf\" target=\"_blank\" rel=\"noreferrer noopener\"><strong>Estado contable 2022<\/strong><\/a><a href=\"https:\/\/www.greenpeace.org\/static\/planet4-argentina-stateless\/2023\/09\/3b94617c-arg-estados-contables-2021.pdf\" target=\"_blank\" rel=\"noreferrer noopener\"><strong> <\/strong><\/a><br><a href=\"https:\/\/www.greenpeace.org\/static\/planet4-argentina-stateless\/2023\/09\/3b94617c-arg-estados-contables-2021.pdf\" target=\"_blank\" rel=\"noreferrer noopener\"><strong>Estado contable 2021<\/strong><\/a><a href=\"https:\/\/www.greenpeace.org\/static\/planet4-argentina-stateless\/2021\/11\/87df16b3-estados-contables-2020-certificado.pdf\" target=\"_blank\" rel=\"noreferrer noopener\"><strong> <\/strong><\/a><br><a href=\"https:\/\/www.greenpeace.org\/static\/planet4-argentina-stateless\/2021\/11\/87df16b3-estados-contables-2020-certificado.pdf\" target=\"_blank\" rel=\"noreferrer noopener\"><strong>Estado contable  2020<\/strong><\/a><a href=\"https:\/\/greenpeace.org.ar\/balances\/EECC%20GPA%202019%20Certificado.pdf\" target=\"_blank\" rel=\"noreferrer noopener\"><strong> <\/strong><\/a><br><a href=\"https:\/\/greenpeace.org.ar\/balances\/EECC%20GPA%202019%20Certificado.pdf\" target=\"_blank\" rel=\"noreferrer noopener\"><strong>Estado contable 2019<\/strong><\/a><a href=\"https:\/\/www.greenpeace.org\/static\/planet4-argentina-stateless\/2023\/09\/58416614-estados-contables-certificados-al-31-12-2018.pdf\"><strong> <\/strong><\/a><br><a href=\"https:\/\/www.greenpeace.org\/static\/planet4-argentina-stateless\/2023\/09\/58416614-estados-contables-certificados-al-31-12-2018.pdf\"><strong>Estado contable 2018<\/strong><\/a><br><a href=\"https:\/\/www.greenpeace.org\/static\/planet4-argentina-stateless\/2023\/09\/58416614-estados-contables-certificados-al-31-12-2018.pdf\"><br><\/a>En nuestros reportes anuales te mostramos en detalle nuestras campa\u00f1as, el trabajo de nuestro equipo de voluntarias y voluntarios, nuestro alcance comunicacional y nuestras labores de recaudaci\u00f3n de fondos.<br>Tenemos un compromiso con la transparencia de nuestra organizaci\u00f3n, con mantener nuestra independencia pol\u00edtica y econ\u00f3mica, y esperamos que este documento pueda darte una gu\u00eda sobre c\u00f3mo trabajamos y c\u00f3mo utilizamos nuestros recursos.<br><br>Aqu\u00ed compartimos el <a href=\"https:\/\/www.greenpeace.org\/static\/planet4-chile-stateless\/2023\/10\/a2d54342-reporte_gp_abril_mayo_junio_2023.pdf\" target=\"_blank\" rel=\"noreferrer noopener\">reporte de campa\u00f1as Greenpeace Andino \u2013 abril, mayo, junio 2023<\/a>, y el <a href=\"https:\/\/www.greenpeace.org\/static\/planet4-argentina-stateless\/2024\/01\/f83eb623-reporte-jcamapnas-julio-agosto-septiembre-2023.pdf\" target=\"_blank\" rel=\"noreferrer noopener\">reporte de Greenpeace Andino de julio, agosto y septiembre 2023.<\/a><br><br><a href=\"https:\/\/www.greenpeace.org\/static\/planet4-colombia-stateless\/2024\/05\/c56b660e-reporte-2022-greenpeace.pdf\" target=\"_blank\" rel=\"noreferrer noopener\">Reporte Anual 2022<\/a><br><a href=\"https:\/\/www.greenpeace.org\/static\/planet4-argentina-stateless\/2022\/07\/93d1f2d6-reporte_anual_argentina21final.pdf\" target=\"_blank\" rel=\"noreferrer noopener\">Reporte Anual 2021<\/a><\/p><\/div><\/div><div class=\"accordion-content\"><div class=\"accordion-headline\" name=\"\u00bfTiene alguna orientaci\u00f3n pol\u00edtica?\">\u00bfTiene alguna orientaci\u00f3n pol\u00edtica?<\/div><div class=\"panel panel-hidden\"><p class=\"accordion-text\"><span style=\"font-weight: 400;\">En Greenpeace no asumimos otra posici\u00f3n pol\u00edtica que no sea la protecci\u00f3n del medio ambiente. Desde nuestra fundaci\u00f3n, en 1971, mantenemos total independencia de cualquier afiliaci\u00f3n pol\u00edtica o inter\u00e9s econ\u00f3mico.<\/span><\/p><\/div><\/div><div class=\"accordion-content\"><div class=\"accordion-headline\" name=\"\u00bfCu\u00e1les son los logros de Greenpeace?\">\u00bfCu\u00e1les son los logros de Greenpeace?<\/div><div class=\"panel panel-hidden\"><p class=\"accordion-text\"><span style=\"font-weight: 400;\">Nuestra organizaci\u00f3n contribuy\u00f3 en muchos cambios positivos para el medio ambiente en Argentina y alrededor del mundo. <\/span><a rel=\"noreferrer noopener\" href=\"https:\/\/www.greenpeace.org\/argentina\/campanas-ganadas\/\" target=\"_blank\"><b><br><\/b><\/a><\/p><a class=\"btn btn-secondary accordion-btn\" href=\"https:\/\/www.greenpeace.org\/argentina\/campanas-ganadas\/\" target=\"_blank\" rel=\"noopener noreferrer\">Conoc\u00e9 nuestras victorias<\/a><\/div><\/div><div class=\"accordion-content\"><div class=\"accordion-headline\" name=\"\u00bfC\u00f3mo consigue sus objetivos?\">\u00bfC\u00f3mo consigue sus objetivos?<\/div><div class=\"panel panel-hidden\"><p class=\"accordion-text\">Acci\u00f3n directa no violenta: Utilizamos la acci\u00f3n directa pac\u00edfica para llamar la atenci\u00f3n del mundo hacia cuestiones ambientales.<br><br>Movilizaci\u00f3n P\u00fablica: Involucramos a la gente en nuestras campa\u00f1as (en las calles y a trav\u00e9s de la participaci\u00f3n v\u00eda web, e-mails, y llamadas telef\u00f3nicas) para que la presi\u00f3n p\u00fablica oriente a empresas y gobiernos a tomar las medidas adecuadas en materia ambiental.<br><br>Lobby pol\u00edtico: Trabajamos para insertar en la agenda pol\u00edtica los problemas ambientales m\u00e1s urgentes.<br><br>Operamos bajo el principio de que la presi\u00f3n p\u00fablica, la acci\u00f3n directa no violenta por parte de individuos y el lobby a nivel pol\u00edtico producen cambios positivos para la resoluci\u00f3n de problemas ambientales.<\/p><\/div><\/div><div class=\"accordion-content\"><div class=\"accordion-headline\" name=\"\u00bfC\u00f3mo puedo colaborar?\">\u00bfC\u00f3mo puedo colaborar?<\/div><div class=\"panel panel-hidden\"><p class=\"accordion-text\">Hay muchas formas de ser parte de Greenpeace.<br>Si compart\u00eds nuestra filosof\u00eda y pens\u00e1s que es posible hacer algo por el planeta de manera concreta y regular, asociate a Greenpeace realizando una donaci\u00f3n mensual y apoy\u00e1 nuestras campa\u00f1as a favor del medioambiente.<br>Tambi\u00e9n, pod\u00e9s ser parte activa de nuestros reclamos recibiendo la informaci\u00f3n que enviamos de manera peri\u00f3dica por email. <\/p><a class=\"btn btn-secondary accordion-btn\" href=\"https:\/\/www.greenpeace.org\/argentina\/participa\/\" target=\"_blank\" rel=\"noopener noreferrer\">Descubr\u00ed las formas de participar<\/a><\/div><\/div><div class=\"accordion-content\"><div class=\"accordion-headline\" name=\"\u00bfC\u00f3mo puedo conseguir merchandising de Greenpeace?\">\u00bfC\u00f3mo puedo conseguir merchandising de Greenpeace?<\/div><div class=\"panel panel-hidden\"><p class=\"accordion-text\"><span style=\"font-weight: 400;\">Greenpeace Argentina no tiene productos a la venta. Todo art\u00edculo que entregamos a nuestros socios es a modo de agradecimiento por tomar la decisi\u00f3n de ayudarnos con su colaboraci\u00f3n mensual.<\/span><\/p><\/div><\/div><div class=\"accordion-content\"><div class=\"accordion-headline\" name=\"\u00bfD\u00f3nde encuentro informaci\u00f3n sobre Greenpeace?\">\u00bfD\u00f3nde encuentro informaci\u00f3n sobre Greenpeace?<\/div><div class=\"panel panel-hidden\"><p class=\"accordion-text\"><span style=\"font-weight: 400;\">Toda la informaci\u00f3n con la que contamos est\u00e1 disponible en nuestro sitio web. Para saber sobre alg\u00fan tema puntual ingres\u00e1 la palabra en el buscador ubicado en el margen superior derecho de nuestra p\u00e1gina y\u00a0encontrar\u00e1s informes, videos, noticias y fotos relacionadas.<\/span><\/p><\/div><\/div><div class=\"accordion-content\"><div class=\"accordion-headline\" name=\"\u00bfC\u00f3mo me contacto con Greenpeace?\">\u00bfC\u00f3mo me contacto con Greenpeace?<\/div><div class=\"panel panel-hidden\"><p class=\"accordion-text\">Para comunicarte con nosotros escrib\u00ed a <a href=\"mailto:ciberactivistas@infogreenpeace.org\" target=\"_blank\" rel=\"noreferrer noopener\"><strong>ciberactivistas@infogreenpeace.org<\/strong><\/a> o llamamos al <strong>0810-342-1010<\/strong> (de lunes a viernes de 10 a 18h).<br>Si sos socio o socia, envianos tu mensaje a <strong><a href=\"mailto:socios@infogreenpeace.org\" target=\"_blank\" rel=\"noreferrer noopener\"><\/a><a href=\"mailto:socios@greenpeace.ar\" target=\"_blank\" rel=\"noreferrer noopener\">socios@greenpeace.ar<\/a><a href=\"mailto:socios@infogreenpeace.org.ar\"> <\/a><\/strong>o comunicate al <strong>0810-342-1010<\/strong>.<br><\/p><\/div><\/div><div class=\"accordion-content\"><div class=\"accordion-headline\" name=\"\u00bfHacen llamadas para recibir donaciones?\">\u00bfHacen llamadas para recibir donaciones?<\/div><div class=\"panel panel-hidden\"><p class=\"accordion-text\">S\u00f3lo podemos trabajar gracias al aporte de personas individuales. Por este motivo, trabajamos con call centers desde donde se realizan llamadas telef\u00f3nicas para informar sobre el trabajo de nuestra organizaci\u00f3n.<br>Si recib\u00eds una llamada y quer\u00e9s asociarte a Greenpeace, ten\u00e9 en cuenta que no se solicitar\u00e1 dinero en efectivo ni transferencias bancarias. Tu aporte puede realizarse a trav\u00e9s de cualquier tarjeta de cr\u00e9dito, tarjeta de d\u00e9bito Visa o cuenta bancaria.<br>&#8211; <strong>Con tarjeta de cr\u00e9dito o d\u00e9bito<\/strong>: en este caso te vamos a pedir el n\u00famero de la tarjeta, su fecha de expiraci\u00f3n y el c\u00f3digo de seguridad.<br>&#8211; <strong>Con cuenta bancaria<\/strong>: en este caso te pediremos el n\u00famero de CBU de la cuenta que consta de 22 d\u00edgitos.<\/p><\/div><\/div><\/section>\n\n<div style=\"height:60px\" aria-hidden=\"true\" class=\"wp-block-spacer\"><\/div>\n\n<div class=\"wp-block-group container is-layout-flow wp-block-group-is-layout-flow\">\n<h3 class=\"wp-block-heading has-text-align-center has-medium-font-size\">Continu\u00e1 explorando<\/h3>\n\n\n\n<div class=\"wp-block-columns is-not-stacked-on-mobile is-style-mobile-carousel is-layout-flex wp-container-core-columns-is-layout-9d6595d7 wp-block-columns-is-layout-flex\">\n<div class=\"wp-block-column is-layout-flow wp-block-column-is-layout-flow\">\n<div class=\"wp-block-group group-stretched-link is-layout-flow wp-block-group-is-layout-flow\">\n<figure class=\"wp-block-image aligncenter size-full is-resized force-no-lightbox force-no-caption mb-0 is-style-rounded-180\"><a href=\"https:\/\/www.greenpeace.org\/argentina\/nuestros-barcos\/\"><img loading=\"lazy\" decoding=\"async\" width=\"800\" height=\"534\" src=\"https:\/\/www.greenpeace.org\/static\/planet4-argentina-stateless\/2019\/10\/1b62a5cb-unnamed-2.jpg\" title=\"Barcos Rainbow Warrior III en Australia\" alt=\"Barcos Rainbow Warrior III en Australia\" class=\"wp-image-2784\" srcset=\"https:\/\/www.greenpeace.org\/static\/planet4-argentina-stateless\/2019\/10\/1b62a5cb-unnamed-2.jpg 800w, https:\/\/www.greenpeace.org\/static\/planet4-argentina-stateless\/2019\/10\/1b62a5cb-unnamed-2-300x200.jpg 300w, https:\/\/www.greenpeace.org\/static\/planet4-argentina-stateless\/2019\/10\/1b62a5cb-unnamed-2-768x513.jpg 768w, https:\/\/www.greenpeace.org\/static\/planet4-argentina-stateless\/2019\/10\/1b62a5cb-unnamed-2-510x340.jpg 510w\" sizes=\"auto, (max-width: 800px) 100vw, 800px\" \/><\/a><figcaption class=\"wp-element-caption\">Barcos Rainbow Warrior III en Australia<\/figcaption><\/figure>\n\n\n\n<div style=\"height:16px\" aria-hidden=\"true\" class=\"wp-block-spacer\"><\/div>\n\n\n\n<h4 class=\"wp-block-heading has-text-align-center\" style=\"font-size:1rem\"><a href=\"https:\/\/www.greenpeace.org\/argentina\/nuestros-barcos\/\">Nuestros barcos<\/a><\/h4>\n<\/div>\n<\/div>\n\n\n\n<div class=\"wp-block-column is-layout-flow wp-block-column-is-layout-flow\">\n<div class=\"wp-block-group group-stretched-link is-layout-flow wp-block-group-is-layout-flow\">\n<figure class=\"wp-block-image aligncenter size-large is-resized force-no-lightbox force-no-caption mb-0 is-style-rounded-180\"><a href=\"https:\/\/www.greenpeace.org\/argentina\/participa\/voluntariado\/\"><img loading=\"lazy\" decoding=\"async\" width=\"1024\" height=\"682\" src=\"https:\/\/www.greenpeace.org\/static\/planet4-argentina-stateless\/2021\/09\/001cdc33-2011-noviembre.-levantando-turbina-eolica-en-sudafrica.-1024x682.jpg\" alt=\"\" class=\"wp-image-13125\" srcset=\"https:\/\/www.greenpeace.org\/static\/planet4-argentina-stateless\/2021\/09\/001cdc33-2011-noviembre.-levantando-turbina-eolica-en-sudafrica.-1024x682.jpg 1024w, https:\/\/www.greenpeace.org\/static\/planet4-argentina-stateless\/2021\/09\/001cdc33-2011-noviembre.-levantando-turbina-eolica-en-sudafrica.-300x200.jpg 300w, https:\/\/www.greenpeace.org\/static\/planet4-argentina-stateless\/2021\/09\/001cdc33-2011-noviembre.-levantando-turbina-eolica-en-sudafrica.-768x511.jpg 768w, https:\/\/www.greenpeace.org\/static\/planet4-argentina-stateless\/2021\/09\/001cdc33-2011-noviembre.-levantando-turbina-eolica-en-sudafrica.-1536x1022.jpg 1536w, https:\/\/www.greenpeace.org\/static\/planet4-argentina-stateless\/2021\/09\/001cdc33-2011-noviembre.-levantando-turbina-eolica-en-sudafrica.-2048x1363.jpg 2048w, https:\/\/www.greenpeace.org\/static\/planet4-argentina-stateless\/2021\/09\/001cdc33-2011-noviembre.-levantando-turbina-eolica-en-sudafrica.-510x340.jpg 510w\" sizes=\"auto, (max-width: 1024px) 100vw, 1024px\" \/><\/a><figcaption class=\"wp-element-caption\">Voluntarios de Greenpeace levantan una turbina e\u00f3lica en la playa de Durban, Sud\u00e1frica, enviando un mensaje de esperanza para la \u00faltima ronda de conversaciones de la ONU sobre cambio clim\u00e1tico.<\/figcaption><\/figure>\n\n\n\n<div style=\"height:16px\" aria-hidden=\"true\" class=\"wp-block-spacer\"><\/div>\n\n\n\n<h4 class=\"wp-block-heading has-text-align-center\" style=\"font-size:1rem\"><a href=\"https:\/\/www.greenpeace.org\/argentina\/participa\/voluntariado\/\">Voluntarios<\/a><\/h4>\n<\/div>\n<\/div>\n\n\n\n<div class=\"wp-block-column is-layout-flow wp-block-column-is-layout-flow\">\n<div class=\"wp-block-group group-stretched-link is-layout-flow wp-block-group-is-layout-flow\">\n<figure class=\"wp-block-image aligncenter size-large is-resized force-no-lightbox force-no-caption mb-0 is-style-rounded-180\"><a href=\"https:\/\/www.greenpeace.org\/argentina\/campanas\/\"><img loading=\"lazy\" decoding=\"async\" width=\"1024\" height=\"683\" src=\"https:\/\/www.greenpeace.org\/static\/planet4-argentina-stateless\/2022\/09\/d98292d7-gpa-accion-humedales-ba-martin-katz-greenpeace-2-1024x683.jpg\" alt=\"\" class=\"wp-image-16809\" srcset=\"https:\/\/www.greenpeace.org\/static\/planet4-argentina-stateless\/2022\/09\/d98292d7-gpa-accion-humedales-ba-martin-katz-greenpeace-2-1024x683.jpg 1024w, https:\/\/www.greenpeace.org\/static\/planet4-argentina-stateless\/2022\/09\/d98292d7-gpa-accion-humedales-ba-martin-katz-greenpeace-2-300x200.jpg 300w, https:\/\/www.greenpeace.org\/static\/planet4-argentina-stateless\/2022\/09\/d98292d7-gpa-accion-humedales-ba-martin-katz-greenpeace-2-768x513.jpg 768w, https:\/\/www.greenpeace.org\/static\/planet4-argentina-stateless\/2022\/09\/d98292d7-gpa-accion-humedales-ba-martin-katz-greenpeace-2-1536x1025.jpg 1536w, https:\/\/www.greenpeace.org\/static\/planet4-argentina-stateless\/2022\/09\/d98292d7-gpa-accion-humedales-ba-martin-katz-greenpeace-2-2048x1366.jpg 2048w, https:\/\/www.greenpeace.org\/static\/planet4-argentina-stateless\/2022\/09\/d98292d7-gpa-accion-humedales-ba-martin-katz-greenpeace-2-510x340.jpg 510w\" sizes=\"auto, (max-width: 1024px) 100vw, 1024px\" \/><\/a><figcaption class=\"wp-element-caption\">Bajo las consignas LeydeHumedalesYa, NoCualquierLey y BastaDeQuemas, m\u00e1s de 500 organizaciones en m\u00e1s de veinte provincias se movilizan en el marco de la Acci\u00f3n Plurinacional por los Humedales, para pedir protecci\u00f3n efectiva a estos ecosistemas. El epicentro es en Rosario, afectada por el humo de las quemas de humedales en forma casi permanente, con una marcha multitudinaria y corte en el puente.<\/figcaption><\/figure>\n\n\n\n<div style=\"height:16px\" aria-hidden=\"true\" class=\"wp-block-spacer\"><\/div>\n\n\n\n<h4 class=\"wp-block-heading has-text-align-center\" style=\"font-size:1rem\"><a href=\"https:\/\/www.greenpeace.org\/argentina\/campanas\/\">Campa\u00f1as<\/a><\/h4>\n<\/div>\n<\/div>\n<\/div>\n\n\n\n<p><\/p>\n<\/div>\n","protected":false},"excerpt":{"rendered":"<p>Preguntas frecuentes sobre nuestra Organizaci\u00f3n.<\/p>\n","protected":false},"author":55,"featured_media":15439,"parent":0,"menu_order":0,"comment_status":"closed","ping_status":"closed","template":"","meta":{"ep_exclude_from_search":false,"p4_hide_page_title_checkbox":"on","p4_title":"","p4_subtitle":"","p4_description":"","background_image_id":"","background_image":"","p4_button_title":"","p4_button_link":"","p4_button_link_checkbox":"","p4_og_title":"","p4_og_description":"","p4_og_image":"","p4_og_image_id":"","p4_seo_canonical_url":"","p4_campaign_name":"not set","p4_local_project":"not set","p4_basket_name":"not set","p4_department":"","footnotes":""},"categories":[],"tags":[],"class_list":["post-20788","page","type-page","status-publish","has-post-thumbnail","hentry"],"_links":{"self":[{"href":"https:\/\/www.greenpeace.org\/argentina\/wp-json\/wp\/v2\/pages\/20788","targetHints":{"allow":["GET"]}}],"collection":[{"href":"https:\/\/www.greenpeace.org\/argentina\/wp-json\/wp\/v2\/pages"}],"about":[{"href":"https:\/\/www.greenpeace.org\/argentina\/wp-json\/wp\/v2\/types\/page"}],"author":[{"embeddable":true,"href":"https:\/\/www.greenpeace.org\/argentina\/wp-json\/wp\/v2\/users\/55"}],"replies":[{"embeddable":true,"href":"https:\/\/www.greenpeace.org\/argentina\/wp-json\/wp\/v2\/comments?post=20788"}],"version-history":[{"count":19,"href":"https:\/\/www.greenpeace.org\/argentina\/wp-json\/wp\/v2\/pages\/20788\/revisions"}],"predecessor-version":[{"id":33237,"href":"https:\/\/www.greenpeace.org\/argentina\/wp-json\/wp\/v2\/pages\/20788\/revisions\/33237"}],"wp:featuredmedia":[{"embeddable":true,"href":"https:\/\/www.greenpeace.org\/argentina\/wp-json\/wp\/v2\/media\/15439"}],"wp:attachment":[{"href":"https:\/\/www.greenpeace.org\/argentina\/wp-json\/wp\/v2\/media?parent=20788"}],"wp:term":[{"taxonomy":"category","embeddable":true,"href":"https:\/\/www.greenpeace.org\/argentina\/wp-json\/wp\/v2\/categories?post=20788"},{"taxonomy":"post_tag","embeddable":true,"href":"https:\/\/www.greenpeace.org\/argentina\/wp-json\/wp\/v2\/tags?post=20788"}],"curies":[{"name":"wp","href":"https:\/\/api.w.org\/{rel}","templated":true}]}}