{"id":503,"date":"2019-01-09T14:00:32","date_gmt":"2019-01-09T17:00:32","guid":{"rendered":"https:\/\/www.greenpeace.org\/argentina\/?page_id=503"},"modified":"2025-04-09T13:24:18","modified_gmt":"2025-04-09T16:24:18","slug":"conoce-a-nuestros-grupos-de-voluntarios","status":"publish","type":"page","link":"https:\/\/www.greenpeace.org\/argentina\/participa\/unite-al-voluntariado\/conoce-a-nuestros-grupos-de-voluntarios\/","title":{"rendered":"Contacto para ser voluntario"},"content":{"rendered":"\n                \n                <div class=\"wp-block-group alignfull is-layout-flow wp-block-group-is-layout-flow\">\n                \n                <div class=\"wp-block-group container is-layout-flow wp-block-group-is-layout-flow\">\n                \n                <div class=\"wp-block-media-text alignfull has-media-on-the-right is-stacked-on-mobile is-pattern-p4-page-header is-style-parallax\">\n\n                <div class=\"wp-block-media-text__content\">\n                    <div class=\"wp-block-group is-layout-flow wp-block-group-is-layout-flow\">\n                    \n                        <h1 class=\"wp-block-heading has-white-background-color has-background\">\n                            Conoc\u00e9 a nuestros grupos de voluntarios y voluntarias\n                        <\/h1>\n                    <\/div>\n                \n\n                \n\n                \n\n                <\/div>\n                <figure class=\"wp-block-media-text__media\">\n                    <img loading=\"lazy\" decoding=\"async\" width=\"960\" height=\"720\"\n                        src=\"https:\/\/www.greenpeace.org\/static\/planet4-argentina-stateless\/2019\/07\/91be9263-foto-grupal-buenos-aires.jpg\"\n                        alt=\"\"\n                        sizes=\"auto, (min-width: 601px) 50vw, 100vw\" srcset=\"https:\/\/www.greenpeace.org\/static\/planet4-argentina-stateless\/2019\/07\/91be9263-foto-grupal-buenos-aires.jpg 960w, https:\/\/www.greenpeace.org\/static\/planet4-argentina-stateless\/2019\/07\/91be9263-foto-grupal-buenos-aires-300x225.jpg 300w, https:\/\/www.greenpeace.org\/static\/planet4-argentina-stateless\/2019\/07\/91be9263-foto-grupal-buenos-aires-768x576.jpg 768w, https:\/\/www.greenpeace.org\/static\/planet4-argentina-stateless\/2019\/07\/91be9263-foto-grupal-buenos-aires-453x340.jpg 453w\" class=\"wp-image-2059 size-full\"\n                    \/>\n                <\/figure>\n                <\/div>\n                \n                <\/div>\n                \n                <\/div>\n                \n                \n<p><b>Bah\u00eda Blanca<\/b><span style=\"font-weight: 400;\"><br>E-mail: <strong><a href=\"mailto:voluntariosbahia.ar@greenpeace.org\">voluntariosbahia.ar@greenpeace.org<\/a><\/strong><\/span><\/p>\n\n<figure class=\"wp-block-image size-large caption-style-medium caption-alignment-center\"><a href=\"https:\/\/www.facebook.com\/greenpeacebahiablanca\"><img loading=\"lazy\" decoding=\"async\" width=\"36\" height=\"36\" src=\"https:\/\/www.greenpeace.org\/static\/planet4-argentina-stateless\/2020\/08\/ec7d2c74-fb36.png\" alt=\"\" class=\"wp-image-10661\"\/><\/a><\/figure>\n\n<figure class=\"wp-block-image size-large caption-style-medium caption-alignment-center\"><a href=\"http:\/\/www.instagram.com\/greenpeacebahiablanca\/\"><img loading=\"lazy\" decoding=\"async\" width=\"36\" height=\"36\" src=\"https:\/\/www.greenpeace.org\/static\/planet4-argentina-stateless\/2020\/08\/ff7836a5-ig36.png\" alt=\"\" class=\"wp-image-10684\"\/><\/a><\/figure>\n\n<p><\/p>\n\n<p><b>Buenos Aires<br><\/b><span style=\"font-weight: 400;\">\u2022 Buenos Aires<br>Referentes: Abril Castellano y Luc\u00eda Ramirez<br>E-mail:\u00a0<a rel=\"noreferrer noopener\" href=\"mailto:voluntasbuenosaires.ar@greenpeace.org\" target=\"_blank\">voluntasbuenosaires.ar@greenpeace.org<\/a><\/span><\/p>\n\n<figure class=\"wp-block-image size-large caption-style-medium caption-alignment-center\"><a href=\"https:\/\/www.facebook.com\/GreenpeaceBuenosAires\"><img loading=\"lazy\" decoding=\"async\" width=\"36\" height=\"36\" src=\"https:\/\/www.greenpeace.org\/static\/planet4-argentina-stateless\/2020\/08\/b7061b0c-fb36.png\" alt=\"\" class=\"wp-image-10662\"\/><\/a><\/figure>\n\n<p><b>C\u00f3rdoba<\/b><br>Referente: Juana Serra <b><br><\/b><span style=\"font-weight: 400;\">E-mail: &nbsp;<strong><a href=\"mailto:voluntarioscordoba.ar@greenpeace.org\">voluntarioscordoba.ar@greenpeace.org<\/a><\/strong><\/span><\/p>\n\n<figure class=\"wp-block-image size-large caption-style-medium caption-alignment-center\"><a href=\"https:\/\/www.facebook.com\/VoluntariosGreenpeaceCordoba\"><img loading=\"lazy\" decoding=\"async\" width=\"36\" height=\"36\" src=\"https:\/\/www.greenpeace.org\/static\/planet4-argentina-stateless\/2020\/08\/d997547b-fb36.png\" alt=\"\" class=\"wp-image-10663\"\/><\/a><\/figure>\n\n<figure class=\"wp-block-image size-large caption-style-medium caption-alignment-center\"><img loading=\"lazy\" decoding=\"async\" width=\"36\" height=\"36\" src=\"https:\/\/www.greenpeace.org\/static\/planet4-argentina-stateless\/2020\/08\/281b6ddc-twitter36.png\" alt=\"\" class=\"wp-image-10682\"\/><\/figure>\n\n<figure class=\"wp-block-image size-large caption-style-medium caption-alignment-center\"><a href=\"https:\/\/www.instagram.com\/greenpeacecordoba\/\"><img loading=\"lazy\" decoding=\"async\" width=\"36\" height=\"36\" src=\"https:\/\/www.greenpeace.org\/static\/planet4-argentina-stateless\/2020\/08\/f6abc75d-ig36.png\" alt=\"\" class=\"wp-image-10674\"\/><\/a><\/figure>\n\n<p>&nbsp;<a href=\"https:\/\/twitter.com\/GreenpeaceCba\"> <\/a><\/p>\n\n<p><b>Mar del Plata<br><\/b><span style=\"font-weight: 400;\">Referente: Mar\u00eda Marta Casado<\/span><span style=\"font-weight: 400;\"><br><\/span><span style=\"font-weight: 400;\">E-mail: <\/span><strong><a href=\"mailto:voluntariosmardelplata.ar@greenpeace.org\">voluntariosmardelplata.ar@greenpeace.org<\/a><\/strong><\/p>\n\n<figure class=\"wp-block-image size-large caption-style-medium caption-alignment-center\"><a href=\"https:\/\/www.facebook.com\/greenpeacemdq\"><img loading=\"lazy\" decoding=\"async\" width=\"36\" height=\"36\" src=\"https:\/\/www.greenpeace.org\/static\/planet4-argentina-stateless\/2020\/08\/81b28742-fb36.png\" alt=\"\" class=\"wp-image-10665\"\/><\/a><\/figure>\n\n<figure class=\"wp-block-image size-large caption-style-medium caption-alignment-center\"><a href=\"https:\/\/twitter.com\/greenpeacemdq\"><img loading=\"lazy\" decoding=\"async\" width=\"36\" height=\"36\" src=\"https:\/\/www.greenpeace.org\/static\/planet4-argentina-stateless\/2020\/08\/cdcd9e19-twitter36.png\" alt=\"\" class=\"wp-image-10681\"\/><\/a><\/figure>\n\n<figure class=\"wp-block-image size-large caption-style-medium caption-alignment-center\"><a href=\"https:\/\/www.instagram.com\/greenpeacemardelplata\/\"><img loading=\"lazy\" decoding=\"async\" width=\"36\" height=\"36\" src=\"https:\/\/www.greenpeace.org\/static\/planet4-argentina-stateless\/2020\/08\/52964ed4-ig36.png\" alt=\"\" class=\"wp-image-10675\"\/><\/a><\/figure>\n\n<p><b>Mendoza <\/b><span style=\"font-weight: 400;\"><br><\/span><span style=\"font-weight: 400;\">Referente: Laura Ferri<\/span><span style=\"font-weight: 400;\"><br><\/span><span style=\"font-weight: 400;\">E-mail: <strong><a href=\"mailto:mendozavoluntarios.ar@greenpeace.org\">mendozavoluntarios.ar@greenpeace.org<\/a><\/strong><\/span><span style=\"font-weight: 400;\"><br><\/span><\/p>\n\n<figure class=\"wp-block-image size-large caption-style-medium caption-alignment-center\"><a href=\"https:\/\/www.facebook.com\/GreenpeaceMZA\"><img loading=\"lazy\" decoding=\"async\" width=\"36\" height=\"36\" src=\"https:\/\/www.greenpeace.org\/static\/planet4-argentina-stateless\/2020\/08\/ff5c59c5-fb36.png\" alt=\"\" class=\"wp-image-10666\"\/><\/a><\/figure>\n\n<figure class=\"wp-block-image size-large caption-style-medium caption-alignment-center\"><a href=\"http:\/\/www.instagram.com\/greenpeacemendoza\/\"><img loading=\"lazy\" decoding=\"async\" width=\"36\" height=\"36\" src=\"https:\/\/www.greenpeace.org\/static\/planet4-argentina-stateless\/2020\/08\/45ff47cd-ig36.png\" alt=\"\" class=\"wp-image-10676\"\/><\/a><\/figure>\n\n<p><b>Posadas <\/b><span style=\"font-weight: 400;\"><br><\/span><span style=\"font-weight: 400;\">Referente: Marisol Forcada<\/span><span style=\"font-weight: 400;\"><br><\/span><span style=\"font-weight: 400;\">e-mail: <strong><a href=\"mailto:posadasvoluntarios.ar@greenpeace.org\">posadasvoluntarios.ar@greenpeace.org<\/a><\/strong><\/span><\/p>\n\n<figure class=\"wp-block-image size-large caption-style-medium caption-alignment-center\"><a href=\"https:\/\/www.facebook.com\/VoluntariosGreenpeacePosadas\"><img loading=\"lazy\" decoding=\"async\" width=\"36\" height=\"36\" src=\"https:\/\/www.greenpeace.org\/static\/planet4-argentina-stateless\/2020\/08\/ab9adf6a-fb36.png\" alt=\"\" class=\"wp-image-10667\"\/><\/a><\/figure>\n\n<figure class=\"wp-block-image size-large caption-style-medium caption-alignment-center\"><a href=\"http:\/\/www.instagram.com\/greenpeaceposadas\/\"><img loading=\"lazy\" decoding=\"async\" width=\"36\" height=\"36\" src=\"https:\/\/www.greenpeace.org\/static\/planet4-argentina-stateless\/2020\/08\/7e81e7e8-ig36.png\" alt=\"\" class=\"wp-image-10677\"\/><\/a><\/figure>\n\n<p><b>Rosario <\/b><span style=\"font-weight: 400;\"><br>Referentes: Edelmira Setau y Julieta Nu\u00f1ez<br>E-mail: <\/span><strong><a href=\"mailto:voluntariosrosario.ar@greenpeace.org\">voluntariosrosario.ar@greenpeace.org<\/a><\/strong><\/p>\n\n<figure class=\"wp-block-image size-large caption-style-medium caption-alignment-center\"><a href=\"https:\/\/www.facebook.com\/voluntariosgreenpeace.rosario\"><img loading=\"lazy\" decoding=\"async\" width=\"36\" height=\"36\" src=\"https:\/\/www.greenpeace.org\/static\/planet4-argentina-stateless\/2020\/08\/cb987d80-fb36.png\" alt=\"\" class=\"wp-image-10668\"\/><\/a><\/figure>\n\n<figure class=\"wp-block-image size-large caption-style-medium caption-alignment-center\"><a href=\"http:\/\/www.instagram.com\/voluntarios_greenpeace_rosario\/\"><img loading=\"lazy\" decoding=\"async\" width=\"36\" height=\"36\" src=\"https:\/\/www.greenpeace.org\/static\/planet4-argentina-stateless\/2020\/08\/d0927283-ig36.png\" alt=\"\" class=\"wp-image-10678\"\/><\/a><\/figure>\n\n<p><b>Salta <\/b><br>Referentes: Mail\u00e9n Miranda y Sof\u00eda Tapia<br>e-mail:\u00a0<a href=\"Referentes: Mail\u00e9n Miranda y Sof\u00eda Tapiae-mail:\u00a0saltavoluntarios.ar@greenpeace.org\"><a rel=\"noreferrer noopener\" href=\"mailto:saltavoluntarios.ar@greenpeace.org\" target=\"_blank\">saltavoluntarios.ar@greenpeace.org<\/a><\/a><span style=\"font-weight: 400;\"><br><a href=\"https:\/\/www.facebook.com\/greenpeacesalta\"><\/a><\/span><\/p>\n\n<figure class=\"wp-block-image size-large caption-style-medium caption-alignment-center\"><a href=\"https:\/\/www.facebook.com\/greenpeacesalta\" target=\"_blank\" rel=\"noopener noreferrer\"><img loading=\"lazy\" decoding=\"async\" width=\"36\" height=\"36\" src=\"https:\/\/www.greenpeace.org\/static\/planet4-argentina-stateless\/2020\/08\/cb987d80-fb36.png\" alt=\"\" class=\"wp-image-10668\"\/><\/a><\/figure>\n\n<figure class=\"wp-block-image size-large caption-style-medium caption-alignment-center\"><a href=\"https:\/\/www.instagram.com\/greenpeacesalta\/\" target=\"_blank\" rel=\"noopener noreferrer\"><img loading=\"lazy\" decoding=\"async\" width=\"36\" height=\"36\" src=\"https:\/\/www.greenpeace.org\/static\/planet4-argentina-stateless\/2020\/08\/7e81e7e8-ig36.png\" alt=\"\" class=\"wp-image-10677\"\/><\/a><\/figure>\n\n<h4 class=\"wp-block-heading\"><b>\u00bfQuer\u00e9s saber qu\u00e9 significa ser parte del voluntariado? <\/b><br><b>Personas como vos te cuentan su experiencia<\/b><\/h4>\n\n<p><b>Rosario (Bah\u00eda Blanca)<\/b><\/p>\n\n<p><span style=\"font-weight: 400;\">Ser voluntario es hacer algo al respecto. Es querer formar parte e involucrarte con lo que cre\u00e9s que importa. En este caso me hice voluntaria de Greenpeace porque me apasiona el medio ambiente, y pienso que si no habr\u00eda gente que se interese e involucre, muchas de las cosas correctas de hoy en d\u00eda no existir\u00edan. <\/span><\/p>\n\n<p><span style=\"font-weight: 400;\">Tiene impacto en tu vida, en la vida de los dem\u00e1s, en las campa\u00f1as. Cada vez que vuelvo de una acci\u00f3n siento que, al menos en esas horas, impact\u00e9 de forma positiva en el planeta y la gente que me rodea.<\/span><\/p>\n\n<p><b>Agust\u00edn (Salta)<\/b><\/p>\n\n<p><span style=\"font-weight: 400;\">Somos voluntarios para tener un mundo mejor. Queremos seguir disfrutando de paisajes naturales que no est\u00e9n contaminados, respirar aire puro y dejar de ver c\u00f3mo se extinguen especies por nuestra culpa. Somos voluntarios porque sabemos que hay que evitar el cambio clim\u00e1tico y porque la naturaleza es m\u00e1s importante que cualquier suma de dinero. <\/span><\/p>\n\n<p><span style=\"font-weight: 400;\">No todo est\u00e1 perdido, no es un esfuerzo en vano. Juntos logramos much\u00edsimas victorias, pero ahora estamos en un momento clave y te necesitamos. Te aseguramos que nunca te vas a arrepentir de darle una mano a la naturaleza.<\/span><\/p>\n\n<p><b>Samira Lopez (Posadas)<\/b><\/p>\n\n<p><span style=\"font-weight: 400;\">Es una experiencia inolvidable sentir que todo el esfuerzo grupal motiva y llega a la gente de maneras distintas. La magia que transmite el voluntariado, por una causa que sentimos justa y transmitimos de manera pac\u00edfica, hace un cambio en el consciente e inconsciente de las personas. <\/span><\/p>\n\n<p><span style=\"font-weight: 400;\">Somos lo que o\u00edmos, las im\u00e1genes y las sonrisas de cada vecino que, firmando una planilla, de a poquito te hace crear conciencia de que todos podemos llegar a cambiar algo. Siempre vi a Greenpeace desde ni\u00f1a como el ideal inalcanzable porque estaban lejos. Hoy est\u00e1n ac\u00e1, yo estoy ac\u00e1, los voluntarios y el cambio est\u00e1n en nuestras manos. Esta generaci\u00f3n tiene el compromiso de arreglar lo que han destruido.<\/span><\/p>\n\n<p><b>Laura (C\u00f3rdoba)<\/b><\/p>\n\n<p><span style=\"font-weight: 400;\">Ser voluntario es pelear por algo que se cree posible, probable y sobre todo, algo que se logra, sea como sea. Es mantener la esperanza propia y ajena encendida. Es dar todo lo posible e imposible por lo que creemos, amar al planeta y todo lo que involucra. Es ser parte de mucho m\u00e1s que una organizaci\u00f3n, una simple comunidad, es una familia. Un gran lazo en donde todos queremos lo mismo, en donde luchamos por el mismo objetivo y sea como sea, logramos el objetivo. Ser voluntario es ser ese cambio que todos so\u00f1amos hacer.<\/span><\/p>\n\n<p><b>Victoria (Mar del Plata)<\/b><\/p>\n\n<p><span style=\"font-weight: 400;\">Convertirme en voluntaria de Greenpeace siempre fue un sue\u00f1o para m\u00ed. Si bien a ra\u00edz de diversas circunstancias tuve que esperar varios a\u00f1os para conseguirlo, desde muy joven decid\u00ed participar como socia y ciberactivista, a la vez que me informaba sobre las campa\u00f1as de la organizaci\u00f3n, su metodolog\u00eda de acci\u00f3n y sus ideales. Por ello, apenas se me present\u00f3 la oportunidad de unirme al voluntariado, no lo dud\u00e9 un segundo, convencida de que yo tambi\u00e9n pod\u00eda ser parte de esta legendaria organizaci\u00f3n medioambiental. Ya han pasado varios a\u00f1os de esa ocasi\u00f3n, muchas cosas han cambiado, pero mi convicci\u00f3n por la defensa de las causas que Greenpeace lleva adelante es la misma.<\/span><\/p>\n\n<p><span style=\"font-weight: 400;\">Muchos han sido los desaf\u00edos que he afrontado como voluntaria. Muchas han sido las personas que he conocido, las cosas que he aprendido y las experiencias que he atravesado llevando una camiseta de Greenpeace. Y como nada es siempre completamente color de rosas, tambi\u00e9n fueron muchos los miedos que me obligu\u00e9 a superar y las adversidades que me pusieron a prueba. Sin embargo, a fin de cuentas, nada de eso termina teniendo importancia cuando sent\u00eds una inmensa pasi\u00f3n por tu trabajo como voluntario, un total compromiso por la protecci\u00f3n del medio ambiente y un enorme orgullo por ser un miembro y representante de Greenpeace. Ser voluntario de esta organizaci\u00f3n te cambia, te vuelve un poquito mejor persona, no tiene vuelta atr\u00e1s. Siento que Greenpeace me ha preparado, y me prepara cada d\u00eda para afrontar la vida misma, y por ello le estar\u00e9 eternamente agradecida.<\/span><\/p>\n\n<h2 class=\"wp-block-heading\"><\/h2>\n\n<h2 class=\"wp-block-heading\"><\/h2>\n\n<p><\/p>\n","protected":false},"excerpt":{"rendered":"<p>Contacto de referentes de voluntarios de la organizaci\u00f3n ambientalista Greenpeace en cada provincia de Argentina.<\/p>\n","protected":false},"author":19,"featured_media":0,"parent":386,"menu_order":0,"comment_status":"closed","ping_status":"closed","template":"","meta":{"ep_exclude_from_search":false,"p4_hide_page_title_checkbox":"on","p4_title":"","p4_subtitle":"","p4_description":"","background_image_id":"","background_image":"","p4_button_title":"","p4_button_link":"","p4_button_link_checkbox":"","p4_og_title":"","p4_og_description":"","p4_og_image":"","p4_og_image_id":"","p4_seo_canonical_url":"","p4_campaign_name":"not set","p4_local_project":"not set","p4_basket_name":"not set","p4_department":"","footnotes":""},"categories":[],"tags":[],"class_list":["post-503","page","type-page","status-publish","hentry"],"_links":{"self":[{"href":"https:\/\/www.greenpeace.org\/argentina\/wp-json\/wp\/v2\/pages\/503","targetHints":{"allow":["GET"]}}],"collection":[{"href":"https:\/\/www.greenpeace.org\/argentina\/wp-json\/wp\/v2\/pages"}],"about":[{"href":"https:\/\/www.greenpeace.org\/argentina\/wp-json\/wp\/v2\/types\/page"}],"author":[{"embeddable":true,"href":"https:\/\/www.greenpeace.org\/argentina\/wp-json\/wp\/v2\/users\/19"}],"replies":[{"embeddable":true,"href":"https:\/\/www.greenpeace.org\/argentina\/wp-json\/wp\/v2\/comments?post=503"}],"version-history":[{"count":20,"href":"https:\/\/www.greenpeace.org\/argentina\/wp-json\/wp\/v2\/pages\/503\/revisions"}],"predecessor-version":[{"id":28244,"href":"https:\/\/www.greenpeace.org\/argentina\/wp-json\/wp\/v2\/pages\/503\/revisions\/28244"}],"up":[{"embeddable":true,"href":"https:\/\/www.greenpeace.org\/argentina\/wp-json\/wp\/v2\/pages\/386"}],"wp:attachment":[{"href":"https:\/\/www.greenpeace.org\/argentina\/wp-json\/wp\/v2\/media?parent=503"}],"wp:term":[{"taxonomy":"category","embeddable":true,"href":"https:\/\/www.greenpeace.org\/argentina\/wp-json\/wp\/v2\/categories?post=503"},{"taxonomy":"post_tag","embeddable":true,"href":"https:\/\/www.greenpeace.org\/argentina\/wp-json\/wp\/v2\/tags?post=503"}],"curies":[{"name":"wp","href":"https:\/\/api.w.org\/{rel}","templated":true}]}}