{"id":54,"date":"2018-05-09T13:34:31","date_gmt":"2018-05-09T13:34:31","guid":{"rendered":"https:\/\/k8s.p4.greenpeace.org\/defaultcontent\/?page_id=54"},"modified":"2025-09-23T06:43:46","modified_gmt":"2025-09-23T09:43:46","slug":"protege-la-antartica","status":"publish","type":"page","link":"https:\/\/www.greenpeace.org\/argentina\/participa\/involucrate\/protege-la-antartica\/","title":{"rendered":"Proteg\u00e9 la Ant\u00e1rtida"},"content":{"rendered":"\n                \n                <div class=\"wp-block-group alignfull is-layout-flow wp-block-group-is-layout-flow\">\n                \n                <div class=\"wp-block-group container is-layout-flow wp-block-group-is-layout-flow\">\n                \n                <div class=\"wp-block-media-text alignfull has-media-on-the-right is-stacked-on-mobile is-pattern-p4-page-header is-style-parallax\">\n\n                <div class=\"wp-block-media-text__content\">\n                    <div class=\"wp-block-group is-layout-flow wp-block-group-is-layout-flow\">\n                    \n                        <h1 class=\"wp-block-heading has-white-background-color has-background\">\n                            \u00a1Urgente! Los animales de la Ant\u00e1rtica pueden quedar sin alimento\n                        <\/h1>\n                    <\/div>\n                \n\n                \n                        <p style=\"font-size:1.25rem\">\n                            <span style=\"font-weight: 400\">Los ping\u00fcinos, focas y ballenas que viven en las aguas de la Ant\u00e1rtida est\u00e1n en peligro. Al sur del planeta, la industria pesquera aprovecha la desprotecci\u00f3n del oc\u00e9ano Ant\u00e1rtico para avanzar en su h\u00e1bitat. As\u00ed les roba su comida y amenaza su supervivencia.<\/span> <span style=\"font-weight: 400\">Necesitamos que la Comisi\u00f3n del Oc\u00e9ano Ant\u00e1rtico (CCRVMA) apruebe la creaci\u00f3n de un santuario en aguas ant\u00e1rticas. Es la \u00fanica manera de evitar la pesca industrial en la zona.<\/span>\n                        <\/p>\n                    \n\n                \n\n                <\/div>\n                <figure class=\"wp-block-media-text__media\">\n                    <img loading=\"lazy\" decoding=\"async\" width=\"2500\" height=\"1667\"\n                        src=\"https:\/\/www.greenpeace.org\/static\/planet4-argentina-stateless\/2018\/10\/991d4042-3b1e1c32-gp0strkke.jpg\"\n                        alt=\"\"\n                        sizes=\"auto, (min-width: 601px) 50vw, 100vw\" srcset=\"https:\/\/www.greenpeace.org\/static\/planet4-argentina-stateless\/2018\/10\/991d4042-3b1e1c32-gp0strkke.jpg 2500w, https:\/\/www.greenpeace.org\/static\/planet4-argentina-stateless\/2018\/10\/991d4042-3b1e1c32-gp0strkke-300x200.jpg 300w, https:\/\/www.greenpeace.org\/static\/planet4-argentina-stateless\/2018\/10\/991d4042-3b1e1c32-gp0strkke-768x512.jpg 768w, https:\/\/www.greenpeace.org\/static\/planet4-argentina-stateless\/2018\/10\/991d4042-3b1e1c32-gp0strkke-1024x683.jpg 1024w, https:\/\/www.greenpeace.org\/static\/planet4-argentina-stateless\/2018\/10\/991d4042-3b1e1c32-gp0strkke-2048x1366.jpg 2048w, https:\/\/www.greenpeace.org\/static\/planet4-argentina-stateless\/2018\/10\/991d4042-3b1e1c32-gp0strkke-510x340.jpg 510w\" class=\"wp-image-381 size-full\"\n                    \/>\n                <\/figure>\n                <\/div>\n                \n                <\/div>\n                \n                <\/div>\n                \n                \n<p><span style=\"font-weight: 400;\">La biodiversidad del continente ant\u00e1rtico no solo sufre las consecuencias del cambio clim\u00e1tico. Adem\u00e1s, est\u00e1 amenazada por la industria pesquera. Las embarcaciones llegan a la zona para capturar krill, un peque\u00f1o crust\u00e1ceo parecido al camar\u00f3n que se utiliza para fabricar suplementos dietarios. As\u00ed se llevan el alimento esencial de la fauna del lugar. Sin \u00e9l desaparecer\u00edan las 14 mil especies animales que viven all\u00ed.<\/span><\/p>\n\n<p><span style=\"font-weight: 400;\">Hay una \u00fanica manera de impedir la pesca indiscriminada de krill: crear un santuario en el oc\u00e9ano Ant\u00e1rtico. De esta forma, ning\u00fan barco pesquero podr\u00eda ingresar en la zona.<\/span><\/p>\n\n<p><span style=\"font-weight: 400;\">Por eso, estamos trabajando para que la Comisi\u00f3n del Oc\u00e9ano Ant\u00e1rtico (CCAMLR) cree un \u00e1rea protegida de 1,8 millones de kil\u00f3metros cuadrados, la m\u00e1s grande del mundo.<\/span><\/p>\n\n<p><span style=\"font-weight: 400;\">Sus integrantes se reunieron en octubre de 2018 para decidir si aprobaban la iniciativa, pero desaprovecharon la oportunidad.<\/span><\/p>\n\n<p><span style=\"font-weight: 400;\">Aunque 22 gobiernos estaban a favor -gracias a la presi\u00f3n de 2.7 millones de personas en el mundo- pa\u00edses con fuertes intereses industriales como China, Noruega y Rusia frenaron las negociaciones. Es necesario que todos los pa\u00edses est\u00e9n de acuerdo para que el santuario de haga realidad.<\/span><\/p>\n\n<p><span style=\"font-weight: 400;\">Vamos a seguir trabajando para proteger las aguas de la Ant\u00e1rtida y necesitamos que est\u00e9s con nosotros.<\/span><\/p>\n\n<h3 class=\"wp-block-heading\"><b>Le\u00e9 m\u00e1s<\/b><\/h3>\n\n<p><strong><a href=\"http:\/\/greenpeace.co\/pdf\/Informe_Krill_N-2018.pdf\">Licencia para matar krill: el mundo desconocido de la pesca en el oc\u00e9ano Ant\u00e1rtico (2018)<\/a><\/strong><\/p>\n\n<p><strong><a href=\"https:\/\/es.greenpeace.org\/es\/wp-content\/uploads\/sites\/3\/2018\/01\/10-preguntas-ANTARTIDA.pdf\">Las 10 cosas que siempre quisiste saber sobre el oc\u00e9ano Ant\u00e1rtico y nunca te atreviste a preguntar (2018)<\/a><\/strong><\/p>\n\n    <div class=\"wp-block-query posts-list p4-query-loop is-custom-layout-list is-layout-flow wp-block-query-is-layout-flow\">\n        <div class=\"wp-block-group is-content-justification-space-between is-layout-flex wp-container-core-group-is-layout-3d213aab wp-block-group-is-layout-flex\"><h2 class=\"wp-block-heading\">\u00daltimas noticias<\/h2>\n        <li class=\" wp-block-navigation-item see-all-link wp-block-navigation-link\"><a class=\"wp-block-navigation-item__content\"  href=\"http:\/\/www.greenpeace.org\/argentina\/news-stories\/?tag=antartida\"><span class=\"wp-block-navigation-item__label\">See all stories<\/span><\/a><\/li>\n        \n        <\/div>\n        \n\n    <p style=\"margin-top: 24px; margin-bottom: 36px;\"><\/p>\n\n    \n\n    <ul class=\"wp-block-post-template is-layout-flow wp-block-post-template-is-layout-flow\"><li class=\"wp-block-post post-26109 post type-post status-publish format-standard has-post-thumbnail hentry category-climayenergia category-oceanos tag-glaciares tag-antartida p4-page-type-blog\">\n            \n<div class=\"wp-block-columns is-layout-flex wp-container-core-columns-is-layout-9d6595d7 wp-block-columns-is-layout-flex\"><figure class=\"wp-block-post-featured-image\"><a href=\"https:\/\/www.greenpeace.org\/argentina\/blog\/problemas\/climayenergia\/el-iceberg-mas-grande-del-mundo-comenzo-su-viaje-final-todo-lo-que-tenes-que-saber\/\" target=\"_self\"  ><img loading=\"lazy\" decoding=\"async\" width=\"800\" height=\"533\" src=\"https:\/\/www.greenpeace.org\/static\/planet4-argentina-stateless\/2024\/12\/455bb9f2-gp0stuly1_low-res-with-credit-line-800px.jpg\" class=\"attachment-post-thumbnail size-post-thumbnail wp-post-image wp-stateless-item\" alt=\"El iceberg m\u00e1s grande del mundo comenz\u00f3 su viaje final: todo lo que ten\u00e9s que saber\u00a0\" style=\"object-fit:cover;\" srcset=\"https:\/\/www.greenpeace.org\/static\/planet4-argentina-stateless\/2024\/12\/455bb9f2-gp0stuly1_low-res-with-credit-line-800px.jpg 800w, https:\/\/www.greenpeace.org\/static\/planet4-argentina-stateless\/2024\/12\/455bb9f2-gp0stuly1_low-res-with-credit-line-800px-300x200.jpg 300w, https:\/\/www.greenpeace.org\/static\/planet4-argentina-stateless\/2024\/12\/455bb9f2-gp0stuly1_low-res-with-credit-line-800px-768x512.jpg 768w, https:\/\/www.greenpeace.org\/static\/planet4-argentina-stateless\/2024\/12\/455bb9f2-gp0stuly1_low-res-with-credit-line-800px-510x340.jpg 510w\" sizes=\"auto, (max-width: 800px) 100vw, 800px\" data-image-size=\"post-thumbnail\" data-stateless-media-bucket=\"planet4-argentina-stateless\" data-stateless-media-name=\"2024\/12\/455bb9f2-gp0stuly1_low-res-with-credit-line-800px.jpg\" \/><\/a><\/figure>\n\n        <div class=\"wp-block-group is-layout-flow wp-block-group-is-layout-flow\">\n        <div class=\"wp-block-group is-layout-flex wp-block-group-is-layout-flex\"><div class=\"wp-block-post-terms\"><a href=\"https:\/\/www.greenpeace.org\/argentina\/category\/problemas\/climayenergia\/\">Clima y Energ\u00eda<\/a><\/div>\n        \n        \n        <\/div>\n        \n        <h3 class=\"wp-block-post-title\"><a href=\"https:\/\/www.greenpeace.org\/argentina\/blog\/problemas\/climayenergia\/el-iceberg-mas-grande-del-mundo-comenzo-su-viaje-final-todo-lo-que-tenes-que-saber\/\" target=\"_self\" >El iceberg m\u00e1s grande del mundo comenz\u00f3 su viaje final: todo lo que ten\u00e9s que saber\u00a0<\/a><\/h3>\n        <div class=\"wp-block-post-excerpt\"><p class=\"wp-block-post-excerpt__excerpt\">\u00bfQu\u00e9 est\u00e1 pasando en el extremo m\u00e1s austral de Am\u00e9rica? <\/p><\/div>\n        \n        <div class=\"wp-block-group posts-list-meta is-layout-flow wp-block-group-is-layout-flow\"><span class='article-list-item-author'>Meri Castro<\/span>\n        <div class=\"wp-block-post-date\"><time datetime=\"2024-12-18T14:23:02-03:00\">18 diciembre 2024<\/time><\/div>\n        \n        <\/div>\n        <\/div>\n        <\/div>\n\n            <\/li><li class=\"wp-block-post post-21877 post type-post status-publish format-standard has-post-thumbnail hentry category-greenpeace category-oceanos tag-antartida p4-page-type-story\">\n            \n<div class=\"wp-block-columns is-layout-flex wp-container-core-columns-is-layout-9d6595d7 wp-block-columns-is-layout-flex\"><figure class=\"wp-block-post-featured-image\"><a href=\"https:\/\/www.greenpeace.org\/argentina\/story\/problemas\/oceanos\/la-comision-del-oceano-antartico-vuelve-a-fracasar-en-su-intento-de-protegerlo\/\" target=\"_self\"  ><img loading=\"lazy\" decoding=\"async\" width=\"800\" height=\"600\" src=\"https:\/\/www.greenpeace.org\/static\/planet4-argentina-stateless\/2023\/10\/5553c6df-gp0stuhpr_web_size_with_credit_line.jpg\" class=\"attachment-post-thumbnail size-post-thumbnail wp-post-image wp-stateless-item\" alt=\"La Comisi\u00f3n del Oc\u00e9ano Ant\u00e1rtico vuelve a fracasar en su intento de protegerlo\" style=\"object-fit:cover;\" srcset=\"https:\/\/www.greenpeace.org\/static\/planet4-argentina-stateless\/2023\/10\/5553c6df-gp0stuhpr_web_size_with_credit_line.jpg 800w, https:\/\/www.greenpeace.org\/static\/planet4-argentina-stateless\/2023\/10\/5553c6df-gp0stuhpr_web_size_with_credit_line-300x225.jpg 300w, https:\/\/www.greenpeace.org\/static\/planet4-argentina-stateless\/2023\/10\/5553c6df-gp0stuhpr_web_size_with_credit_line-768x576.jpg 768w, https:\/\/www.greenpeace.org\/static\/planet4-argentina-stateless\/2023\/10\/5553c6df-gp0stuhpr_web_size_with_credit_line-453x340.jpg 453w\" sizes=\"auto, (max-width: 800px) 100vw, 800px\" data-image-size=\"post-thumbnail\" data-stateless-media-bucket=\"planet4-argentina-stateless\" data-stateless-media-name=\"2023\/10\/5553c6df-gp0stuhpr_web_size_with_credit_line.jpg\" \/><\/a><\/figure>\n\n        <div class=\"wp-block-group is-layout-flow wp-block-group-is-layout-flow\">\n        <div class=\"wp-block-group is-layout-flex wp-block-group-is-layout-flex\"><div class=\"wp-block-post-terms\"><a href=\"https:\/\/www.greenpeace.org\/argentina\/category\/greenpeace\/\">Greenpeace<\/a><\/div>\n        \n        \n        <\/div>\n        \n        <h3 class=\"wp-block-post-title\"><a href=\"https:\/\/www.greenpeace.org\/argentina\/story\/problemas\/oceanos\/la-comision-del-oceano-antartico-vuelve-a-fracasar-en-su-intento-de-protegerlo\/\" target=\"_self\" >La Comisi\u00f3n del Oc\u00e9ano Ant\u00e1rtico vuelve a fracasar en su intento de protegerlo<\/a><\/h3>\n        <div class=\"wp-block-post-excerpt\"><p class=\"wp-block-post-excerpt__excerpt\">Tras dos semanas de negociaciones en Tasmania, la Comisi\u00f3n del Oc\u00e9ano Ant\u00e1rtico fracas\u00f3 una vez m\u00e1s en su intento por proteger la Ant\u00e1rtida. <\/p><\/div>\n        \n        <div class=\"wp-block-group posts-list-meta is-layout-flow wp-block-group-is-layout-flow\"><span class='article-list-item-author'><a href='https:\/\/www.greenpeace.org\/argentina\/author\/prensaarg\/'>Prensa Argentina<\/a><\/span>\n        <div class=\"wp-block-post-date\"><time datetime=\"2023-10-27T15:59:42-03:00\">27 octubre 2023<\/time><\/div>\n        \n        <\/div>\n        <\/div>\n        <\/div>\n\n            <\/li><li class=\"wp-block-post post-20062 post type-post status-publish format-standard has-post-thumbnail hentry category-greenpeace category-oceanos tag-santuariosmarinos tag-antartida p4-page-type-story\">\n            \n<div class=\"wp-block-columns is-layout-flex wp-container-core-columns-is-layout-9d6595d7 wp-block-columns-is-layout-flex\"><figure class=\"wp-block-post-featured-image\"><a href=\"https:\/\/www.greenpeace.org\/argentina\/story\/problemas\/oceanos\/la-comision-del-oceano-antartico-vuelve-a-fracasar-en-acordar-un-plan-de-accion-sobre-la-proteccion-de-los-oceanos\/\" target=\"_self\"  ><img loading=\"lazy\" decoding=\"async\" width=\"800\" height=\"534\" src=\"https:\/\/www.greenpeace.org\/static\/planet4-argentina-stateless\/2023\/06\/0eed6a9b-gp0sto8df_web_size_with_credit_line.jpg\" class=\"attachment-post-thumbnail size-post-thumbnail wp-post-image wp-stateless-item\" alt=\"La Comisi\u00f3n del Oc\u00e9ano Ant\u00e1rtico vuelve a fracasar en acordar un plan de acci\u00f3n sobre la protecci\u00f3n de los oc\u00e9anos\" style=\"object-fit:cover;\" srcset=\"https:\/\/www.greenpeace.org\/static\/planet4-argentina-stateless\/2023\/06\/0eed6a9b-gp0sto8df_web_size_with_credit_line.jpg 800w, https:\/\/www.greenpeace.org\/static\/planet4-argentina-stateless\/2023\/06\/0eed6a9b-gp0sto8df_web_size_with_credit_line-300x200.jpg 300w, https:\/\/www.greenpeace.org\/static\/planet4-argentina-stateless\/2023\/06\/0eed6a9b-gp0sto8df_web_size_with_credit_line-768x513.jpg 768w, https:\/\/www.greenpeace.org\/static\/planet4-argentina-stateless\/2023\/06\/0eed6a9b-gp0sto8df_web_size_with_credit_line-510x340.jpg 510w\" sizes=\"auto, (max-width: 800px) 100vw, 800px\" data-image-size=\"post-thumbnail\" data-stateless-media-bucket=\"planet4-argentina-stateless\" data-stateless-media-name=\"2023\/06\/0eed6a9b-gp0sto8df_web_size_with_credit_line.jpg\" \/><\/a><\/figure>\n\n        <div class=\"wp-block-group is-layout-flow wp-block-group-is-layout-flow\">\n        <div class=\"wp-block-group is-layout-flex wp-block-group-is-layout-flex\"><div class=\"wp-block-post-terms\"><a href=\"https:\/\/www.greenpeace.org\/argentina\/category\/greenpeace\/\">Greenpeace<\/a><\/div>\n        \n        \n        <\/div>\n        \n        <h3 class=\"wp-block-post-title\"><a href=\"https:\/\/www.greenpeace.org\/argentina\/story\/problemas\/oceanos\/la-comision-del-oceano-antartico-vuelve-a-fracasar-en-acordar-un-plan-de-accion-sobre-la-proteccion-de-los-oceanos\/\" target=\"_self\" >La Comisi\u00f3n del Oc\u00e9ano Ant\u00e1rtico vuelve a fracasar en acordar un plan de acci\u00f3n sobre la protecci\u00f3n de los oc\u00e9anos<\/a><\/h3>\n        <div class=\"wp-block-post-excerpt\"><p class=\"wp-block-post-excerpt__excerpt\">La Comisi\u00f3n del Oc\u00e9ano Ant\u00e1rtico una vez m\u00e1s no ha logrado encontrar un camino a seguir para proteger las aguas de la Ant\u00e1rtida.&hellip; <\/p><\/div>\n        \n        <div class=\"wp-block-group posts-list-meta is-layout-flow wp-block-group-is-layout-flow\"><span class='article-list-item-author'><a href='https:\/\/www.greenpeace.org\/argentina\/author\/prensaarg\/'>Prensa Argentina<\/a><\/span>\n        <div class=\"wp-block-post-date\"><time datetime=\"2023-06-24T11:51:52-03:00\">24 junio 2023<\/time><\/div>\n        \n        <\/div>\n        <\/div>\n        <\/div>\n\n            <\/li><\/ul>\n\n    \n<div class=\"wp-block-buttons carousel-controls is-horizontal is-content-justification-space-between is-nowrap is-layout-flex wp-container-core-buttons-is-layout-044bd602 wp-block-buttons-is-layout-flex\">\n            <div class=\"wp-block-button carousel-control-prev\"><button type=\"button\" class=\"wp-block-button__link wp-element-button\">Prev<\/button><\/div>\n        \n\n            <div class=\"wp-block-button carousel-control-next\"><button type=\"button\" class=\"wp-block-button__link wp-element-button\">Next<\/button><\/div>\n        <\/div>\n\n\n    <li class=\" wp-block-navigation-item see-all-link wp-block-navigation-link\"><a class=\"wp-block-navigation-item__content\"  href=\"http:\/\/www.greenpeace.org\/argentina\/news-stories\/?tag=antartida\"><span class=\"wp-block-navigation-item__label\">See all stories<\/span><\/a><\/li><\/div>\n    \n<h3 class=\"wp-block-heading\"><strong>Videos&nbsp;<\/strong><\/h3>\n\n<p><iframe loading=\"lazy\" src=\"https:\/\/www.youtube.com\/embed\/videoseries?list=PLgR0D19YPNICI-c7JPVXJruX42nSYhL43\" allowfullscreen=\"allowfullscreen\" width=\"560\" height=\"315\" frameborder=\"0\"><span data-mce-type=\"bookmark\" style=\"display: inline-block; width: 0px; overflow: hidden; line-height: 0;\" class=\"mce_SELRES_start\">\ufeff<\/span><span data-mce-type=\"bookmark\" style=\"display: inline-block; width: 0px; overflow: hidden; line-height: 0;\" class=\"mce_SELRES_start\">\ufeff<\/span><span data-mce-type=\"bookmark\" style=\"display: inline-block; width: 0px; overflow: hidden; line-height: 0;\" class=\"mce_SELRES_start\">\ufeff<\/span><\/iframe><\/p>\n<div data-render=\"planet4-blocks\/happypoint\" data-attributes=\"{&quot;attributes&quot;:{&quot;focus_image&quot;:&quot;47% 54%&quot;,&quot;opacity&quot;:40,&quot;iframe_url&quot;:&quot;https:\\\/\\\/share.hsforms.com\\\/1BWs9-d_SSR2t1UXZX_ixNQc5xh7&quot;,&quot;id&quot;:16,&quot;override_default_content&quot;:true,&quot;local_content_provider&quot;:&quot;iframe_url&quot;,&quot;embed_code&quot;:&quot;&quot;}}\"><\/div>","protected":false},"excerpt":{"rendered":"<p>La biodiversidad del continente ant\u00e1rtico no solo sufre las consecuencias del cambio clim\u00e1tico. Adem\u00e1s, est\u00e1 amenazada por la industria pesquera. Las embarcaciones llegan a la zona para capturar krill, un peque\u00f1o crust\u00e1ceo parecido al camar\u00f3n que se utiliza para fabricar suplementos dietarios. As\u00ed se llevan el alimento esencial de la fauna del lugar. Sin \u00e9l [&hellip;]<\/p>\n","protected":false},"author":1,"featured_media":381,"parent":11,"menu_order":0,"comment_status":"closed","ping_status":"closed","template":"","meta":{"ep_exclude_from_search":false,"p4_hide_page_title_checkbox":"on","p4_title":"","p4_subtitle":"","p4_description":"","background_image_id":"","background_image":"","p4_button_title":"","p4_button_link":"","p4_button_link_checkbox":"","p4_og_title":"","p4_og_description":"","p4_og_image":"","p4_og_image_id":"","p4_seo_canonical_url":"","p4_campaign_name":"not set","p4_local_project":"not set","p4_basket_name":"not set","p4_department":"","footnotes":""},"categories":[17],"tags":[6],"class_list":["post-54","page","type-page","status-publish","has-post-thumbnail","hentry","category-oceanos","tag-antartida"],"_links":{"self":[{"href":"https:\/\/www.greenpeace.org\/argentina\/wp-json\/wp\/v2\/pages\/54","targetHints":{"allow":["GET"]}}],"collection":[{"href":"https:\/\/www.greenpeace.org\/argentina\/wp-json\/wp\/v2\/pages"}],"about":[{"href":"https:\/\/www.greenpeace.org\/argentina\/wp-json\/wp\/v2\/types\/page"}],"author":[{"embeddable":true,"href":"https:\/\/www.greenpeace.org\/argentina\/wp-json\/wp\/v2\/users\/1"}],"replies":[{"embeddable":true,"href":"https:\/\/www.greenpeace.org\/argentina\/wp-json\/wp\/v2\/comments?post=54"}],"version-history":[{"count":20,"href":"https:\/\/www.greenpeace.org\/argentina\/wp-json\/wp\/v2\/pages\/54\/revisions"}],"predecessor-version":[{"id":31827,"href":"https:\/\/www.greenpeace.org\/argentina\/wp-json\/wp\/v2\/pages\/54\/revisions\/31827"}],"up":[{"embeddable":true,"href":"https:\/\/www.greenpeace.org\/argentina\/wp-json\/wp\/v2\/pages\/11"}],"wp:featuredmedia":[{"embeddable":true,"href":"https:\/\/www.greenpeace.org\/argentina\/wp-json\/wp\/v2\/media\/381"}],"wp:attachment":[{"href":"https:\/\/www.greenpeace.org\/argentina\/wp-json\/wp\/v2\/media?parent=54"}],"wp:term":[{"taxonomy":"category","embeddable":true,"href":"https:\/\/www.greenpeace.org\/argentina\/wp-json\/wp\/v2\/categories?post=54"},{"taxonomy":"post_tag","embeddable":true,"href":"https:\/\/www.greenpeace.org\/argentina\/wp-json\/wp\/v2\/tags?post=54"}],"curies":[{"name":"wp","href":"https:\/\/api.w.org\/{rel}","templated":true}]}}