{"id":759,"date":"2019-01-25T18:54:57","date_gmt":"2019-01-25T18:54:57","guid":{"rendered":"https:\/\/www.greenpeace.org\/argentina\/?page_id=759"},"modified":"2025-09-23T06:43:32","modified_gmt":"2025-09-23T09:43:32","slug":"con-incineracion-no-hay-basura-cero","status":"publish","type":"page","link":"https:\/\/www.greenpeace.org\/argentina\/participa\/involucrate\/con-incineracion-no-hay-basura-cero\/","title":{"rendered":"Con incineraci\u00f3n no hay Basura Cero"},"content":{"rendered":"\n                \n                <div class=\"wp-block-group alignfull is-layout-flow wp-block-group-is-layout-flow\">\n                \n                <div class=\"wp-block-group container is-layout-flow wp-block-group-is-layout-flow\">\n                \n                <div class=\"wp-block-media-text alignfull has-media-on-the-right is-stacked-on-mobile is-pattern-p4-page-header is-style-parallax\">\n\n                <div class=\"wp-block-media-text__content\">\n                    <div class=\"wp-block-group is-layout-flow wp-block-group-is-layout-flow\">\n                    \n                        <h1 class=\"wp-block-heading has-white-background-color has-background\">\n                            Con incineraci\u00f3n no hay Basura Cero\n                        <\/h1>\n                    <\/div>\n                \n\n                \n                        <p style=\"font-size:1.25rem\">\n                            <span style=\"font-weight: 400\">El gobierno de Horacio Rodr\u00edguez Larreta ya modific\u00f3 la Ley de Basura Cero para permitir la incineraci\u00f3n de basura en la Ciudad de Buenos Aires. Esta medida impulsa una tecnolog\u00eda costosa, contaminante, y que da\u00f1a la salud de las personas. Por eso, necesitamos tu apoyo. Quemar basura mata.<\/span>\n                        <\/p>\n                    \n\n                \n\n                <\/div>\n                <figure class=\"wp-block-media-text__media\">\n                    <img loading=\"lazy\" decoding=\"async\" width=\"1256\" height=\"620\"\n                        src=\"https:\/\/www.greenpeace.org\/static\/planet4-argentina-stateless\/2019\/02\/2ddb7b6f-quemar.jpg\"\n                        alt=\"\"\n                        sizes=\"auto, (min-width: 601px) 50vw, 100vw\" srcset=\"https:\/\/www.greenpeace.org\/static\/planet4-argentina-stateless\/2019\/02\/2ddb7b6f-quemar.jpg 1256w, https:\/\/www.greenpeace.org\/static\/planet4-argentina-stateless\/2019\/02\/2ddb7b6f-quemar-300x148.jpg 300w, https:\/\/www.greenpeace.org\/static\/planet4-argentina-stateless\/2019\/02\/2ddb7b6f-quemar-768x379.jpg 768w, https:\/\/www.greenpeace.org\/static\/planet4-argentina-stateless\/2019\/02\/2ddb7b6f-quemar-1024x505.jpg 1024w, https:\/\/www.greenpeace.org\/static\/planet4-argentina-stateless\/2019\/02\/2ddb7b6f-quemar-510x252.jpg 510w\" class=\"wp-image-1103 size-full\"\n                    \/>\n                <\/figure>\n                <\/div>\n                \n                <\/div>\n                \n                <\/div>\n                \n                <p><span style=\"font-weight: 400;\">La Legislatura de la Ciudad de Buenos Aires aprob\u00f3 en mayo de 2018 la modificaci\u00f3n de la Ley de Basura Cero que prohib\u00eda la incineraci\u00f3n y promov\u00eda el reciclaje, y de esta forma, habilit\u00f3 la quema de residuos. No podemos permitir que las autoridades porte\u00f1as impulsen este m\u00e9todo obsoleto.<\/span><\/p>\n<p><span style=\"font-weight: 400;\">Al quemar basura se emiten part\u00edculas t\u00f3xicas y cancer\u00edgenas al aire, lo que genera impactos en el ambiente y en la salud. Seg\u00fan la Organizaci\u00f3n Mundial de la Salud (OMS), 7 millones de personas al a\u00f1o mueren por causas directamente relacionadas con la contaminaci\u00f3n del aire, y la incineraci\u00f3n de basura contribuye a este tipo de poluci\u00f3n.<\/span><\/p>\n<p><span style=\"font-weight: 400;\">La inacci\u00f3n del gobierno de la Ciudad para cumplir la Ley de Basura Cero, desde su sanci\u00f3n en 2008, no justifica la llegada de la termovalorizaci\u00f3n, una tecnolog\u00eda para incinerar residuos que enferma y contamina.<\/span><span style=\"font-weight: 400;\"><br \/><\/span><span style=\"font-weight: 400;\"><br \/><\/span><span style=\"font-weight: 400;\">Es simple: la soluci\u00f3n a la crisis de los residuos es cumplir con la ley original de Basura Cero, sin modificaciones.<\/span><\/p>\n<\/p>\n<h3><strong>Le\u00e9 m\u00e1s<\/strong><\/h3>\n<p><a href=\"https:\/\/www.greenpeace.org\/argentina\/involucrate\/con-incineracion-no-hay-basura-cero\/ley-de-basura-cero-mas-de-14-anos-de-metas-incumplidas\/\"><b>Ley de Basura Cero: m\u00e1s de 14 a\u00f1os de metas incumplidas.<\/b><\/a><\/p>\n<p><a href=\"http:\/\/greenpeace.org.ar\/pdf\/aire\/InfografiaIncineracion.jpg\"><b>Incineraci\u00f3n: un retroceso ambiental en la Ciudad de Buenos Aires<\/b><span style=\"font-weight: 400;\"> (julio 2018)<\/span><\/a><\/p>\n<p><a href=\"http:\/\/greenpeace.org.ar\/incineracion\/Cautelar%20Incineracion%2020180629.pdf\"><b>Acci\u00f3n de amparo colectivo ambiental para exigir la nulidad de la ley N\u00b0 5.966 que autoriza la incineraci\u00f3n de residuos en la Ciudad de Buenos Aires <\/b><span style=\"font-weight: 400;\">(junio 2018)<\/span><\/a><\/p>\n<p><a href=\"http:\/\/greenpeace.org.ar\/pdf\/aire\/MONITOREO_CALIDAD_DEL_AIRE-Greenpeace.pdf\"><b>Las Plantas MBT: una falsa soluci\u00f3n para cumplir con la Ley de Basura Cero<\/b><span style=\"font-weight: 400;\"> (julio 2015)<\/span><\/a><\/p>\n<p><a href=\"http:\/\/greenpeace.org.ar\/pdf\/aire\/respuestas_candidatos_rosario.pdf\"><b>Basura Cero y las propuestas de los candidatos de Rosario<\/b><span style=\"font-weight: 400;\"> (julio 2011)<\/span><\/a><\/p>\n<p><a href=\"http:\/\/greenpeace.org.ar\/pdf\/aire\/basura-cero-macri-ceamse-2011.pdf\"><b>Con el reciclado juntos, venimos mal, muy mal <\/b><span style=\"font-weight: 400;\">(junio, 2011)<\/span><\/a><\/p>\n<p><a href=\"http:\/\/greenpeace.org.ar\/pdf\/aire\/BasuraCeroCompromisosCandidatos2011-1.pdf\"><b>Elecciones 2011: Compromisos y propuestas sobre Basura Cero<\/b><span style=\"font-weight: 400;\"> (junio 2011)<\/span><\/a><\/p>\n<p><a href=\"http:\/\/greenpeace.org.ar\/pdf\/aire\/mauricio-macri-reprobado-residuos.pdf\"><b>Mauricio Macri: Reprobado en gesti\u00f3n de residuos <\/b><span style=\"font-weight: 400;\">(enero, 2011)<\/span><\/a><\/p>\n<p><a href=\"http:\/\/greenpeace.org.ar\/pdf\/aire\/balance-2009-gestion-de-residuos-solidos-urbanos-gcba.pdf\"><b>Resumen balance 2009 de gesti\u00f3n de residuos s\u00f3lidos urbanos de la Ciudad de Buenos Aires<\/b><span style=\"font-weight: 400;\"> (marzo 2010)<\/span><\/a><\/p>\n<p><a href=\"http:\/\/greenpeace.org.ar\/pdf\/aire\/bolsas-biodegradables.pdf\"><b>Posici\u00f3n de Greenpeace con respecto a las bolsas biodegradables y oxodegradables<\/b><span style=\"font-weight: 400;\"> (noviembre 2009)<\/span><\/a><\/p>\n<p><a href=\"http:\/\/greenpeace.org.ar\/pdf\/aire\/como-afecta-la-incineracion-al-cambio-climatico.pdf\"><b>Incineraci\u00f3n de residuos: malos humos para el clima <\/b><span style=\"font-weight: 400;\">(noviembre 2009)<\/span><\/a><\/p>\n<p><a href=\"http:\/\/greenpeace.org.ar\/pdf\/aire\/impacto-de-los-residuos-de-la.pdf\"><b>Impactos de los Residuos S\u00f3lidos Urbanos de la Ciudad Aut\u00f3noma de Buenos Aires en los rellenos sanitarios del Conurbano Bonaerense<\/b><span style=\"font-weight: 400;\"> (septiembre, 2008)<\/span><\/a><\/p><\/p>\n\n    <div class=\"wp-block-query posts-list p4-query-loop is-custom-layout-list is-layout-flow wp-block-query-is-layout-flow\">\n        <div class=\"wp-block-group is-content-justification-space-between is-layout-flex wp-container-core-group-is-layout-3d213aab wp-block-group-is-layout-flex\"><h2 class=\"wp-block-heading\">\u00daltimas noticias<\/h2>\n        <li class=\" wp-block-navigation-item see-all-link wp-block-navigation-link\"><a class=\"wp-block-navigation-item__content\"  href=\"http:\/\/www.greenpeace.org\/argentina\/news-stories\/?tag=quemarbasuramata\"><span class=\"wp-block-navigation-item__label\">See all stories<\/span><\/a><\/li>\n        \n        <\/div>\n        \n\n    <p style=\"margin-top: 24px; margin-bottom: 36px;\"><\/p>\n\n    \n\n    <ul class=\"wp-block-post-template is-layout-flow wp-block-post-template-is-layout-flow\"><li class=\"wp-block-post post-2632 post type-post status-publish format-standard has-post-thumbnail hentry category-contaminacion category-greenpeace tag-quemarbasuramata p4-page-type-story\">\n            \n<div class=\"wp-block-columns is-layout-flex wp-container-core-columns-is-layout-9d6595d7 wp-block-columns-is-layout-flex\"><figure class=\"wp-block-post-featured-image\"><a href=\"https:\/\/www.greenpeace.org\/argentina\/story\/problemas\/contaminacion\/greenpeace-el-gobierno-de-la-ciudad-esta-empecinado-en-quemar-basura\/\" target=\"_self\"  ><img loading=\"lazy\" decoding=\"async\" width=\"2500\" height=\"1668\" src=\"https:\/\/www.greenpeace.org\/static\/planet4-argentina-stateless\/2019\/02\/38077656-gpa_4602.jpg\" class=\"attachment-post-thumbnail size-post-thumbnail wp-post-image wp-stateless-item\" alt=\"Greenpeace: \u201cEl gobierno de la ciudad est\u00e1 empecinado en quemar basura\u201d\" style=\"object-fit:cover;\" srcset=\"https:\/\/www.greenpeace.org\/static\/planet4-argentina-stateless\/2019\/02\/38077656-gpa_4602.jpg 2500w, https:\/\/www.greenpeace.org\/static\/planet4-argentina-stateless\/2019\/02\/38077656-gpa_4602-300x200.jpg 300w, https:\/\/www.greenpeace.org\/static\/planet4-argentina-stateless\/2019\/02\/38077656-gpa_4602-768x512.jpg 768w, https:\/\/www.greenpeace.org\/static\/planet4-argentina-stateless\/2019\/02\/38077656-gpa_4602-1024x683.jpg 1024w, https:\/\/www.greenpeace.org\/static\/planet4-argentina-stateless\/2019\/02\/38077656-gpa_4602-2048x1366.jpg 2048w, https:\/\/www.greenpeace.org\/static\/planet4-argentina-stateless\/2019\/02\/38077656-gpa_4602-510x340.jpg 510w\" sizes=\"auto, (max-width: 2500px) 100vw, 2500px\" data-image-size=\"post-thumbnail\" data-stateless-media-bucket=\"planet4-argentina-stateless\" data-stateless-media-name=\"2019\/02\/38077656-gpa_4602.jpg\" \/><\/a><\/figure>\n\n        <div class=\"wp-block-group is-layout-flow wp-block-group-is-layout-flow\">\n        <div class=\"wp-block-group is-layout-flex wp-block-group-is-layout-flex\"><div class=\"wp-block-post-terms\"><a href=\"https:\/\/www.greenpeace.org\/argentina\/category\/problemas\/contaminacion\/\">Contaminaci\u00f3n<\/a><\/div>\n        \n        \n        <\/div>\n        \n        <h3 class=\"wp-block-post-title\"><a href=\"https:\/\/www.greenpeace.org\/argentina\/story\/problemas\/contaminacion\/greenpeace-el-gobierno-de-la-ciudad-esta-empecinado-en-quemar-basura\/\" target=\"_self\" >Greenpeace: \u201cEl gobierno de la ciudad est\u00e1 empecinado en quemar basura\u201d<\/a><\/h3>\n        <div class=\"wp-block-post-excerpt\"><p class=\"wp-block-post-excerpt__excerpt\">La organizaci\u00f3n ambientalista critic\u00f3 la decisi\u00f3n del gobierno porte\u00f1o de apelar la medida de la jueza de la ciudad, Elena Liberatori, del viernes pasado, que declar\u00f3 nula e inconstitucional la&hellip; <\/p><\/div>\n        \n        <div class=\"wp-block-group posts-list-meta is-layout-flow wp-block-group-is-layout-flow\"><span class='article-list-item-author'>editor<\/span>\n        <div class=\"wp-block-post-date\"><time datetime=\"2019-10-09T17:33:56-03:00\">9 octubre 2019<\/time><\/div>\n        \n        <\/div>\n        <\/div>\n        <\/div>\n\n            <\/li><li class=\"wp-block-post post-2614 post type-post status-publish format-standard has-post-thumbnail hentry category-contaminacion category-greenpeace tag-quemarbasuramata p4-page-type-story\">\n            \n<div class=\"wp-block-columns is-layout-flex wp-container-core-columns-is-layout-9d6595d7 wp-block-columns-is-layout-flex\"><figure class=\"wp-block-post-featured-image\"><a href=\"https:\/\/www.greenpeace.org\/argentina\/story\/problemas\/contaminacion\/greenpeace-celebro-que-la-incineracion-fuera-declarada-inconstitucional-en-la-ciudad\/\" target=\"_self\"  ><img loading=\"lazy\" decoding=\"async\" width=\"2500\" height=\"1668\" src=\"https:\/\/www.greenpeace.org\/static\/planet4-argentina-stateless\/2019\/02\/38077656-gpa_4602.jpg\" class=\"attachment-post-thumbnail size-post-thumbnail wp-post-image wp-stateless-item\" alt=\"Greenpeace celebr\u00f3 que la incineraci\u00f3n fue declarada inconstitucional en la ciudad\" style=\"object-fit:cover;\" srcset=\"https:\/\/www.greenpeace.org\/static\/planet4-argentina-stateless\/2019\/02\/38077656-gpa_4602.jpg 2500w, https:\/\/www.greenpeace.org\/static\/planet4-argentina-stateless\/2019\/02\/38077656-gpa_4602-300x200.jpg 300w, https:\/\/www.greenpeace.org\/static\/planet4-argentina-stateless\/2019\/02\/38077656-gpa_4602-768x512.jpg 768w, https:\/\/www.greenpeace.org\/static\/planet4-argentina-stateless\/2019\/02\/38077656-gpa_4602-1024x683.jpg 1024w, https:\/\/www.greenpeace.org\/static\/planet4-argentina-stateless\/2019\/02\/38077656-gpa_4602-2048x1366.jpg 2048w, https:\/\/www.greenpeace.org\/static\/planet4-argentina-stateless\/2019\/02\/38077656-gpa_4602-510x340.jpg 510w\" sizes=\"auto, (max-width: 2500px) 100vw, 2500px\" data-image-size=\"post-thumbnail\" data-stateless-media-bucket=\"planet4-argentina-stateless\" data-stateless-media-name=\"2019\/02\/38077656-gpa_4602.jpg\" \/><\/a><\/figure>\n\n        <div class=\"wp-block-group is-layout-flow wp-block-group-is-layout-flow\">\n        <div class=\"wp-block-group is-layout-flex wp-block-group-is-layout-flex\"><div class=\"wp-block-post-terms\"><a href=\"https:\/\/www.greenpeace.org\/argentina\/category\/problemas\/contaminacion\/\">Contaminaci\u00f3n<\/a><\/div>\n        \n        \n        <\/div>\n        \n        <h3 class=\"wp-block-post-title\"><a href=\"https:\/\/www.greenpeace.org\/argentina\/story\/problemas\/contaminacion\/greenpeace-celebro-que-la-incineracion-fuera-declarada-inconstitucional-en-la-ciudad\/\" target=\"_self\" >Greenpeace celebr\u00f3 que la incineraci\u00f3n fue declarada inconstitucional en la ciudad<\/a><\/h3>\n        <div class=\"wp-block-post-excerpt\"><p class=\"wp-block-post-excerpt__excerpt\">La ONG ambientalista destac\u00f3 la medida de la jueza federal Liberatori, que dio lugar al amparo presentado por la organizaci\u00f3n junto al Observatorio del Derecho a la Ciudad, Federaci\u00f3n de&hellip; <\/p><\/div>\n        \n        <div class=\"wp-block-group posts-list-meta is-layout-flow wp-block-group-is-layout-flow\"><span class='article-list-item-author'>Editor<\/span>\n        <div class=\"wp-block-post-date\"><time datetime=\"2019-10-04T13:27:18-03:00\">4 octubre 2019<\/time><\/div>\n        \n        <\/div>\n        <\/div>\n        <\/div>\n\n            <\/li><li class=\"wp-block-post post-1651 post type-post status-publish format-standard has-post-thumbnail hentry category-contaminacion tag-quemarbasuramata p4-page-type-story\">\n            \n<div class=\"wp-block-columns is-layout-flex wp-container-core-columns-is-layout-9d6595d7 wp-block-columns-is-layout-flex\"><figure class=\"wp-block-post-featured-image\"><a href=\"https:\/\/www.greenpeace.org\/argentina\/story\/problemas\/contaminacion\/greenpeace-con-la-pajita-no-alcanza\/\" target=\"_self\"  ><img loading=\"lazy\" decoding=\"async\" width=\"2500\" height=\"1668\" src=\"https:\/\/www.greenpeace.org\/static\/planet4-argentina-stateless\/2019\/02\/38077656-gpa_4602.jpg\" class=\"attachment-post-thumbnail size-post-thumbnail wp-post-image wp-stateless-item\" alt=\"Greenpeace: \u201cCon la pajita no alcanza\u201d\" style=\"object-fit:cover;\" srcset=\"https:\/\/www.greenpeace.org\/static\/planet4-argentina-stateless\/2019\/02\/38077656-gpa_4602.jpg 2500w, https:\/\/www.greenpeace.org\/static\/planet4-argentina-stateless\/2019\/02\/38077656-gpa_4602-300x200.jpg 300w, https:\/\/www.greenpeace.org\/static\/planet4-argentina-stateless\/2019\/02\/38077656-gpa_4602-768x512.jpg 768w, https:\/\/www.greenpeace.org\/static\/planet4-argentina-stateless\/2019\/02\/38077656-gpa_4602-1024x683.jpg 1024w, https:\/\/www.greenpeace.org\/static\/planet4-argentina-stateless\/2019\/02\/38077656-gpa_4602-2048x1366.jpg 2048w, https:\/\/www.greenpeace.org\/static\/planet4-argentina-stateless\/2019\/02\/38077656-gpa_4602-510x340.jpg 510w\" sizes=\"auto, (max-width: 2500px) 100vw, 2500px\" data-image-size=\"post-thumbnail\" data-stateless-media-bucket=\"planet4-argentina-stateless\" data-stateless-media-name=\"2019\/02\/38077656-gpa_4602.jpg\" \/><\/a><\/figure>\n\n        <div class=\"wp-block-group is-layout-flow wp-block-group-is-layout-flow\">\n        <div class=\"wp-block-group is-layout-flex wp-block-group-is-layout-flex\"><div class=\"wp-block-post-terms\"><a href=\"https:\/\/www.greenpeace.org\/argentina\/category\/problemas\/contaminacion\/\">Contaminaci\u00f3n<\/a><\/div>\n        \n        \n        <\/div>\n        \n        <h3 class=\"wp-block-post-title\"><a href=\"https:\/\/www.greenpeace.org\/argentina\/story\/problemas\/contaminacion\/greenpeace-con-la-pajita-no-alcanza\/\" target=\"_self\" >Greenpeace: \u201cCon la pajita no alcanza\u201d<\/a><\/h3>\n        <div class=\"wp-block-post-excerpt\"><p class=\"wp-block-post-excerpt__excerpt\">Buenos Aires, 22 de mayo de 2019.-\u00a0La ONG Greenpeace se expres\u00f3 ante la resoluci\u00f3n del Ministerio de Ambiente de la Ciudad, publicada hoy en el bolet\u00edn oficial, y consider\u00f3 que&hellip; <\/p><\/div>\n        \n        <div class=\"wp-block-group posts-list-meta is-layout-flow wp-block-group-is-layout-flow\"><span class='article-list-item-author'>Editor<\/span>\n        <div class=\"wp-block-post-date\"><time datetime=\"2019-05-22T15:33:30-03:00\">22 mayo 2019<\/time><\/div>\n        \n        <\/div>\n        <\/div>\n        <\/div>\n\n            <\/li><\/ul>\n\n    \n<div class=\"wp-block-buttons carousel-controls is-horizontal is-content-justification-space-between is-nowrap is-layout-flex wp-container-core-buttons-is-layout-044bd602 wp-block-buttons-is-layout-flex\">\n            <div class=\"wp-block-button carousel-control-prev\"><button type=\"button\" class=\"wp-block-button__link wp-element-button\">Prev<\/button><\/div>\n        \n\n            <div class=\"wp-block-button carousel-control-next\"><button type=\"button\" class=\"wp-block-button__link wp-element-button\">Next<\/button><\/div>\n        <\/div>\n\n\n    <li class=\" wp-block-navigation-item see-all-link wp-block-navigation-link\"><a class=\"wp-block-navigation-item__content\"  href=\"http:\/\/www.greenpeace.org\/argentina\/news-stories\/?tag=quemarbasuramata\"><span class=\"wp-block-navigation-item__label\">See all stories<\/span><\/a><\/li><\/div>\n    <div data-render=\"planet4-blocks\/happypoint\" data-attributes=\"{&quot;attributes&quot;:{&quot;focus_image&quot;:&quot;50% 50%&quot;,&quot;opacity&quot;:40,&quot;iframe_url&quot;:&quot;https:\\\/\\\/unite.greenpeace.org.ar\\\/happypoint\\\/&quot;,&quot;id&quot;:16,&quot;override_default_content&quot;:true,&quot;local_content_provider&quot;:&quot;iframe_url&quot;}}\"><\/div>","protected":false},"excerpt":{"rendered":"<p>La Legislatura de la Ciudad de Buenos Aires aprob\u00f3 en mayo de 2018 la modificaci\u00f3n de la Ley de Basura Cero que prohib\u00eda la incineraci\u00f3n y promov\u00eda el reciclaje, y de esta forma, habilit\u00f3 la quema de residuos. No podemos permitir que las autoridades porte\u00f1as impulsen este m\u00e9todo obsoleto. Al quemar basura se emiten part\u00edculas [&hellip;]<\/p>\n","protected":false},"author":19,"featured_media":763,"parent":11,"menu_order":0,"comment_status":"closed","ping_status":"closed","template":"","meta":{"ep_exclude_from_search":false,"p4_hide_page_title_checkbox":"on","p4_title":"","p4_subtitle":"","p4_description":"","background_image_id":"","background_image":"","p4_button_title":"","p4_button_link":"","p4_button_link_checkbox":"","p4_og_title":"","p4_og_description":"","p4_og_image":"","p4_og_image_id":"","p4_seo_canonical_url":"","p4_campaign_name":"not set","p4_local_project":"not set","p4_basket_name":"not set","p4_department":"","footnotes":""},"categories":[4],"tags":[32],"class_list":["post-759","page","type-page","status-publish","has-post-thumbnail","hentry","category-contaminacion","tag-quemarbasuramata"],"_links":{"self":[{"href":"https:\/\/www.greenpeace.org\/argentina\/wp-json\/wp\/v2\/pages\/759","targetHints":{"allow":["GET"]}}],"collection":[{"href":"https:\/\/www.greenpeace.org\/argentina\/wp-json\/wp\/v2\/pages"}],"about":[{"href":"https:\/\/www.greenpeace.org\/argentina\/wp-json\/wp\/v2\/types\/page"}],"author":[{"embeddable":true,"href":"https:\/\/www.greenpeace.org\/argentina\/wp-json\/wp\/v2\/users\/19"}],"replies":[{"embeddable":true,"href":"https:\/\/www.greenpeace.org\/argentina\/wp-json\/wp\/v2\/comments?post=759"}],"version-history":[{"count":20,"href":"https:\/\/www.greenpeace.org\/argentina\/wp-json\/wp\/v2\/pages\/759\/revisions"}],"predecessor-version":[{"id":31814,"href":"https:\/\/www.greenpeace.org\/argentina\/wp-json\/wp\/v2\/pages\/759\/revisions\/31814"}],"up":[{"embeddable":true,"href":"https:\/\/www.greenpeace.org\/argentina\/wp-json\/wp\/v2\/pages\/11"}],"wp:featuredmedia":[{"embeddable":true,"href":"https:\/\/www.greenpeace.org\/argentina\/wp-json\/wp\/v2\/media\/763"}],"wp:attachment":[{"href":"https:\/\/www.greenpeace.org\/argentina\/wp-json\/wp\/v2\/media?parent=759"}],"wp:term":[{"taxonomy":"category","embeddable":true,"href":"https:\/\/www.greenpeace.org\/argentina\/wp-json\/wp\/v2\/categories?post=759"},{"taxonomy":"post_tag","embeddable":true,"href":"https:\/\/www.greenpeace.org\/argentina\/wp-json\/wp\/v2\/tags?post=759"}],"curies":[{"name":"wp","href":"https:\/\/api.w.org\/{rel}","templated":true}]}}