{"id":3344,"date":"2019-02-25T11:00:39","date_gmt":"2019-02-25T10:00:39","guid":{"rendered":"https:\/\/www.greenpeace.org\/belgium\/?page_id=3344"},"modified":"2025-08-20T12:51:54","modified_gmt":"2025-08-20T11:51:54","slug":"transparence-financiere","status":"publish","type":"page","link":"https:\/\/www.greenpeace.org\/belgium\/fr\/transparence-financiere\/","title":{"rendered":"Transparence financi\u00e8re"},"content":{"rendered":"\n<h2 class=\"wp-block-heading\">TRANSPARENCE FINANCI\u00c8RE<\/h2>\n\n<p>Afin de pr\u00e9server notre ind\u00e9pendance, nous menons campagne uniquement gr\u00e2ce aux dons de nos<br>sympathisant\u00b7es et refusons tout subside ou sponsoring. Nous sollicitons le soutien financier de nos<br>donateur\u00b7rices en parfaite adh\u00e9sion au code d\u00e9ontologique de l\u2019Association pour une Ethique dans les<br>R\u00e9coltes de Fonds (AERF).  <\/p>\n\n<figure class=\"wp-block-image alignleft size-large is-resized caption-style-medium caption-alignment-center\"><img loading=\"lazy\" decoding=\"async\" width=\"1024\" height=\"298\" src=\"https:\/\/www.greenpeace.org\/static\/planet4-belgium-stateless\/2024\/09\/c7ce5f0f-aerf-logo-bil-1024x298.png\" alt=\"\" class=\"wp-image-58370\" style=\"width:490px;height:auto\" srcset=\"https:\/\/www.greenpeace.org\/static\/planet4-belgium-stateless\/2024\/09\/c7ce5f0f-aerf-logo-bil-1024x298.png 1024w, https:\/\/www.greenpeace.org\/static\/planet4-belgium-stateless\/2024\/09\/c7ce5f0f-aerf-logo-bil-300x87.png 300w, https:\/\/www.greenpeace.org\/static\/planet4-belgium-stateless\/2024\/09\/c7ce5f0f-aerf-logo-bil-768x223.png 768w, https:\/\/www.greenpeace.org\/static\/planet4-belgium-stateless\/2024\/09\/c7ce5f0f-aerf-logo-bil-1536x446.png 1536w, https:\/\/www.greenpeace.org\/static\/planet4-belgium-stateless\/2024\/09\/c7ce5f0f-aerf-logo-bil-510x148.png 510w, https:\/\/www.greenpeace.org\/static\/planet4-belgium-stateless\/2024\/09\/c7ce5f0f-aerf-logo-bil.png 1607w\" sizes=\"auto, (max-width: 1024px) 100vw, 1024px\" \/><\/figure>\n\n<p>Ceci implique que nos sympathisant\u00b7es, collaborateur\u00b7rices et employ\u00e9\u00b7es soient<br>inform\u00e9\u00b7es au moins annuellement de l\u2019utilisation des fonds r\u00e9colt\u00e9s. Par ailleurs,<br>un r\u00e9viseur ind\u00e9pendant contr\u00f4le nos comptes annuels.<\/p>\n\n<p><\/p>\n<div data-render=\"planet4-blocks\/columns\" data-attributes=\"{&quot;attributes&quot;:{&quot;columns&quot;:[{&quot;title&quot;:&quot;Rapport annuel 2024 &quot;,&quot;cta_link&quot;:&quot;https:\\\/\\\/www.greenpeace.org\\\/static\\\/planet4-belgium-stateless\\\/2025\\\/08\\\/f912e059-bnb_greenpeace-belgique_2023_2024_fr_rapport_gestion_audit_signe_51p.pdf&quot;,&quot;cta_text&quot;:&quot;Voir le rapport 2024&quot;,&quot;link_new_tab&quot;:true},{&quot;title&quot;:&quot;Rapports financiers&quot;,&quot;cta_link&quot;:&quot;https:\\\/\\\/fliphtml5.com\\\/bookcase\\\/axdcl&quot;,&quot;cta_text&quot;:&quot;Archives des rapports&quot;,&quot;link_new_tab&quot;:true}],&quot;className&quot;:&quot;is-style-no_image&quot;,&quot;columns_block_style&quot;:&quot;no_image&quot;}}\"><\/div>\n<div style=\"height:100px\" aria-hidden=\"true\" class=\"wp-block-spacer\"><\/div>\n<div data-render=\"planet4-blocks\/happypoint\" data-attributes=\"{&quot;attributes&quot;:{&quot;focus_image&quot;:&quot;0% 0%&quot;,&quot;opacity&quot;:100,&quot;iframe_url&quot;:&quot;&quot;,&quot;override_default_content&quot;:true,&quot;local_content_provider&quot;:&quot;iframe_url&quot;}}\"><\/div>\n<p><\/p>\n\n<h2 class=\"wp-block-heading\"><\/h2>\n\n<h2 class=\"wp-block-heading\"><\/h2>\n","protected":false},"excerpt":{"rendered":"<p>TRANSPARENCE FINANCI\u00c8RE Afin de pr\u00e9server notre ind\u00e9pendance, nous menons campagne uniquement gr\u00e2ce aux dons de nossympathisant\u00b7es et refusons tout subside ou sponsoring. Nous sollicitons le soutien financier de nosdonateur\u00b7rices en parfaite adh\u00e9sion au code d\u00e9ontologique de l\u2019Association pour une Ethique dans lesR\u00e9coltes de Fonds (AERF). Ceci implique que nos sympathisant\u00b7es, collaborateur\u00b7rices et employ\u00e9\u00b7es soientinform\u00e9\u00b7es au [&hellip;]<\/p>\n","protected":false},"author":49,"featured_media":58366,"parent":0,"menu_order":0,"comment_status":"closed","ping_status":"closed","template":"","meta":{"ep_exclude_from_search":false,"p4_hide_page_title_checkbox":"on","p4_title":"","p4_subtitle":"","p4_description":"","background_image_id":"","background_image":"","p4_button_title":"","p4_button_link":"","p4_button_link_checkbox":"","p4_og_title":"","p4_og_description":"","p4_og_image":"","p4_og_image_id":"","p4_seo_canonical_url":"","p4_campaign_name":"not set","p4_local_project":"not set","p4_basket_name":"not set","p4_department":"","footnotes":""},"categories":[],"tags":[],"class_list":["post-3344","page","type-page","status-publish","has-post-thumbnail","hentry"],"_links":{"self":[{"href":"https:\/\/www.greenpeace.org\/belgium\/fr\/wp-json\/wp\/v2\/pages\/3344","targetHints":{"allow":["GET"]}}],"collection":[{"href":"https:\/\/www.greenpeace.org\/belgium\/fr\/wp-json\/wp\/v2\/pages"}],"about":[{"href":"https:\/\/www.greenpeace.org\/belgium\/fr\/wp-json\/wp\/v2\/types\/page"}],"author":[{"embeddable":true,"href":"https:\/\/www.greenpeace.org\/belgium\/fr\/wp-json\/wp\/v2\/users\/49"}],"replies":[{"embeddable":true,"href":"https:\/\/www.greenpeace.org\/belgium\/fr\/wp-json\/wp\/v2\/comments?post=3344"}],"version-history":[{"count":20,"href":"https:\/\/www.greenpeace.org\/belgium\/fr\/wp-json\/wp\/v2\/pages\/3344\/revisions"}],"predecessor-version":[{"id":61018,"href":"https:\/\/www.greenpeace.org\/belgium\/fr\/wp-json\/wp\/v2\/pages\/3344\/revisions\/61018"}],"wp:featuredmedia":[{"embeddable":true,"href":"https:\/\/www.greenpeace.org\/belgium\/fr\/wp-json\/wp\/v2\/media\/58366"}],"wp:attachment":[{"href":"https:\/\/www.greenpeace.org\/belgium\/fr\/wp-json\/wp\/v2\/media?parent=3344"}],"wp:term":[{"taxonomy":"category","embeddable":true,"href":"https:\/\/www.greenpeace.org\/belgium\/fr\/wp-json\/wp\/v2\/categories?post=3344"},{"taxonomy":"post_tag","embeddable":true,"href":"https:\/\/www.greenpeace.org\/belgium\/fr\/wp-json\/wp\/v2\/tags?post=3344"}],"curies":[{"name":"wp","href":"https:\/\/api.w.org\/{rel}","templated":true}]}}

Transparence financière

<h2 class="wp-block-heading">TRANSPARENCE FINANCIÈRE</h2>

<p>Afin de préserver notre indépendance, nous menons campagne uniquement grâce aux dons de nos<br>sympathisant·es et refusons tout subside ou sponsoring. Nous sollicitons le soutien financier de nos<br>donateur·rices en parfaite adhésion au code déontologique de l’Association pour une Ethique dans les<br>Récoltes de Fonds (AERF).  </p>

<figure class="wp-block-image alignleft size-large is-resized caption-style-medium caption-alignment-center"><img loading="lazy" decoding="async" width="1024" height="298" src="https://www.greenpeace.org/static/planet4-belgium-stateless/2024/09/c7ce5f0f-aerf-logo-bil-1024x298.png" alt="" class="wp-image-58370" style="width:490px;height:auto" srcset="https://www.greenpeace.org/static/planet4-belgium-stateless/2024/09/c7ce5f0f-aerf-logo-bil-1024x298.png 1024w, https://www.greenpeace.org/static/planet4-belgium-stateless/2024/09/c7ce5f0f-aerf-logo-bil-300x87.png 300w, https://www.greenpeace.org/static/planet4-belgium-stateless/2024/09/c7ce5f0f-aerf-logo-bil-768x223.png 768w, https://www.greenpeace.org/static/planet4-belgium-stateless/2024/09/c7ce5f0f-aerf-logo-bil-1536x446.png 1536w, https://www.greenpeace.org/static/planet4-belgium-stateless/2024/09/c7ce5f0f-aerf-logo-bil-510x148.png 510w, https://www.greenpeace.org/static/planet4-belgium-stateless/2024/09/c7ce5f0f-aerf-logo-bil.png 1607w" sizes="auto, (max-width: 1024px) 100vw, 1024px" /></figure>

<p>Ceci implique que nos sympathisant·es, collaborateur·rices et employé·es soient<br>informé·es au moins annuellement de l’utilisation des fonds récoltés. Par ailleurs,<br>un réviseur indépendant contrôle nos comptes annuels.</p>

<p></p>
<div data-render="planet4-blocks/columns" data-attributes="{&quot;attributes&quot;:{&quot;columns&quot;:[{&quot;title&quot;:&quot;Rapport annuel 2024 &quot;,&quot;cta_link&quot;:&quot;https:\/\/www.greenpeace.org\/static\/planet4-belgium-stateless\/2025\/08\/f912e059-bnb_greenpeace-belgique_2023_2024_fr_rapport_gestion_audit_signe_51p.pdf&quot;,&quot;cta_text&quot;:&quot;Voir le rapport 2024&quot;,&quot;link_new_tab&quot;:true},{&quot;title&quot;:&quot;Rapports financiers&quot;,&quot;cta_link&quot;:&quot;https:\/\/fliphtml5.com\/bookcase\/axdcl&quot;,&quot;cta_text&quot;:&quot;Archives des rapports&quot;,&quot;link_new_tab&quot;:true}],&quot;className&quot;:&quot;is-style-no_image&quot;,&quot;columns_block_style&quot;:&quot;no_image&quot;}}"></div>
<div style="height:100px" aria-hidden="true" class="wp-block-spacer"></div>
<div data-render="planet4-blocks/happypoint" data-attributes="{&quot;attributes&quot;:{&quot;focus_image&quot;:&quot;0% 0%&quot;,&quot;opacity&quot;:100,&quot;iframe_url&quot;:&quot;&quot;,&quot;override_default_content&quot;:true,&quot;local_content_provider&quot;:&quot;iframe_url&quot;}}"></div>
<p></p>

<h2 class="wp-block-heading"></h2>

<h2 class="wp-block-heading"></h2>

<p>TRANSPARENCE FINANCIÈRE Afin de préserver notre indépendance, nous menons campagne uniquement grâce aux dons de nossympathisant·es et refusons tout subside ou sponsoring. Nous sollicitons le soutien financier de nosdonateur·rices en parfaite adhésion au code déontologique de l’Association pour une Ethique dans lesRécoltes de Fonds (AERF). Ceci implique que nos sympathisant·es, collaborateur·rices et employé·es soientinformé·es au [&hellip;]</p>
