{"id":54034,"date":"2023-09-26T13:35:47","date_gmt":"2023-09-26T12:35:47","guid":{"rendered":"https:\/\/www.greenpeace.org\/belgium\/?page_id=54034"},"modified":"2023-09-29T13:30:10","modified_gmt":"2023-09-29T12:30:10","slug":"devenir-activiste","status":"publish","type":"page","link":"https:\/\/www.greenpeace.org\/belgium\/fr\/agir\/devenir-activiste\/","title":{"rendered":"Devenir activiste"},"content":{"rendered":"\n<div style=\"height:50px\" aria-hidden=\"true\" class=\"wp-block-spacer\"><\/div>\n\n<div class=\"wp-block-group is-nowrap is-layout-flex wp-container-core-group-is-layout-ad2f72ca wp-block-group-is-layout-flex\">\n<figure class=\"wp-block-image alignleft size-full is-resized\"><img loading=\"lazy\" decoding=\"async\" src=\"https:\/\/www.greenpeace.org\/static\/planet4-belgium-stateless\/2023\/09\/27fab25c-greenpeace-belgique-devenir-activiste-pictogramme.png\" alt=\"\" class=\"wp-image-53739\" width=\"75\" height=\"75\" srcset=\"https:\/\/www.greenpeace.org\/static\/planet4-belgium-stateless\/2023\/09\/27fab25c-greenpeace-belgique-devenir-activiste-pictogramme.png 512w, https:\/\/www.greenpeace.org\/static\/planet4-belgium-stateless\/2023\/09\/27fab25c-greenpeace-belgique-devenir-activiste-pictogramme-300x300.png 300w, https:\/\/www.greenpeace.org\/static\/planet4-belgium-stateless\/2023\/09\/27fab25c-greenpeace-belgique-devenir-activiste-pictogramme-150x150.png 150w, https:\/\/www.greenpeace.org\/static\/planet4-belgium-stateless\/2023\/09\/27fab25c-greenpeace-belgique-devenir-activiste-pictogramme-340x340.png 340w\" sizes=\"auto, (max-width: 75px) 100vw, 75px\" \/><\/figure>\n\n\n\n<h2 class=\"wp-block-heading\"><mark style=\"background-color:#ffe100\" class=\"has-inline-color\">DEVENIR ACTIVISTE<\/mark><\/h2>\n<\/div>\n\n<p>L\u2019activisme est un moyen puissant et concret de changer le monde. Nombre de libert\u00e9s dont nous jouissons aujourd\u2019hui ont \u00e9t\u00e9 conquises gr\u00e2ce \u00e0 des protestations non-violentes. Les actions de Greenpeace ont pour objectif de soutenir une cause environnementale : une campagne contre la d\u00e9forestation, la protection de la biodiversit\u00e9 ou la justice climatique par exemple.<\/p>\n\n<div class=\"wp-block-media-text alignwide is-stacked-on-mobile is-image-fill has-beige-100-background-color has-background\"><figure class=\"wp-block-media-text__media\" style=\"background-image:url(https:\/\/www.greenpeace.org\/static\/planet4-belgium-stateless\/2023\/09\/06d5b66e-gp0sttovg_web_size.jpg);background-position:50% 50%\"><img loading=\"lazy\" decoding=\"async\" width=\"800\" height=\"533\" src=\"https:\/\/www.greenpeace.org\/static\/planet4-belgium-stateless\/2023\/09\/06d5b66e-gp0sttovg_web_size.jpg\" alt=\"\" sizes=\"auto, (min-width: 1600px) calc((1320px - 24px) \/ 2),(min-width: 1200px) calc((1140px - 24px) \/ 2),(min-width: 992px) calc((960px - 24px) \/ 2),(min-width: 768px) calc((720px - 24px) \/ 2),(min-width: 601px) calc((540px - 24px) \/ 2),(min-width: 577px) calc((540px - 24px) \/ 1), calc(100vw - 24px)\" srcset=\"https:\/\/www.greenpeace.org\/static\/planet4-belgium-stateless\/2023\/09\/06d5b66e-gp0sttovg_web_size.jpg 800w, https:\/\/www.greenpeace.org\/static\/planet4-belgium-stateless\/2023\/09\/06d5b66e-gp0sttovg_web_size-300x200.jpg 300w, https:\/\/www.greenpeace.org\/static\/planet4-belgium-stateless\/2023\/09\/06d5b66e-gp0sttovg_web_size-768x512.jpg 768w, https:\/\/www.greenpeace.org\/static\/planet4-belgium-stateless\/2023\/09\/06d5b66e-gp0sttovg_web_size-510x340.jpg 510w\" class=\"wp-image-53779 size-full\"\/><\/figure><div class=\"wp-block-media-text__content\">\n<h3 class=\"wp-block-heading\" style=\"margin-top:0;margin-right:0;margin-bottom:0;margin-left:0\"><br>QUE FAIT UN\u00b7E ACTIVISTE ?<\/h3>\n\n\n\n<p>Vous participez \u00e0 des actions directes non-violentes men\u00e9es par Greenpeace en Belgique et parfois \u00e0 l\u2019\u00e9tranger. Diff\u00e9rents r\u00f4les sont n\u00e9cessaires lors des actions. Au devant de la sc\u00e8ne comme en coulisses. Ils sont tous aussi importants pour le succ\u00e8s de l\u2019action !\u00a0Tous les profils sont les bienvenus dans l\u2019\u00e9quipe. Vous pouvez \u00e9galement rejoindre une \u00e9quipe sp\u00e9cialis\u00e9e, comme l\u2019\u00e9quipe de kayak ou l\u2019\u00e9quipe de grimpe. Envie d\u2019en savoir plus ? Lisez le t\u00e9moignage d\u2019une de nos activistes belges <a href=\"https:\/\/www.greenpeace.org\/belgium\/fr\/blog\/24094\/temoignage-marijke-activiste-pour-greenpeace\/\">ici<\/a>.\u00a0<\/p>\n<\/div><\/div>\n\n<div style=\"height:60px\" aria-hidden=\"true\" class=\"wp-block-spacer\"><\/div>\n\n<div class=\"wp-block-media-text alignwide has-media-on-the-right is-stacked-on-mobile has-beige-100-background-color has-background\"><div class=\"wp-block-media-text__content\">\n<h3 class=\"wp-block-heading\" style=\"margin-top:0;margin-right:0;margin-bottom:0;margin-left:0\"><br>COMMENT DEVENIR ACTIVISTE ?<\/h3>\n\n\n\n<p class=\"has-grey-900-color has-text-color\"><br>Pour devenir activiste chez Greenpeace, vous devez d\u2019abord suivre une formation d\u2019un weekend, le \u00ab\u00a0Basic Action Training\u00a0\u00bb. Cette formation est organis\u00e9e deux fois par an \u00e0 Bruxelles. Elle est gratuite mais les places sont limit\u00e9es. Apr\u00e8s cette formation, vous aurez acquis les comp\u00e9tences de base et une compr\u00e9hension de ce que signifie concr\u00e8tement \u00eatre un\u00b7e activiste de Greenpeace.<\/p>\n<\/div><figure class=\"wp-block-media-text__media\"><img loading=\"lazy\" decoding=\"async\" width=\"800\" height=\"550\" src=\"https:\/\/www.greenpeace.org\/static\/planet4-belgium-stateless\/2023\/09\/3e8ef443-gp1svjdy_web_size.jpg\" alt=\"\" sizes=\"auto, (min-width: 1600px) calc((1320px - 24px) \/ 2),(min-width: 1200px) calc((1140px - 24px) \/ 2),(min-width: 992px) calc((960px - 24px) \/ 2),(min-width: 768px) calc((720px - 24px) \/ 2),(min-width: 601px) calc((540px - 24px) \/ 2),(min-width: 577px) calc((540px - 24px) \/ 1), calc(100vw - 24px)\" srcset=\"https:\/\/www.greenpeace.org\/static\/planet4-belgium-stateless\/2023\/09\/3e8ef443-gp1svjdy_web_size.jpg 800w, https:\/\/www.greenpeace.org\/static\/planet4-belgium-stateless\/2023\/09\/3e8ef443-gp1svjdy_web_size-300x206.jpg 300w, https:\/\/www.greenpeace.org\/static\/planet4-belgium-stateless\/2023\/09\/3e8ef443-gp1svjdy_web_size-768x528.jpg 768w, https:\/\/www.greenpeace.org\/static\/planet4-belgium-stateless\/2023\/09\/3e8ef443-gp1svjdy_web_size-495x340.jpg 495w\" class=\"wp-image-53775 size-full\"\/><\/figure><\/div>\n\n<div style=\"height:60px\" aria-hidden=\"true\" class=\"wp-block-spacer\"><\/div>\n\n<div class=\"wp-block-media-text alignwide is-stacked-on-mobile is-image-fill has-beige-100-background-color has-background\"><figure class=\"wp-block-media-text__media\" style=\"background-image:url(https:\/\/www.greenpeace.org\/static\/planet4-belgium-stateless\/2023\/09\/89ab898c-gp0stvipj_web_size.jpg);background-position:19% 25%\"><img loading=\"lazy\" decoding=\"async\" width=\"800\" height=\"532\" src=\"https:\/\/www.greenpeace.org\/static\/planet4-belgium-stateless\/2023\/09\/89ab898c-gp0stvipj_web_size.jpg\" alt=\"\" sizes=\"auto, (min-width: 1600px) calc((1320px - 24px) \/ 2),(min-width: 1200px) calc((1140px - 24px) \/ 2),(min-width: 992px) calc((960px - 24px) \/ 2),(min-width: 768px) calc((720px - 24px) \/ 2),(min-width: 601px) calc((540px - 24px) \/ 2),(min-width: 577px) calc((540px - 24px) \/ 1), calc(100vw - 24px)\" srcset=\"https:\/\/www.greenpeace.org\/static\/planet4-belgium-stateless\/2023\/09\/89ab898c-gp0stvipj_web_size.jpg 800w, https:\/\/www.greenpeace.org\/static\/planet4-belgium-stateless\/2023\/09\/89ab898c-gp0stvipj_web_size-300x200.jpg 300w, https:\/\/www.greenpeace.org\/static\/planet4-belgium-stateless\/2023\/09\/89ab898c-gp0stvipj_web_size-768x511.jpg 768w, https:\/\/www.greenpeace.org\/static\/planet4-belgium-stateless\/2023\/09\/89ab898c-gp0stvipj_web_size-510x340.jpg 510w\" class=\"wp-image-53777 size-full\"\/><\/figure><div class=\"wp-block-media-text__content\">\n<h3 class=\"wp-block-heading\" style=\"margin-top:0;margin-right:0;margin-bottom:0;margin-left:0\"><br>QUELS ASPECTS PRATIQUES ?<\/h3>\n\n\n\n<p class=\"has-grey-900-color has-text-color\"><br>En vous engageant, vous b\u00e9n\u00e9ficiez du \u00ab\u00a0Basic Action Training\u00a0\u00bb, des briefings sp\u00e9cifiques avant chaque action, et des repas vegans fournis par Greenpeace. Nous assurons le suivi et l\u2019\u00e9valuation des actions avec vous, tandis que les frais de d\u00e9placement et de nourriture sont pris en charge. Vous serez accompagn\u00e9\u00b7e \u00e0 chaque \u00e9tape : avant, pendant et apr\u00e8s l\u2019action. Participer \u00e0 une action peut \u00eatre occasionnellement intense mais c\u2019est une opportunit\u00e9 unique de rencontrer des personnes partageant les m\u00eames valeurs et de s\u2019unir pour un monde plus vert et plus juste.<\/p>\n<\/div><\/div>\n\n<p>Si le \u00ab\u00a0Basic Action Training\u00a0\u00bb vous int\u00e9resse et que vous souhaitez faire partie des derni\u00e8res recrues activistes de Greenpeace Belgique, n\u2019h\u00e9sitez pas \u00e0 envoyer un email \u00e0 Caroline, notre Volunteer Coordinator \u2013 <a href=\"mailto:cmatagne@greenpeace.org\">cmatagne@greenpeace.org<\/a>.<\/p>\n<div data-render=\"planet4-blocks\/happypoint\" data-attributes=\"{&quot;attributes&quot;:{&quot;focus_image&quot;:&quot;0% 0%&quot;,&quot;opacity&quot;:100,&quot;iframe_url&quot;:&quot;&quot;,&quot;id&quot;:53578,&quot;embed_code&quot;:&quot;&quot;,&quot;override_default_content&quot;:true,&quot;local_content_provider&quot;:&quot;iframe_url&quot;}}\"><\/div>","protected":false},"excerpt":{"rendered":"<p>DEVENIR ACTIVISTE L\u2019activisme est un moyen puissant et concret de changer le monde. Nombre de libert\u00e9s dont nous jouissons aujourd\u2019hui ont \u00e9t\u00e9 conquises gr\u00e2ce \u00e0 des protestations non-violentes. Les actions de Greenpeace ont pour objectif de soutenir une cause environnementale : une campagne contre la d\u00e9forestation, la protection de la biodiversit\u00e9 ou la justice climatique [&hellip;]<\/p>\n","protected":false},"author":105,"featured_media":0,"parent":54018,"menu_order":0,"comment_status":"closed","ping_status":"closed","template":"","meta":{"ep_exclude_from_search":false,"p4_hide_page_title_checkbox":"on","p4_title":"","p4_subtitle":"","p4_description":"","background_image_id":"","background_image":"","p4_button_title":"","p4_button_link":"","p4_button_link_checkbox":"","p4_og_title":"","p4_og_description":"","p4_og_image":"","p4_og_image_id":"","p4_seo_canonical_url":"","p4_campaign_name":"","p4_local_project":"","p4_basket_name":"","p4_department":"","footnotes":""},"categories":[184,185],"tags":[],"class_list":["post-54034","page","type-page","status-publish","hentry","category-agir","category-devenir-activiste"],"_links":{"self":[{"href":"https:\/\/www.greenpeace.org\/belgium\/fr\/wp-json\/wp\/v2\/pages\/54034","targetHints":{"allow":["GET"]}}],"collection":[{"href":"https:\/\/www.greenpeace.org\/belgium\/fr\/wp-json\/wp\/v2\/pages"}],"about":[{"href":"https:\/\/www.greenpeace.org\/belgium\/fr\/wp-json\/wp\/v2\/types\/page"}],"author":[{"embeddable":true,"href":"https:\/\/www.greenpeace.org\/belgium\/fr\/wp-json\/wp\/v2\/users\/105"}],"replies":[{"embeddable":true,"href":"https:\/\/www.greenpeace.org\/belgium\/fr\/wp-json\/wp\/v2\/comments?post=54034"}],"version-history":[{"count":3,"href":"https:\/\/www.greenpeace.org\/belgium\/fr\/wp-json\/wp\/v2\/pages\/54034\/revisions"}],"predecessor-version":[{"id":54765,"href":"https:\/\/www.greenpeace.org\/belgium\/fr\/wp-json\/wp\/v2\/pages\/54034\/revisions\/54765"}],"up":[{"embeddable":true,"href":"https:\/\/www.greenpeace.org\/belgium\/fr\/wp-json\/wp\/v2\/pages\/54018"}],"wp:attachment":[{"href":"https:\/\/www.greenpeace.org\/belgium\/fr\/wp-json\/wp\/v2\/media?parent=54034"}],"wp:term":[{"taxonomy":"category","embeddable":true,"href":"https:\/\/www.greenpeace.org\/belgium\/fr\/wp-json\/wp\/v2\/categories?post=54034"},{"taxonomy":"post_tag","embeddable":true,"href":"https:\/\/www.greenpeace.org\/belgium\/fr\/wp-json\/wp\/v2\/tags?post=54034"}],"curies":[{"name":"wp","href":"https:\/\/api.w.org\/{rel}","templated":true}]}}

<div style="height:50px" aria-hidden="true" class="wp-block-spacer"></div>

<div class="wp-block-group is-nowrap is-layout-flex wp-container-core-group-is-layout-ad2f72ca wp-block-group-is-layout-flex">
<figure class="wp-block-image alignleft size-full is-resized"><img loading="lazy" decoding="async" src="https://www.greenpeace.org/static/planet4-belgium-stateless/2023/09/27fab25c-greenpeace-belgique-devenir-activiste-pictogramme.png" alt="" class="wp-image-53739" width="75" height="75" srcset="https://www.greenpeace.org/static/planet4-belgium-stateless/2023/09/27fab25c-greenpeace-belgique-devenir-activiste-pictogramme.png 512w, https://www.greenpeace.org/static/planet4-belgium-stateless/2023/09/27fab25c-greenpeace-belgique-devenir-activiste-pictogramme-300x300.png 300w, https://www.greenpeace.org/static/planet4-belgium-stateless/2023/09/27fab25c-greenpeace-belgique-devenir-activiste-pictogramme-150x150.png 150w, https://www.greenpeace.org/static/planet4-belgium-stateless/2023/09/27fab25c-greenpeace-belgique-devenir-activiste-pictogramme-340x340.png 340w" sizes="auto, (max-width: 75px) 100vw, 75px" /></figure>



<h2 class="wp-block-heading"><mark style="background-color:#ffe100" class="has-inline-color">DEVENIR ACTIVISTE</mark></h2>
</div>

<p>L’activisme est un moyen puissant et concret de changer le monde. Nombre de libertés dont nous jouissons aujourd’hui ont été conquises grâce à des protestations non-violentes. Les actions de Greenpeace ont pour objectif de soutenir une cause environnementale : une campagne contre la déforestation, la protection de la biodiversité ou la justice climatique par exemple.</p>

<div class="wp-block-media-text alignwide is-stacked-on-mobile is-image-fill has-beige-100-background-color has-background"><figure class="wp-block-media-text__media" style="background-image:url(https://www.greenpeace.org/static/planet4-belgium-stateless/2023/09/06d5b66e-gp0sttovg_web_size.jpg);background-position:50% 50%"><img loading="lazy" decoding="async" width="800" height="533" src="https://www.greenpeace.org/static/planet4-belgium-stateless/2023/09/06d5b66e-gp0sttovg_web_size.jpg" alt="" sizes="auto, (min-width: 1600px) calc((1320px - 24px) / 2),(min-width: 1200px) calc((1140px - 24px) / 2),(min-width: 992px) calc((960px - 24px) / 2),(min-width: 768px) calc((720px - 24px) / 2),(min-width: 601px) calc((540px - 24px) / 2),(min-width: 577px) calc((540px - 24px) / 1), calc(100vw - 24px)" srcset="https://www.greenpeace.org/static/planet4-belgium-stateless/2023/09/06d5b66e-gp0sttovg_web_size.jpg 800w, https://www.greenpeace.org/static/planet4-belgium-stateless/2023/09/06d5b66e-gp0sttovg_web_size-300x200.jpg 300w, https://www.greenpeace.org/static/planet4-belgium-stateless/2023/09/06d5b66e-gp0sttovg_web_size-768x512.jpg 768w, https://www.greenpeace.org/static/planet4-belgium-stateless/2023/09/06d5b66e-gp0sttovg_web_size-510x340.jpg 510w" class="wp-image-53779 size-full"/></figure><div class="wp-block-media-text__content">
<h3 class="wp-block-heading" style="margin-top:0;margin-right:0;margin-bottom:0;margin-left:0"><br>QUE FAIT UN·E ACTIVISTE ?</h3>



<p>Vous participez à des actions directes non-violentes menées par Greenpeace en Belgique et parfois à l’étranger. Différents rôles sont nécessaires lors des actions. Au devant de la scène comme en coulisses. Ils sont tous aussi importants pour le succès de l’action ! Tous les profils sont les bienvenus dans l’équipe. Vous pouvez également rejoindre une équipe spécialisée, comme l’équipe de kayak ou l’équipe de grimpe. Envie d’en savoir plus ? Lisez le témoignage d’une de nos activistes belges <a href="https://www.greenpeace.org/belgium/fr/blog/24094/temoignage-marijke-activiste-pour-greenpeace/">ici</a>. </p>
</div></div>

<div style="height:60px" aria-hidden="true" class="wp-block-spacer"></div>

<div class="wp-block-media-text alignwide has-media-on-the-right is-stacked-on-mobile has-beige-100-background-color has-background"><div class="wp-block-media-text__content">
<h3 class="wp-block-heading" style="margin-top:0;margin-right:0;margin-bottom:0;margin-left:0"><br>COMMENT DEVENIR ACTIVISTE ?</h3>



<p class="has-grey-900-color has-text-color"><br>Pour devenir activiste chez Greenpeace, vous devez d’abord suivre une formation d’un weekend, le « Basic Action Training ». Cette formation est organisée deux fois par an à Bruxelles. Elle est gratuite mais les places sont limitées. Après cette formation, vous aurez acquis les compétences de base et une compréhension de ce que signifie concrètement être un·e activiste de Greenpeace.</p>
</div><figure class="wp-block-media-text__media"><img loading="lazy" decoding="async" width="800" height="550" src="https://www.greenpeace.org/static/planet4-belgium-stateless/2023/09/3e8ef443-gp1svjdy_web_size.jpg" alt="" sizes="auto, (min-width: 1600px) calc((1320px - 24px) / 2),(min-width: 1200px) calc((1140px - 24px) / 2),(min-width: 992px) calc((960px - 24px) / 2),(min-width: 768px) calc((720px - 24px) / 2),(min-width: 601px) calc((540px - 24px) / 2),(min-width: 577px) calc((540px - 24px) / 1), calc(100vw - 24px)" srcset="https://www.greenpeace.org/static/planet4-belgium-stateless/2023/09/3e8ef443-gp1svjdy_web_size.jpg 800w, https://www.greenpeace.org/static/planet4-belgium-stateless/2023/09/3e8ef443-gp1svjdy_web_size-300x206.jpg 300w, https://www.greenpeace.org/static/planet4-belgium-stateless/2023/09/3e8ef443-gp1svjdy_web_size-768x528.jpg 768w, https://www.greenpeace.org/static/planet4-belgium-stateless/2023/09/3e8ef443-gp1svjdy_web_size-495x340.jpg 495w" class="wp-image-53775 size-full"/></figure></div>

<div style="height:60px" aria-hidden="true" class="wp-block-spacer"></div>

<div class="wp-block-media-text alignwide is-stacked-on-mobile is-image-fill has-beige-100-background-color has-background"><figure class="wp-block-media-text__media" style="background-image:url(https://www.greenpeace.org/static/planet4-belgium-stateless/2023/09/89ab898c-gp0stvipj_web_size.jpg);background-position:19% 25%"><img loading="lazy" decoding="async" width="800" height="532" src="https://www.greenpeace.org/static/planet4-belgium-stateless/2023/09/89ab898c-gp0stvipj_web_size.jpg" alt="" sizes="auto, (min-width: 1600px) calc((1320px - 24px) / 2),(min-width: 1200px) calc((1140px - 24px) / 2),(min-width: 992px) calc((960px - 24px) / 2),(min-width: 768px) calc((720px - 24px) / 2),(min-width: 601px) calc((540px - 24px) / 2),(min-width: 577px) calc((540px - 24px) / 1), calc(100vw - 24px)" srcset="https://www.greenpeace.org/static/planet4-belgium-stateless/2023/09/89ab898c-gp0stvipj_web_size.jpg 800w, https://www.greenpeace.org/static/planet4-belgium-stateless/2023/09/89ab898c-gp0stvipj_web_size-300x200.jpg 300w, https://www.greenpeace.org/static/planet4-belgium-stateless/2023/09/89ab898c-gp0stvipj_web_size-768x511.jpg 768w, https://www.greenpeace.org/static/planet4-belgium-stateless/2023/09/89ab898c-gp0stvipj_web_size-510x340.jpg 510w" class="wp-image-53777 size-full"/></figure><div class="wp-block-media-text__content">
<h3 class="wp-block-heading" style="margin-top:0;margin-right:0;margin-bottom:0;margin-left:0"><br>QUELS ASPECTS PRATIQUES ?</h3>



<p class="has-grey-900-color has-text-color"><br>En vous engageant, vous bénéficiez du « Basic Action Training », des briefings spécifiques avant chaque action, et des repas vegans fournis par Greenpeace. Nous assurons le suivi et l’évaluation des actions avec vous, tandis que les frais de déplacement et de nourriture sont pris en charge. Vous serez accompagné·e à chaque étape : avant, pendant et après l’action. Participer à une action peut être occasionnellement intense mais c’est une opportunité unique de rencontrer des personnes partageant les mêmes valeurs et de s’unir pour un monde plus vert et plus juste.</p>
</div></div>

<p>Si le « Basic Action Training » vous intéresse et que vous souhaitez faire partie des dernières recrues activistes de Greenpeace Belgique, n’hésitez pas à envoyer un email à Caroline, notre Volunteer Coordinator – <a href="mailto:cmatagne@greenpeace.org">cmatagne@greenpeace.org</a>.</p>
<div data-render="planet4-blocks/happypoint" data-attributes="{&quot;attributes&quot;:{&quot;focus_image&quot;:&quot;0% 0%&quot;,&quot;opacity&quot;:100,&quot;iframe_url&quot;:&quot;&quot;,&quot;id&quot;:53578,&quot;embed_code&quot;:&quot;&quot;,&quot;override_default_content&quot;:true,&quot;local_content_provider&quot;:&quot;iframe_url&quot;}}"></div>

<p>DEVENIR ACTIVISTE L’activisme est un moyen puissant et concret de changer le monde. Nombre de libertés dont nous jouissons aujourd’hui ont été conquises grâce à des protestations non-violentes. Les actions de Greenpeace ont pour objectif de soutenir une cause environnementale : une campagne contre la déforestation, la protection de la biodiversité ou la justice climatique [&hellip;]</p>
