{"id":58248,"date":"2024-09-03T13:45:36","date_gmt":"2024-09-03T12:45:36","guid":{"rendered":"https:\/\/www.greenpeace.org\/belgium\/?page_id=58248"},"modified":"2024-10-02T15:11:16","modified_gmt":"2024-10-02T14:11:16","slug":"plus-de-nature-dans-mon-quartier","status":"publish","type":"page","link":"https:\/\/www.greenpeace.org\/belgium\/fr\/plus-de-nature-dans-mon-quartier\/","title":{"rendered":"Plus de nature dans mon quartier"},"content":{"rendered":"\n<div class=\"wp-block-group is-vertical is-layout-flex wp-container-core-group-is-layout-8cf370e7 wp-block-group-is-layout-flex\">\n<div class=\"wp-block-media-text is-stacked-on-mobile is-style-default\"><figure class=\"wp-block-media-text__media\"><img loading=\"lazy\" decoding=\"async\" width=\"886\" height=\"1024\" src=\"https:\/\/www.greenpeace.org\/static\/planet4-belgium-stateless\/2024\/10\/8660d2e8-img20241002110146-886x1024.jpg\" alt=\"\" sizes=\"auto, (min-width: 1600px) calc((1320px - 24px) \/ 2),(min-width: 1200px) calc((1140px - 24px) \/ 2),(min-width: 992px) calc((960px - 24px) \/ 2),(min-width: 768px) calc((720px - 24px) \/ 2),(min-width: 601px) calc((540px - 24px) \/ 2),(min-width: 577px) calc((540px - 24px) \/ 1), calc(100vw - 24px)\" srcset=\"https:\/\/www.greenpeace.org\/static\/planet4-belgium-stateless\/2024\/10\/8660d2e8-img20241002110146-scaled.jpg 2216w, https:\/\/www.greenpeace.org\/static\/planet4-belgium-stateless\/2024\/10\/8660d2e8-img20241002110146-260x300.jpg 260w, https:\/\/www.greenpeace.org\/static\/planet4-belgium-stateless\/2024\/10\/8660d2e8-img20241002110146-886x1024.jpg 886w, https:\/\/www.greenpeace.org\/static\/planet4-belgium-stateless\/2024\/10\/8660d2e8-img20241002110146-768x887.jpg 768w, https:\/\/www.greenpeace.org\/static\/planet4-belgium-stateless\/2024\/10\/8660d2e8-img20241002110146-1329x1536.jpg 1329w, https:\/\/www.greenpeace.org\/static\/planet4-belgium-stateless\/2024\/10\/8660d2e8-img20241002110146-1772x2048.jpg 1772w, https:\/\/www.greenpeace.org\/static\/planet4-belgium-stateless\/2024\/10\/8660d2e8-img20241002110146-1182x1366.jpg 1182w, https:\/\/www.greenpeace.org\/static\/planet4-belgium-stateless\/2024\/10\/8660d2e8-img20241002110146-294x340.jpg 294w\" class=\"wp-image-58464 size-full\"\/><\/figure><div class=\"wp-block-media-text__content\">\n<p>Si vous pensez comme nous que l\u2019acc\u00e8s \u00e0 la nature est un droit pour tout le monde, soutenez notre campagne en faveur d\u2019une nature plus abondante et plus accessible nos communes. Nous voulons que la question de la place occup\u00e9e par la nature soit remise \u00e0 l&rsquo;ordre du jour.<\/p>\n<\/div><\/div>\n\n\n\n<p class=\"has-text-align-left\"><\/p>\n<\/div>\n\n<h2 class=\"wp-block-heading\"><strong><strong>COMMENT VOUS POUVEZ AGIR<\/strong><\/strong><\/h2>\n\n<div class=\"wp-block-columns has-white-background-color has-background is-layout-flex wp-container-core-columns-is-layout-9d6595d7 wp-block-columns-is-layout-flex\">\n<div class=\"wp-block-column has-white-background-color has-background is-layout-flow wp-block-column-is-layout-flow\">\n<p><strong><strong>SIGNEZ UNE PETITION PRES DE CHEZ VOUS<\/strong><\/strong><\/p>\n\n\n\n<figure class=\"wp-block-image size-full is-resized is-style-default\"><a href=\"https:\/\/act.11m.be\/efforts\/meer-natuur-in-mijn-buurt\"><img loading=\"lazy\" decoding=\"async\" width=\"512\" height=\"512\" src=\"https:\/\/www.greenpeace.org\/static\/planet4-belgium-stateless\/2023\/09\/6874a0f2-greenpeace-belgique-signer-nos-petitions-pictogramme.png\" alt=\"\" class=\"wp-image-53765\" style=\"width:186px;height:auto\" srcset=\"https:\/\/www.greenpeace.org\/static\/planet4-belgium-stateless\/2023\/09\/6874a0f2-greenpeace-belgique-signer-nos-petitions-pictogramme.png 512w, https:\/\/www.greenpeace.org\/static\/planet4-belgium-stateless\/2023\/09\/6874a0f2-greenpeace-belgique-signer-nos-petitions-pictogramme-300x300.png 300w, https:\/\/www.greenpeace.org\/static\/planet4-belgium-stateless\/2023\/09\/6874a0f2-greenpeace-belgique-signer-nos-petitions-pictogramme-150x150.png 150w, https:\/\/www.greenpeace.org\/static\/planet4-belgium-stateless\/2023\/09\/6874a0f2-greenpeace-belgique-signer-nos-petitions-pictogramme-340x340.png 340w\" sizes=\"auto, (max-width: 512px) 100vw, 512px\" \/><\/a><\/figure>\n\n\n\n<p>Mettons la nature \u00e0 l\u2019agenda politique des \u00e9lections d&rsquo;octobre. Ensemble, recueillons le plus grand nombre possible de signatures en faveur d&rsquo;une nature plus abondante et plus accessible dans toutes les communes de notre pays. Signez maintenant la p\u00e9tition pour plus de nature dans votre commune. Votre signature peut faire la diff\u00e9rence<\/p>\n\n\n\n<div class=\"wp-block-buttons is-layout-flex wp-block-buttons-is-layout-flex\">\n<div class=\"wp-block-button is-style-cta\"><a class=\"wp-block-button__link wp-element-button\" href=\"https:\/\/act.11m.be\/efforts\/meer-natuur-in-mijn-buurt\">Je signe la p\u00e9tition<\/a><\/div>\n<\/div>\n<\/div>\n\n\n\n<div class=\"wp-block-column has-white-background-color has-background is-layout-flow wp-block-column-is-layout-flow\">\n<p><strong><strong>SOUTENEZ LA CAMPAGNE<\/strong><\/strong><\/p>\n\n\n\n<figure class=\"wp-block-image size-full is-resized is-style-default\"><a href=\"https:\/\/greenpeacebelgium.koalect.com\/fr-FR\/plus-de-nature-dans-mon-quartier\"><img loading=\"lazy\" decoding=\"async\" width=\"512\" height=\"512\" src=\"https:\/\/www.greenpeace.org\/static\/planet4-belgium-stateless\/2023\/09\/4bb492c0-greenpeace-belgique-faire-un-don-pictogramme.png\" alt=\"\" class=\"wp-image-53749\" style=\"width:186px;height:auto\" srcset=\"https:\/\/www.greenpeace.org\/static\/planet4-belgium-stateless\/2023\/09\/4bb492c0-greenpeace-belgique-faire-un-don-pictogramme.png 512w, https:\/\/www.greenpeace.org\/static\/planet4-belgium-stateless\/2023\/09\/4bb492c0-greenpeace-belgique-faire-un-don-pictogramme-300x300.png 300w, https:\/\/www.greenpeace.org\/static\/planet4-belgium-stateless\/2023\/09\/4bb492c0-greenpeace-belgique-faire-un-don-pictogramme-150x150.png 150w, https:\/\/www.greenpeace.org\/static\/planet4-belgium-stateless\/2023\/09\/4bb492c0-greenpeace-belgique-faire-un-don-pictogramme-340x340.png 340w\" sizes=\"auto, (max-width: 512px) 100vw, 512px\" \/><\/a><\/figure>\n\n\n\n<p>L\u2019acc\u00e8s \u00e0 la nature est un droit pour tout le monde. Soutenez notre campagne pour plus de nature accessible dans notre pays. Le 13 octobre auront lieu les \u00e9lections communales, c\u2019est l\u2019occasion de mettre la nature \u00e0 l\u2019ordre du jour et de demander des actions concr\u00e8tes et locales.<\/p>\n\n\n\n<div class=\"wp-block-buttons is-layout-flex wp-block-buttons-is-layout-flex\">\n<div class=\"wp-block-button is-style-cta\"><a class=\"wp-block-button__link wp-element-button\" href=\"https:\/\/greenpeacebelgium.koalect.com\/fr-FR\/plus-de-nature-dans-mon-quartier\">Je fais un don<\/a><\/div>\n<\/div>\n<\/div>\n<\/div>\n\n<div class=\"wp-block-columns is-layout-flex wp-container-core-columns-is-layout-9d6595d7 wp-block-columns-is-layout-flex\">\n<div class=\"wp-block-column is-layout-flow wp-block-column-is-layout-flow\">\n<figure class=\"wp-block-image size-full\"><img loading=\"lazy\" decoding=\"async\" width=\"940\" height=\"788\" src=\"https:\/\/www.greenpeace.org\/static\/planet4-belgium-stateless\/2024\/09\/8ae815dc-3.png\" alt=\"\" class=\"wp-image-58250\" srcset=\"https:\/\/www.greenpeace.org\/static\/planet4-belgium-stateless\/2024\/09\/8ae815dc-3.png 940w, https:\/\/www.greenpeace.org\/static\/planet4-belgium-stateless\/2024\/09\/8ae815dc-3-300x251.png 300w, https:\/\/www.greenpeace.org\/static\/planet4-belgium-stateless\/2024\/09\/8ae815dc-3-768x644.png 768w, https:\/\/www.greenpeace.org\/static\/planet4-belgium-stateless\/2024\/09\/8ae815dc-3-406x340.png 406w\" sizes=\"auto, (max-width: 940px) 100vw, 940px\" \/><\/figure>\n<\/div>\n\n\n\n<div class=\"wp-block-column is-layout-flow wp-block-column-is-layout-flow\">\n<h3 class=\"wp-block-heading\"><strong>LA REGLE 3-30-300<\/strong><\/h3>\n\n\n\n<p>Nous nous basons sur la r\u00e8gle 3-30-300, \u00e9tablie par le professeur n\u00e9erlandais Cecil Konijnendijk dans le cadre de ses recherches sur les bienfaits des arbres et de la nature. Selon cette r\u00e8gle :<\/p>\n\n\n\n<ul class=\"wp-block-list\">\n<li>Chaque personne doit voir au moins <strong>3 arbres <\/strong>depuis son domicile<\/li>\n\n\n\n<li>Chaque quartier doit \u00eatre couvert \u00e0 <strong>30 %<\/strong> par des arbres<\/li>\n\n\n\n<li>300 m maximum doivent s\u00e9parer chaque logement d&rsquo;un espace vert<\/li>\n<\/ul>\n\n\n\n<p>Gr\u00e2ce \u00e0 DataLab, cette r\u00e8gle a \u00e9t\u00e9 cartographi\u00e9e pour la premiere fois pour l\u2019ensemble de la Belgique sur la base de donn\u00e9es publiques. Nous avons approfondi les donn\u00e9es et r\u00e9alis\u00e9 une analyse. <\/p>\n\n\n\n<p><strong>Notre conclusion ?<\/strong> Certaines communes obtiennent de bons r\u00e9sultats, mais de mani\u00e8re g\u00e9n\u00e9rale, il y a encore beaucoup de travail \u00e0 faire. Un autre constat: les quartiers les moins riches sont aussi ceux qui ont le moins acc\u00e8s \u00e0 la nature en ville.&nbsp; Pour en savoir plus, consultez notre blog.<\/p>\n\n\n\n<div class=\"wp-block-buttons is-layout-flex wp-block-buttons-is-layout-flex\">\n<div class=\"wp-block-button is-style-cta\"><a class=\"wp-block-button__link wp-element-button\" href=\"https:\/\/www.greenpeace.org\/belgium\/fr\/blog\/58381\/nos-villes-sont-elles-assez-vertes\/\" target=\"_blank\" rel=\"noreferrer noopener\">Lire le blog<\/a><\/div>\n<\/div>\n<\/div>\n<\/div>\n\n<div style=\"height:45px\" aria-hidden=\"true\" class=\"wp-block-spacer\"><\/div>\n<div data-render=\"planet4-blocks\/happypoint\" data-attributes=\"{&quot;attributes&quot;:{&quot;focus_image&quot;:&quot;55.00000000000001% 41%&quot;,&quot;opacity&quot;:100,&quot;iframe_url&quot;:&quot;&quot;,&quot;id&quot;:53578,&quot;embed_code&quot;:&quot;&quot;,&quot;override_default_content&quot;:true,&quot;local_content_provider&quot;:&quot;iframe_url&quot;}}\"><\/div>","protected":false},"excerpt":{"rendered":"<p>Si vous pensez comme nous que l\u2019acc\u00e8s \u00e0 la nature est un droit pour tout le monde, soutenez notre campagne en faveur d\u2019une nature plus abondante et plus accessible nos communes. <\/p>\n","protected":false},"author":82,"featured_media":58252,"parent":0,"menu_order":0,"comment_status":"closed","ping_status":"closed","template":"","meta":{"ep_exclude_from_search":false,"p4_hide_page_title_checkbox":"","p4_title":"","p4_subtitle":"","p4_description":"","background_image_id":"","background_image":"","p4_button_title":"","p4_button_link":"","p4_button_link_checkbox":"","p4_og_title":"Plus de Nature Dans Mon Quartier","p4_og_description":"Si vous pensez comme nous que l\u2019acc\u00e8s \u00e0 la nature est un droit pour tout le monde, soutenez notre campagne en faveur d\u2019une nature plus abondante et plus accessible nos communes. ","p4_og_image":"https:\/\/www.greenpeace.org\/static\/planet4-belgium-stateless\/2024\/09\/37ae4d39-meer-natuur-in-mijn-buurt_square.png","p4_og_image_id":"58252","p4_seo_canonical_url":"","p4_campaign_name":"not set","p4_local_project":"not set","p4_basket_name":"not set","p4_department":"","footnotes":""},"categories":[177,171,168],"tags":[80],"class_list":["post-58248","page","type-page","status-publish","has-post-thumbnail","hentry","category-batailles-locales","category-biodiversite","category-campagnes","tag-forets"],"_links":{"self":[{"href":"https:\/\/www.greenpeace.org\/belgium\/fr\/wp-json\/wp\/v2\/pages\/58248","targetHints":{"allow":["GET"]}}],"collection":[{"href":"https:\/\/www.greenpeace.org\/belgium\/fr\/wp-json\/wp\/v2\/pages"}],"about":[{"href":"https:\/\/www.greenpeace.org\/belgium\/fr\/wp-json\/wp\/v2\/types\/page"}],"author":[{"embeddable":true,"href":"https:\/\/www.greenpeace.org\/belgium\/fr\/wp-json\/wp\/v2\/users\/82"}],"replies":[{"embeddable":true,"href":"https:\/\/www.greenpeace.org\/belgium\/fr\/wp-json\/wp\/v2\/comments?post=58248"}],"version-history":[{"count":9,"href":"https:\/\/www.greenpeace.org\/belgium\/fr\/wp-json\/wp\/v2\/pages\/58248\/revisions"}],"predecessor-version":[{"id":58469,"href":"https:\/\/www.greenpeace.org\/belgium\/fr\/wp-json\/wp\/v2\/pages\/58248\/revisions\/58469"}],"wp:featuredmedia":[{"embeddable":true,"href":"https:\/\/www.greenpeace.org\/belgium\/fr\/wp-json\/wp\/v2\/media\/58252"}],"wp:attachment":[{"href":"https:\/\/www.greenpeace.org\/belgium\/fr\/wp-json\/wp\/v2\/media?parent=58248"}],"wp:term":[{"taxonomy":"category","embeddable":true,"href":"https:\/\/www.greenpeace.org\/belgium\/fr\/wp-json\/wp\/v2\/categories?post=58248"},{"taxonomy":"post_tag","embeddable":true,"href":"https:\/\/www.greenpeace.org\/belgium\/fr\/wp-json\/wp\/v2\/tags?post=58248"}],"curies":[{"name":"wp","href":"https:\/\/api.w.org\/{rel}","templated":true}]}}

<div class="wp-block-group is-vertical is-layout-flex wp-container-core-group-is-layout-8cf370e7 wp-block-group-is-layout-flex">
<div class="wp-block-media-text is-stacked-on-mobile is-style-default"><figure class="wp-block-media-text__media"><img loading="lazy" decoding="async" width="886" height="1024" src="https://www.greenpeace.org/static/planet4-belgium-stateless/2024/10/8660d2e8-img20241002110146-886x1024.jpg" alt="" sizes="auto, (min-width: 1600px) calc((1320px - 24px) / 2),(min-width: 1200px) calc((1140px - 24px) / 2),(min-width: 992px) calc((960px - 24px) / 2),(min-width: 768px) calc((720px - 24px) / 2),(min-width: 601px) calc((540px - 24px) / 2),(min-width: 577px) calc((540px - 24px) / 1), calc(100vw - 24px)" srcset="https://www.greenpeace.org/static/planet4-belgium-stateless/2024/10/8660d2e8-img20241002110146-scaled.jpg 2216w, https://www.greenpeace.org/static/planet4-belgium-stateless/2024/10/8660d2e8-img20241002110146-260x300.jpg 260w, https://www.greenpeace.org/static/planet4-belgium-stateless/2024/10/8660d2e8-img20241002110146-886x1024.jpg 886w, https://www.greenpeace.org/static/planet4-belgium-stateless/2024/10/8660d2e8-img20241002110146-768x887.jpg 768w, https://www.greenpeace.org/static/planet4-belgium-stateless/2024/10/8660d2e8-img20241002110146-1329x1536.jpg 1329w, https://www.greenpeace.org/static/planet4-belgium-stateless/2024/10/8660d2e8-img20241002110146-1772x2048.jpg 1772w, https://www.greenpeace.org/static/planet4-belgium-stateless/2024/10/8660d2e8-img20241002110146-1182x1366.jpg 1182w, https://www.greenpeace.org/static/planet4-belgium-stateless/2024/10/8660d2e8-img20241002110146-294x340.jpg 294w" class="wp-image-58464 size-full"/></figure><div class="wp-block-media-text__content">
<p>Si vous pensez comme nous que l’accès à la nature est un droit pour tout le monde, soutenez notre campagne en faveur d’une nature plus abondante et plus accessible nos communes. Nous voulons que la question de la place occupée par la nature soit remise à l&rsquo;ordre du jour.</p>
</div></div>



<p class="has-text-align-left"></p>
</div>

<h2 class="wp-block-heading"><strong><strong>COMMENT VOUS POUVEZ AGIR</strong></strong></h2>

<div class="wp-block-columns has-white-background-color has-background is-layout-flex wp-container-core-columns-is-layout-9d6595d7 wp-block-columns-is-layout-flex">
<div class="wp-block-column has-white-background-color has-background is-layout-flow wp-block-column-is-layout-flow">
<p><strong><strong>SIGNEZ UNE PETITION PRES DE CHEZ VOUS</strong></strong></p>



<figure class="wp-block-image size-full is-resized is-style-default"><a href="https://act.11m.be/efforts/meer-natuur-in-mijn-buurt"><img loading="lazy" decoding="async" width="512" height="512" src="https://www.greenpeace.org/static/planet4-belgium-stateless/2023/09/6874a0f2-greenpeace-belgique-signer-nos-petitions-pictogramme.png" alt="" class="wp-image-53765" style="width:186px;height:auto" srcset="https://www.greenpeace.org/static/planet4-belgium-stateless/2023/09/6874a0f2-greenpeace-belgique-signer-nos-petitions-pictogramme.png 512w, https://www.greenpeace.org/static/planet4-belgium-stateless/2023/09/6874a0f2-greenpeace-belgique-signer-nos-petitions-pictogramme-300x300.png 300w, https://www.greenpeace.org/static/planet4-belgium-stateless/2023/09/6874a0f2-greenpeace-belgique-signer-nos-petitions-pictogramme-150x150.png 150w, https://www.greenpeace.org/static/planet4-belgium-stateless/2023/09/6874a0f2-greenpeace-belgique-signer-nos-petitions-pictogramme-340x340.png 340w" sizes="auto, (max-width: 512px) 100vw, 512px" /></a></figure>



<p>Mettons la nature à l’agenda politique des élections d&rsquo;octobre. Ensemble, recueillons le plus grand nombre possible de signatures en faveur d&rsquo;une nature plus abondante et plus accessible dans toutes les communes de notre pays. Signez maintenant la pétition pour plus de nature dans votre commune. Votre signature peut faire la différence</p>



<div class="wp-block-buttons is-layout-flex wp-block-buttons-is-layout-flex">
<div class="wp-block-button is-style-cta"><a class="wp-block-button__link wp-element-button" href="https://act.11m.be/efforts/meer-natuur-in-mijn-buurt">Je signe la pétition</a></div>
</div>
</div>



<div class="wp-block-column has-white-background-color has-background is-layout-flow wp-block-column-is-layout-flow">
<p><strong><strong>SOUTENEZ LA CAMPAGNE</strong></strong></p>



<figure class="wp-block-image size-full is-resized is-style-default"><a href="https://greenpeacebelgium.koalect.com/fr-FR/plus-de-nature-dans-mon-quartier"><img loading="lazy" decoding="async" width="512" height="512" src="https://www.greenpeace.org/static/planet4-belgium-stateless/2023/09/4bb492c0-greenpeace-belgique-faire-un-don-pictogramme.png" alt="" class="wp-image-53749" style="width:186px;height:auto" srcset="https://www.greenpeace.org/static/planet4-belgium-stateless/2023/09/4bb492c0-greenpeace-belgique-faire-un-don-pictogramme.png 512w, https://www.greenpeace.org/static/planet4-belgium-stateless/2023/09/4bb492c0-greenpeace-belgique-faire-un-don-pictogramme-300x300.png 300w, https://www.greenpeace.org/static/planet4-belgium-stateless/2023/09/4bb492c0-greenpeace-belgique-faire-un-don-pictogramme-150x150.png 150w, https://www.greenpeace.org/static/planet4-belgium-stateless/2023/09/4bb492c0-greenpeace-belgique-faire-un-don-pictogramme-340x340.png 340w" sizes="auto, (max-width: 512px) 100vw, 512px" /></a></figure>



<p>L’accès à la nature est un droit pour tout le monde. Soutenez notre campagne pour plus de nature accessible dans notre pays. Le 13 octobre auront lieu les élections communales, c’est l’occasion de mettre la nature à l’ordre du jour et de demander des actions concrètes et locales.</p>



<div class="wp-block-buttons is-layout-flex wp-block-buttons-is-layout-flex">
<div class="wp-block-button is-style-cta"><a class="wp-block-button__link wp-element-button" href="https://greenpeacebelgium.koalect.com/fr-FR/plus-de-nature-dans-mon-quartier">Je fais un don</a></div>
</div>
</div>
</div>

<div class="wp-block-columns is-layout-flex wp-container-core-columns-is-layout-9d6595d7 wp-block-columns-is-layout-flex">
<div class="wp-block-column is-layout-flow wp-block-column-is-layout-flow">
<figure class="wp-block-image size-full"><img loading="lazy" decoding="async" width="940" height="788" src="https://www.greenpeace.org/static/planet4-belgium-stateless/2024/09/8ae815dc-3.png" alt="" class="wp-image-58250" srcset="https://www.greenpeace.org/static/planet4-belgium-stateless/2024/09/8ae815dc-3.png 940w, https://www.greenpeace.org/static/planet4-belgium-stateless/2024/09/8ae815dc-3-300x251.png 300w, https://www.greenpeace.org/static/planet4-belgium-stateless/2024/09/8ae815dc-3-768x644.png 768w, https://www.greenpeace.org/static/planet4-belgium-stateless/2024/09/8ae815dc-3-406x340.png 406w" sizes="auto, (max-width: 940px) 100vw, 940px" /></figure>
</div>



<div class="wp-block-column is-layout-flow wp-block-column-is-layout-flow">
<h3 class="wp-block-heading"><strong>LA REGLE 3-30-300</strong></h3>



<p>Nous nous basons sur la règle 3-30-300, établie par le professeur néerlandais Cecil Konijnendijk dans le cadre de ses recherches sur les bienfaits des arbres et de la nature. Selon cette règle :</p>



<ul class="wp-block-list">
<li>Chaque personne doit voir au moins <strong>3 arbres </strong>depuis son domicile</li>



<li>Chaque quartier doit être couvert à <strong>30 %</strong> par des arbres</li>



<li>300 m maximum doivent séparer chaque logement d&rsquo;un espace vert</li>
</ul>



<p>Grâce à DataLab, cette règle a été cartographiée pour la premiere fois pour l’ensemble de la Belgique sur la base de données publiques. Nous avons approfondi les données et réalisé une analyse. </p>



<p><strong>Notre conclusion ?</strong> Certaines communes obtiennent de bons résultats, mais de manière générale, il y a encore beaucoup de travail à faire. Un autre constat: les quartiers les moins riches sont aussi ceux qui ont le moins accès à la nature en ville.&nbsp; Pour en savoir plus, consultez notre blog.</p>



<div class="wp-block-buttons is-layout-flex wp-block-buttons-is-layout-flex">
<div class="wp-block-button is-style-cta"><a class="wp-block-button__link wp-element-button" href="https://www.greenpeace.org/belgium/fr/blog/58381/nos-villes-sont-elles-assez-vertes/" target="_blank" rel="noreferrer noopener">Lire le blog</a></div>
</div>
</div>
</div>

<div style="height:45px" aria-hidden="true" class="wp-block-spacer"></div>
<div data-render="planet4-blocks/happypoint" data-attributes="{&quot;attributes&quot;:{&quot;focus_image&quot;:&quot;55.00000000000001% 41%&quot;,&quot;opacity&quot;:100,&quot;iframe_url&quot;:&quot;&quot;,&quot;id&quot;:53578,&quot;embed_code&quot;:&quot;&quot;,&quot;override_default_content&quot;:true,&quot;local_content_provider&quot;:&quot;iframe_url&quot;}}"></div>

<p>Si vous pensez comme nous que l’accès à la nature est un droit pour tout le monde, soutenez notre campagne en faveur d’une nature plus abondante et plus accessible nos communes. </p>

Si vous pensez comme nous que l’accès à la nature est un droit pour tout le monde, soutenez notre campagne en faveur d’une nature plus abondante et plus accessible nos communes.
