{"id":11076,"date":"2019-09-08T12:40:08","date_gmt":"2019-09-08T15:40:08","guid":{"rendered":"https:\/\/www.greenpeace.org\/brasil\/?page_id=11076"},"modified":"2023-09-13T12:11:04","modified_gmt":"2023-09-13T15:11:04","slug":"mapa-corais-da-amazonia","status":"publish","type":"page","link":"https:\/\/www.greenpeace.org\/brasil\/mapa-corais-da-amazonia\/","title":{"rendered":"Mapa Corais da Amaz\u00f4nia"},"content":{"rendered":"<style>  * {   box-sizing: border-box; }  .tabbed {   width: 100%;   margin: 0; height:50rem; }  .tabbed > input {   display: none; }  .tabbed > label {   display: inline-block;   float: left;   padding: 12px 20px;   margin-right: 5px; margin-bottom:0 !important;  cursor: pointer; border: 1px solid #CCC; }  .tabbed > label:hover, .tabbed > input:checked + label {   background: #4EC6DE; }  .tabs {   clear: both;     }  .tabs > div {   position: absolute;    padding: 0;    opacity: 0;     transform-origin: top center;   z-index: 0; }  #tab-nav-1:checked ~ .tabs > div:nth-of-type(1), #tab-nav-2:checked ~ .tabs > div:nth-of-type(2), #tab-nav-3:checked ~ .tabs > div:nth-of-type(3), #tab-nav-4:checked ~ .tabs > div:nth-of-type(4), #tab-nav-5:checked ~ .tabs > div:nth-of-type(5), #tab-nav-6:checked ~ .tabs > div:nth-of-type(6){   transform: rotateX(0);   opacity: 1;  }  @media screen and (max-width: 700px) {   .tabbed { width: 100%; }   .tabbed > label { display: none }   .tabs > div {     width: 100%;     border: none;     padding: 0;     opacity: 1;     position: relative;     transform: none;     margin-bottom: 60px;   }   .tabs > div h2 {     padding-bottom: 0;   } } <\/style>\n<div class=\"tabbed\"><input id=\"tab-nav-1\" checked=\"checked\" name=\"tabs\" type=\"checkbox\" style=\"display:none;\" \/><label for=\"tab-nav-1\" style=\"display:none;\">&nbsp;<\/label><input id=\"tab-nav-2\" name=\"tabs\" type=\"checkbox\" \/><label for=\"tab-nav-2\">\u00c1reas EBSA*<\/label><input id=\"tab-nav-3\" name=\"tabs\" type=\"checkbox\" \/><label for=\"tab-nav-3\">Proposta de santu\u00e1rios<\/label><input id=\"tab-nav-4\" name=\"tabs\" type=\"checkbox\" \/><label for=\"tab-nav-4\">Impactos da explora\u00e7\u00e3o de petr\u00f3leo<\/label><input id=\"tab-nav-5\" checked=\"checked\" name=\"tabs\" type=\"checkbox\" \/><label for=\"tab-nav-5\">Corais da Amaz\u00f4nia<\/label><input id=\"tab-nav-6\" checked=\"checked\" name=\"tabs\" type=\"checkbox\" \/><label for=\"tab-nav-6\">Rotas de tartarugas<\/label><\/p>\n<div class=\"tabs\">\n<div><img decoding=\"async\" src=\"https:\/\/www.greenpeace.org\/static\/planet4-brasil-stateless\/2019\/09\/15d98199-mapa_bg.jpg\" \/><\/div>\n<div><img decoding=\"async\" src=\"https:\/\/www.greenpeace.org\/static\/planet4-brasil-stateless\/2019\/09\/4f8351a4-mapa_ebsa.png\" \/><\/div>\n<div><img decoding=\"async\" src=\"https:\/\/www.greenpeace.org\/static\/planet4-brasil-stateless\/2019\/09\/36aed9f8-mapa_30x30.png\" style=\"opacity: 0.8; filter: alpha(opacity=80);\" \/><\/div>\n<div><img decoding=\"async\" src=\"https:\/\/www.greenpeace.org\/static\/planet4-brasil-stateless\/2019\/09\/f57bf316-mapa_ibama.png\" style=\"opacity: 0.8; filter: alpha(opacity=80);\" \/><\/div>\n<div><img decoding=\"async\" src=\"https:\/\/www.greenpeace.org\/static\/planet4-brasil-stateless\/2019\/09\/25702b0a-mapa_corais.png\" \/><\/div>\n<div><img decoding=\"async\" src=\"https:\/\/www.greenpeace.org\/static\/planet4-brasil-stateless\/2019\/09\/01293f81-mapa_tartarugas.png\" \/><\/div>\n<\/div>\n<\/div>\n<div style=\"padding: 2rem 2.5rem; background: #026fb4; color: #fff; font-size:1rem; margin-top:1.8rem\">\n<strong>EBSA<\/strong><br \/>\n\u00c1reas Marinhas de import\u00e2ncia ecol\u00f3gica ou biol\u00f3gica (em ingl\u00eas, <em>Ecologically or Biologically Significant Marine Areas<\/em>)<\/p>\n<p><strong>Proposta de Santu\u00e1rios<\/strong><br \/>\n\u00c1reas consideradas priorit\u00e1rias para a cria\u00e7\u00e3o de santu\u00e1rios marinhos, <a href=\"https:\/\/www.greenpeace.org\/brasil\/blog\/o-caminho-para-a-protecao-dos-oceanos\/\" target=\"_blank\" rel=\"noopener noreferrer\" style=\"color:#e9fcff;\">segundo estudo do Greenpeace<\/a><br \/>\n<strong><br \/>\nImpactos da explora\u00e7\u00e3o de petr\u00f3leo<\/strong><br \/>\nDe acordo com Estudo de Impacto Ambiental da BP, esse seria o caminho que o \u00f3leo seguiria em caso de um derramamento<\/p>\n<p><strong>Rota das tartarugas<\/strong><br \/>\nRota observada em expedi\u00e7\u00e3o \u00e0 Guiana Francesa, em maio de 2019, pelo Greenpeace<\/p>\n<p><strong>Corais da Amaz\u00f4nia no Brasil<\/strong><br \/>\nGrande Sistema Recifal Amaz\u00f4nico, com tamanho estimado de 56.000 km2 no Brasil\n<\/div>\n<p>&nbsp;<\/p>\n<p>Saiba mais em:<br \/>\n<a href=\"https:\/\/www.greenpeace.org\/brasil\/blog\/o-petroleo-da-bp-atravessa-a-rota-de-tartarugas-marinhas\">https:\/\/www.greenpeace.org\/brasil\/blog\/o-petroleo-da-bp-atravessa-a-rota-de-tartarugas-marinhas<\/a><\/p>\n","protected":false},"excerpt":{"rendered":"<p>&nbsp;\u00c1reas EBSA*Proposta de santu\u00e1riosImpactos da explora\u00e7\u00e3o de petr\u00f3leoCorais da Amaz\u00f4niaRotas de tartarugas EBSA \u00c1reas Marinhas de import\u00e2ncia ecol\u00f3gica ou biol\u00f3gica (em ingl\u00eas, Ecologically or Biologically Significant Marine Areas) Proposta de Santu\u00e1rios \u00c1reas consideradas priorit\u00e1rias para a cria\u00e7\u00e3o de santu\u00e1rios marinhos, segundo estudo do Greenpeace Impactos da explora\u00e7\u00e3o de petr\u00f3leo De acordo com Estudo de Impacto [&hellip;]<\/p>\n","protected":false},"author":44,"featured_media":0,"parent":0,"menu_order":0,"comment_status":"closed","ping_status":"closed","template":"","meta":{"ep_exclude_from_search":false,"p4_hide_page_title_checkbox":"","p4_title":"","p4_subtitle":"","p4_description":"","background_image_id":"","background_image":"","p4_button_title":"","p4_button_link":"","p4_button_link_checkbox":"","p4_og_title":"","p4_og_description":"","p4_og_image":"","p4_og_image_id":"","p4_seo_canonical_url":"","p4_campaign_name":"not set","p4_local_project":"","p4_basket_name":"not set","p4_department":"","footnotes":""},"categories":[70],"tags":[],"class_list":["post-11076","page","type-page","status-publish","hentry","category-biodiversidade"],"_links":{"self":[{"href":"https:\/\/www.greenpeace.org\/brasil\/wp-json\/wp\/v2\/pages\/11076","targetHints":{"allow":["GET"]}}],"collection":[{"href":"https:\/\/www.greenpeace.org\/brasil\/wp-json\/wp\/v2\/pages"}],"about":[{"href":"https:\/\/www.greenpeace.org\/brasil\/wp-json\/wp\/v2\/types\/page"}],"author":[{"embeddable":true,"href":"https:\/\/www.greenpeace.org\/brasil\/wp-json\/wp\/v2\/users\/44"}],"replies":[{"embeddable":true,"href":"https:\/\/www.greenpeace.org\/brasil\/wp-json\/wp\/v2\/comments?post=11076"}],"version-history":[{"count":20,"href":"https:\/\/www.greenpeace.org\/brasil\/wp-json\/wp\/v2\/pages\/11076\/revisions"}],"predecessor-version":[{"id":11661,"href":"https:\/\/www.greenpeace.org\/brasil\/wp-json\/wp\/v2\/pages\/11076\/revisions\/11661"}],"wp:attachment":[{"href":"https:\/\/www.greenpeace.org\/brasil\/wp-json\/wp\/v2\/media?parent=11076"}],"wp:term":[{"taxonomy":"category","embeddable":true,"href":"https:\/\/www.greenpeace.org\/brasil\/wp-json\/wp\/v2\/categories?post=11076"},{"taxonomy":"post_tag","embeddable":true,"href":"https:\/\/www.greenpeace.org\/brasil\/wp-json\/wp\/v2\/tags?post=11076"}],"curies":[{"name":"wp","href":"https:\/\/api.w.org\/{rel}","templated":true}]}}