{"id":39230,"date":"2018-10-26T15:10:33","date_gmt":"2018-10-26T18:10:33","guid":{"rendered":"https:\/\/www.greenpeace.org\/brasil\/?page_id=5577"},"modified":"2025-09-23T06:46:43","modified_gmt":"2025-09-23T09:46:43","slug":"podcast","status":"publish","type":"page","link":"https:\/\/www.greenpeace.org\/brasil\/noticias-e-historias\/podcast\/","title":{"rendered":"Ou\u00e7a o Podcast As \u00c1rvores Somos Nozes"},"content":{"rendered":"\n<div class=\"wp-block-media-text alignfull has-media-on-the-right is-stacked-on-mobile is-image-fill-element gpbr-has-grey-background\" style=\"grid-template-columns:auto 46%\"><div class=\"wp-block-media-text__content\">\n<div class=\"wp-block-columns is-layout-flex wp-container-core-columns-is-layout-9d6595d7 wp-block-columns-is-layout-flex\">\n<div class=\"wp-block-column is-layout-flow wp-block-column-is-layout-flow\" style=\"flex-basis:80px\"><\/div>\n\n\n\n<div class=\"wp-block-column is-layout-flow wp-block-column-is-layout-flow\" style=\"flex-basis:80%\">\n<div style=\"height:35px\" aria-hidden=\"true\" class=\"wp-block-spacer\"><\/div>\n\n\n\n<h1 class=\"wp-block-heading has-text-align-right\">Ou\u00e7a o podcast do Greenpeace Brasil<\/h1>\n\n\n\n<p class=\"has-text-align-right\" style=\"font-size:19px\">Com convidados especiais a cada epis\u00f3dio, o Greenpeace fala sobre os principais temas ambientais e sociais do Brasil. <\/p>\n\n\n\n<div style=\"height:18px\" aria-hidden=\"true\" class=\"wp-block-spacer\"><\/div>\n\n\n\n<div class=\"wp-block-buttons is-content-justification-right is-layout-flex wp-container-core-buttons-is-layout-765c4724 wp-block-buttons-is-layout-flex\">\n<div class=\"wp-block-button is-style-cta\"><a class=\"wp-block-button__link wp-element-button\" href=\"https:\/\/open.spotify.com\/show\/51FYxkzZ0DPPUtd87T01ny\" target=\"_blank\" rel=\"noreferrer noopener\">Ou\u00e7a no Spotify<\/a><\/div>\n<\/div>\n<\/div>\n<\/div>\n<\/div><figure class=\"wp-block-media-text__media\"><img loading=\"lazy\" decoding=\"async\" width=\"1024\" height=\"689\" src=\"https:\/\/www.greenpeace.org\/static\/planet4-brasil-stateless-develop\/2022\/04\/a60cea53-gp035i8_pressmedia-1024x689.jpeg\" alt=\"\" sizes=\"auto, (min-width: 601px) 46vw, 100vw\" srcset=\"https:\/\/www.greenpeace.org\/static\/planet4-brasil-stateless\/2022\/04\/a60cea53-gp035i8_pressmedia.jpeg 2499w, https:\/\/www.greenpeace.org\/static\/planet4-brasil-stateless\/2022\/04\/a60cea53-gp035i8_pressmedia-300x202.jpeg 300w, https:\/\/www.greenpeace.org\/static\/planet4-brasil-stateless\/2022\/04\/a60cea53-gp035i8_pressmedia-1024x689.jpeg 1024w, https:\/\/www.greenpeace.org\/static\/planet4-brasil-stateless\/2022\/04\/a60cea53-gp035i8_pressmedia-768x517.jpeg 768w, https:\/\/www.greenpeace.org\/static\/planet4-brasil-stateless\/2022\/04\/a60cea53-gp035i8_pressmedia-1536x1033.jpeg 1536w, https:\/\/www.greenpeace.org\/static\/planet4-brasil-stateless\/2022\/04\/a60cea53-gp035i8_pressmedia-2048x1378.jpeg 2048w, https:\/\/www.greenpeace.org\/static\/planet4-brasil-stateless\/2022\/04\/a60cea53-gp035i8_pressmedia-2031x1366.jpeg 2031w, https:\/\/www.greenpeace.org\/static\/planet4-brasil-stateless\/2022\/04\/a60cea53-gp035i8_pressmedia-505x340.jpeg 505w\" class=\"wp-image-38168 size-full\" style=\"object-position:50% 50%\"\/><\/figure><\/div>\n\n<div style=\"height:50px\" aria-hidden=\"true\" class=\"wp-block-spacer\"><\/div>\n\n<div class=\"wp-block-columns is-layout-flex wp-container-core-columns-is-layout-9d6595d7 wp-block-columns-is-layout-flex\">\n<div class=\"wp-block-column is-layout-flow wp-block-column-is-layout-flow\" style=\"flex-basis:20px\"><\/div>\n\n\n\n<div class=\"wp-block-column is-layout-flow wp-block-column-is-layout-flow\">\n<p>O podcast As \u00c1rvores Somos Nozes \u00e9 um espa\u00e7o no qual abordamos temas relacionados ao meio ambiente, discutimos as amea\u00e7as \u00e0s florestas e estabelecemos conex\u00f5es entre as quest\u00f5es socioambientais e o nosso cotidiano.<\/p>\n\n\n\n<p>O projeto, de periodicidade quinzenal, foi encerrado no fim de 2023. Mas as reflex\u00f5es e discuss\u00f5es com especialistas e ativistas comprometidos com a transforma\u00e7\u00e3o do mundo e com a redefini\u00e7\u00e3o de nossa rela\u00e7\u00e3o com a natureza n\u00e3o tem data de expira\u00e7\u00e3o!<\/p>\n\n\n\n<p>Portanto, te convidamos a ouvir os epis\u00f3dios do As \u00c1rvores Somos Nozes, que seguem dispon\u00edveis nas principais plataformas de \u00e1udio.<\/p>\n<\/div>\n<\/div>\n\n<div style=\"height:50px\" aria-hidden=\"true\" class=\"wp-block-spacer\"><\/div>\n\n<div class=\"wp-block-columns gpbr-custom-anchor is-layout-flex wp-container-core-columns-is-layout-9d6595d7 wp-block-columns-is-layout-flex\">\n<div class=\"wp-block-column is-layout-flow wp-block-column-is-layout-flow\"><\/div>\n\n\n\n<div class=\"wp-block-column is-layout-flow wp-block-column-is-layout-flow\">\n<h2 style=\"text-align: center;\">Onde encontrar?<\/h2>\n<p>\u00a0 \u00a0 \u00a0 \u00a0 \u00a0 \u00a0 \u00a0<a href=\"https:\/\/open.spotify.com\/show\/51FYxkzZ0DPPUtd87T01ny\"><img loading=\"lazy\" decoding=\"async\" class=\"alignnone wp-image-5612\" src=\"https:\/\/www.greenpeace.org\/static\/planet4-brasil-stateless-develop\/2018\/10\/f0d0bdca-spotify_icon_cmyk_green-150x150.png\" alt=\"\" width=\"70\" height=\"70\" srcset=\"https:\/\/www.greenpeace.org\/static\/planet4-brasil-stateless\/2018\/10\/f0d0bdca-spotify_icon_cmyk_green-150x150.png 150w, https:\/\/www.greenpeace.org\/static\/planet4-brasil-stateless\/2018\/10\/f0d0bdca-spotify_icon_cmyk_green-300x300.png 300w, https:\/\/www.greenpeace.org\/static\/planet4-brasil-stateless\/2018\/10\/f0d0bdca-spotify_icon_cmyk_green-340x340.png 340w, https:\/\/www.greenpeace.org\/static\/planet4-brasil-stateless\/2018\/10\/f0d0bdca-spotify_icon_cmyk_green.png 709w\" sizes=\"auto, (max-width: 70px) 100vw, 70px\" \/><\/a>\u00a0<a href=\"https:\/\/itunes.apple.com\/br\/podcast\/as-%C3%A1rvores-somos-nozes\/id1436750884?mt=2#\"><img loading=\"lazy\" decoding=\"async\" class=\"alignnone wp-image-5613\" src=\"https:\/\/www.greenpeace.org\/static\/planet4-brasil-stateless-develop\/2018\/10\/de92f1fd-itunes-1-e1540575996792-150x150.png\" alt=\"\" width=\"70\" height=\"70\" srcset=\"https:\/\/www.greenpeace.org\/static\/planet4-brasil-stateless\/2018\/10\/de92f1fd-itunes-1-e1540575996792-150x150.png 150w, https:\/\/www.greenpeace.org\/static\/planet4-brasil-stateless\/2018\/10\/de92f1fd-itunes-1-e1540575996792-300x300.png 300w, https:\/\/www.greenpeace.org\/static\/planet4-brasil-stateless\/2018\/10\/de92f1fd-itunes-1-e1540575996792-768x768.png 768w, https:\/\/www.greenpeace.org\/static\/planet4-brasil-stateless\/2018\/10\/de92f1fd-itunes-1-e1540575996792-340x340.png 340w, https:\/\/www.greenpeace.org\/static\/planet4-brasil-stateless\/2018\/10\/de92f1fd-itunes-1-e1540575996792.png 916w\" sizes=\"auto, (max-width: 70px) 100vw, 70px\" \/><\/a>\u00a0<a href=\"http:\/\/feeds.feedburner.com\/asarvores\"><img loading=\"lazy\" decoding=\"async\" class=\"alignnone wp-image-5615\" src=\"https:\/\/www.greenpeace.org\/static\/planet4-brasil-stateless-develop\/2018\/10\/9b07d39c-feedburner-2-512-1-300x300.png\" alt=\"\" width=\"70\" height=\"70\" srcset=\"https:\/\/www.greenpeace.org\/static\/planet4-brasil-stateless\/2018\/10\/9b07d39c-feedburner-2-512-1-300x300.png 300w, https:\/\/www.greenpeace.org\/static\/planet4-brasil-stateless\/2018\/10\/9b07d39c-feedburner-2-512-1-150x150.png 150w, https:\/\/www.greenpeace.org\/static\/planet4-brasil-stateless\/2018\/10\/9b07d39c-feedburner-2-512-1-340x340.png 340w, https:\/\/www.greenpeace.org\/static\/planet4-brasil-stateless\/2018\/10\/9b07d39c-feedburner-2-512-1.png 512w\" sizes=\"auto, (max-width: 70px) 100vw, 70px\" \/> <\/a><\/p>\n<\/div>\n\n\n\n<div class=\"wp-block-column is-layout-flow wp-block-column-is-layout-flow\"><\/div>\n<\/div>\n\n    <div class=\"wp-block-query posts-list p4-query-loop is-custom-layout-list is-layout-flow wp-block-query-is-layout-flow\">\n        <div class=\"wp-block-group is-content-justification-space-between is-layout-flex wp-container-core-group-is-layout-3d213aab wp-block-group-is-layout-flex\"><h2 class=\"wp-block-heading\">\u00daltimos epis\u00f3dios:<\/h2>\n        <li class=\" wp-block-navigation-item see-all-link wp-block-navigation-link\"><a class=\"wp-block-navigation-item__content\"  href=\"http:\/\/www.greenpeace.org\/brasil\/noticias-e-historias\/?post-type=podcast\"><span class=\"wp-block-navigation-item__label\">See all stories<\/span><\/a><\/li>\n        \n        <\/div>\n        \n\n    <p style=\"margin-top: 24px; margin-bottom: 36px;\"><\/p>\n\n    \n\n    <ul class=\"wp-block-post-template is-layout-flow wp-block-post-template-is-layout-flow\"><li class=\"wp-block-post post-48219 post type-post status-publish format-standard has-post-thumbnail hentry category-greenpeace tag-oceanos p4-page-type-podcast\">\n            \n<div class=\"wp-block-columns is-layout-flex wp-container-core-columns-is-layout-9d6595d7 wp-block-columns-is-layout-flex\"><figure class=\"wp-block-post-featured-image\"><a href=\"https:\/\/www.greenpeace.org\/brasil\/podcast\/as-arvores-somos-nozes-85-petroleo-na-foz-do-amazonas-nao-e-solucao\/\" target=\"_self\"  ><img loading=\"lazy\" decoding=\"async\" width=\"1920\" height=\"1080\" src=\"https:\/\/www.greenpeace.org\/static\/planet4-brasil-stateless\/2023\/08\/3bdd7277-vitrine-podcast-ep85.jpg\" class=\"attachment-post-thumbnail size-post-thumbnail wp-post-image wp-stateless-item\" alt=\"As \u00c1rvores Somos Nozes 85 &#8211; Petr\u00f3leo na Foz do Amazonas n\u00e3o \u00e9 solu\u00e7\u00e3o\" style=\"object-fit:cover;\" srcset=\"https:\/\/www.greenpeace.org\/static\/planet4-brasil-stateless\/2023\/08\/3bdd7277-vitrine-podcast-ep85.jpg 1920w, https:\/\/www.greenpeace.org\/static\/planet4-brasil-stateless\/2023\/08\/3bdd7277-vitrine-podcast-ep85-300x169.jpg 300w, https:\/\/www.greenpeace.org\/static\/planet4-brasil-stateless\/2023\/08\/3bdd7277-vitrine-podcast-ep85-1024x576.jpg 1024w, https:\/\/www.greenpeace.org\/static\/planet4-brasil-stateless\/2023\/08\/3bdd7277-vitrine-podcast-ep85-768x432.jpg 768w, https:\/\/www.greenpeace.org\/static\/planet4-brasil-stateless\/2023\/08\/3bdd7277-vitrine-podcast-ep85-1536x864.jpg 1536w, https:\/\/www.greenpeace.org\/static\/planet4-brasil-stateless\/2023\/08\/3bdd7277-vitrine-podcast-ep85-510x287.jpg 510w\" sizes=\"auto, (max-width: 1920px) 100vw, 1920px\" data-image-size=\"post-thumbnail\" data-stateless-media-bucket=\"planet4-brasil-stateless\" data-stateless-media-name=\"2023\/08\/3bdd7277-vitrine-podcast-ep85.jpg\" \/><\/a><\/figure>\n\n        <div class=\"wp-block-group is-layout-flow wp-block-group-is-layout-flow\">\n                <div class=\"wp-block-group is-layout-flex wp-block-group-is-layout-flex\"><div class=\"wp-block-post-terms\"><a href=\"https:\/\/www.greenpeace.org\/brasil\/categoria\/greenpeace\/\">Greenpeace<\/a><\/div>\n                <div class=\"taxonomy-post_tag wp-block-post-terms\"><a href=\"https:\/\/www.greenpeace.org\/brasil\/tag\/oceanos\/\" rel=\"tag\">Oceanos<\/a><\/div>\n                \n                <\/div>\n                \n        <h3 class=\"wp-block-post-title\"><a href=\"https:\/\/www.greenpeace.org\/brasil\/podcast\/as-arvores-somos-nozes-85-petroleo-na-foz-do-amazonas-nao-e-solucao\/\" target=\"_self\" >As \u00c1rvores Somos Nozes 85 &#8211; Petr\u00f3leo na Foz do Amazonas n\u00e3o \u00e9 solu\u00e7\u00e3o<\/a><\/h3>\n        <div class=\"wp-block-post-excerpt\"><p class=\"wp-block-post-excerpt__excerpt\">Entrevistamos Suely Ara\u00fajo, ex-presidente do Ibama, que defendeu mudan\u00e7as na Petrobras e afirmou que o Brasil n\u00e3o precisa explorar petr\u00f3leo em \u00e1reas sens\u00edveis, como a Amaz\u00f4nia. <\/p><\/div>\n        \n        <div class=\"wp-block-group posts-list-meta is-layout-flow wp-block-group-is-layout-flow\"><span class='article-list-item-author'><a href='https:\/\/www.greenpeace.org\/brasil\/author\/gpbrasil\/'>Greenpeace Brasil<\/a><\/span>\n        <div class=\"wp-block-post-date\"><time datetime=\"2023-08-25T09:28:46-03:00\">25 de agosto de 2023<\/time><\/div>\n        \n        <\/div>\n        <\/div>\n        <\/div>\n\n            <\/li><li class=\"wp-block-post post-47163 post type-post status-publish format-standard has-post-thumbnail hentry category-greenpeace tag-desmatamento p4-page-type-podcast\">\n            \n<div class=\"wp-block-columns is-layout-flex wp-container-core-columns-is-layout-9d6595d7 wp-block-columns-is-layout-flex\"><figure class=\"wp-block-post-featured-image\"><a href=\"https:\/\/www.greenpeace.org\/brasil\/podcast\/as-arvores-somos-nozes-84-cerrado-pede-socorro\/\" target=\"_self\"  ><img loading=\"lazy\" decoding=\"async\" width=\"1920\" height=\"1080\" src=\"https:\/\/www.greenpeace.org\/static\/planet4-brasil-stateless\/2023\/06\/2e4bf1b9-vitrine-podcast-ep84.jpg\" class=\"attachment-post-thumbnail size-post-thumbnail wp-post-image wp-stateless-item\" alt=\"As \u00c1rvores Somos Nozes 84 &#8211; Cerrado pede socorro\" style=\"object-fit:cover;\" srcset=\"https:\/\/www.greenpeace.org\/static\/planet4-brasil-stateless\/2023\/06\/2e4bf1b9-vitrine-podcast-ep84.jpg 1920w, https:\/\/www.greenpeace.org\/static\/planet4-brasil-stateless\/2023\/06\/2e4bf1b9-vitrine-podcast-ep84-300x169.jpg 300w, https:\/\/www.greenpeace.org\/static\/planet4-brasil-stateless\/2023\/06\/2e4bf1b9-vitrine-podcast-ep84-1024x576.jpg 1024w, https:\/\/www.greenpeace.org\/static\/planet4-brasil-stateless\/2023\/06\/2e4bf1b9-vitrine-podcast-ep84-768x432.jpg 768w, https:\/\/www.greenpeace.org\/static\/planet4-brasil-stateless\/2023\/06\/2e4bf1b9-vitrine-podcast-ep84-1536x864.jpg 1536w, https:\/\/www.greenpeace.org\/static\/planet4-brasil-stateless\/2023\/06\/2e4bf1b9-vitrine-podcast-ep84-510x287.jpg 510w\" sizes=\"auto, (max-width: 1920px) 100vw, 1920px\" data-image-size=\"post-thumbnail\" data-stateless-media-bucket=\"planet4-brasil-stateless\" data-stateless-media-name=\"2023\/06\/2e4bf1b9-vitrine-podcast-ep84.jpg\" \/><\/a><\/figure>\n\n        <div class=\"wp-block-group is-layout-flow wp-block-group-is-layout-flow\">\n                <div class=\"wp-block-group is-layout-flex wp-block-group-is-layout-flex\"><div class=\"wp-block-post-terms\"><a href=\"https:\/\/www.greenpeace.org\/brasil\/categoria\/greenpeace\/\">Greenpeace<\/a><\/div>\n                <div class=\"taxonomy-post_tag wp-block-post-terms\"><a href=\"https:\/\/www.greenpeace.org\/brasil\/tag\/desmatamento\/\" rel=\"tag\">Desmatamento<\/a><\/div>\n                \n                <\/div>\n                \n        <h3 class=\"wp-block-post-title\"><a href=\"https:\/\/www.greenpeace.org\/brasil\/podcast\/as-arvores-somos-nozes-84-cerrado-pede-socorro\/\" target=\"_self\" >As \u00c1rvores Somos Nozes 84 &#8211; Cerrado pede socorro<\/a><\/h3>\n        <div class=\"wp-block-post-excerpt\"><p class=\"wp-block-post-excerpt__excerpt\">Bioma irm\u00e3o da Amaz\u00f4nia, Cerrado est\u00e1 amea\u00e7ado pela expans\u00e3o do agroneg\u00f3cio <\/p><\/div>\n        \n        <div class=\"wp-block-group posts-list-meta is-layout-flow wp-block-group-is-layout-flow\"><span class='article-list-item-author'><a href='https:\/\/www.greenpeace.org\/brasil\/author\/gpbrasil\/'>Greenpeace Brasil<\/a><\/span>\n        <div class=\"wp-block-post-date\"><time datetime=\"2023-06-23T14:52:21-03:00\">23 de junho de 2023<\/time><\/div>\n        \n        <\/div>\n        <\/div>\n        <\/div>\n\n            <\/li><li class=\"wp-block-post post-46813 post type-post status-publish format-standard has-post-thumbnail hentry category-greenpeace category-oceanos tag-oceanos p4-page-type-podcast\">\n            \n<div class=\"wp-block-columns is-layout-flex wp-container-core-columns-is-layout-9d6595d7 wp-block-columns-is-layout-flex\"><figure class=\"wp-block-post-featured-image\"><a href=\"https:\/\/www.greenpeace.org\/brasil\/podcast\/as-arvores-somos-nozes-83-oceanos-inundados-por-plasticos\/\" target=\"_self\"  ><img loading=\"lazy\" decoding=\"async\" width=\"1920\" height=\"1080\" src=\"https:\/\/www.greenpeace.org\/static\/planet4-brasil-stateless\/2023\/06\/2399361c-vitrine-podcast-ep83.jpg\" class=\"attachment-post-thumbnail size-post-thumbnail wp-post-image wp-stateless-item\" alt=\"As \u00c1rvores Somos Nozes 83 &#8211; Oceanos inundados por pl\u00e1sticos\" style=\"object-fit:cover;\" srcset=\"https:\/\/www.greenpeace.org\/static\/planet4-brasil-stateless\/2023\/06\/2399361c-vitrine-podcast-ep83.jpg 1920w, https:\/\/www.greenpeace.org\/static\/planet4-brasil-stateless\/2023\/06\/2399361c-vitrine-podcast-ep83-300x169.jpg 300w, https:\/\/www.greenpeace.org\/static\/planet4-brasil-stateless\/2023\/06\/2399361c-vitrine-podcast-ep83-1024x576.jpg 1024w, https:\/\/www.greenpeace.org\/static\/planet4-brasil-stateless\/2023\/06\/2399361c-vitrine-podcast-ep83-768x432.jpg 768w, https:\/\/www.greenpeace.org\/static\/planet4-brasil-stateless\/2023\/06\/2399361c-vitrine-podcast-ep83-1536x864.jpg 1536w, https:\/\/www.greenpeace.org\/static\/planet4-brasil-stateless\/2023\/06\/2399361c-vitrine-podcast-ep83-510x287.jpg 510w\" sizes=\"auto, (max-width: 1920px) 100vw, 1920px\" data-image-size=\"post-thumbnail\" data-stateless-media-bucket=\"planet4-brasil-stateless\" data-stateless-media-name=\"2023\/06\/2399361c-vitrine-podcast-ep83.jpg\" \/><\/a><\/figure>\n\n        <div class=\"wp-block-group is-layout-flow wp-block-group-is-layout-flow\">\n                <div class=\"wp-block-group is-layout-flex wp-block-group-is-layout-flex\"><div class=\"wp-block-post-terms\"><a href=\"https:\/\/www.greenpeace.org\/brasil\/categoria\/greenpeace\/\">Greenpeace<\/a><\/div>\n                <div class=\"taxonomy-post_tag wp-block-post-terms\"><a href=\"https:\/\/www.greenpeace.org\/brasil\/tag\/oceanos\/\" rel=\"tag\">Oceanos<\/a><\/div>\n                \n                <\/div>\n                \n        <h3 class=\"wp-block-post-title\"><a href=\"https:\/\/www.greenpeace.org\/brasil\/podcast\/as-arvores-somos-nozes-83-oceanos-inundados-por-plasticos\/\" target=\"_self\" >As \u00c1rvores Somos Nozes 83 &#8211; Oceanos inundados por pl\u00e1sticos<\/a><\/h3>\n        <div class=\"wp-block-post-excerpt\"><p class=\"wp-block-post-excerpt__excerpt\">A polui\u00e7\u00e3o pl\u00e1stica traz graves consequ\u00eancias para a sa\u00fade do planeta; ou\u00e7a o novo epis\u00f3dio do nosso podcast e saiba mais sobre o tema <\/p><\/div>\n        \n        <div class=\"wp-block-group posts-list-meta is-layout-flow wp-block-group-is-layout-flow\"><span class='article-list-item-author'><a href='https:\/\/www.greenpeace.org\/brasil\/author\/gpbrasil\/'>Greenpeace Brasil<\/a><\/span>\n        <div class=\"wp-block-post-date\"><time datetime=\"2023-06-09T10:17:13-03:00\">9 de junho de 2023<\/time><\/div>\n        \n        <\/div>\n        <\/div>\n        <\/div>\n\n            <\/li><\/ul>\n\n    \n<div class=\"wp-block-buttons carousel-controls is-horizontal is-content-justification-space-between is-nowrap is-layout-flex wp-container-core-buttons-is-layout-044bd602 wp-block-buttons-is-layout-flex\">\n            <div class=\"wp-block-button carousel-control-prev\"><button type=\"button\" class=\"wp-block-button__link wp-element-button\">Anterior<\/button><\/div>\n        \n\n            <div class=\"wp-block-button carousel-control-next\"><button type=\"button\" class=\"wp-block-button__link wp-element-button\">Seguinte<\/button><\/div>\n        <\/div>\n\n\n    <li class=\" wp-block-navigation-item see-all-link wp-block-navigation-link\"><a class=\"wp-block-navigation-item__content\"  href=\"http:\/\/www.greenpeace.org\/brasil\/noticias-e-historias\/?post-type=podcast\"><span class=\"wp-block-navigation-item__label\">See all stories<\/span><\/a><\/li><\/div>\n    <div data-render=\"planet4-blocks\/happypoint\" data-attributes=\"{&quot;attributes&quot;:{&quot;override_default_content&quot;:true,&quot;local_content_provider&quot;:&quot;iframe_url&quot;,&quot;opacity&quot;:30}}\"><\/div>\n<style type=\"text\/css\">\n\n    .gpbr-custom-anchor a {\n        background-image: none !important;\n        border-bottom: 0px !important;\n    }\n<\/style>\n","protected":false},"excerpt":{"rendered":"<p>Com convidados especiais, o podcast do Greenpeace \u00e9 lan\u00e7ado quinzenalmente e debate sobre os principais temas que envolvem as quest\u00f5es socioambientais no Brasil.<\/p>\n","protected":false},"author":102,"featured_media":5585,"parent":38697,"menu_order":0,"comment_status":"closed","ping_status":"closed","template":"","meta":{"ep_exclude_from_search":false,"p4_hide_page_title_checkbox":"on","p4_title":"","p4_subtitle":"","p4_description":"","background_image_id":"","background_image":"","p4_button_title":"","p4_button_link":"","p4_button_link_checkbox":"","p4_og_title":"","p4_og_description":"","p4_og_image":"","p4_og_image_id":"","p4_seo_canonical_url":"","p4_campaign_name":"not set","p4_local_project":"not set","p4_basket_name":"not set","p4_department":"","footnotes":""},"categories":[5],"tags":[],"class_list":["post-39230","page","type-page","status-publish","has-post-thumbnail","hentry","category-greenpeace"],"_links":{"self":[{"href":"https:\/\/www.greenpeace.org\/brasil\/wp-json\/wp\/v2\/pages\/39230","targetHints":{"allow":["GET"]}}],"collection":[{"href":"https:\/\/www.greenpeace.org\/brasil\/wp-json\/wp\/v2\/pages"}],"about":[{"href":"https:\/\/www.greenpeace.org\/brasil\/wp-json\/wp\/v2\/types\/page"}],"author":[{"embeddable":true,"href":"https:\/\/www.greenpeace.org\/brasil\/wp-json\/wp\/v2\/users\/102"}],"replies":[{"embeddable":true,"href":"https:\/\/www.greenpeace.org\/brasil\/wp-json\/wp\/v2\/comments?post=39230"}],"version-history":[{"count":14,"href":"https:\/\/www.greenpeace.org\/brasil\/wp-json\/wp\/v2\/pages\/39230\/revisions"}],"predecessor-version":[{"id":59882,"href":"https:\/\/www.greenpeace.org\/brasil\/wp-json\/wp\/v2\/pages\/39230\/revisions\/59882"}],"up":[{"embeddable":true,"href":"https:\/\/www.greenpeace.org\/brasil\/wp-json\/wp\/v2\/pages\/38697"}],"wp:featuredmedia":[{"embeddable":true,"href":"https:\/\/www.greenpeace.org\/brasil\/wp-json\/wp\/v2\/media\/5585"}],"wp:attachment":[{"href":"https:\/\/www.greenpeace.org\/brasil\/wp-json\/wp\/v2\/media?parent=39230"}],"wp:term":[{"taxonomy":"category","embeddable":true,"href":"https:\/\/www.greenpeace.org\/brasil\/wp-json\/wp\/v2\/categories?post=39230"},{"taxonomy":"post_tag","embeddable":true,"href":"https:\/\/www.greenpeace.org\/brasil\/wp-json\/wp\/v2\/tags?post=39230"}],"curies":[{"name":"wp","href":"https:\/\/api.w.org\/{rel}","templated":true}]}}