{"id":8277,"date":"2019-06-26T15:15:38","date_gmt":"2019-06-26T18:15:38","guid":{"rendered":"https:\/\/www.greenpeace.org\/brasil\/?page_id=8277"},"modified":"2025-09-23T06:46:21","modified_gmt":"2025-09-23T09:46:21","slug":"voluntarios","status":"publish","type":"page","link":"https:\/\/www.greenpeace.org\/brasil\/como-ajudar\/faca-parte-do-voluntariado-old\/voluntarios\/","title":{"rendered":"O que nossos volunt\u00e1rios est\u00e3o fazendo"},"content":{"rendered":"\n                \n                <div class=\"wp-block-group alignfull is-layout-flow wp-block-group-is-layout-flow\">\n                \n                <div class=\"wp-block-group container is-layout-flow wp-block-group-is-layout-flow\">\n                \n                <div class=\"wp-block-media-text alignfull has-media-on-the-right is-stacked-on-mobile is-pattern-p4-page-header is-style-parallax\">\n\n                <div class=\"wp-block-media-text__content\">\n                    <div class=\"wp-block-group is-layout-flow wp-block-group-is-layout-flow\">\n                    \n                        <h1 class=\"wp-block-heading has-white-background-color has-background\">\n                            O que nossos volunt\u00e1rios est\u00e3o fazendo\n                        <\/h1>\n                    <\/div>\n                \n\n                \n                        <p style=\"font-size:1.25rem\">\n                            Mobilizando e se engajando, \u00e9 assim que os nossos volunt\u00e1rios e volunt\u00e1rias realizam a\u00e7\u00f5es de conscientiza\u00e7\u00e3o para tornar o mundo um lugar mais verde e melhor para vivermos. Al\u00e9m de levar o debate para as ruas sobre as campanhas do Greenpeace. Toda semana, publicamos aqui as principais atividades realizadas pelos volunt\u00e1rios e volunt\u00e1rias ao redor do Brasil.\n                        <\/p>\n                    \n\n                \n                        <div class=\"wp-block-buttons is-layout-flex wp-block-buttons-is-layout-flex\">\n                            \n                        <\/div>\n                        <div class=\"wp-block-button is-style-cta\">\n                            <a class=\"wp-block-button__link wp-element-button\" href=\"https:\/\/conexaoverde.greenpeace.org.br\/?utm_source=referral&#038;utm_medium=p4&#038;utm_campaign= atividades_voluntarios&#038;utm_content=p4_btn_primary\" target=\"\" rel=\"noreferrer noopener\">\n                                Seja um(a) volunt\u00e1rio(a)\n                            <\/a>\n                        <\/div>\n                    \n\n                <\/div>\n                <figure class=\"wp-block-media-text__media\">\n                    <img loading=\"lazy\" decoding=\"async\" width=\"2500\" height=\"1667\"\n                        src=\"https:\/\/www.greenpeace.org\/static\/planet4-brasil-stateless\/2019\/04\/5569d726-gp0sts0mq_pressmedia.jpg\"\n                        alt=\"\"\n                        sizes=\"auto, (min-width: 601px) 50vw, 100vw\" srcset=\"https:\/\/www.greenpeace.org\/static\/planet4-brasil-stateless\/2019\/04\/5569d726-gp0sts0mq_pressmedia.jpg 2500w, https:\/\/www.greenpeace.org\/static\/planet4-brasil-stateless\/2019\/04\/5569d726-gp0sts0mq_pressmedia-300x200.jpg 300w, https:\/\/www.greenpeace.org\/static\/planet4-brasil-stateless\/2019\/04\/5569d726-gp0sts0mq_pressmedia-768x512.jpg 768w, https:\/\/www.greenpeace.org\/static\/planet4-brasil-stateless\/2019\/04\/5569d726-gp0sts0mq_pressmedia-1024x683.jpg 1024w, https:\/\/www.greenpeace.org\/static\/planet4-brasil-stateless\/2019\/04\/5569d726-gp0sts0mq_pressmedia-2048x1366.jpg 2048w, https:\/\/www.greenpeace.org\/static\/planet4-brasil-stateless\/2019\/04\/5569d726-gp0sts0mq_pressmedia-510x340.jpg 510w\" class=\"wp-image-8565 size-full\"\n                    \/>\n                <\/figure>\n                <\/div>\n                \n                <\/div>\n                \n                <\/div>\n                \n                \n    <div class=\"wp-block-query posts-list p4-query-loop is-custom-layout-list is-layout-flow wp-block-query-is-layout-flow\">\n        <div class=\"wp-block-group is-content-justification-space-between is-layout-flex wp-container-core-group-is-layout-3d213aab wp-block-group-is-layout-flex\"><h2 class=\"wp-block-heading\">\u00daltimas atividades<\/h2>\n        <li class=\" wp-block-navigation-item see-all-link wp-block-navigation-link\"><a class=\"wp-block-navigation-item__content\"  href=\"http:\/\/www.greenpeace.org\/brasil\/noticias-e-historias\/?tag=mobilizacao&#038;post-type=voluntarios\"><span class=\"wp-block-navigation-item__label\">See all stories<\/span><\/a><\/li>\n        \n        <\/div>\n        \n\n    <p style=\"margin-top: 24px; margin-bottom: 36px;\"><\/p>\n\n    \n\n    <ul class=\"wp-block-post-template is-layout-flow wp-block-post-template-is-layout-flow\"><li class=\"wp-block-post post-41366 post type-post status-publish format-standard has-post-thumbnail hentry category-greenpeace tag-mobilizacao p4-page-type-voluntarios\">\n            \n<div class=\"wp-block-columns is-layout-flex wp-container-core-columns-is-layout-9d6595d7 wp-block-columns-is-layout-flex\"><figure class=\"wp-block-post-featured-image\"><a href=\"https:\/\/www.greenpeace.org\/brasil\/voluntarios\/voluntaries-participaram-de-atos-contra-a-violencia-aos-povos-originarios-sangue-indigena-nenhuma-gota-a-mais\/\" target=\"_self\"  ><img loading=\"lazy\" decoding=\"async\" width=\"1080\" height=\"1080\" src=\"https:\/\/www.greenpeace.org\/static\/planet4-brasil-stateless\/2022\/07\/ba4518e9-gpbr.belem_290926747_756955222024701_7664573067028459820_n.jpg\" class=\"attachment-post-thumbnail size-post-thumbnail wp-post-image wp-stateless-item\" alt=\"Volunt\u00e1ries participaram de atos contra a viol\u00eancia aos povos origin\u00e1rios: &#8220;Sangue ind\u00edgena, nenhuma gota a mais!&#8221;\" style=\"object-fit:cover;\" srcset=\"https:\/\/www.greenpeace.org\/static\/planet4-brasil-stateless\/2022\/07\/ba4518e9-gpbr.belem_290926747_756955222024701_7664573067028459820_n.jpg 1080w, https:\/\/www.greenpeace.org\/static\/planet4-brasil-stateless\/2022\/07\/ba4518e9-gpbr.belem_290926747_756955222024701_7664573067028459820_n-300x300.jpg 300w, https:\/\/www.greenpeace.org\/static\/planet4-brasil-stateless\/2022\/07\/ba4518e9-gpbr.belem_290926747_756955222024701_7664573067028459820_n-1024x1024.jpg 1024w, https:\/\/www.greenpeace.org\/static\/planet4-brasil-stateless\/2022\/07\/ba4518e9-gpbr.belem_290926747_756955222024701_7664573067028459820_n-150x150.jpg 150w, https:\/\/www.greenpeace.org\/static\/planet4-brasil-stateless\/2022\/07\/ba4518e9-gpbr.belem_290926747_756955222024701_7664573067028459820_n-768x768.jpg 768w, https:\/\/www.greenpeace.org\/static\/planet4-brasil-stateless\/2022\/07\/ba4518e9-gpbr.belem_290926747_756955222024701_7664573067028459820_n-340x340.jpg 340w\" sizes=\"auto, (max-width: 1080px) 100vw, 1080px\" data-image-size=\"post-thumbnail\" data-stateless-media-bucket=\"planet4-brasil-stateless\" data-stateless-media-name=\"2022\/07\/ba4518e9-gpbr.belem_290926747_756955222024701_7664573067028459820_n.jpg\" \/><\/a><\/figure>\n\n        <div class=\"wp-block-group is-layout-flow wp-block-group-is-layout-flow\">\n                <div class=\"wp-block-group is-layout-flex wp-block-group-is-layout-flex\"><div class=\"wp-block-post-terms\"><a href=\"https:\/\/www.greenpeace.org\/brasil\/categoria\/greenpeace\/\">Greenpeace<\/a><\/div>\n                <div class=\"taxonomy-post_tag wp-block-post-terms\"><a href=\"https:\/\/www.greenpeace.org\/brasil\/tag\/mobilizacao\/\" rel=\"tag\">Mobiliza\u00e7\u00e3o<\/a><\/div>\n                \n                <\/div>\n                \n        <h3 class=\"wp-block-post-title\"><a href=\"https:\/\/www.greenpeace.org\/brasil\/voluntarios\/voluntaries-participaram-de-atos-contra-a-violencia-aos-povos-originarios-sangue-indigena-nenhuma-gota-a-mais\/\" target=\"_self\" >Volunt\u00e1ries participaram de atos contra a viol\u00eancia aos povos origin\u00e1rios: &#8220;Sangue ind\u00edgena, nenhuma gota a mais!&#8221;<\/a><\/h3>\n        <div class=\"wp-block-post-excerpt\"><p class=\"wp-block-post-excerpt__excerpt\">Ol\u00e1, galerinha! #julhou e n\u00e3o temos limite para o esp\u00edrito ativista que habita dentro dos volunt\u00e1ries. <\/p><\/div>\n        \n        <div class=\"wp-block-group posts-list-meta is-layout-flow wp-block-group-is-layout-flow\"><span class='article-list-item-author'><a href='https:\/\/www.greenpeace.org\/brasil\/author\/acassio\/'>Amanda Cassio<\/a><\/span>\n        <div class=\"wp-block-post-date\"><time datetime=\"2022-07-08T10:17:30-03:00\">8 de julho de 2022<\/time><\/div>\n        \n        <\/div>\n        <\/div>\n        <\/div>\n\n            <\/li><li class=\"wp-block-post post-35832 post type-post status-publish format-standard has-post-thumbnail hentry category-ativismo tag-mobilizacao p4-page-type-voluntarios\">\n            \n<div class=\"wp-block-columns is-layout-flex wp-container-core-columns-is-layout-9d6595d7 wp-block-columns-is-layout-flex\"><figure class=\"wp-block-post-featured-image\"><a href=\"https:\/\/www.greenpeace.org\/brasil\/voluntarios\/ano-dos-voluntas-comecou-a-todo-vapor\/\" target=\"_self\"  ><img loading=\"lazy\" decoding=\"async\" width=\"1080\" height=\"1080\" src=\"https:\/\/www.greenpeace.org\/static\/planet4-brasil-stateless\/2022\/01\/75baa331-gpbr.parauapebas_270377075_243986234517121_904433801543286415_n.jpg\" class=\"attachment-post-thumbnail size-post-thumbnail wp-post-image wp-stateless-item\" alt=\"Ano dos voluntas come\u00e7ou a todo vapor\" style=\"object-fit:cover;\" srcset=\"https:\/\/www.greenpeace.org\/static\/planet4-brasil-stateless\/2022\/01\/75baa331-gpbr.parauapebas_270377075_243986234517121_904433801543286415_n.jpg 1080w, https:\/\/www.greenpeace.org\/static\/planet4-brasil-stateless\/2022\/01\/75baa331-gpbr.parauapebas_270377075_243986234517121_904433801543286415_n-300x300.jpg 300w, https:\/\/www.greenpeace.org\/static\/planet4-brasil-stateless\/2022\/01\/75baa331-gpbr.parauapebas_270377075_243986234517121_904433801543286415_n-1024x1024.jpg 1024w, https:\/\/www.greenpeace.org\/static\/planet4-brasil-stateless\/2022\/01\/75baa331-gpbr.parauapebas_270377075_243986234517121_904433801543286415_n-150x150.jpg 150w, https:\/\/www.greenpeace.org\/static\/planet4-brasil-stateless\/2022\/01\/75baa331-gpbr.parauapebas_270377075_243986234517121_904433801543286415_n-768x768.jpg 768w, https:\/\/www.greenpeace.org\/static\/planet4-brasil-stateless\/2022\/01\/75baa331-gpbr.parauapebas_270377075_243986234517121_904433801543286415_n-340x340.jpg 340w\" sizes=\"auto, (max-width: 1080px) 100vw, 1080px\" data-image-size=\"post-thumbnail\" data-stateless-media-bucket=\"planet4-brasil-stateless\" data-stateless-media-name=\"2022\/01\/75baa331-gpbr.parauapebas_270377075_243986234517121_904433801543286415_n.jpg\" \/><\/a><\/figure>\n\n        <div class=\"wp-block-group is-layout-flow wp-block-group-is-layout-flow\">\n                <div class=\"wp-block-group is-layout-flex wp-block-group-is-layout-flex\"><div class=\"wp-block-post-terms\"><a href=\"https:\/\/www.greenpeace.org\/brasil\/categoria\/greenpeace\/ativismo\/\">Inspire Ativismo<\/a><\/div>\n                <div class=\"taxonomy-post_tag wp-block-post-terms\"><a href=\"https:\/\/www.greenpeace.org\/brasil\/tag\/mobilizacao\/\" rel=\"tag\">Mobiliza\u00e7\u00e3o<\/a><\/div>\n                \n                <\/div>\n                \n        <h3 class=\"wp-block-post-title\"><a href=\"https:\/\/www.greenpeace.org\/brasil\/voluntarios\/ano-dos-voluntas-comecou-a-todo-vapor\/\" target=\"_self\" >Ano dos voluntas come\u00e7ou a todo vapor<\/a><\/h3>\n        <div class=\"wp-block-post-excerpt\"><p class=\"wp-block-post-excerpt__excerpt\">Veja as primeiras mobiliza\u00e7\u00f5es de 2022 organizadas pelos grupos locais <\/p><\/div>\n        \n        <div class=\"wp-block-group posts-list-meta is-layout-flow wp-block-group-is-layout-flow\"><span class='article-list-item-author'>Luana Leal<\/span>\n        <div class=\"wp-block-post-date\"><time datetime=\"2022-01-14T11:44:17-03:00\">14 de janeiro de 2022<\/time><\/div>\n        \n        <\/div>\n        <\/div>\n        <\/div>\n\n            <\/li><li class=\"wp-block-post post-35536 post type-post status-publish format-standard has-post-thumbnail hentry category-greenpeace tag-mobilizacao tag-mineracao p4-page-type-voluntarios\">\n            \n<div class=\"wp-block-columns is-layout-flex wp-container-core-columns-is-layout-9d6595d7 wp-block-columns-is-layout-flex\"><figure class=\"wp-block-post-featured-image\"><a href=\"https:\/\/www.greenpeace.org\/brasil\/voluntarios\/em-semana-agitada-grupos-locais-denunciam-garimpo-ilegal-na-amazonia\/\" target=\"_self\"  ><img loading=\"lazy\" decoding=\"async\" width=\"720\" height=\"478\" src=\"https:\/\/www.greenpeace.org\/static\/planet4-brasil-stateless\/2021\/12\/e8042934-gpbr.litoralnorters_260699445_429001685490579_1900760073795336986_n.jpg\" class=\"attachment-post-thumbnail size-post-thumbnail wp-post-image wp-stateless-item\" alt=\"Em semana agitada, grupos locais denunciam garimpo ilegal na Amaz\u00f4nia\" style=\"object-fit:cover;\" srcset=\"https:\/\/www.greenpeace.org\/static\/planet4-brasil-stateless\/2021\/12\/e8042934-gpbr.litoralnorters_260699445_429001685490579_1900760073795336986_n.jpg 720w, https:\/\/www.greenpeace.org\/static\/planet4-brasil-stateless\/2021\/12\/e8042934-gpbr.litoralnorters_260699445_429001685490579_1900760073795336986_n-300x199.jpg 300w, https:\/\/www.greenpeace.org\/static\/planet4-brasil-stateless\/2021\/12\/e8042934-gpbr.litoralnorters_260699445_429001685490579_1900760073795336986_n-510x340.jpg 510w\" sizes=\"auto, (max-width: 720px) 100vw, 720px\" data-image-size=\"post-thumbnail\" data-stateless-media-bucket=\"planet4-brasil-stateless\" data-stateless-media-name=\"2021\/12\/e8042934-gpbr.litoralnorters_260699445_429001685490579_1900760073795336986_n.jpg\" \/><\/a><\/figure>\n\n        <div class=\"wp-block-group is-layout-flow wp-block-group-is-layout-flow\">\n                <div class=\"wp-block-group is-layout-flex wp-block-group-is-layout-flex\"><div class=\"wp-block-post-terms\"><a href=\"https:\/\/www.greenpeace.org\/brasil\/categoria\/greenpeace\/\">Greenpeace<\/a><\/div>\n                <div class=\"taxonomy-post_tag wp-block-post-terms\"><a href=\"https:\/\/www.greenpeace.org\/brasil\/tag\/mobilizacao\/\" rel=\"tag\">Mobiliza\u00e7\u00e3o<\/a><span class=\"wp-block-post-terms__separator\"> <\/span><a href=\"https:\/\/www.greenpeace.org\/brasil\/tag\/mineracao\/\" rel=\"tag\">Minera\u00e7\u00e3o<\/a><\/div>\n                \n                <\/div>\n                \n        <h3 class=\"wp-block-post-title\"><a href=\"https:\/\/www.greenpeace.org\/brasil\/voluntarios\/em-semana-agitada-grupos-locais-denunciam-garimpo-ilegal-na-amazonia\/\" target=\"_self\" >Em semana agitada, grupos locais denunciam garimpo ilegal na Amaz\u00f4nia<\/a><\/h3>\n        <div class=\"wp-block-post-excerpt\"><p class=\"wp-block-post-excerpt__excerpt\">Confira tudo o que os volunt\u00e1rios e volunt\u00e1rias fizeram durante a semana <\/p><\/div>\n        \n        <div class=\"wp-block-group posts-list-meta is-layout-flow wp-block-group-is-layout-flow\"><span class='article-list-item-author'><a href='https:\/\/www.greenpeace.org\/brasil\/author\/lleal\/'>Luana Leal<\/a><\/span>\n        <div class=\"wp-block-post-date\"><time datetime=\"2021-12-02T13:18:18-03:00\">2 de dezembro de 2021<\/time><\/div>\n        \n        <\/div>\n        <\/div>\n        <\/div>\n\n            <\/li><\/ul>\n\n    \n<div class=\"wp-block-buttons carousel-controls is-horizontal is-content-justification-space-between is-nowrap is-layout-flex wp-container-core-buttons-is-layout-044bd602 wp-block-buttons-is-layout-flex\">\n            <div class=\"wp-block-button carousel-control-prev\"><button type=\"button\" class=\"wp-block-button__link wp-element-button\">Anterior<\/button><\/div>\n        \n\n            <div class=\"wp-block-button carousel-control-next\"><button type=\"button\" class=\"wp-block-button__link wp-element-button\">Seguinte<\/button><\/div>\n        <\/div>\n\n\n    <li class=\" wp-block-navigation-item see-all-link wp-block-navigation-link\"><a class=\"wp-block-navigation-item__content\"  href=\"http:\/\/www.greenpeace.org\/brasil\/noticias-e-historias\/?tag=mobilizacao&#038;post-type=voluntarios\"><span class=\"wp-block-navigation-item__label\">See all stories<\/span><\/a><\/li><\/div>\n    <div data-render=\"planet4-blocks\/columns\" data-attributes=\"{&quot;attributes&quot;:{&quot;columns&quot;:[{&quot;title&quot;:&quot;Entre no Conex\\u00e3o Verde&quot;,&quot;description&quot;:&quot;Ao entrar no Conex\\u00e3o Verde, voc\\u00ea precisa assistir ao treinamento de boas-vindas e completar o seu perfil. Depois \\u00e9 s\\u00f3 procurar grupos de interesse, de campanhas, encontrar o seu grupo local, interagir e participar de mobiliza\\u00e7\\u00f5es online e nas ruas. No Conex\\u00e3o Verde voc\\u00ea tamb\\u00e9m encontra tutoriais, v\\u00eddeos, kits e tudo o que precisa para fazer parte da mudan\\u00e7a.&quot;,&quot;cta_text&quot;:&quot;Cadastre-se j\\u00e1&quot;,&quot;cta_link&quot;:&quot;https:\\\/\\\/conexaoverde.greenpeace.org.br\\\/?utm_source=referralu0026amp;utm_medium=p4u0026amp;utm_campaign=atividades_voluntariosu0026amp;utm_content=p4_btn_column&quot;,&quot;link_new_tab&quot;:false},{&quot;title&quot;:&quot;Comece uma campanha local&quot;,&quot;description&quot;:&quot;Voc\\u00ea identificou algum problema em sua comunidade e gostaria que a situa\\u00e7\\u00e3o fosse resolvida? O Bugio \\u00e9 a solu\\u00e7\\u00e3o! Voc\\u00ea pode amplificar sua voz e mostrar sua for\\u00e7a na defesa de uma causa que acredita.&quot;,&quot;cta_text&quot;:&quot;Crie sua campanha&quot;,&quot;cta_link&quot;:&quot;https:\\\/\\\/www.obugio.org.br\\\/?utm_source=referralu0026amp;utm_medium=p4u0026amp;utm_campaign= atividades_voluntariosu0026amp;utm_content=p4_btn_column&quot;,&quot;link_new_tab&quot;:false}],&quot;className&quot;:&quot;is-style-no_image&quot;,&quot;columns_block_style&quot;:&quot;no_image&quot;}}\"><\/div><p>&nbsp;<\/p>\n<div data-render=\"planet4-blocks\/happypoint\" data-attributes=\"{&quot;attributes&quot;:{&quot;focus_image&quot;:&quot;50% 50%&quot;,&quot;id&quot;:205,&quot;override_default_content&quot;:true,&quot;local_content_provider&quot;:&quot;iframe_url&quot;,&quot;opacity&quot;:30}}\"><\/div>","protected":false},"excerpt":{"rendered":"<p>Toda semana, publicamos aqui as principais atividades realizadas pelos volunt\u00e1rios e volunt\u00e1rias ao redor do Brasil.<\/p>\n","protected":false},"author":44,"featured_media":0,"parent":37283,"menu_order":0,"comment_status":"closed","ping_status":"closed","template":"","meta":{"ep_exclude_from_search":false,"p4_hide_page_title_checkbox":"on","p4_title":"","p4_subtitle":"","p4_description":"","background_image_id":"","background_image":"","p4_button_title":"","p4_button_link":"","p4_button_link_checkbox":"","p4_og_title":"","p4_og_description":"","p4_og_image":"","p4_og_image_id":"","p4_seo_canonical_url":"","p4_campaign_name":"not set","p4_local_project":"not set","p4_basket_name":"not set","p4_department":"","footnotes":""},"categories":[5],"tags":[23],"class_list":["post-8277","page","type-page","status-publish","hentry","category-greenpeace","tag-mobilizacao"],"_links":{"self":[{"href":"https:\/\/www.greenpeace.org\/brasil\/wp-json\/wp\/v2\/pages\/8277","targetHints":{"allow":["GET"]}}],"collection":[{"href":"https:\/\/www.greenpeace.org\/brasil\/wp-json\/wp\/v2\/pages"}],"about":[{"href":"https:\/\/www.greenpeace.org\/brasil\/wp-json\/wp\/v2\/types\/page"}],"author":[{"embeddable":true,"href":"https:\/\/www.greenpeace.org\/brasil\/wp-json\/wp\/v2\/users\/44"}],"replies":[{"embeddable":true,"href":"https:\/\/www.greenpeace.org\/brasil\/wp-json\/wp\/v2\/comments?post=8277"}],"version-history":[{"count":20,"href":"https:\/\/www.greenpeace.org\/brasil\/wp-json\/wp\/v2\/pages\/8277\/revisions"}],"predecessor-version":[{"id":59863,"href":"https:\/\/www.greenpeace.org\/brasil\/wp-json\/wp\/v2\/pages\/8277\/revisions\/59863"}],"up":[{"embeddable":true,"href":"https:\/\/www.greenpeace.org\/brasil\/wp-json\/wp\/v2\/pages\/37283"}],"wp:attachment":[{"href":"https:\/\/www.greenpeace.org\/brasil\/wp-json\/wp\/v2\/media?parent=8277"}],"wp:term":[{"taxonomy":"category","embeddable":true,"href":"https:\/\/www.greenpeace.org\/brasil\/wp-json\/wp\/v2\/categories?post=8277"},{"taxonomy":"post_tag","embeddable":true,"href":"https:\/\/www.greenpeace.org\/brasil\/wp-json\/wp\/v2\/tags?post=8277"}],"curies":[{"name":"wp","href":"https:\/\/api.w.org\/{rel}","templated":true}]}}