{"id":10146,"date":"2023-07-27T12:38:43","date_gmt":"2023-07-27T12:38:43","guid":{"rendered":"https:\/\/www.greenpeace.org\/chile\/?page_id=10146"},"modified":"2025-07-23T15:50:16","modified_gmt":"2025-07-23T15:50:16","slug":"asociate-a-greenpeace","status":"publish","type":"page","link":"https:\/\/www.greenpeace.org\/chile\/asociate-a-greenpeace\/","title":{"rendered":"As\u00f3ciate"},"content":{"rendered":"\n\n<div class=\"wp-block-group alignfull is-layout-flow wp-block-group-is-layout-flow\">\n<div class=\"wp-block-group container is-layout-flow wp-block-group-is-layout-flow\">\n<div class=\"wp-block-media-text alignfull has-media-on-the-right is-stacked-on-mobile is-vertically-aligned-top is-pattern-p4-page-header is-style-parallax\"><div class=\"wp-block-media-text__content\">\n<div class=\"wp-block-group is-layout-flow wp-block-group-is-layout-flow\">\n<h1 class=\"wp-block-heading has-blue-green-800-color has-white-background-color has-text-color has-background has-link-color wp-elements-2650a3f457233d1aaaf1fe46ccafeb37\">As\u00f3ciate<\/h1>\n<\/div>\n\n\n\n<p style=\"font-size:1.25rem\"><strong>Tu apoyo es el motor de nuestras campa\u00f1as.<br><br>Ay\u00fadanos a seguir protegiendo el medio ambiente.<\/strong><\/p>\n\n\n\n<div class=\"wp-block-buttons is-layout-flex wp-block-buttons-is-layout-flex\">\n<div class=\"wp-block-button is-style-cta\"><a class=\"wp-block-button__link wp-element-button\" href=\"https:\/\/app.greenpeace.cl\/coupon\/regular\/forms\/registration?utm_source=web&amp;utm_medium=openSpace&amp;utm_content=banner_home&amp;utm_term=todos&amp;utm_campaign=Institucional\" target=\"_blank\" rel=\"noreferrer noopener\">AS\u00d3CIATE AHORA<\/a><\/div>\n<\/div>\n<\/div><figure class=\"wp-block-media-text__media\"><img loading=\"lazy\" decoding=\"async\" width=\"1024\" height=\"683\" src=\"https:\/\/www.greenpeace.org\/static\/planet4-chile-stateless\/2025\/05\/20250512-Jornada-Humedal-Mantagua-Credito-Quinterowild-Greenpeace-3-1024x683.jpg\" alt=\"\" sizes=\"auto, (min-width: 601px) 50vw, 100vw\" srcset=\"https:\/\/www.greenpeace.org\/static\/planet4-chile-stateless\/2025\/05\/20250512-Jornada-Humedal-Mantagua-Credito-Quinterowild-Greenpeace-3-scaled.jpg 2560w, https:\/\/www.greenpeace.org\/static\/planet4-chile-stateless\/2025\/05\/20250512-Jornada-Humedal-Mantagua-Credito-Quinterowild-Greenpeace-3-300x200.jpg 300w, https:\/\/www.greenpeace.org\/static\/planet4-chile-stateless\/2025\/05\/20250512-Jornada-Humedal-Mantagua-Credito-Quinterowild-Greenpeace-3-1024x683.jpg 1024w, https:\/\/www.greenpeace.org\/static\/planet4-chile-stateless\/2025\/05\/20250512-Jornada-Humedal-Mantagua-Credito-Quinterowild-Greenpeace-3-768x512.jpg 768w, https:\/\/www.greenpeace.org\/static\/planet4-chile-stateless\/2025\/05\/20250512-Jornada-Humedal-Mantagua-Credito-Quinterowild-Greenpeace-3-1536x1024.jpg 1536w, https:\/\/www.greenpeace.org\/static\/planet4-chile-stateless\/2025\/05\/20250512-Jornada-Humedal-Mantagua-Credito-Quinterowild-Greenpeace-3-2048x1366.jpg 2048w, https:\/\/www.greenpeace.org\/static\/planet4-chile-stateless\/2025\/05\/20250512-Jornada-Humedal-Mantagua-Credito-Quinterowild-Greenpeace-3-510x340.jpg 510w\" class=\"wp-image-14096 size-full\"\/><\/figure><\/div>\n<\/div>\n<\/div>\n\n\n<p><span style=\"font-weight: 400;\">Nuestros <strong>socios y socias <\/strong>son personas que decidieron actuar y apoyar econ\u00f3micamente nuestras campa\u00f1as a favor de la protecci\u00f3n del planeta donde vivimos. Son quienes permiten financiar el trabajo que realizamos y<strong> gracias a ellas podemos contar con independencia pol\u00edtica y econ\u00f3mica<\/strong> para denunciar con total libertad a cualquiera que atente contra el medio ambiente. <strong>Nos apoyan m<\/strong><\/span><b>\u00e1s de 3 millones de socios en todo el mundo.<\/b><\/p>\n\n<div class=\"wp-block-media-text is-stacked-on-mobile has-beige-100-background-color has-background\"><figure class=\"wp-block-media-text__media\"><img loading=\"lazy\" decoding=\"async\" width=\"1024\" height=\"683\" src=\"https:\/\/www.greenpeace.org\/static\/planet4-chile-stateless\/2024\/06\/4a2f57bb-gp1sxex6_medium-res-with-credit-line-1200px-1024x683.jpg\" alt=\"\" sizes=\"auto, (min-width: 1600px) calc((1320px - 24px) \/ 2),(min-width: 1200px) calc((1140px - 24px) \/ 2),(min-width: 992px) calc((960px - 24px) \/ 2),(min-width: 768px) calc((720px - 24px) \/ 2),(min-width: 601px) calc((540px - 24px) \/ 2),(min-width: 577px) calc((540px - 24px) \/ 1), calc(100vw - 24px)\" srcset=\"https:\/\/www.greenpeace.org\/static\/planet4-chile-stateless\/2024\/06\/4a2f57bb-gp1sxex6_medium-res-with-credit-line-1200px.jpg 1200w, https:\/\/www.greenpeace.org\/static\/planet4-chile-stateless\/2024\/06\/4a2f57bb-gp1sxex6_medium-res-with-credit-line-1200px-300x200.jpg 300w, https:\/\/www.greenpeace.org\/static\/planet4-chile-stateless\/2024\/06\/4a2f57bb-gp1sxex6_medium-res-with-credit-line-1200px-1024x683.jpg 1024w, https:\/\/www.greenpeace.org\/static\/planet4-chile-stateless\/2024\/06\/4a2f57bb-gp1sxex6_medium-res-with-credit-line-1200px-768x512.jpg 768w, https:\/\/www.greenpeace.org\/static\/planet4-chile-stateless\/2024\/06\/4a2f57bb-gp1sxex6_medium-res-with-credit-line-1200px-510x340.jpg 510w\" class=\"wp-image-12542 size-full\"\/><\/figure><div class=\"wp-block-media-text__content\">\n<h2 class=\"wp-block-heading\">Captadores de di\u00e1logo directo<\/h2>\n\n\n\n<p>Tambi\u00e9n puedes unirte a nosotros a trav\u00e9s de los captadores de di\u00e1logo directo.<\/p>\n\n\n\n<div class=\"wp-block-buttons is-layout-flex wp-block-buttons-is-layout-flex\">\n<div class=\"wp-block-button\"><a class=\"wp-block-button__link wp-element-button\" href=\"https:\/\/www.greenpeace.org\/chile\/captadores-dialogo-directo\/\">Conoce m\u00e1s<\/a><\/div>\n<\/div>\n<\/div><\/div>\n\n<div style=\"height:20px\" aria-hidden=\"true\" class=\"wp-block-spacer\"><\/div>\n\n<h2 class=\"wp-block-heading is-style-default\">En cada una de nuestras campa\u00f1as los recursos se destinan de la siguiente manera:<\/h2>\n\n<div class=\"wp-block-media-text alignwide is-stacked-on-mobile has-action-yellow-background-color has-background\" style=\"grid-template-columns:60% auto\"><figure class=\"wp-block-media-text__media\"><img decoding=\"async\" src=\"https:\/\/www.greenpeace.org\/static\/planet4-argentina-stateless\/2023\/07\/b688911f-gpa-toma-de-muestras-placton-witness-credito-osvaldo-tesoro-greenpeace-22-1024x684.jpg\" alt=\"\" sizes=\"(min-width: 1600px) calc((1320px - 24px) \/ 1.6667),(min-width: 1200px) calc((1140px - 24px) \/ 1.6667),(min-width: 992px) calc((960px - 24px) \/ 1.6667),(min-width: 768px) calc((720px - 24px) \/ 1.6667),(min-width: 601px) calc((540px - 24px) \/ 1.6667),(min-width: 577px) calc((540px - 24px) \/ 1), calc(100vw - 24px)\" srcset=\"\" class=\"wp-image-20510 size-full\"\/><\/figure><div class=\"wp-block-media-text__content\">\n<p style=\"font-style:normal;font-weight:600\">\u2022&nbsp;Investigaci\u00f3n<\/p>\n\n\n\n<p style=\"font-style:normal;font-weight:600\"><br>\u2022&nbsp;Elaboraci\u00f3n de documentos<\/p>\n\n\n\n<p style=\"font-style:normal;font-weight:600\"><br>\u2022&nbsp;Generaci\u00f3n de propuestas de soluci\u00f3n<\/p>\n<\/div><\/div>\n\n<div class=\"wp-block-media-text alignwide has-media-on-the-right is-stacked-on-mobile has-green-400-background-color has-background\" style=\"grid-template-columns:auto 60%\"><div class=\"wp-block-media-text__content\">\n<p style=\"font-style:normal;font-weight:700\"><br>\u2022&nbsp;Denuncia de las problem\u00e1ticas ambientales<\/p>\n\n\n\n<p style=\"font-style:normal;font-weight:700\"><br>\u2022&nbsp;Trabajo con diversos actores sociales -tomadores de decisiones, legisladores, comunidades, organizaciones, acad\u00e9micos, entre muchos otros<\/p>\n<\/div><figure class=\"wp-block-media-text__media\"><img decoding=\"async\" src=\"https:\/\/www.greenpeace.org\/static\/planet4-argentina-stateless\/2019\/10\/29fe2c30-gp0sttppc_web_size.jpg\" alt=\"Barco Esperanza con activistas a bordo\" sizes=\"(min-width: 1600px) calc((1320px - 24px) \/ 1.6667),(min-width: 1200px) calc((1140px - 24px) \/ 1.6667),(min-width: 992px) calc((960px - 24px) \/ 1.6667),(min-width: 768px) calc((720px - 24px) \/ 1.6667),(min-width: 601px) calc((540px - 24px) \/ 1.6667),(min-width: 577px) calc((540px - 24px) \/ 1), calc(100vw - 24px)\" srcset=\"\" class=\"wp-image-2764 size-full\"\/><\/figure><\/div>\n\n<div class=\"wp-block-media-text alignwide is-stacked-on-mobile has-green-400-background-color has-background\" style=\"grid-template-columns:60% auto\"><figure class=\"wp-block-media-text__media\"><img loading=\"lazy\" decoding=\"async\" width=\"1024\" height=\"683\" src=\"https:\/\/www.greenpeace.org\/static\/planet4-chile-stateless\/2022\/01\/956f0e70-gpc_noadominga_ministerio_04-1024x683.jpg\" alt=\"\" sizes=\"auto, (min-width: 1600px) calc((1320px - 24px) \/ 1.6667),(min-width: 1200px) calc((1140px - 24px) \/ 1.6667),(min-width: 992px) calc((960px - 24px) \/ 1.6667),(min-width: 768px) calc((720px - 24px) \/ 1.6667),(min-width: 601px) calc((540px - 24px) \/ 1.6667),(min-width: 577px) calc((540px - 24px) \/ 1), calc(100vw - 24px)\" srcset=\"https:\/\/www.greenpeace.org\/static\/planet4-chile-stateless\/2022\/01\/956f0e70-gpc_noadominga_ministerio_04-scaled.jpg 2560w, https:\/\/www.greenpeace.org\/static\/planet4-chile-stateless\/2022\/01\/956f0e70-gpc_noadominga_ministerio_04-300x200.jpg 300w, https:\/\/www.greenpeace.org\/static\/planet4-chile-stateless\/2022\/01\/956f0e70-gpc_noadominga_ministerio_04-1024x683.jpg 1024w, https:\/\/www.greenpeace.org\/static\/planet4-chile-stateless\/2022\/01\/956f0e70-gpc_noadominga_ministerio_04-768x512.jpg 768w, https:\/\/www.greenpeace.org\/static\/planet4-chile-stateless\/2022\/01\/956f0e70-gpc_noadominga_ministerio_04-1536x1025.jpg 1536w, https:\/\/www.greenpeace.org\/static\/planet4-chile-stateless\/2022\/01\/956f0e70-gpc_noadominga_ministerio_04-2048x1366.jpg 2048w, https:\/\/www.greenpeace.org\/static\/planet4-chile-stateless\/2022\/01\/956f0e70-gpc_noadominga_ministerio_04-510x340.jpg 510w\" class=\"wp-image-7585 size-full\"\/><\/figure><div class=\"wp-block-media-text__content\">\n<p style=\"font-style:normal;font-weight:700\">\u2022&nbsp;Ir directamente al lugar de los hechos y dar testimonio de primera mano<\/p>\n\n\n\n<p style=\"font-style:normal;font-weight:700\"><br>\u2022&nbsp;Exponer p\u00fablicamente -mediante una variada gama de herramientas que incluye nuestras acciones- el tema en el cual estamos trabajando<\/p>\n\n\n\n<p style=\"font-style:normal;font-weight:700\"><br>\u2022\u00a0Desarrollo de mecanismos de participaci\u00f3n, entre muchas otras actividades<\/p>\n<\/div><\/div>\n\n<div class=\"wp-block-buttons has-custom-font-size has-x-large-font-size is-content-justification-center is-layout-flex wp-container-core-buttons-is-layout-16018d1d wp-block-buttons-is-layout-flex\">\n<div class=\"wp-block-button has-custom-width wp-block-button__width-100 is-style-cta\"><a class=\"wp-block-button__link has-medium-font-size has-custom-font-size wp-element-button\" href=\"https:\/\/www.greenpeace.org\/chile\/como-nos-financiamos\/\" target=\"_blank\" rel=\"noreferrer noopener\">Conoce m\u00e1s sobre nuestra transparencia, reportes y balances<\/a><\/div>\n<\/div>\n\n<p>Vale la pena se\u00f1alar que hay una porci\u00f3n importante del trabajo que realizamos cotidianamente que no es remunerada:&nbsp;<strong>se trata del trabajo voluntario<\/strong>&nbsp;de decenas de personas que hacen traducciones, participan en nuestras demostraciones directas no violentas, reparten materiales, desarrollan actividades de oficina, entre muchas otras tareas. Su aporte es esencial para nuestra organizaci\u00f3n. <a href=\"https:\/\/www.greenpeace.org\/chile\/unete-al-voluntariado\/\" target=\"_blank\" rel=\"noreferrer noopener\">Conoce m\u00e1s.<\/a><\/p>\n\n<h4 class=\"wp-block-heading has-grey-200-background-color has-background\">Si ya eres socio\/a y deseas m\u00e1s informaci\u00f3n, no dudes en ponerte en contacto con nuestro servicio de atenci\u00f3n al socio\/a, llamando al\u00a0\u00a0<strong>+56 2 26343800<\/strong>\u00a0o a trav\u00e9s del correo\u00a0<strong><a href=\"mailto:socios@greenpeace.cl\" target=\"_blank\" rel=\"noreferrer noopener\">socios@greenpeace.cl<\/a><\/strong><\/h4>\n","protected":false},"excerpt":{"rendered":"<p>Tu apoyo es el motor de nuestras campa\u00f1as.<\/p>\n","protected":false},"author":55,"featured_media":12543,"parent":0,"menu_order":0,"comment_status":"closed","ping_status":"closed","template":"","meta":{"ep_exclude_from_search":false,"p4_hide_page_title_checkbox":"on","p4_title":"","p4_subtitle":"","p4_description":"","background_image_id":"","background_image":"","p4_button_title":"","p4_button_link":"","p4_button_link_checkbox":"","p4_og_title":"As\u00f3ciate","p4_og_description":"Ay\u00fadanos a seguir protegiendo el medio ambiente.","p4_og_image":"https:\/\/www.greenpeace.org\/static\/planet4-chile-stateless\/2024\/06\/de2a526a-gp029hg_medium-res-with-credit-line-1200px.jpg","p4_og_image_id":"12543","p4_seo_canonical_url":"","p4_campaign_name":"not set","p4_local_project":"not set","p4_basket_name":"not set","p4_department":"","footnotes":""},"categories":[],"tags":[],"class_list":["post-10146","page","type-page","status-publish","has-post-thumbnail","hentry"],"_links":{"self":[{"href":"https:\/\/www.greenpeace.org\/chile\/wp-json\/wp\/v2\/pages\/10146","targetHints":{"allow":["GET"]}}],"collection":[{"href":"https:\/\/www.greenpeace.org\/chile\/wp-json\/wp\/v2\/pages"}],"about":[{"href":"https:\/\/www.greenpeace.org\/chile\/wp-json\/wp\/v2\/types\/page"}],"author":[{"embeddable":true,"href":"https:\/\/www.greenpeace.org\/chile\/wp-json\/wp\/v2\/users\/55"}],"replies":[{"embeddable":true,"href":"https:\/\/www.greenpeace.org\/chile\/wp-json\/wp\/v2\/comments?post=10146"}],"version-history":[{"count":19,"href":"https:\/\/www.greenpeace.org\/chile\/wp-json\/wp\/v2\/pages\/10146\/revisions"}],"predecessor-version":[{"id":14973,"href":"https:\/\/www.greenpeace.org\/chile\/wp-json\/wp\/v2\/pages\/10146\/revisions\/14973"}],"wp:featuredmedia":[{"embeddable":true,"href":"https:\/\/www.greenpeace.org\/chile\/wp-json\/wp\/v2\/media\/12543"}],"wp:attachment":[{"href":"https:\/\/www.greenpeace.org\/chile\/wp-json\/wp\/v2\/media?parent=10146"}],"wp:term":[{"taxonomy":"category","embeddable":true,"href":"https:\/\/www.greenpeace.org\/chile\/wp-json\/wp\/v2\/categories?post=10146"},{"taxonomy":"post_tag","embeddable":true,"href":"https:\/\/www.greenpeace.org\/chile\/wp-json\/wp\/v2\/tags?post=10146"}],"curies":[{"name":"wp","href":"https:\/\/api.w.org\/{rel}","templated":true}]}}

Asóciate

<div class="wp-block-group alignfull is-layout-flow wp-block-group-is-layout-flow">
<div class="wp-block-group container is-layout-flow wp-block-group-is-layout-flow">
<div class="wp-block-media-text alignfull has-media-on-the-right is-stacked-on-mobile is-vertically-aligned-top is-pattern-p4-page-header is-style-parallax"><div class="wp-block-media-text__content">
<div class="wp-block-group is-layout-flow wp-block-group-is-layout-flow">
<h1 class="wp-block-heading has-blue-green-800-color has-white-background-color has-text-color has-background has-link-color wp-elements-2650a3f457233d1aaaf1fe46ccafeb37">Asóciate</h1>
</div>



<p style="font-size:1.25rem"><strong>Tu apoyo es el motor de nuestras campañas.<br><br>Ayúdanos a seguir protegiendo el medio ambiente.</strong></p>



<div class="wp-block-buttons is-layout-flex wp-block-buttons-is-layout-flex">
<div class="wp-block-button is-style-cta"><a class="wp-block-button__link wp-element-button" href="https://app.greenpeace.cl/coupon/regular/forms/registration?utm_source=web&amp;utm_medium=openSpace&amp;utm_content=banner_home&amp;utm_term=todos&amp;utm_campaign=Institucional" target="_blank" rel="noreferrer noopener">ASÓCIATE AHORA</a></div>
</div>
</div><figure class="wp-block-media-text__media"><img loading="lazy" decoding="async" width="1024" height="683" src="https://www.greenpeace.org/static/planet4-chile-stateless/2025/05/20250512-Jornada-Humedal-Mantagua-Credito-Quinterowild-Greenpeace-3-1024x683.jpg" alt="" sizes="auto, (min-width: 601px) 50vw, 100vw" srcset="https://www.greenpeace.org/static/planet4-chile-stateless/2025/05/20250512-Jornada-Humedal-Mantagua-Credito-Quinterowild-Greenpeace-3-scaled.jpg 2560w, https://www.greenpeace.org/static/planet4-chile-stateless/2025/05/20250512-Jornada-Humedal-Mantagua-Credito-Quinterowild-Greenpeace-3-300x200.jpg 300w, https://www.greenpeace.org/static/planet4-chile-stateless/2025/05/20250512-Jornada-Humedal-Mantagua-Credito-Quinterowild-Greenpeace-3-1024x683.jpg 1024w, https://www.greenpeace.org/static/planet4-chile-stateless/2025/05/20250512-Jornada-Humedal-Mantagua-Credito-Quinterowild-Greenpeace-3-768x512.jpg 768w, https://www.greenpeace.org/static/planet4-chile-stateless/2025/05/20250512-Jornada-Humedal-Mantagua-Credito-Quinterowild-Greenpeace-3-1536x1024.jpg 1536w, https://www.greenpeace.org/static/planet4-chile-stateless/2025/05/20250512-Jornada-Humedal-Mantagua-Credito-Quinterowild-Greenpeace-3-2048x1366.jpg 2048w, https://www.greenpeace.org/static/planet4-chile-stateless/2025/05/20250512-Jornada-Humedal-Mantagua-Credito-Quinterowild-Greenpeace-3-510x340.jpg 510w" class="wp-image-14096 size-full"/></figure></div>
</div>
</div>


<p><span style="font-weight: 400;">Nuestros <strong>socios y socias </strong>son personas que decidieron actuar y apoyar económicamente nuestras campañas a favor de la protección del planeta donde vivimos. Son quienes permiten financiar el trabajo que realizamos y<strong> gracias a ellas podemos contar con independencia política y económica</strong> para denunciar con total libertad a cualquiera que atente contra el medio ambiente. <strong>Nos apoyan m</strong></span><b>ás de 3 millones de socios en todo el mundo.</b></p>

<div class="wp-block-media-text is-stacked-on-mobile has-beige-100-background-color has-background"><figure class="wp-block-media-text__media"><img loading="lazy" decoding="async" width="1024" height="683" src="https://www.greenpeace.org/static/planet4-chile-stateless/2024/06/4a2f57bb-gp1sxex6_medium-res-with-credit-line-1200px-1024x683.jpg" alt="" sizes="auto, (min-width: 1600px) calc((1320px - 24px) / 2),(min-width: 1200px) calc((1140px - 24px) / 2),(min-width: 992px) calc((960px - 24px) / 2),(min-width: 768px) calc((720px - 24px) / 2),(min-width: 601px) calc((540px - 24px) / 2),(min-width: 577px) calc((540px - 24px) / 1), calc(100vw - 24px)" srcset="https://www.greenpeace.org/static/planet4-chile-stateless/2024/06/4a2f57bb-gp1sxex6_medium-res-with-credit-line-1200px.jpg 1200w, https://www.greenpeace.org/static/planet4-chile-stateless/2024/06/4a2f57bb-gp1sxex6_medium-res-with-credit-line-1200px-300x200.jpg 300w, https://www.greenpeace.org/static/planet4-chile-stateless/2024/06/4a2f57bb-gp1sxex6_medium-res-with-credit-line-1200px-1024x683.jpg 1024w, https://www.greenpeace.org/static/planet4-chile-stateless/2024/06/4a2f57bb-gp1sxex6_medium-res-with-credit-line-1200px-768x512.jpg 768w, https://www.greenpeace.org/static/planet4-chile-stateless/2024/06/4a2f57bb-gp1sxex6_medium-res-with-credit-line-1200px-510x340.jpg 510w" class="wp-image-12542 size-full"/></figure><div class="wp-block-media-text__content">
<h2 class="wp-block-heading">Captadores de diálogo directo</h2>



<p>También puedes unirte a nosotros a través de los captadores de diálogo directo.</p>



<div class="wp-block-buttons is-layout-flex wp-block-buttons-is-layout-flex">
<div class="wp-block-button"><a class="wp-block-button__link wp-element-button" href="https://www.greenpeace.org/chile/captadores-dialogo-directo/">Conoce más</a></div>
</div>
</div></div>

<div style="height:20px" aria-hidden="true" class="wp-block-spacer"></div>

<h2 class="wp-block-heading is-style-default">En cada una de nuestras campañas los recursos se destinan de la siguiente manera:</h2>

<div class="wp-block-media-text alignwide is-stacked-on-mobile has-action-yellow-background-color has-background" style="grid-template-columns:60% auto"><figure class="wp-block-media-text__media"><img decoding="async" src="https://www.greenpeace.org/static/planet4-argentina-stateless/2023/07/b688911f-gpa-toma-de-muestras-placton-witness-credito-osvaldo-tesoro-greenpeace-22-1024x684.jpg" alt="" sizes="(min-width: 1600px) calc((1320px - 24px) / 1.6667),(min-width: 1200px) calc((1140px - 24px) / 1.6667),(min-width: 992px) calc((960px - 24px) / 1.6667),(min-width: 768px) calc((720px - 24px) / 1.6667),(min-width: 601px) calc((540px - 24px) / 1.6667),(min-width: 577px) calc((540px - 24px) / 1), calc(100vw - 24px)" srcset="" class="wp-image-20510 size-full"/></figure><div class="wp-block-media-text__content">
<p style="font-style:normal;font-weight:600">•&nbsp;Investigación</p>



<p style="font-style:normal;font-weight:600"><br>•&nbsp;Elaboración de documentos</p>



<p style="font-style:normal;font-weight:600"><br>•&nbsp;Generación de propuestas de solución</p>
</div></div>

<div class="wp-block-media-text alignwide has-media-on-the-right is-stacked-on-mobile has-green-400-background-color has-background" style="grid-template-columns:auto 60%"><div class="wp-block-media-text__content">
<p style="font-style:normal;font-weight:700"><br>•&nbsp;Denuncia de las problemáticas ambientales</p>



<p style="font-style:normal;font-weight:700"><br>•&nbsp;Trabajo con diversos actores sociales -tomadores de decisiones, legisladores, comunidades, organizaciones, académicos, entre muchos otros</p>
</div><figure class="wp-block-media-text__media"><img decoding="async" src="https://www.greenpeace.org/static/planet4-argentina-stateless/2019/10/29fe2c30-gp0sttppc_web_size.jpg" alt="Barco Esperanza con activistas a bordo" sizes="(min-width: 1600px) calc((1320px - 24px) / 1.6667),(min-width: 1200px) calc((1140px - 24px) / 1.6667),(min-width: 992px) calc((960px - 24px) / 1.6667),(min-width: 768px) calc((720px - 24px) / 1.6667),(min-width: 601px) calc((540px - 24px) / 1.6667),(min-width: 577px) calc((540px - 24px) / 1), calc(100vw - 24px)" srcset="" class="wp-image-2764 size-full"/></figure></div>

<div class="wp-block-media-text alignwide is-stacked-on-mobile has-green-400-background-color has-background" style="grid-template-columns:60% auto"><figure class="wp-block-media-text__media"><img loading="lazy" decoding="async" width="1024" height="683" src="https://www.greenpeace.org/static/planet4-chile-stateless/2022/01/956f0e70-gpc_noadominga_ministerio_04-1024x683.jpg" alt="" sizes="auto, (min-width: 1600px) calc((1320px - 24px) / 1.6667),(min-width: 1200px) calc((1140px - 24px) / 1.6667),(min-width: 992px) calc((960px - 24px) / 1.6667),(min-width: 768px) calc((720px - 24px) / 1.6667),(min-width: 601px) calc((540px - 24px) / 1.6667),(min-width: 577px) calc((540px - 24px) / 1), calc(100vw - 24px)" srcset="https://www.greenpeace.org/static/planet4-chile-stateless/2022/01/956f0e70-gpc_noadominga_ministerio_04-scaled.jpg 2560w, https://www.greenpeace.org/static/planet4-chile-stateless/2022/01/956f0e70-gpc_noadominga_ministerio_04-300x200.jpg 300w, https://www.greenpeace.org/static/planet4-chile-stateless/2022/01/956f0e70-gpc_noadominga_ministerio_04-1024x683.jpg 1024w, https://www.greenpeace.org/static/planet4-chile-stateless/2022/01/956f0e70-gpc_noadominga_ministerio_04-768x512.jpg 768w, https://www.greenpeace.org/static/planet4-chile-stateless/2022/01/956f0e70-gpc_noadominga_ministerio_04-1536x1025.jpg 1536w, https://www.greenpeace.org/static/planet4-chile-stateless/2022/01/956f0e70-gpc_noadominga_ministerio_04-2048x1366.jpg 2048w, https://www.greenpeace.org/static/planet4-chile-stateless/2022/01/956f0e70-gpc_noadominga_ministerio_04-510x340.jpg 510w" class="wp-image-7585 size-full"/></figure><div class="wp-block-media-text__content">
<p style="font-style:normal;font-weight:700">•&nbsp;Ir directamente al lugar de los hechos y dar testimonio de primera mano</p>



<p style="font-style:normal;font-weight:700"><br>•&nbsp;Exponer públicamente -mediante una variada gama de herramientas que incluye nuestras acciones- el tema en el cual estamos trabajando</p>



<p style="font-style:normal;font-weight:700"><br>• Desarrollo de mecanismos de participación, entre muchas otras actividades</p>
</div></div>

<div class="wp-block-buttons has-custom-font-size has-x-large-font-size is-content-justification-center is-layout-flex wp-container-core-buttons-is-layout-16018d1d wp-block-buttons-is-layout-flex">
<div class="wp-block-button has-custom-width wp-block-button__width-100 is-style-cta"><a class="wp-block-button__link has-medium-font-size has-custom-font-size wp-element-button" href="https://www.greenpeace.org/chile/como-nos-financiamos/" target="_blank" rel="noreferrer noopener">Conoce más sobre nuestra transparencia, reportes y balances</a></div>
</div>

<p>Vale la pena señalar que hay una porción importante del trabajo que realizamos cotidianamente que no es remunerada:&nbsp;<strong>se trata del trabajo voluntario</strong>&nbsp;de decenas de personas que hacen traducciones, participan en nuestras demostraciones directas no violentas, reparten materiales, desarrollan actividades de oficina, entre muchas otras tareas. Su aporte es esencial para nuestra organización. <a href="https://www.greenpeace.org/chile/unete-al-voluntariado/" target="_blank" rel="noreferrer noopener">Conoce más.</a></p>

<h4 class="wp-block-heading has-grey-200-background-color has-background">Si ya eres socio/a y deseas más información, no dudes en ponerte en contacto con nuestro servicio de atención al socio/a, llamando al  <strong>+56 2 26343800</strong> o a través del correo <strong><a href="mailto:socios@greenpeace.cl" target="_blank" rel="noreferrer noopener">socios@greenpeace.cl</a></strong></h4>

<p>Tu apoyo es el motor de nuestras campañas.</p>

Ayúdanos a seguir protegiendo el medio ambiente.
