{"id":10153,"date":"2023-07-27T13:10:14","date_gmt":"2023-07-27T13:10:14","guid":{"rendered":"https:\/\/www.greenpeace.org\/chile\/?page_id=10153"},"modified":"2025-07-02T07:17:20","modified_gmt":"2025-07-02T07:17:20","slug":"sobre-nosotros","status":"publish","type":"page","link":"https:\/\/www.greenpeace.org\/chile\/sobre-nosotros\/","title":{"rendered":"Qui\u00e9nes somos"},"content":{"rendered":"\n<div class=\"wp-block-group is-vertical is-layout-flex wp-container-core-group-is-layout-8cf370e7 wp-block-group-is-layout-flex\"><\/div>\n\n<div class=\"wp-block-media-text alignfull has-media-on-the-right is-stacked-on-mobile is-pattern-p4-page-header\"><div class=\"wp-block-media-text__content\">\n<div class=\"wp-block-group is-layout-flow wp-block-group-is-layout-flow\">\n<h1 class=\"wp-block-heading has-blue-green-800-color has-white-background-color has-text-color has-background\">Sobre<br>Greenpeace<\/h1>\n<\/div>\n\n\n\n<p>En Greenpeace trabajamos para defender el medio ambiente, promover la paz y estimular a la gente para que cambie actitudes y comportamientos que ponen en riesgo a la naturaleza.<\/p>\n\n\n\n<div class=\"wp-block-buttons is-layout-flex wp-block-buttons-is-layout-flex\">\n<div class=\"wp-block-button is-style-cta\"><a class=\"wp-block-button__link wp-element-button\" href=\"https:\/\/app.greenpeace.cl\/coupon\/regular\/forms\/registration?utm_source=web&amp;utm_medium=openSpace&amp;utm_content=banner_home&amp;utm_term=todos&amp;utm_campaign=Institucional\" target=\"_blank\" rel=\"noreferrer noopener\">HAZ TU APORTE<\/a><\/div>\n<\/div>\n<\/div><figure class=\"wp-block-media-text__media\"><img loading=\"lazy\" decoding=\"async\" width=\"1024\" height=\"683\" src=\"https:\/\/www.greenpeace.org\/static\/planet4-chile-stateless\/2018\/10\/817249e6-6b5124bf-gp0stqznc_pressmedia-1024x683.jpg\" alt=\"\" sizes=\"auto, (min-width: 601px) 50vw, 100vw\" srcset=\"https:\/\/www.greenpeace.org\/static\/planet4-chile-stateless\/2018\/10\/817249e6-6b5124bf-gp0stqznc_pressmedia.jpg 2500w, https:\/\/www.greenpeace.org\/static\/planet4-chile-stateless\/2018\/10\/817249e6-6b5124bf-gp0stqznc_pressmedia-300x200.jpg 300w, https:\/\/www.greenpeace.org\/static\/planet4-chile-stateless\/2018\/10\/817249e6-6b5124bf-gp0stqznc_pressmedia-768x512.jpg 768w, https:\/\/www.greenpeace.org\/static\/planet4-chile-stateless\/2018\/10\/817249e6-6b5124bf-gp0stqznc_pressmedia-1024x683.jpg 1024w, https:\/\/www.greenpeace.org\/static\/planet4-chile-stateless\/2018\/10\/817249e6-6b5124bf-gp0stqznc_pressmedia-2048x1366.jpg 2048w, https:\/\/www.greenpeace.org\/static\/planet4-chile-stateless\/2018\/10\/817249e6-6b5124bf-gp0stqznc_pressmedia-510x340.jpg 510w\" class=\"wp-image-463 size-full\"\/><\/figure><\/div>\n\n<p>Somos una organizaci\u00f3n ecologista internacional sin fines de lucro.<\/p>\n\n<p><strong>Denunciamos <\/strong>los problemas ambientales globales y a quienes los cometen a trav\u00e9s de <strong>acciones no violentas y creativas<\/strong>. Buscamos <strong>generar conciencia<\/strong>, <strong>informar<\/strong>, atraer la <strong>atenci\u00f3n p\u00fablica <\/strong>y promover la <strong>participaci\u00f3n<\/strong> en la <strong>b\u00fasqueda de soluciones<\/strong>.<\/p>\n\n<p>Junto a miles de personas <strong>presionamos a empresas y gobiernos<\/strong> para que tomen las decisiones correctas. As\u00ed buscamos incidir en pol\u00edticas p\u00fablicas e inspirar cambios. M\u00e1s de <strong>3 millones de socios<\/strong> apoyan nuestro trabajo en todo el mundo.<\/p>\n\n<p><em>En Greenpeace contamos con 27 oficinas (nacionales y regionales) que realizan operaciones en 55 pa\u00edses. La sede central se encuentra en Amsterdam, Holanda.<\/em><\/p>\n\n<p class=\"has-text-align-center\" style=\"font-size:25px;text-transform:capitalize\">Creemos que el cambio en las actitudes individuales puede marcar una gran diferencia para el futuro del planeta. <strong>Si millones de personas con los mismos valores se conectan, el poder del cambio se convierte en global.<\/strong><\/p>\n\n<div style=\"height:60px\" aria-hidden=\"true\" class=\"wp-block-spacer\"><\/div>\n\n<h2 class=\"wp-block-heading\"><strong>Nuestros valores<\/strong><\/h2>\n\n<p>Son la expresi\u00f3n de los principios que nos gu\u00edan y por los que respondemos. Estos valores nos acompa\u00f1an cuando desarrollamos nuestras campa\u00f1as,&nbsp; difundimos las acciones que realizamos, o decidimos c\u00f3mo utilizar nuestros recursos.<\/p>\n\n<div class=\"wp-block-group alignfull is-style-default has-white-background-color has-background is-vertical is-layout-flex wp-container-core-group-is-layout-8cf370e7 wp-block-group-is-layout-flex\">\n<div class=\"wp-block-columns alignfull is-style-default has-grey-800-color has-grey-200-background-color has-text-color has-background is-layout-flex wp-container-core-columns-is-layout-9d6595d7 wp-block-columns-is-layout-flex\">\n<div class=\"wp-block-column is-vertically-aligned-top has-grey-200-background-color has-background is-layout-constrained wp-block-column-is-layout-constrained\">\n<h3 class=\"wp-block-heading has-text-align-center\">Independencia<\/h3>\n\n\n\n<figure class=\"wp-block-image aligncenter size-large is-resized caption-alignment-center is-style-default\"><img loading=\"lazy\" decoding=\"async\" width=\"1024\" height=\"686\" src=\"https:\/\/www.greenpeace.org\/static\/planet4-chile-stateless\/2021\/03\/b5034c1b-servicioelectoral-1024x686.jpg\" alt=\"\" class=\"wp-image-6223\" style=\"width:256px;height:172px\" srcset=\"https:\/\/www.greenpeace.org\/static\/planet4-chile-stateless\/2021\/03\/b5034c1b-servicioelectoral-1024x686.jpg 1024w, https:\/\/www.greenpeace.org\/static\/planet4-chile-stateless\/2021\/03\/b5034c1b-servicioelectoral-300x201.jpg 300w, https:\/\/www.greenpeace.org\/static\/planet4-chile-stateless\/2021\/03\/b5034c1b-servicioelectoral-768x515.jpg 768w, https:\/\/www.greenpeace.org\/static\/planet4-chile-stateless\/2021\/03\/b5034c1b-servicioelectoral-1536x1029.jpg 1536w, https:\/\/www.greenpeace.org\/static\/planet4-chile-stateless\/2021\/03\/b5034c1b-servicioelectoral-507x340.jpg 507w, https:\/\/www.greenpeace.org\/static\/planet4-chile-stateless\/2021\/03\/b5034c1b-servicioelectoral.jpg 2000w\" sizes=\"auto, (max-width: 1024px) 100vw, 1024px\" \/><\/figure>\n\n\n\n<p class=\"has-text-align-center\">Somos una organizaci\u00f3n sin fines de lucro, independiente, que no acepta donaciones de gobiernos, empresas o partidos pol\u00edticos. El trabajo que realizamos es totalmente financiado por m\u00e1s de 3 millones de socios en todo el mundo. Nuestra independencia econ\u00f3mica garantiza transparencia y libertad de expresi\u00f3n. Adem\u00e1s, permite asumir riesgos y hacer frente a los objetivos comprometi\u00e9ndonos exclusivamente con los individuos y la sociedad civil.<\/p>\n<\/div>\n\n\n\n<div class=\"wp-block-column is-vertically-aligned-top has-grey-200-background-color has-background is-layout-constrained wp-block-column-is-layout-constrained\">\n<h3 class=\"wp-block-heading has-text-align-center is-style-default\">No violencia<\/h3>\n\n\n\n<figure class=\"wp-block-image aligncenter size-large is-resized is-style-default\"><img loading=\"lazy\" decoding=\"async\" width=\"1024\" height=\"678\" src=\"https:\/\/www.greenpeace.org\/static\/planet4-chile-stateless\/2021\/06\/92214fe8-gp1sv0ot_medium_res_with_credit_line-1024x678.jpg\" alt=\"Victor Pickering, a Greenpeace International activist from Fiji  displays a banner reading \u201cOur Pacific Is Not Yours To Destroy\u201d in front of the Maersk Launcher, a ship chartered by DeepGreen, one of the companies spearheading the drive to mine the barely understood deep sea ecosystem. The Rainbow Warrior is in the Clarion Clipperton Zone in the Pacific to bear witness to the  deep sea mining industry. Part of the ongoing 'Protect the Oceans' campaign.\" class=\"wp-image-6521\" style=\"width:256px;height:170px\" srcset=\"https:\/\/www.greenpeace.org\/static\/planet4-chile-stateless\/2021\/06\/92214fe8-gp1sv0ot_medium_res_with_credit_line-1024x678.jpg 1024w, https:\/\/www.greenpeace.org\/static\/planet4-chile-stateless\/2021\/06\/92214fe8-gp1sv0ot_medium_res_with_credit_line-300x199.jpg 300w, https:\/\/www.greenpeace.org\/static\/planet4-chile-stateless\/2021\/06\/92214fe8-gp1sv0ot_medium_res_with_credit_line-768x508.jpg 768w, https:\/\/www.greenpeace.org\/static\/planet4-chile-stateless\/2021\/06\/92214fe8-gp1sv0ot_medium_res_with_credit_line-510x337.jpg 510w, https:\/\/www.greenpeace.org\/static\/planet4-chile-stateless\/2021\/06\/92214fe8-gp1sv0ot_medium_res_with_credit_line.jpg 1200w\" sizes=\"auto, (max-width: 1024px) 100vw, 1024px\" \/><\/figure>\n\n\n\n<p>La no violencia es un requisito esencial en todas las actividades que promovemos. Es visible en cada una de nuestras acciones y testimonios, sin importar si a quienes nos dirigimos son gobernantes, ciudadanos, empresas o instituciones.<\/p>\n<\/div>\n\n\n\n<div class=\"wp-block-column is-vertically-aligned-top has-grey-200-background-color has-background is-content-justification-center is-layout-constrained wp-block-column-is-layout-constrained\">\n<h3 class=\"wp-block-heading has-text-align-center is-style-default\">Confrontaci\u00f3n pol\u00edtica<\/h3>\n\n\n\n<figure class=\"wp-block-image aligncenter size-large is-resized caption-alignment-center is-style-default\"><img loading=\"lazy\" decoding=\"async\" width=\"1024\" height=\"683\" src=\"https:\/\/www.greenpeace.org\/static\/planet4-chile-stateless\/2021\/11\/1cdd5efd-gpc-oficinas-minera-andes-iron-2-1024x683.jpg\" alt=\"Con los nombres de las m\u00e1s de 100.000 personas que han solicitado la invalidaci\u00f3n del proyecto al Servicio de Evaluaci\u00f3n Ambiental de Coquimbo, Greenpeace despleg\u00f3 la frase No a Dominga en las oficinas de Andes Iron, empresa titular del megaproyecto minero. \u201cLa sociedad civil se une como nunca antes en la historia ambiental de nuestro pa\u00eds para llegar hasta las \u00faltimas instancias legales y dar fin al proyecto Dominga\u201d, enfatiz\u00f3 Mat\u00edas As\u00fan, director de Greenpeace.\" class=\"wp-image-7068\" style=\"width:256px;height:171px\" srcset=\"https:\/\/www.greenpeace.org\/static\/planet4-chile-stateless\/2021\/11\/1cdd5efd-gpc-oficinas-minera-andes-iron-2-1024x683.jpg 1024w, https:\/\/www.greenpeace.org\/static\/planet4-chile-stateless\/2021\/11\/1cdd5efd-gpc-oficinas-minera-andes-iron-2-300x200.jpg 300w, https:\/\/www.greenpeace.org\/static\/planet4-chile-stateless\/2021\/11\/1cdd5efd-gpc-oficinas-minera-andes-iron-2-768x512.jpg 768w, https:\/\/www.greenpeace.org\/static\/planet4-chile-stateless\/2021\/11\/1cdd5efd-gpc-oficinas-minera-andes-iron-2-1536x1025.jpg 1536w, https:\/\/www.greenpeace.org\/static\/planet4-chile-stateless\/2021\/11\/1cdd5efd-gpc-oficinas-minera-andes-iron-2-2048x1366.jpg 2048w, https:\/\/www.greenpeace.org\/static\/planet4-chile-stateless\/2021\/11\/1cdd5efd-gpc-oficinas-minera-andes-iron-2-510x340.jpg 510w\" sizes=\"auto, (max-width: 1024px) 100vw, 1024px\" \/><\/figure>\n\n\n\n<p class=\"has-text-align-center\">A trav\u00e9s de acciones directas no violentas llamamos la atenci\u00f3n p\u00fablica hacia los problemas del medio ambiente. De esta manera, demostramos que la no violencia es una alternativa de protesta eficaz.<\/p>\n<\/div>\n<\/div>\n<\/div>\n\n<div style=\"height:60px\" aria-hidden=\"true\" class=\"wp-block-spacer\"><\/div>\n\n<h2 class=\"wp-block-heading\"><strong>Nuestra historia<\/strong><\/h2>\n<div data-hydrate=\"planet4-blocks\/gallery\" data-attributes=\"{&quot;attributes&quot;:{&quot;multiple_image&quot;:&quot;6311,6312,6313&quot;,&quot;image_data&quot;:[{&quot;url&quot;:&quot;https:\\\/\\\/www.greenpeace.org\\\/static\\\/planet4-chile-stateless\\\/2021\\\/04\\\/9c0acbb0-gp0th5_web_size_with_credit_line.jpg&quot;,&quot;focalPoint&quot;:{&quot;x&quot;:0.5,&quot;y&quot;:0.5},&quot;id&quot;:6311},{&quot;url&quot;:&quot;https:\\\/\\\/www.greenpeace.org\\\/static\\\/planet4-chile-stateless\\\/2021\\\/04\\\/54eb40b6-gp03hd2_web_size.jpg&quot;,&quot;focalPoint&quot;:{&quot;x&quot;:0.5,&quot;y&quot;:0.5},&quot;id&quot;:6312},{&quot;url&quot;:&quot;https:\\\/\\\/www.greenpeace.org\\\/static\\\/planet4-chile-stateless\\\/2021\\\/04\\\/fa55a3c5-foto1.jpg&quot;,&quot;focalPoint&quot;:{&quot;x&quot;:0.5,&quot;y&quot;:0.5},&quot;id&quot;:6313}],&quot;className&quot;:&quot;is-style-three-columns&quot;,&quot;gallery_block_style&quot;:0,&quot;gallery_block_title&quot;:&quot;&quot;,&quot;gallery_block_description&quot;:&quot;&quot;,&quot;gallery_block_focus_points&quot;:&quot;&quot;,&quot;images&quot;:[{&quot;image_src&quot;:&quot;https:\\\/\\\/www.greenpeace.org\\\/static\\\/planet4-chile-stateless\\\/2021\\\/04\\\/9c0acbb0-gp0th5_web_size_with_credit_line.jpg&quot;,&quot;image_srcset&quot;:&quot;https:\\\/\\\/www.greenpeace.org\\\/static\\\/planet4-chile-stateless\\\/2021\\\/04\\\/9c0acbb0-gp0th5_web_size_with_credit_line.jpg 800w, https:\\\/\\\/www.greenpeace.org\\\/static\\\/planet4-chile-stateless\\\/2021\\\/04\\\/9c0acbb0-gp0th5_web_size_with_credit_line-300x202.jpg 300w, https:\\\/\\\/www.greenpeace.org\\\/static\\\/planet4-chile-stateless\\\/2021\\\/04\\\/9c0acbb0-gp0th5_web_size_with_credit_line-768x517.jpg 768w, https:\\\/\\\/www.greenpeace.org\\\/static\\\/planet4-chile-stateless\\\/2021\\\/04\\\/9c0acbb0-gp0th5_web_size_with_credit_line-505x340.jpg 505w&quot;,&quot;image_sizes&quot;:false,&quot;alt_text&quot;:&quot;&quot;,&quot;caption&quot;:&quot;Rainbow Warrior crew holding banner \\&quot;Save the Whales\\&quot;.   Possibly taken in Orkney Islands on way to Iceland.\\n\\n(known names: Susi Newborn; Denise Bell; David McTaggart, Chris Robinson; John Castle; Alan Thornton)&quot;,&quot;focus_image&quot;:&quot;&quot;,&quot;credits&quot;:&quot;&quot;},{&quot;image_src&quot;:&quot;https:\\\/\\\/www.greenpeace.org\\\/static\\\/planet4-chile-stateless\\\/2021\\\/04\\\/54eb40b6-gp03hd2_web_size.jpg&quot;,&quot;image_srcset&quot;:&quot;https:\\\/\\\/www.greenpeace.org\\\/static\\\/planet4-chile-stateless\\\/2021\\\/04\\\/54eb40b6-gp03hd2_web_size.jpg 800w, https:\\\/\\\/www.greenpeace.org\\\/static\\\/planet4-chile-stateless\\\/2021\\\/04\\\/54eb40b6-gp03hd2_web_size-300x202.jpg 300w, https:\\\/\\\/www.greenpeace.org\\\/static\\\/planet4-chile-stateless\\\/2021\\\/04\\\/54eb40b6-gp03hd2_web_size-768x517.jpg 768w, https:\\\/\\\/www.greenpeace.org\\\/static\\\/planet4-chile-stateless\\\/2021\\\/04\\\/54eb40b6-gp03hd2_web_size-505x340.jpg 505w&quot;,&quot;image_sizes&quot;:false,&quot;alt_text&quot;:&quot;&quot;,&quot;caption&quot;:&quot;The Rainbow Warrior (I) in Amsterdam Harbour.&quot;,&quot;focus_image&quot;:&quot;&quot;,&quot;credits&quot;:&quot;&quot;},{&quot;image_src&quot;:&quot;https:\\\/\\\/www.greenpeace.org\\\/static\\\/planet4-chile-stateless\\\/2021\\\/04\\\/fa55a3c5-foto1.jpg&quot;,&quot;image_srcset&quot;:&quot;https:\\\/\\\/www.greenpeace.org\\\/static\\\/planet4-chile-stateless\\\/2021\\\/04\\\/fa55a3c5-foto1.jpg 600w, https:\\\/\\\/www.greenpeace.org\\\/static\\\/planet4-chile-stateless\\\/2021\\\/04\\\/fa55a3c5-foto1-300x199.jpg 300w, https:\\\/\\\/www.greenpeace.org\\\/static\\\/planet4-chile-stateless\\\/2021\\\/04\\\/fa55a3c5-foto1-510x338.jpg 510w&quot;,&quot;image_sizes&quot;:false,&quot;alt_text&quot;:&quot;&quot;,&quot;caption&quot;:&quot;&quot;,&quot;focus_image&quot;:&quot;&quot;,&quot;credits&quot;:&quot;&quot;}]}}\"><section class=\"block split-three-column is-style-three-columns\"><\/section><\/div>\n<p>A fines de <strong>1969 <\/strong>un grupo de activistas antinucleares formaron una peque\u00f1a organizaci\u00f3n llamada Comit\u00e9 <strong>&#8220;Don&#8217;t make a wave&#8221;<\/strong> (No hagas una ola) en la ciudad de Vancouver, Canad\u00e1. <strong>Los fundadores fueron Irving y Dorothy Stowe, Marie y Jim Bohlen, Ben y Dorothy Metcalfe, Bob Hunter, y Paul Cote.<\/strong><\/p>\n\n<p>El <strong>objetivo <\/strong>del comit\u00e9 era intentar <strong>detener una prueba de armas nucleares subterr\u00e1neas<\/strong> que Estados Unidos estaba planeando realizar en la isla de Amchitka, <strong>en Alaska<\/strong>. Con este fin, en 1971 el grupo alquil\u00f3 un barco pesquero llamado Phyllis Cormack y naveg\u00f3 desde Vancouver hasta Amchitka. Sin embargo, cuando los activistas estaban por llegar a destino la marina de Estados Unidos los oblig\u00f3 a regresar a su pa\u00eds.<\/p>\n\n<p>Aunque la expedici\u00f3n no tuvo el final esperado, <strong>la estrategia de campa\u00f1a fue un \u00e9xito<\/strong>. Dos periodistas viajaron en la embarcaci\u00f3n junto a los integrantes del comit\u00e9 y <strong>transmitieron todos los detalles del viaje a sus redacciones<\/strong>. De esta forma, la poblaci\u00f3n de Canad\u00e1 pudo ver que, por fin, se estaba haciendo algo real para frenar las pruebas at\u00f3micas.<\/p>\n\n<p><strong>Como resultado miles de manifestantes bloquearon durante d\u00edas las fronteras entre Canad\u00e1 y Estados Unidos.<\/strong> A pesar de esto, a fines de a\u00f1o, la Comisi\u00f3n de Energ\u00eda At\u00f3mica de Estados Unidos realiz\u00f3 las pruebas nucleares antes de lo programado. Pero esta acci\u00f3n recibi\u00f3 muchas cr\u00edticas y el pa\u00eds decidi\u00f3 poner fin a estas pruebas en la isla.<\/p>\n\n<p>En <strong>1972<\/strong>, el nombre de la organizaci\u00f3n cambi\u00f3 oficialmente a <strong>Greenpeace Foundation<\/strong> (Fundaci\u00f3n Greenpeace), combinando las palabras green (verde) y peace (paz).<\/p>\n\n<p>Durante los a\u00f1os siguientes, distintos grupos en Estados Unidos, Canad\u00e1 y Europa, sin conexi\u00f3n entre s\u00ed, tomaron el nombre de Greenpeace. La instalaci\u00f3n de oficinas en el Reino Unido y Holanda fue determinante para unir a todas las agrupaciones que exist\u00edan bajo ese nombre. Finalmente, <strong>en 1978 se cre\u00f3 Greenpeace Internacional para unificar la forma de trabajo.<\/strong><\/p>\n\n<figure class=\"wp-block-embed is-type-video is-provider-youtube wp-block-embed-youtube wp-embed-aspect-16-9 wp-has-aspect-ratio\"><div class=\"wp-block-embed__wrapper\">\n<iframe loading=\"lazy\" title=\"\u00a1Cumplimos 50 a\u00f1os! - Greenpeace Chile\" width=\"500\" height=\"281\" src=\"https:\/\/www.youtube.com\/embed\/_Dv-IVDP3LY?feature=oembed\" frameborder=\"0\" allow=\"accelerometer; autoplay; clipboard-write; encrypted-media; gyroscope; picture-in-picture; web-share\" referrerpolicy=\"strict-origin-when-cross-origin\" allowfullscreen><\/iframe>\n<\/div><\/figure>\n\n<div style=\"height:60px\" aria-hidden=\"true\" class=\"wp-block-spacer\"><\/div>\n\n<h2 class=\"wp-block-heading\"><b>Greenpeace en Chile<\/b><\/h2>\n\n<p>La oficina de Greenpeace <strong>se cre\u00f3 en 1993<\/strong>. Dos a\u00f1os m\u00e1s tarde, el 2 de octubre de 1995, se realiz\u00f3 la<span style=\"font-weight: 400;\"> constituci\u00f3n de Greenpeace en Chile<\/span> de manera oficial.<br><span style=\"font-weight: 400;\">R\u00e1pidamente, comenzamos diversas campa\u00f1as enfocadas en los graves problemas medioambientales que afectan a nuestro pa\u00eds.<\/span><\/p>\n\n<h3 class=\"wp-block-heading\">Contacto<\/h3>\n\n<p>Escr\u00edbenos a&nbsp;<strong><a href=\"mailto:ciberactivistas@infogreenpeace.org\" target=\"_blank\" rel=\"noreferrer noopener\">ciberactivistas@infogreenpeace.org<\/a><\/strong><\/p>\n\n<p>Ll\u00e1manos al&nbsp;<strong>+56 2 26342120<\/strong>.<\/p>\n\n<p>Si quieres asociarte a Greenpeace,\u00a0<strong><a href=\"https:\/\/app.greenpeace.cl\/coupon\/regular\/forms\/registration?utm_source=web&amp;utm_medium=openSpace&amp;utm_content=banner_home&amp;utm_term=todos&amp;utm_campaign=Institucional\" target=\"_blank\" rel=\"noreferrer noopener\">completa el formulario online<\/a><\/strong>.<br><strong><a href=\"https:\/\/www.greenpeace.org\/chile\/involucrate\/asociate-a-greenpeace\/\" target=\"_blank\" rel=\"noreferrer noopener\">Conoce m\u00e1s<\/a><\/strong>.<\/p>\n\n<h4 class=\"wp-block-heading\"><strong>Nuestra oficina<\/strong><\/h4>\n\n<p>Actualmente no contamos con atenci\u00f3n presencial, pero puedes contactarnos por e-mail o tel\u00e9fono.<\/p>\n","protected":false},"excerpt":{"rendered":"<p>En Greenpeace trabajamos para defender el medio ambiente, promover la paz y estimular a la gente para que cambie actitudes y comportamientos que ponen en riesgo a la naturaleza.<\/p>\n","protected":false},"author":55,"featured_media":463,"parent":0,"menu_order":0,"comment_status":"closed","ping_status":"closed","template":"","meta":{"ep_exclude_from_search":false,"p4_hide_page_title_checkbox":"on","p4_title":"","p4_subtitle":"","p4_description":"","background_image_id":"","background_image":"","p4_button_title":"","p4_button_link":"","p4_button_link_checkbox":"","p4_og_title":"Qui\u00e9nes somos ","p4_og_description":"En Greenpeace trabajamos para defender el medio ambiente, promover la paz y estimular a la gente para que cambie actitudes y comportamientos que ponen en riesgo a la naturaleza.","p4_og_image":"","p4_og_image_id":"","p4_seo_canonical_url":"","p4_campaign_name":"not set","p4_local_project":"not set","p4_basket_name":"not set","p4_department":"","footnotes":""},"categories":[33],"tags":[24,26],"class_list":["post-10153","page","type-page","status-publish","has-post-thumbnail","hentry","category-greenpeace","tag-socios","tag-voluntarios"],"_links":{"self":[{"href":"https:\/\/www.greenpeace.org\/chile\/wp-json\/wp\/v2\/pages\/10153","targetHints":{"allow":["GET"]}}],"collection":[{"href":"https:\/\/www.greenpeace.org\/chile\/wp-json\/wp\/v2\/pages"}],"about":[{"href":"https:\/\/www.greenpeace.org\/chile\/wp-json\/wp\/v2\/types\/page"}],"author":[{"embeddable":true,"href":"https:\/\/www.greenpeace.org\/chile\/wp-json\/wp\/v2\/users\/55"}],"replies":[{"embeddable":true,"href":"https:\/\/www.greenpeace.org\/chile\/wp-json\/wp\/v2\/comments?post=10153"}],"version-history":[{"count":19,"href":"https:\/\/www.greenpeace.org\/chile\/wp-json\/wp\/v2\/pages\/10153\/revisions"}],"predecessor-version":[{"id":14727,"href":"https:\/\/www.greenpeace.org\/chile\/wp-json\/wp\/v2\/pages\/10153\/revisions\/14727"}],"wp:featuredmedia":[{"embeddable":true,"href":"https:\/\/www.greenpeace.org\/chile\/wp-json\/wp\/v2\/media\/463"}],"wp:attachment":[{"href":"https:\/\/www.greenpeace.org\/chile\/wp-json\/wp\/v2\/media?parent=10153"}],"wp:term":[{"taxonomy":"category","embeddable":true,"href":"https:\/\/www.greenpeace.org\/chile\/wp-json\/wp\/v2\/categories?post=10153"},{"taxonomy":"post_tag","embeddable":true,"href":"https:\/\/www.greenpeace.org\/chile\/wp-json\/wp\/v2\/tags?post=10153"}],"curies":[{"name":"wp","href":"https:\/\/api.w.org\/{rel}","templated":true}]}}