{"id":238,"date":"2018-05-14T12:47:19","date_gmt":"2018-05-14T12:47:19","guid":{"rendered":"https:\/\/k8s.p4.greenpeace.org\/defaultcontent\/?page_id=238"},"modified":"2025-06-23T09:15:22","modified_gmt":"2025-06-23T09:15:22","slug":"copyright","status":"publish","type":"page","link":"https:\/\/www.greenpeace.org\/chile\/copyright\/","title":{"rendered":"Derechos de autor"},"content":{"rendered":"\n                \n                <div class=\"wp-block-group alignfull is-layout-flow wp-block-group-is-layout-flow\">\n                \n                <div class=\"wp-block-group container is-layout-flow wp-block-group-is-layout-flow\">\n                \n                <div class=\"wp-block-media-text alignfull has-media-on-the-right is-stacked-on-mobile is-pattern-p4-page-header is-style-parallax\">\n\n                <div class=\"wp-block-media-text__content\">\n                    <div class=\"wp-block-group is-layout-flow wp-block-group-is-layout-flow\">\n                    \n                        <h1 class=\"wp-block-heading has-white-background-color has-background\">\n                            Derechos de autor\n                        <\/h1>\n                    <\/div>\n                \n\n                \n                        <p style=\"font-size:1.25rem\">\n                            Apoyamos la reproducci\u00f3n y distribuci\u00f3n del material que se encuentra en este sitio web, incluyendo nuestro nombre y logo.Sin embargo, su uso tiene l\u00edmites, y es importante conocer las reglas.\n                        <\/p>\n                    \n\n                \n\n                <\/div>\n                <figure class=\"wp-block-media-text__media\">\n                    <img loading=\"lazy\" decoding=\"async\" width=\"2500\" height=\"1667\"\n                        src=\"https:\/\/www.greenpeace.org\/static\/planet4-chile-stateless\/2019\/07\/6ba9f365-derechodeautor.jpg\"\n                        alt=\"\"\n                        sizes=\"auto, (min-width: 601px) 50vw, 100vw\" srcset=\"https:\/\/www.greenpeace.org\/static\/planet4-chile-stateless\/2019\/07\/6ba9f365-derechodeautor.jpg 2500w, https:\/\/www.greenpeace.org\/static\/planet4-chile-stateless\/2019\/07\/6ba9f365-derechodeautor-300x200.jpg 300w, https:\/\/www.greenpeace.org\/static\/planet4-chile-stateless\/2019\/07\/6ba9f365-derechodeautor-768x512.jpg 768w, https:\/\/www.greenpeace.org\/static\/planet4-chile-stateless\/2019\/07\/6ba9f365-derechodeautor-1024x683.jpg 1024w, https:\/\/www.greenpeace.org\/static\/planet4-chile-stateless\/2019\/07\/6ba9f365-derechodeautor-2048x1366.jpg 2048w, https:\/\/www.greenpeace.org\/static\/planet4-chile-stateless\/2019\/07\/6ba9f365-derechodeautor-510x340.jpg 510w\" class=\"wp-image-1681 size-full\"\n                    \/>\n                <\/figure>\n                <\/div>\n                \n                <\/div>\n                \n                <\/div>\n                \n                \n<h2 class=\"wp-block-heading\"><\/h2>\n\n<h4 class=\"wp-block-heading\"><strong>General<\/strong><\/h4>\n\n<p><span style=\"font-weight: 400;\">Se proh\u00edbe expresamente el uso de cualquier material de Greenpeace que aparezca en este sitio, y\/o el nombre y el logotipo de Greenpeace, para:<\/span><\/p>\n\n<p>\u2022 <span style=\"font-weight: 400;\">Ganancia personal o corporativa excepto por permiso expreso como se indica a continuaci\u00f3n;<\/span><\/p>\n\n<p>\u2022 <span style=\"font-weight: 400;\">Publicidad pol\u00edtica o la sugerencia de respaldo por parte de Greenpeace hacia cualquier candidato para un cargo p\u00fablico;<\/span><\/p>\n\n<p>\u2022 <span style=\"font-weight: 400;\">Cualquier sugerencia de aprobaci\u00f3n de Greenpeace de un producto o pol\u00edtica cuando dicha aprobaci\u00f3n no haya sido expl\u00edcitamente hecha por Greenpeace;<\/span><\/p>\n\n<p>\u2022 <span style=\"font-weight: 400;\">Cualquier sugerencia de aprobaci\u00f3n o relaci\u00f3n de Greenpeace con sitios web que Greenpeace, a su exclusivo criterio, considere de naturaleza ilegal u objetable, lo que incluye contenidos o materiales obscenos, violentos, intolerantes, denigrantes o que contengan contenido sexual;<\/span><\/p>\n\n<p>\u2022 <span style=\"font-weight: 400;\">Cualquier representaci\u00f3n falsa de ti mismo como una oficina de Greenpeace, empleado, agente o portavoz oficial, o cualquier representaci\u00f3n falsa de que est\u00e1s recaudando fondos o donaciones para Greenpeace.<\/span><\/p>\n\n<h2 class=\"wp-block-heading\"><\/h2>\n\n<h4 class=\"wp-block-heading\"><strong>Enlaces a nuestro sitio web<\/strong><\/h4>\n\n<p><span style=\"font-weight: 400;\">Nos encanta cuando nos ayudan a difundir nuestras campa\u00f1as sobre el medio ambiente. <\/span><\/p>\n\n<p><span style=\"font-weight: 400;\">No necesitas permiso para compartir nuestro enlace. Te invitamos a compartir el enlace a nuestro sitio principal o a cualquiera de las \u00e1reas tem\u00e1ticas que se encuentren all\u00ed.<\/span><\/p>\n\n<h2 class=\"wp-block-heading\"><\/h2>\n\n<h4 class=\"wp-block-heading\"><strong>El logo de Greenpeace<\/strong><\/h4>\n\n<p><span style=\"font-weight: 400;\">&#8220;Greenpeace&#8221;, incluido el logotipo de Greenpeace, es una marca registrada internacionalmente que pertenece al Stichting Greenpeace Council. El uso de la marca se concede bajo las siguientes condiciones:<\/span><\/p>\n\n<p>\u2022 <span style=\"font-weight: 400;\">Que sea puramente con fines referenciales y no comerciales;<\/span><\/p>\n\n<p>\u2022 <span style=\"font-weight: 400;\">No puedes usar el nombre y\/o logo de ninguna manera que indique o cree la impresi\u00f3n de que Greenpeace aprueba, patrocina o est\u00e1 afiliado a alg\u00fan producto o servicio disponible en tu sitio web;<\/span><\/p>\n\n<p>\u2022 <span style=\"font-weight: 400;\">Los banners que llevan el nombre y\/o logo solo se pueden utilizar con el fin de enlazar al sitio web de Greenpeace, y estos enlaces siempre deben ser enlaces activos;<\/span><\/p>\n\n<p>\u2022 <span style=\"font-weight: 400;\">El nombre y\/o el logotipo no pueden combinarse con ning\u00fan otro elemento gr\u00e1fico, ni pueden ser alterados de ninguna forma, incluido fuente, dise\u00f1o, disposici\u00f3n, colores o elementos; ni pueden ser animados, transformados o distorsionados en perspectiva o apariencia;<\/span><\/p>\n\n<p>\u2022 <span style=\"font-weight: 400;\">El nombre y\/o el logotipo no pueden aparecer de manera m\u00e1s prominente que el nombre de tu sitio web. Si usas el logo, incluye &#8220;Marca registrada de Stichting Greenpeace Council&#8221; en la etiqueta alt o visiblemente en la p\u00e1gina.<\/span><\/p>\n\n<p><span style=\"font-weight: 400;\">La marca comercial sigue siendo propiedad exclusiva de Greenpeace Internacional, y al utilizarla t\u00fa aceptas que no deber\u00e1s, de ninguna manera, registrar o intentar registrar la marca comercial o impugnarla.<\/span><\/p>\n\n<h2 class=\"wp-block-heading\"><\/h2>\n\n<h3 class=\"wp-block-heading\"><strong>Art\u00edculos y texto<\/strong><\/h3>\n\n<p><span style=\"font-weight: 400;\">Los art\u00edculos y textos producidos por Greenpeace son gratuitos para uso personal o educativo. Incluye una nota que diga: &#8220;Fuente: Greenpeace (http:\/\/www.greenpeace.org)&#8221; y reproduce cualquier informaci\u00f3n de derechos de autor o de firma proporcionada en el original.<\/span><\/p>\n\n<p><span style=\"font-weight: 400;\">Los art\u00edculos y el texto de fuentes de terceros siguen siendo propiedad intelectual de esas fuentes de terceros, y se debe solicitar permiso de uso a estas fuentes originales.<\/span><\/p>\n\n<h2 class=\"wp-block-heading\"><\/h2>\n\n<h4 class=\"wp-block-heading\"><strong>Fotos\/Im\u00e1genes<\/strong><\/h4>\n\n<p><span style=\"font-weight: 400;\">Cuando la informaci\u00f3n de derecho de autor no est\u00e1 presente, ya sea en un t\u00edtulo adjunto o grabado en la foto, la atribuci\u00f3n se puede encontrar inspeccionando la imagen haciendo clic derecho en la imagen y seleccionando &#8220;Inspeccionar&#8221; o &#8220;Ver informaci\u00f3n&#8221;.<\/span><\/p>\n\n<p><span style=\"font-weight: 400;\">\u00a9 = Todos los derechos reservados a la(s) persona(s) o entidades nombradas. &#8211; Las explicaciones de los otros s\u00edmbolos\/licencias utilizadas y los derechos derivados de ellas se pueden encontrar en <a href=\"https:\/\/creativecommons.org\/share-your-work\/licensing-types-examples\/\" target=\"_blank\" rel=\"noreferrer noopener\">Creative Commons<\/a>.<\/span><\/p>\n\n<p><span style=\"font-weight: 400;\">Para acceder a las im\u00e1genes descargables y para todas las solicitudes de licencias o derechos de autor, visita <strong><a href=\"https:\/\/media.greenpeace.org\/ContactUs\" target=\"_blank\" rel=\"noreferrer noopener\">media.greenpeace.org<\/a><\/strong><\/span><\/p>\n\n<p><span style=\"font-weight: 400;\">Cualquier otro uso (como la utilizaci\u00f3n de im\u00e1genes para beneficio personal o corporativo) requiere el permiso de <strong><a href=\"https:\/\/media.greenpeace.org\/ContactUs\" target=\"_blank\" rel=\"noreferrer noopener\">Greenpeace International Media Library<\/a><\/strong>.<\/span><\/p>\n\n<p><span style=\"font-weight: 400;\">El uso comercial de cualquier imagen de Greenpeace sin permiso constituir\u00eda una infracci\u00f3n de derechos de autor y podr\u00eda infringir otros derechos.<\/span><\/p>\n\n<p><span style=\"font-weight: 400;\">Las im\u00e1genes de noticias con calidad de reproducci\u00f3n (alrededor de 8 megabytes de tama\u00f1o) distribuidas por Greenpeace a periodistas y agencias est\u00e1n destinadas para su uso dentro de catorce d\u00edas, y el archivo y\/o la reventa de estas im\u00e1genes est\u00e1 estrictamente prohibido. Despu\u00e9s de catorce d\u00edas, <a href=\"https:\/\/media.greenpeace.org\/ContactUs\" target=\"_blank\" rel=\"noreferrer noopener\">cont\u00e1ctanos<\/a> para obtener una licencia.<\/span><\/p>\n\n<h2 class=\"wp-block-heading\"><\/h2>\n\n<h4 class=\"wp-block-heading\"><strong>Videos <\/strong><\/h4>\n\n<p><span style=\"font-weight: 400;\">El uso de videos est\u00e1 sujeto a las mismas condiciones que otros materiales mencionados anteriormente. Sin embargo, ten en cuenta que no todos nuestros videos est\u00e1n disponibles para su descarga.<\/span><\/p>\n\n<h2 class=\"wp-block-heading\"><\/h2>\n\n<p><\/p>\n","protected":false},"excerpt":{"rendered":"<p>General Se proh\u00edbe expresamente el uso de cualquier material de Greenpeace que aparezca en este sitio, y\/o el nombre y el logotipo de Greenpeace, para: \u2022 Ganancia personal o corporativa excepto por permiso expreso como se indica a continuaci\u00f3n; \u2022 Publicidad pol\u00edtica o la sugerencia de respaldo por parte de Greenpeace hacia cualquier candidato para [&hellip;]<\/p>\n","protected":false},"author":1,"featured_media":0,"parent":0,"menu_order":0,"comment_status":"closed","ping_status":"closed","template":"","meta":{"ep_exclude_from_search":false,"p4_hide_page_title_checkbox":"on","p4_title":"","p4_subtitle":"","p4_description":"","background_image_id":"","background_image":"","p4_button_title":"","p4_button_link":"","p4_button_link_checkbox":"","p4_og_title":"","p4_og_description":"","p4_og_image":"","p4_og_image_id":"","p4_seo_canonical_url":"","p4_campaign_name":"not set","p4_local_project":"not set","p4_basket_name":"not set","p4_department":"","footnotes":""},"categories":[1],"tags":[],"class_list":["post-238","page","type-page","status-publish","hentry","category-uncategorized"],"_links":{"self":[{"href":"https:\/\/www.greenpeace.org\/chile\/wp-json\/wp\/v2\/pages\/238","targetHints":{"allow":["GET"]}}],"collection":[{"href":"https:\/\/www.greenpeace.org\/chile\/wp-json\/wp\/v2\/pages"}],"about":[{"href":"https:\/\/www.greenpeace.org\/chile\/wp-json\/wp\/v2\/types\/page"}],"author":[{"embeddable":true,"href":"https:\/\/www.greenpeace.org\/chile\/wp-json\/wp\/v2\/users\/1"}],"replies":[{"embeddable":true,"href":"https:\/\/www.greenpeace.org\/chile\/wp-json\/wp\/v2\/comments?post=238"}],"version-history":[{"count":12,"href":"https:\/\/www.greenpeace.org\/chile\/wp-json\/wp\/v2\/pages\/238\/revisions"}],"predecessor-version":[{"id":14231,"href":"https:\/\/www.greenpeace.org\/chile\/wp-json\/wp\/v2\/pages\/238\/revisions\/14231"}],"wp:attachment":[{"href":"https:\/\/www.greenpeace.org\/chile\/wp-json\/wp\/v2\/media?parent=238"}],"wp:term":[{"taxonomy":"category","embeddable":true,"href":"https:\/\/www.greenpeace.org\/chile\/wp-json\/wp\/v2\/categories?post=238"},{"taxonomy":"post_tag","embeddable":true,"href":"https:\/\/www.greenpeace.org\/chile\/wp-json\/wp\/v2\/tags?post=238"}],"curies":[{"name":"wp","href":"https:\/\/api.w.org\/{rel}","templated":true}]}}