{"id":28,"date":"2018-05-08T15:55:28","date_gmt":"2018-05-08T15:55:28","guid":{"rendered":"https:\/\/k8s.p4.greenpeace.org\/defaultcontent\/?page_id=28"},"modified":"2025-09-23T09:45:34","modified_gmt":"2025-09-23T09:45:34","slug":"protege-la-antartica","status":"publish","type":"page","link":"https:\/\/www.greenpeace.org\/chile\/involucrate\/protege-la-antartica\/","title":{"rendered":"Protege la Ant\u00e1rtica"},"content":{"rendered":"\n                \n                <div class=\"wp-block-group alignfull is-layout-flow wp-block-group-is-layout-flow\">\n                \n                <div class=\"wp-block-group container is-layout-flow wp-block-group-is-layout-flow\">\n                \n                <div class=\"wp-block-media-text alignfull has-media-on-the-right is-stacked-on-mobile is-pattern-p4-page-header is-style-parallax\">\n\n                <div class=\"wp-block-media-text__content\">\n                    <div class=\"wp-block-group is-layout-flow wp-block-group-is-layout-flow\">\n                    \n                        <h1 class=\"wp-block-heading has-white-background-color has-background\">\n                            Protege la Ant\u00e1rtica\n                        <\/h1>\n                    <\/div>\n                \n\n                \n                        <p style=\"font-size:1.25rem\">\n                            <span style=\"font-weight: 400\">Los ping\u00fcinos, focas y ballenas que viven en las aguas de la Ant\u00e1rtica est\u00e1n en peligro. Al sur del planeta, la industria pesquera aprovecha la desprotecci\u00f3n del oc\u00e9ano Ant\u00e1rtico para avanzar en su h\u00e1bitat. As\u00ed les roba su comida y amenaza su supervivencia.<\/span> <span style=\"font-weight: 400\">Necesitamos que la Comisi\u00f3n del Oc\u00e9ano Ant\u00e1rtico (CCRVMA) apruebe la creaci\u00f3n de un santuario en aguas ant\u00e1rticas. Es la \u00fanica manera de evitar la pesca industrial en la zona.<\/span>\n                        <\/p>\n                    \n\n                \n\n                <\/div>\n                <figure class=\"wp-block-media-text__media\">\n                    <img loading=\"lazy\" decoding=\"async\" width=\"2500\" height=\"1667\"\n                        src=\"https:\/\/www.greenpeace.org\/static\/planet4-chile-stateless\/2018\/10\/b401f35a-3b1e1c32-gp0strkke.jpg\"\n                        alt=\"\"\n                        sizes=\"auto, (min-width: 601px) 50vw, 100vw\" srcset=\"https:\/\/www.greenpeace.org\/static\/planet4-chile-stateless\/2018\/10\/b401f35a-3b1e1c32-gp0strkke.jpg 2500w, https:\/\/www.greenpeace.org\/static\/planet4-chile-stateless\/2018\/10\/b401f35a-3b1e1c32-gp0strkke-300x200.jpg 300w, https:\/\/www.greenpeace.org\/static\/planet4-chile-stateless\/2018\/10\/b401f35a-3b1e1c32-gp0strkke-768x512.jpg 768w, https:\/\/www.greenpeace.org\/static\/planet4-chile-stateless\/2018\/10\/b401f35a-3b1e1c32-gp0strkke-1024x683.jpg 1024w, https:\/\/www.greenpeace.org\/static\/planet4-chile-stateless\/2018\/10\/b401f35a-3b1e1c32-gp0strkke-2048x1366.jpg 2048w, https:\/\/www.greenpeace.org\/static\/planet4-chile-stateless\/2018\/10\/b401f35a-3b1e1c32-gp0strkke-510x340.jpg 510w\" class=\"wp-image-357 size-full\"\n                    \/>\n                <\/figure>\n                <\/div>\n                \n                <\/div>\n                \n                <\/div>\n                \n                \n<p>La biodiversidad del continente ant\u00e1rtico no solo sufre las consecuencias del cambio clim\u00e1tico. Adem\u00e1s, est\u00e1 amenazada por la industria pesquera. Las embarcaciones llegan a la zona para capturar krill, un peque\u00f1o crust\u00e1ceo parecido al camar\u00f3n que se utiliza para fabricar suplementos dietarios. As\u00ed se llevan el alimento esencial de la fauna del lugar. Sin \u00e9l desaparecer\u00edan las 14 mil especies animales que viven all\u00ed.<\/p>\n\n<p>Hay una \u00fanica manera de impedir la pesca indiscriminada de krill: crear un santuario en el oc\u00e9ano Ant\u00e1rtico. De esta forma, ning\u00fan barco pesquero podr\u00eda ingresar en la zona.<\/p>\n\n<p>Por eso, estamos trabajando para que la Comisi\u00f3n del Oc\u00e9ano Ant\u00e1rtico (CCAMLR) cree un \u00e1rea protegida de 1,8 millones de kil\u00f3metros cuadrados, la m\u00e1s grande del mundo.<\/p>\n\n<p>Sus integrantes se reunieron en octubre de 2018 para decidir si aprobaban la iniciativa, pero desaprovecharon la oportunidad.<\/p>\n\n<p>Aunque 22 gobiernos estaban a favor -gracias a la presi\u00f3n de 2.7 millones de personas en el mundo- pa\u00edses con fuertes intereses industriales como China, Noruega y Rusia frenaron las negociaciones. Es necesario que todos los pa\u00edses est\u00e9n de acuerdo para que el santuario de haga realidad.<\/p>\n\n<p>Vamos a seguir trabajando para proteger las aguas de la Ant\u00e1rtica y necesitamos que est\u00e9s con nosotros.<\/p>\n\n<h2 class=\"wp-block-heading\"><\/h2>\n\n<h3 class=\"wp-block-heading\"><b>Lee m\u00e1s<\/b><\/h3>\n\n<p><strong><a href=\"http:\/\/greenpeace.co\/pdf\/Informe_Krill_N-2018.pdf\">Licencia para matar krill: el mundo desconocido de la pesca en el oc\u00e9ano Ant\u00e1rtico <\/a><\/strong><a href=\"http:\/\/greenpeace.co\/pdf\/Informe_Krill_N-2018.pdf\">(2018)<\/a><\/p>\n\n<p><strong><a href=\"https:\/\/sites.greenpeace.cl\/pdf\/10-preguntas-ANTARTIDA.pdf\">Las 10 cosas que siempre quisiste saber sobre el oc\u00e9ano Ant\u00e1rtico y nunca te atreviste a preguntar <\/a><\/strong><a href=\"https:\/\/sites.greenpeace.cl\/pdf\/10-preguntas-ANTARTIDA.pdf\">(2018)<\/a><\/p>\n\n<p><\/p>\n\n    <div class=\"wp-block-query posts-list p4-query-loop is-custom-layout-list is-layout-flow wp-block-query-is-layout-flow\">\n        <div class=\"wp-block-group is-content-justification-space-between is-layout-flex wp-container-core-group-is-layout-3d213aab wp-block-group-is-layout-flex\"><h2 class=\"wp-block-heading\">\u00daltimas noticias<\/h2>\n        <li class=\" wp-block-navigation-item see-all-link wp-block-navigation-link\"><a class=\"wp-block-navigation-item__content\"  href=\"http:\/\/www.greenpeace.org\/chile\/news-stories\/?tag=antartica\"><span class=\"wp-block-navigation-item__label\">See all stories<\/span><\/a><\/li>\n        \n        <\/div>\n        \n\n    <p style=\"margin-top: 24px; margin-bottom: 36px;\"><\/p>\n\n    \n\n    <ul class=\"wp-block-post-template is-layout-flow wp-block-post-template-is-layout-flow\"><li class=\"wp-block-post post-14027 post type-post status-publish format-standard has-post-thumbnail hentry category-biodiversidad category-climayenergia tag-artico tag-antartica tag-glaciares p4-page-type-blog\">\n            \n<div class=\"wp-block-columns is-layout-flex wp-container-core-columns-is-layout-9d6595d7 wp-block-columns-is-layout-flex\"><figure class=\"wp-block-post-featured-image\"><a href=\"https:\/\/www.greenpeace.org\/chile\/blog\/issues\/climayenergia\/mas-senales-de-alerta-desde-el-artico-el-derretimiento-de-sus-hielos-puede-llevar-a-un-caos-climatico-mas-grande\/\" target=\"_self\"  ><img loading=\"lazy\" decoding=\"async\" width=\"800\" height=\"533\" src=\"https:\/\/www.greenpeace.org\/static\/planet4-chile-stateless\/2025\/05\/076a3bb6-gp0sttcwi_low-res-with-credit-line-800px.jpg\" class=\"attachment-post-thumbnail size-post-thumbnail wp-post-image wp-stateless-item\" alt=\"M\u00e1s se\u00f1ales de alerta desde el \u00c1rtico: el derretimiento de sus hielos puede llevar a un caos clim\u00e1tico m\u00e1s grande\u00a0\" style=\"object-fit:cover;\" srcset=\"https:\/\/www.greenpeace.org\/static\/planet4-chile-stateless\/2025\/05\/076a3bb6-gp0sttcwi_low-res-with-credit-line-800px.jpg 800w, https:\/\/www.greenpeace.org\/static\/planet4-chile-stateless\/2025\/05\/076a3bb6-gp0sttcwi_low-res-with-credit-line-800px-300x200.jpg 300w, https:\/\/www.greenpeace.org\/static\/planet4-chile-stateless\/2025\/05\/076a3bb6-gp0sttcwi_low-res-with-credit-line-800px-768x512.jpg 768w, https:\/\/www.greenpeace.org\/static\/planet4-chile-stateless\/2025\/05\/076a3bb6-gp0sttcwi_low-res-with-credit-line-800px-510x340.jpg 510w\" sizes=\"auto, (max-width: 800px) 100vw, 800px\" data-image-size=\"post-thumbnail\" data-stateless-media-bucket=\"planet4-chile-stateless\" data-stateless-media-name=\"2025\/05\/076a3bb6-gp0sttcwi_low-res-with-credit-line-800px.jpg\" \/><\/a><\/figure>\n\n        <div class=\"wp-block-group is-layout-flow wp-block-group-is-layout-flow\">\n        <div class=\"wp-block-group is-layout-flex wp-block-group-is-layout-flex\"><div class=\"wp-block-post-terms\"><a href=\"https:\/\/www.greenpeace.org\/chile\/category\/issues\/biodiversidad\/\">Biodiversidad<\/a><\/div>\n        \n        \n        <\/div>\n        \n        <h3 class=\"wp-block-post-title\"><a href=\"https:\/\/www.greenpeace.org\/chile\/blog\/issues\/climayenergia\/mas-senales-de-alerta-desde-el-artico-el-derretimiento-de-sus-hielos-puede-llevar-a-un-caos-climatico-mas-grande\/\" target=\"_self\" >M\u00e1s se\u00f1ales de alerta desde el \u00c1rtico: el derretimiento de sus hielos puede llevar a un caos clim\u00e1tico m\u00e1s grande\u00a0<\/a><\/h3>\n        <div class=\"wp-block-post-excerpt\"><p class=\"wp-block-post-excerpt__excerpt\">Esta son las alertas que llegan desde las m\u00e1s altas latitudes del globo. <\/p><\/div>\n        \n        <div class=\"wp-block-group posts-list-meta is-layout-flow wp-block-group-is-layout-flow\"><span class='article-list-item-author'>Meri Castro<\/span>\n        <div class=\"wp-block-post-date\"><time datetime=\"2025-05-05T15:54:46+00:00\">5 Mayo 2025<\/time><\/div>\n        \n        <\/div>\n        <\/div>\n        <\/div>\n\n            <\/li><li class=\"wp-block-post post-13346 post type-post status-publish format-standard has-post-thumbnail hentry category-climayenergia category-oceanos tag-cambio-climatico tag-glaciares tag-antartica p4-page-type-blog\">\n            \n<div class=\"wp-block-columns is-layout-flex wp-container-core-columns-is-layout-9d6595d7 wp-block-columns-is-layout-flex\"><figure class=\"wp-block-post-featured-image\"><a href=\"https:\/\/www.greenpeace.org\/chile\/blog\/issues\/climayenergia\/el-iceberg-mas-grande-del-mundo-comenzo-su-viaje-final-todo-lo-que-tienes-que-saber\/\" target=\"_self\"  ><img loading=\"lazy\" decoding=\"async\" width=\"800\" height=\"533\" src=\"https:\/\/www.greenpeace.org\/static\/planet4-chile-stateless\/2024\/12\/14fd81d2-gp0stuly1_low-res-with-credit-line-800px.jpg\" class=\"attachment-post-thumbnail size-post-thumbnail wp-post-image wp-stateless-item\" alt=\"El iceberg m\u00e1s grande del mundo comenz\u00f3 su viaje final: todo lo que tienes que saber\u00a0\" style=\"object-fit:cover;\" srcset=\"https:\/\/www.greenpeace.org\/static\/planet4-chile-stateless\/2024\/12\/14fd81d2-gp0stuly1_low-res-with-credit-line-800px.jpg 800w, https:\/\/www.greenpeace.org\/static\/planet4-chile-stateless\/2024\/12\/14fd81d2-gp0stuly1_low-res-with-credit-line-800px-300x200.jpg 300w, https:\/\/www.greenpeace.org\/static\/planet4-chile-stateless\/2024\/12\/14fd81d2-gp0stuly1_low-res-with-credit-line-800px-768x512.jpg 768w, https:\/\/www.greenpeace.org\/static\/planet4-chile-stateless\/2024\/12\/14fd81d2-gp0stuly1_low-res-with-credit-line-800px-510x340.jpg 510w\" sizes=\"auto, (max-width: 800px) 100vw, 800px\" data-image-size=\"post-thumbnail\" data-stateless-media-bucket=\"planet4-chile-stateless\" data-stateless-media-name=\"2024\/12\/14fd81d2-gp0stuly1_low-res-with-credit-line-800px.jpg\" \/><\/a><\/figure>\n\n        <div class=\"wp-block-group is-layout-flow wp-block-group-is-layout-flow\">\n        <div class=\"wp-block-group is-layout-flex wp-block-group-is-layout-flex\"><div class=\"wp-block-post-terms\"><a href=\"https:\/\/www.greenpeace.org\/chile\/category\/issues\/climayenergia\/\">Clima y Energ\u00eda<\/a><\/div>\n        \n        \n        <\/div>\n        \n        <h3 class=\"wp-block-post-title\"><a href=\"https:\/\/www.greenpeace.org\/chile\/blog\/issues\/climayenergia\/el-iceberg-mas-grande-del-mundo-comenzo-su-viaje-final-todo-lo-que-tienes-que-saber\/\" target=\"_self\" >El iceberg m\u00e1s grande del mundo comenz\u00f3 su viaje final: todo lo que tienes que saber\u00a0<\/a><\/h3>\n        <div class=\"wp-block-post-excerpt\"><p class=\"wp-block-post-excerpt__excerpt\">\u00bfQu\u00e9 est\u00e1 pasando en el extremo m\u00e1s austral de Am\u00e9rica? <\/p><\/div>\n        \n        <div class=\"wp-block-group posts-list-meta is-layout-flow wp-block-group-is-layout-flow\"><span class='article-list-item-author'>Meri Castro<\/span>\n        <div class=\"wp-block-post-date\"><time datetime=\"2024-12-18T17:23:10+00:00\">18 Diciembre 2024<\/time><\/div>\n        \n        <\/div>\n        <\/div>\n        <\/div>\n\n            <\/li><li class=\"wp-block-post post-10842 post type-post status-publish format-standard has-post-thumbnail hentry category-oceanos tag-antartica p4-page-type-noticia\">\n            \n<div class=\"wp-block-columns is-layout-flex wp-container-core-columns-is-layout-9d6595d7 wp-block-columns-is-layout-flex\"><figure class=\"wp-block-post-featured-image\"><a href=\"https:\/\/www.greenpeace.org\/chile\/noticia\/issues\/oceanos\/la-comision-del-oceano-antartico-vuelve-a-fracasar-en-su-intento-de-protegerlo\/\" target=\"_self\"  ><img loading=\"lazy\" decoding=\"async\" width=\"800\" height=\"600\" src=\"https:\/\/www.greenpeace.org\/static\/planet4-chile-stateless\/2023\/10\/43cb57ba-gp0stuhpr_web_size_with_credit_line.jpg\" class=\"attachment-post-thumbnail size-post-thumbnail wp-post-image wp-stateless-item\" alt=\"La Comisi\u00f3n del Oc\u00e9ano Ant\u00e1rtico vuelve a fracasar en su intento de protegerlo\" style=\"object-fit:cover;\" srcset=\"https:\/\/www.greenpeace.org\/static\/planet4-chile-stateless\/2023\/10\/43cb57ba-gp0stuhpr_web_size_with_credit_line.jpg 800w, https:\/\/www.greenpeace.org\/static\/planet4-chile-stateless\/2023\/10\/43cb57ba-gp0stuhpr_web_size_with_credit_line-300x225.jpg 300w, https:\/\/www.greenpeace.org\/static\/planet4-chile-stateless\/2023\/10\/43cb57ba-gp0stuhpr_web_size_with_credit_line-768x576.jpg 768w, https:\/\/www.greenpeace.org\/static\/planet4-chile-stateless\/2023\/10\/43cb57ba-gp0stuhpr_web_size_with_credit_line-453x340.jpg 453w\" sizes=\"auto, (max-width: 800px) 100vw, 800px\" data-image-size=\"post-thumbnail\" data-stateless-media-bucket=\"planet4-chile-stateless\" data-stateless-media-name=\"2023\/10\/43cb57ba-gp0stuhpr_web_size_with_credit_line.jpg\" \/><\/a><\/figure>\n\n        <div class=\"wp-block-group is-layout-flow wp-block-group-is-layout-flow\">\n        <div class=\"wp-block-group is-layout-flex wp-block-group-is-layout-flex\"><div class=\"wp-block-post-terms\"><a href=\"https:\/\/www.greenpeace.org\/chile\/category\/issues\/oceanos\/\">Oceanos<\/a><\/div>\n        \n        \n        <\/div>\n        \n        <h3 class=\"wp-block-post-title\"><a href=\"https:\/\/www.greenpeace.org\/chile\/noticia\/issues\/oceanos\/la-comision-del-oceano-antartico-vuelve-a-fracasar-en-su-intento-de-protegerlo\/\" target=\"_self\" >La Comisi\u00f3n del Oc\u00e9ano Ant\u00e1rtico vuelve a fracasar en su intento de protegerlo<\/a><\/h3>\n        <div class=\"wp-block-post-excerpt\"><p class=\"wp-block-post-excerpt__excerpt\">Tras dos semanas de negociaciones en Tasmania, la Comisi\u00f3n del Oc\u00e9ano Ant\u00e1rtico fracas\u00f3 una vez m\u00e1s en su intento por proteger la Ant\u00e1rtida. <\/p><\/div>\n        \n        <div class=\"wp-block-group posts-list-meta is-layout-flow wp-block-group-is-layout-flow\"><span class='article-list-item-author'><a href='https:\/\/www.greenpeace.org\/chile\/author\/prensachile\/'>Prensa Chile<\/a><\/span>\n        <div class=\"wp-block-post-date\"><time datetime=\"2023-10-27T19:03:45+00:00\">27 Octubre 2023<\/time><\/div>\n        \n        <\/div>\n        <\/div>\n        <\/div>\n\n            <\/li><\/ul>\n\n    \n<div class=\"wp-block-buttons carousel-controls is-horizontal is-content-justification-space-between is-nowrap is-layout-flex wp-container-core-buttons-is-layout-044bd602 wp-block-buttons-is-layout-flex\">\n            <div class=\"wp-block-button carousel-control-prev\"><button type=\"button\" class=\"wp-block-button__link wp-element-button\">Prev<\/button><\/div>\n        \n\n            <div class=\"wp-block-button carousel-control-next\"><button type=\"button\" class=\"wp-block-button__link wp-element-button\">Next<\/button><\/div>\n        <\/div>\n\n\n    <li class=\" wp-block-navigation-item see-all-link wp-block-navigation-link\"><a class=\"wp-block-navigation-item__content\"  href=\"http:\/\/www.greenpeace.org\/chile\/news-stories\/?tag=antartica\"><span class=\"wp-block-navigation-item__label\">See all stories<\/span><\/a><\/li><\/div>\n    \n<h3 class=\"wp-block-heading\"><strong>Videos&nbsp;<\/strong><\/h3>\n\n<p><iframe loading=\"lazy\" src=\"https:\/\/www.youtube.com\/embed\/videoseries?list=PLkcaT6R1t4ReMW3YbmKnivf85L0it_TxH\" width=\"560\" height=\"315\" frameborder=\"0\" allowfullscreen=\"allowfullscreen\"><span data-mce-type=\"bookmark\" style=\"display: inline-block; width: 0px; overflow: hidden; line-height: 0;\" class=\"mce_SELRES_start\">\ufeff<\/span><span data-mce-type=\"bookmark\" style=\"display: inline-block; width: 0px; overflow: hidden; line-height: 0;\" class=\"mce_SELRES_start\">\ufeff<\/span><\/iframe><\/p>\n","protected":false},"excerpt":{"rendered":"<p>La biodiversidad del continente ant\u00e1rtico no solo sufre las consecuencias del cambio clim\u00e1tico. Adem\u00e1s, est\u00e1 amenazada por la industria pesquera. Las embarcaciones llegan a la zona para capturar krill, un peque\u00f1o crust\u00e1ceo parecido al camar\u00f3n que se utiliza para fabricar suplementos dietarios. As\u00ed se llevan el alimento esencial de la fauna del lugar. Sin \u00e9l [&hellip;]<\/p>\n","protected":false},"author":1,"featured_media":357,"parent":10089,"menu_order":0,"comment_status":"closed","ping_status":"closed","template":"","meta":{"ep_exclude_from_search":false,"p4_hide_page_title_checkbox":"on","p4_title":"","p4_subtitle":"","p4_description":"","background_image_id":"","background_image":"","p4_button_title":"","p4_button_link":"","p4_button_link_checkbox":"","p4_og_title":"","p4_og_description":"","p4_og_image":"","p4_og_image_id":"","p4_seo_canonical_url":"","p4_campaign_name":"not set","p4_local_project":"not set","p4_basket_name":"not set","p4_department":"","footnotes":""},"categories":[18],"tags":[6],"class_list":["post-28","page","type-page","status-publish","has-post-thumbnail","hentry","category-oceanos","tag-antartica"],"_links":{"self":[{"href":"https:\/\/www.greenpeace.org\/chile\/wp-json\/wp\/v2\/pages\/28","targetHints":{"allow":["GET"]}}],"collection":[{"href":"https:\/\/www.greenpeace.org\/chile\/wp-json\/wp\/v2\/pages"}],"about":[{"href":"https:\/\/www.greenpeace.org\/chile\/wp-json\/wp\/v2\/types\/page"}],"author":[{"embeddable":true,"href":"https:\/\/www.greenpeace.org\/chile\/wp-json\/wp\/v2\/users\/1"}],"replies":[{"embeddable":true,"href":"https:\/\/www.greenpeace.org\/chile\/wp-json\/wp\/v2\/comments?post=28"}],"version-history":[{"count":21,"href":"https:\/\/www.greenpeace.org\/chile\/wp-json\/wp\/v2\/pages\/28\/revisions"}],"predecessor-version":[{"id":15500,"href":"https:\/\/www.greenpeace.org\/chile\/wp-json\/wp\/v2\/pages\/28\/revisions\/15500"}],"up":[{"embeddable":true,"href":"https:\/\/www.greenpeace.org\/chile\/wp-json\/wp\/v2\/pages\/10089"}],"wp:featuredmedia":[{"embeddable":true,"href":"https:\/\/www.greenpeace.org\/chile\/wp-json\/wp\/v2\/media\/357"}],"wp:attachment":[{"href":"https:\/\/www.greenpeace.org\/chile\/wp-json\/wp\/v2\/media?parent=28"}],"wp:term":[{"taxonomy":"category","embeddable":true,"href":"https:\/\/www.greenpeace.org\/chile\/wp-json\/wp\/v2\/categories?post=28"},{"taxonomy":"post_tag","embeddable":true,"href":"https:\/\/www.greenpeace.org\/chile\/wp-json\/wp\/v2\/tags?post=28"}],"curies":[{"name":"wp","href":"https:\/\/api.w.org\/{rel}","templated":true}]}}