{"id":2804,"date":"2020-01-10T19:54:20","date_gmt":"2020-01-10T19:54:20","guid":{"rendered":"https:\/\/www.greenpeace.org\/chile\/?page_id=2804"},"modified":"2020-01-10T19:54:20","modified_gmt":"2020-01-10T19:54:20","slug":"analista-contable-y-administracion","status":"publish","type":"page","link":"https:\/\/www.greenpeace.org\/chile\/trabaja-con-nosotros\/analista-contable-y-administracion\/","title":{"rendered":"Analista Contable y  Administraci\u00f3n"},"content":{"rendered":"\n<p><strong>Somos una Organizaci\u00f3n ecologista internacional, econ\u00f3mica y pol\u00edticamente independiente.<\/strong>Nuestro objetivo es proteger y defender el medio ambiente, interviniendo en diferentes puntos del Planeta donde se cometen atentados contra la Naturaleza. En la actualidad, Greenpeace cuenta con cerca de tres millones de asociados en todo el mundo. <\/p>\n\n<p>Te invitamos a conocer m\u00e1s sobre quienes somos\ny qu\u00e9 hacemos, a trav\u00e9s del siguiente<a href=\"https:\/\/www.youtube.com\/watch?v=9H-D0tMpDog\"> link.<\/a> <\/p>\n\n<p>\u00bfTienes pasi\u00f3n por el cuidado de nuestro\nplaneta? \u00bfQuieres formar parte de un equipo comprometido y apasionado por la\ncausa?&nbsp; Ac\u00e1 tenemos una oportunidad para ti: &nbsp;<\/p>\n\n<p>Greenpeace en Chile est\u00e1 en la b\u00fasqueda&nbsp; de un\/a <strong>Analista\nContable y&nbsp; Administraci\u00f3n<\/strong> para el\n\u00e1rea de Finanzas y Soporte Organizacional .<\/p>\n\n<p><strong>Objetivo de la\nfunci\u00f3n: <\/strong><\/p>\n\n<p>La posici\u00f3n tendr\u00e1 como principal objetivo el\ndesarrollo de tareas contables de an\u00e1lisis y gesti\u00f3n, de acuerdo, a los\nprincipios contables y pol\u00edticas y procedimientos internos de la organizaci\u00f3n,\nas\u00ed como, desarrollar tareas administrativas correspondientes al \u00e1rea de\nsoporte. <\/p>\n\n<p><strong>Principales\ndesaf\u00edos del cargo:<\/strong><\/p>\n\n<ul class=\"wp-block-list\"><li>B\u00fasqueda constante de la calidad en la gesti\u00f3n y an\u00e1lisis de la\ninformaci\u00f3n financiera-contable. <\/li><li>Desarrollo y automatizaci\u00f3n de procesos de mejora continua asociados al\n\u00e1rea contable-financiera y soporte organizacional. <\/li><\/ul>\n\n<p><strong>Funciones\nprincipales:<\/strong><\/p>\n\n<ul class=\"wp-block-list\"><li>Ejecuci\u00f3n y an\u00e1lisis del proceso completo de la contabilidad:&nbsp; an\u00e1lisis de cuentas, ingreso y pago de facturas,\nrendiciones de gastos, preparaci\u00f3n de n\u00f3minas, proceso de auditor\u00eda, entre\notras.<\/li><li>Ejecuci\u00f3n y supervisi\u00f3n de funciones propias del \u00e1rea de Soporte: compra\nde insumos de la oficina, revisi\u00f3n de stock, anticipaci\u00f3n y resoluci\u00f3n de\nposibles incidencias relacionadas con el mantenimiento general de la oficina,\nentre otros.<\/li><li>Ejecuci\u00f3n\nperi\u00f3dica de un trabajo de calidad, buscando continuamente alcanzar el mejor\nnivel de servicio hacia los clientes internos.<\/li><li>Trabajar\ncolaborativamente con otras \u00e1reas de la organizaci\u00f3n a fin de cumplir con las\nfunciones del cargo y la misi\u00f3n de Greenpeace. <\/li><\/ul>\n\n<p><strong>&nbsp; Requisitos para postular al\ncargo:<\/strong><\/p>\n\n<p>&#8211; Formaci\u00f3n universitaria o t\u00e9cnica de Contador General, Contador\nAuditor o Administraci\u00f3n con estudios contables. <\/p>\n\n<p>&#8211; Experiencia de, al menos, 3 a\u00f1os en\ncontabilidad, buen conocimiento te\u00f3rico-contable.<\/p>\n\n<p>&#8211; Manejo de excel a nivel intermedio y\nexperiencia en ERP Contable (indispensable).<\/p>\n\n<p>&#8211; Preferentemente con conocimientos de Ingl\u00e9s\nintermedio.<\/p>\n\n<p><strong>&#8211; <\/strong>Excelente comunicaci\u00f3n\ninterpersonal.<\/p>\n\n<p>&#8211; Flexibilidad y proactividad en sus\nfunciones.<\/p>\n\n<p>&#8211; Met\u00f3dico\/a y ordenado\/a. <\/p>\n\n<p>&#8211; Trabajo en equipo.<\/p>\n\n<p>&#8211; Comprometido\/a y, responsable.<\/p>\n\n<p>Si\nconsideras que cumples con el perfil y te atrae integrarte a un gran equipo en\nnuestra <\/p>\n\n<p>organizaci\u00f3n\nno dudes en postular. <\/p>\n\n<p>Referidos\/as&nbsp; e interesados\/as env\u00eden sus antecedentes al\ncorreo <strong>andino.busquedas@greenpeace.org<\/strong>,\nindicando en el asunto vacante a la que postula y expectativas de renta. <\/p>\n\n<p>\u00a1Te\nesperamos!<\/p>\n\n<p><em>Greenpeace\nest\u00e1 comprometido con el principio de igualdad de oportunidades de empleo para\ntodos los empleados y empleadas, independientemente de su sexo, estado civil,\nraza, religi\u00f3n, edad, discapacidad, orientaci\u00f3n sexual, identidad de g\u00e9nero y\ncualquier otra caracter\u00edstica no relacionada con el desempe\u00f1o del trabajo. La\nselecci\u00f3n se realizar\u00e1 de acuerdo con el objetivo, los criterios relacionados\ncon el trabajo y el nombramiento se basar\u00e1 en los m\u00e9ritos y habilidades del o\nde la solicitante.<\/em><\/p>\n\n<p><\/p>\n","protected":false},"excerpt":{"rendered":"<p>Somos una Organizaci\u00f3n ecologista internacional, econ\u00f3mica y pol\u00edticamente independiente.Nuestro objetivo es proteger y defender el medio ambiente, interviniendo en diferentes puntos del Planeta donde se cometen atentados contra la Naturaleza. En la actualidad, Greenpeace cuenta con cerca de tres millones de asociados en todo el mundo. Te invitamos a conocer m\u00e1s sobre quienes somos y [&hellip;]<\/p>\n","protected":false},"author":19,"featured_media":0,"parent":462,"menu_order":0,"comment_status":"closed","ping_status":"closed","template":"","meta":{"ep_exclude_from_search":false,"p4_hide_page_title_checkbox":"","p4_title":"","p4_subtitle":"","p4_description":"","background_image_id":"","background_image":"","p4_button_title":"","p4_button_link":"","p4_button_link_checkbox":"","p4_og_title":"","p4_og_description":"","p4_og_image":"","p4_og_image_id":"","p4_seo_canonical_url":"","p4_campaign_name":"not set","p4_local_project":"","p4_basket_name":"not set","p4_department":"","footnotes":""},"categories":[],"tags":[],"class_list":["post-2804","page","type-page","status-publish","hentry"],"_links":{"self":[{"href":"https:\/\/www.greenpeace.org\/chile\/wp-json\/wp\/v2\/pages\/2804","targetHints":{"allow":["GET"]}}],"collection":[{"href":"https:\/\/www.greenpeace.org\/chile\/wp-json\/wp\/v2\/pages"}],"about":[{"href":"https:\/\/www.greenpeace.org\/chile\/wp-json\/wp\/v2\/types\/page"}],"author":[{"embeddable":true,"href":"https:\/\/www.greenpeace.org\/chile\/wp-json\/wp\/v2\/users\/19"}],"replies":[{"embeddable":true,"href":"https:\/\/www.greenpeace.org\/chile\/wp-json\/wp\/v2\/comments?post=2804"}],"version-history":[{"count":1,"href":"https:\/\/www.greenpeace.org\/chile\/wp-json\/wp\/v2\/pages\/2804\/revisions"}],"predecessor-version":[{"id":2805,"href":"https:\/\/www.greenpeace.org\/chile\/wp-json\/wp\/v2\/pages\/2804\/revisions\/2805"}],"up":[{"embeddable":true,"href":"https:\/\/www.greenpeace.org\/chile\/wp-json\/wp\/v2\/pages\/462"}],"wp:attachment":[{"href":"https:\/\/www.greenpeace.org\/chile\/wp-json\/wp\/v2\/media?parent=2804"}],"wp:term":[{"taxonomy":"category","embeddable":true,"href":"https:\/\/www.greenpeace.org\/chile\/wp-json\/wp\/v2\/categories?post=2804"},{"taxonomy":"post_tag","embeddable":true,"href":"https:\/\/www.greenpeace.org\/chile\/wp-json\/wp\/v2\/tags?post=2804"}],"curies":[{"name":"wp","href":"https:\/\/api.w.org\/{rel}","templated":true}]}}