{"id":2997,"date":"2020-03-11T20:03:57","date_gmt":"2020-03-11T20:03:57","guid":{"rendered":"https:\/\/www.greenpeace.org\/chile\/?page_id=2997"},"modified":"2025-09-23T09:45:16","modified_gmt":"2025-09-23T09:45:16","slug":"exige-una-nueva-constitucion-ambiental","status":"publish","type":"page","link":"https:\/\/www.greenpeace.org\/chile\/involucrate\/exige-una-nueva-constitucion-ambiental\/","title":{"rendered":"Exige una Nueva Constituci\u00f3n Ambiental"},"content":{"rendered":"\n                \n                <div class=\"wp-block-group alignfull is-layout-flow wp-block-group-is-layout-flow\">\n                \n                <div class=\"wp-block-group container is-layout-flow wp-block-group-is-layout-flow\">\n                \n                <div class=\"wp-block-media-text alignfull has-media-on-the-right is-stacked-on-mobile is-pattern-p4-page-header is-style-parallax\">\n\n                <div class=\"wp-block-media-text__content\">\n                    <div class=\"wp-block-group is-layout-flow wp-block-group-is-layout-flow\">\n                    \n                        <h1 class=\"wp-block-heading has-white-background-color has-background\">\n                            Exige una Nueva Constituci\u00f3n Ambiental\n                        <\/h1>\n                    <\/div>\n                \n\n                \n                        <p style=\"font-size:1.25rem\">\n                            El futuro de nuestro medio ambiente tambi\u00e9n depende de tu participaci\u00f3n.\n                        <\/p>\n                    \n\n                \n                        <div class=\"wp-block-buttons is-layout-flex wp-block-buttons-is-layout-flex\">\n                            \n                        <\/div>\n                        <div class=\"wp-block-button is-style-cta\">\n                            <a class=\"wp-block-button__link wp-element-button\" href=\"https:\/\/www.sueltaelagua.cl\/?utm_source=web&#038;utm_medium=hubBoton&#038;utm_campaign=nuevaconstitucion\" target=\"_blank\" rel=\"noreferrer noopener\">\n                                \n                            <\/a>\n                        <\/div>\n                    \n\n                <\/div>\n                <figure class=\"wp-block-media-text__media\">\n                    <img loading=\"lazy\" decoding=\"async\" width=\"2149\" height=\"1602\"\n                        src=\"https:\/\/www.greenpeace.org\/static\/planet4-chile-stateless\/2020\/03\/7571b1c0-gpa_8202-1_1.jpg\"\n                        alt=\"\"\n                        sizes=\"auto, (min-width: 601px) 50vw, 100vw\" srcset=\"https:\/\/www.greenpeace.org\/static\/planet4-chile-stateless\/2020\/03\/7571b1c0-gpa_8202-1_1.jpg 2149w, https:\/\/www.greenpeace.org\/static\/planet4-chile-stateless\/2020\/03\/7571b1c0-gpa_8202-1_1-300x224.jpg 300w, https:\/\/www.greenpeace.org\/static\/planet4-chile-stateless\/2020\/03\/7571b1c0-gpa_8202-1_1-1024x763.jpg 1024w, https:\/\/www.greenpeace.org\/static\/planet4-chile-stateless\/2020\/03\/7571b1c0-gpa_8202-1_1-768x573.jpg 768w, https:\/\/www.greenpeace.org\/static\/planet4-chile-stateless\/2020\/03\/7571b1c0-gpa_8202-1_1-1536x1145.jpg 1536w, https:\/\/www.greenpeace.org\/static\/planet4-chile-stateless\/2020\/03\/7571b1c0-gpa_8202-1_1-2048x1527.jpg 2048w, https:\/\/www.greenpeace.org\/static\/planet4-chile-stateless\/2020\/03\/7571b1c0-gpa_8202-1_1-1832x1366.jpg 1832w, https:\/\/www.greenpeace.org\/static\/planet4-chile-stateless\/2020\/03\/7571b1c0-gpa_8202-1_1-456x340.jpg 456w\" class=\"wp-image-3010 size-full\"\n                    \/>\n                <\/figure>\n                <\/div>\n                \n                <\/div>\n                \n                <\/div>\n                \n                \n<p>Chile necesita justicia social y ambiental.&nbsp;<br><br>Sabemos que gran parte de las desigualdades que existen en nuestro pa\u00eds est\u00e1n relacionadas con el medio ambiente.&nbsp;Los impactos ambientales de industrias contaminantes se concentran en las llamadas zonas de sacrificio y afectan directamente a miles de personas.&nbsp;<\/p>\n\n<p>Un ejemplo es la quema de carb\u00f3n en Quintero y Puchuncav\u00ed. All\u00ed, ni\u00f1as, ni\u00f1os y adultos respiran aire contaminado y conviven con ecosistemas que son da\u00f1ados de manera constante.&nbsp;<br><br>Sumado a esto, en todo el pa\u00eds se siente cada vez m\u00e1s m\u00e1s la falta de agua, mientras su acceso todav\u00eda no est\u00e1 garantizado como un derecho humano.<\/p>\n\n<p>Nuestra Nueva Constituci\u00f3n tiene que tomar en cuenta el derecho a un ambiente sano. Esta es la \u00fanica manera de eliminar las injusticias sociales que soportamos desde hace a\u00f1os.<\/p>\n\n<p>Por eso, creemos que es el momento justo para asegurar la protecci\u00f3n de nuestros glaciares, bosques, mares, y r\u00edos. Y para garantizar el acceso al agua, al aire limpio y otros bienes ambientales como derechos. Hoy estamos frente a la oportunidad hist\u00f3rica de cambiar a Chile para siempre.&nbsp;<\/p>\n\n<h1 class=\"wp-block-heading\"><\/h1>\n\n<h4 class=\"wp-block-heading\"><strong>Crisis h\u00eddrica: un drama real<\/strong><\/h4>\n\n<p><\/p>\n\n<p>Nuestro pa\u00eds enfrenta hoy la peor sequ\u00eda de su historia.<\/p>\n\n<p><\/p>\n\n<p>\u2022 M\u00e1s de 400 mil chilenos dependen del agua que reciben en camiones aljibes.&nbsp;<\/p>\n\n<p>\u2022 56 comunas est\u00e1n bajo decreto de escasez h\u00eddrica. En estas zonas habita m\u00e1s del 70% de la poblaci\u00f3n del pa\u00eds.<\/p>\n\n<p>\u2022 Casi el 50% de los municipios de Chile brindan ayuda distribuyendo agua.<\/p>\n\n<p>\u2022 Al menos 10 embalses y lagunas entre Valpara\u00edso y El Maule est\u00e1n en niveles cr\u00edticos de almacenamiento de agua. El Yeso, la principal fuente de agua de la capital, tiene el 28% de su capacidad.&nbsp;<\/p>\n\n<p>\u2022 El 76% del pa\u00eds est\u00e1 afectado por la sequ\u00eda, desertificaci\u00f3n o suelo degradado.&nbsp;<\/p>\n\n<p>\u2022 Dos sectores acaparan la casi totalidad del consumo de agua a nivel nacional: el forestal (59%) y el agr\u00edcola (37%). Los usos del agua no est\u00e1n priorizados, por lo cual hoy d\u00eda especies agr\u00edcolas productivas tienen m\u00e1s acceso y derecho al agua que una persona.<\/p>\n\n<p>\u2022 Chile ocupa el puesto n\u00famero 18 en el ranking mundial de riesgo de emergencia h\u00eddrica.<br><\/p>\n\n<p>En tiempos de megasequ\u00edas el agua debe cuidarse y dejar de ser para unos pocos. Sin embargo, la Constituci\u00f3n actual la entrega a manos privadas. Y no garantiza su acceso para todos.<\/p>\n\n<p>No podemos permitir que se priorice la privatizaci\u00f3n y comercializaci\u00f3n del agua sobre el consumo de los chilenos. El agua tiene que ser un derecho humano. Si estamos en un momento de cambio, es hora de proteger lo m\u00e1s valioso de nuestro pa\u00eds.<\/p>\n\n<p><\/p>\n\n    <div class=\"wp-block-query posts-list p4-query-loop is-custom-layout-list is-layout-flow wp-block-query-is-layout-flow\">\n        <div class=\"wp-block-group is-content-justification-space-between is-layout-flex wp-container-core-group-is-layout-3d213aab wp-block-group-is-layout-flex\"><h2 class=\"wp-block-heading\">Novedades<\/h2>\n        <li class=\" wp-block-navigation-item see-all-link wp-block-navigation-link\"><a class=\"wp-block-navigation-item__content\"  href=\"http:\/\/www.greenpeace.org\/chile\/news-stories\/?tag=nuevaconstitucion\"><span class=\"wp-block-navigation-item__label\">See all stories<\/span><\/a><\/li>\n        \n        <\/div>\n        \n\n    <p style=\"margin-top: 24px; margin-bottom: 36px;\"><\/p>\n\n    \n\n    <ul class=\"wp-block-post-template is-layout-flow wp-block-post-template-is-layout-flow\"><li class=\"wp-block-post post-7905 post type-post status-publish format-standard has-post-thumbnail hentry category-greenpeace tag-nuevaconstitucion tag-sueltaelagua p4-page-type-noticia\">\n            \n<div class=\"wp-block-columns is-layout-flex wp-container-core-columns-is-layout-9d6595d7 wp-block-columns-is-layout-flex\"><figure class=\"wp-block-post-featured-image\"><a href=\"https:\/\/www.greenpeace.org\/chile\/noticia\/greenpeace\/convencion-constitucional-y-discusion-por-agua-es-urgente-cumplir-con-las-personas-y-establecer-el-agua-como-bien-comun-inapropiable\/\" target=\"_self\"  ><img loading=\"lazy\" decoding=\"async\" width=\"2500\" height=\"1667\" src=\"https:\/\/www.greenpeace.org\/static\/planet4-chile-stateless\/2022\/03\/93526e66-sequia-lago-penuelas.jpg\" class=\"attachment-post-thumbnail size-post-thumbnail wp-post-image wp-stateless-item\" alt=\"Convenci\u00f3n Constitucional y discusi\u00f3n por agua: &#8220;Es urgente cumplir con las personas y establecer el agua como bien com\u00fan inapropiable&#8221;\" style=\"object-fit:cover;\" srcset=\"https:\/\/www.greenpeace.org\/static\/planet4-chile-stateless\/2022\/03\/93526e66-sequia-lago-penuelas.jpg 2500w, https:\/\/www.greenpeace.org\/static\/planet4-chile-stateless\/2022\/03\/93526e66-sequia-lago-penuelas-300x200.jpg 300w, https:\/\/www.greenpeace.org\/static\/planet4-chile-stateless\/2022\/03\/93526e66-sequia-lago-penuelas-1024x683.jpg 1024w, https:\/\/www.greenpeace.org\/static\/planet4-chile-stateless\/2022\/03\/93526e66-sequia-lago-penuelas-768x512.jpg 768w, https:\/\/www.greenpeace.org\/static\/planet4-chile-stateless\/2022\/03\/93526e66-sequia-lago-penuelas-1536x1024.jpg 1536w, https:\/\/www.greenpeace.org\/static\/planet4-chile-stateless\/2022\/03\/93526e66-sequia-lago-penuelas-2048x1366.jpg 2048w, https:\/\/www.greenpeace.org\/static\/planet4-chile-stateless\/2022\/03\/93526e66-sequia-lago-penuelas-510x340.jpg 510w\" sizes=\"auto, (max-width: 2500px) 100vw, 2500px\" data-image-size=\"post-thumbnail\" data-stateless-media-bucket=\"planet4-chile-stateless\" data-stateless-media-name=\"2022\/03\/93526e66-sequia-lago-penuelas.jpg\" \/><\/a><\/figure>\n\n        <div class=\"wp-block-group is-layout-flow wp-block-group-is-layout-flow\">\n        <div class=\"wp-block-group is-layout-flex wp-block-group-is-layout-flex\"><div class=\"wp-block-post-terms\"><a href=\"https:\/\/www.greenpeace.org\/chile\/category\/greenpeace\/\">Greenpeace<\/a><\/div>\n        \n        \n        <\/div>\n        \n        <h3 class=\"wp-block-post-title\"><a href=\"https:\/\/www.greenpeace.org\/chile\/noticia\/greenpeace\/convencion-constitucional-y-discusion-por-agua-es-urgente-cumplir-con-las-personas-y-establecer-el-agua-como-bien-comun-inapropiable\/\" target=\"_self\" >Convenci\u00f3n Constitucional y discusi\u00f3n por agua: &#8220;Es urgente cumplir con las personas y establecer el agua como bien com\u00fan inapropiable&#8221;<\/a><\/h3>\n        <div class=\"wp-block-post-excerpt\"><p class=\"wp-block-post-excerpt__excerpt\">Greenpeace llam\u00f3 a las candidaturas constituyentes que iniciar\u00e1n la discusi\u00f3n por agua en la Convenci\u00f3n, respetar el compromiso de incluirla a favor de las personas y ecosistemas en el texto final. <\/p><\/div>\n        \n        <div class=\"wp-block-group posts-list-meta is-layout-flow wp-block-group-is-layout-flow\"><span class='article-list-item-author'><a href='https:\/\/www.greenpeace.org\/chile\/author\/rholzman\/'>rholzman<\/a><\/span>\n        <div class=\"wp-block-post-date\"><time datetime=\"2022-04-08T16:14:32+00:00\">8 Abril 2022<\/time><\/div>\n        \n        <\/div>\n        <\/div>\n        <\/div>\n\n            <\/li><li class=\"wp-block-post post-7606 post type-post status-publish format-standard has-post-thumbnail hentry category-greenpeace tag-nuevaconstitucion tag-sueltaelagua p4-page-type-noticia\">\n            \n<div class=\"wp-block-columns is-layout-flex wp-container-core-columns-is-layout-9d6595d7 wp-block-columns-is-layout-flex\"><figure class=\"wp-block-post-featured-image\"><a href=\"https:\/\/www.greenpeace.org\/chile\/noticia\/greenpeace\/greenpeace-por-reforma-al-codigo-de-aguas-no-resuelve-el-sobre-otorgamiento-de-los-derechos-de-agua\/\" target=\"_self\"  ><img loading=\"lazy\" decoding=\"async\" width=\"2500\" height=\"1667\" src=\"https:\/\/www.greenpeace.org\/static\/planet4-chile-stateless\/2020\/08\/6fb94b55-1885ef24-9602-4685-954f-9f01fbd6aef3.jpeg\" class=\"attachment-post-thumbnail size-post-thumbnail wp-post-image wp-stateless-item\" alt=\"Greenpeace por reforma al C\u00f3digo de Aguas: &#8220;No resuelve el sobre otorgamiento de los derechos de agua&#8221;\" style=\"object-fit:cover;\" srcset=\"https:\/\/www.greenpeace.org\/static\/planet4-chile-stateless\/2020\/08\/6fb94b55-1885ef24-9602-4685-954f-9f01fbd6aef3.jpeg 2500w, https:\/\/www.greenpeace.org\/static\/planet4-chile-stateless\/2020\/08\/6fb94b55-1885ef24-9602-4685-954f-9f01fbd6aef3-300x200.jpeg 300w, https:\/\/www.greenpeace.org\/static\/planet4-chile-stateless\/2020\/08\/6fb94b55-1885ef24-9602-4685-954f-9f01fbd6aef3-1024x683.jpeg 1024w, https:\/\/www.greenpeace.org\/static\/planet4-chile-stateless\/2020\/08\/6fb94b55-1885ef24-9602-4685-954f-9f01fbd6aef3-768x512.jpeg 768w, https:\/\/www.greenpeace.org\/static\/planet4-chile-stateless\/2020\/08\/6fb94b55-1885ef24-9602-4685-954f-9f01fbd6aef3-1536x1024.jpeg 1536w, https:\/\/www.greenpeace.org\/static\/planet4-chile-stateless\/2020\/08\/6fb94b55-1885ef24-9602-4685-954f-9f01fbd6aef3-2048x1366.jpeg 2048w, https:\/\/www.greenpeace.org\/static\/planet4-chile-stateless\/2020\/08\/6fb94b55-1885ef24-9602-4685-954f-9f01fbd6aef3-510x340.jpeg 510w\" sizes=\"auto, (max-width: 2500px) 100vw, 2500px\" data-image-size=\"post-thumbnail\" data-stateless-media-bucket=\"planet4-chile-stateless\" data-stateless-media-name=\"2020\/08\/6fb94b55-1885ef24-9602-4685-954f-9f01fbd6aef3.jpeg\" \/><\/a><\/figure>\n\n        <div class=\"wp-block-group is-layout-flow wp-block-group-is-layout-flow\">\n        <div class=\"wp-block-group is-layout-flex wp-block-group-is-layout-flex\"><div class=\"wp-block-post-terms\"><a href=\"https:\/\/www.greenpeace.org\/chile\/category\/greenpeace\/\">Greenpeace<\/a><\/div>\n        \n        \n        <\/div>\n        \n        <h3 class=\"wp-block-post-title\"><a href=\"https:\/\/www.greenpeace.org\/chile\/noticia\/greenpeace\/greenpeace-por-reforma-al-codigo-de-aguas-no-resuelve-el-sobre-otorgamiento-de-los-derechos-de-agua\/\" target=\"_self\" >Greenpeace por reforma al C\u00f3digo de Aguas: &#8220;No resuelve el sobre otorgamiento de los derechos de agua&#8221;<\/a><\/h3>\n        <div class=\"wp-block-post-excerpt\"><p class=\"wp-block-post-excerpt__excerpt\">Luego once a\u00f1os, desde Greenpeace alertaron que la recientemente despachada reforma al C\u00f3digo de Aguas, tendr\u00e1 dificultades en su implementaci\u00f3n si no se resuelve el sobre otorgamiento de derechos de aguas. <\/p><\/div>\n        \n        <div class=\"wp-block-group posts-list-meta is-layout-flow wp-block-group-is-layout-flow\"><span class='article-list-item-author'><a href='https:\/\/www.greenpeace.org\/chile\/author\/rholzman\/'>rholzman<\/a><\/span>\n        <div class=\"wp-block-post-date\"><time datetime=\"2022-01-14T15:58:39+00:00\">14 Enero 2022<\/time><\/div>\n        \n        <\/div>\n        <\/div>\n        <\/div>\n\n            <\/li><li class=\"wp-block-post post-7520 post type-post status-publish format-standard has-post-thumbnail hentry category-bosques category-climayenergia category-contaminacion category-greenpeace category-oceanos tag-nuevaconstitucion tag-sueltaelagua tag-noadominga p4-page-type-noticia\">\n            \n<div class=\"wp-block-columns is-layout-flex wp-container-core-columns-is-layout-9d6595d7 wp-block-columns-is-layout-flex\"><figure class=\"wp-block-post-featured-image\"><a href=\"https:\/\/www.greenpeace.org\/chile\/noticia\/issues\/bosques\/encuesta-urgencias-ambientales-para-chile-2022-rechazo-a-dominga-y-escasez-de-agua-deben-ser-las-prioridades-del-proximo-gobierno-segun-los-chilenos\/\" target=\"_self\"  ><img loading=\"lazy\" decoding=\"async\" width=\"2500\" height=\"1667\" src=\"https:\/\/www.greenpeace.org\/static\/planet4-chile-stateless\/2021\/06\/c32d0b3e-embalse-el-yeso-4.jpg\" class=\"attachment-post-thumbnail size-post-thumbnail wp-post-image wp-stateless-item\" alt=\"Encuesta \u201cUrgencias ambientales para Chile 2022&#8243;: Rechazo a Dominga y escasez de agua deben ser las prioridades del pr\u00f3ximo gobierno, seg\u00fan los chilenos\" style=\"object-fit:cover;\" srcset=\"https:\/\/www.greenpeace.org\/static\/planet4-chile-stateless\/2021\/06\/c32d0b3e-embalse-el-yeso-4.jpg 2500w, https:\/\/www.greenpeace.org\/static\/planet4-chile-stateless\/2021\/06\/c32d0b3e-embalse-el-yeso-4-300x200.jpg 300w, https:\/\/www.greenpeace.org\/static\/planet4-chile-stateless\/2021\/06\/c32d0b3e-embalse-el-yeso-4-1024x683.jpg 1024w, https:\/\/www.greenpeace.org\/static\/planet4-chile-stateless\/2021\/06\/c32d0b3e-embalse-el-yeso-4-768x512.jpg 768w, https:\/\/www.greenpeace.org\/static\/planet4-chile-stateless\/2021\/06\/c32d0b3e-embalse-el-yeso-4-1536x1024.jpg 1536w, https:\/\/www.greenpeace.org\/static\/planet4-chile-stateless\/2021\/06\/c32d0b3e-embalse-el-yeso-4-2048x1366.jpg 2048w, https:\/\/www.greenpeace.org\/static\/planet4-chile-stateless\/2021\/06\/c32d0b3e-embalse-el-yeso-4-510x340.jpg 510w\" sizes=\"auto, (max-width: 2500px) 100vw, 2500px\" data-image-size=\"post-thumbnail\" data-stateless-media-bucket=\"planet4-chile-stateless\" data-stateless-media-name=\"2021\/06\/c32d0b3e-embalse-el-yeso-4.jpg\" \/><\/a><\/figure>\n\n        <div class=\"wp-block-group is-layout-flow wp-block-group-is-layout-flow\">\n        <div class=\"wp-block-group is-layout-flex wp-block-group-is-layout-flex\"><div class=\"wp-block-post-terms\"><a href=\"https:\/\/www.greenpeace.org\/chile\/category\/issues\/bosques\/\">Bosques<\/a><\/div>\n        \n        \n        <\/div>\n        \n        <h3 class=\"wp-block-post-title\"><a href=\"https:\/\/www.greenpeace.org\/chile\/noticia\/issues\/bosques\/encuesta-urgencias-ambientales-para-chile-2022-rechazo-a-dominga-y-escasez-de-agua-deben-ser-las-prioridades-del-proximo-gobierno-segun-los-chilenos\/\" target=\"_self\" >Encuesta \u201cUrgencias ambientales para Chile 2022&#8243;: Rechazo a Dominga y escasez de agua deben ser las prioridades del pr\u00f3ximo gobierno, seg\u00fan los chilenos<\/a><\/h3>\n        <div class=\"wp-block-post-excerpt\"><p class=\"wp-block-post-excerpt__excerpt\">Greenpeace revel\u00f3 que 9 de cada 10 chilenos considera que la crisis clim\u00e1tica afectar\u00e1 directamente a sus familias o a ellos mismos, y 94% la considera una emergencia para Chile. Dominga y agua, las tem\u00e1ticas m\u00e1s urgentes de la agenda del pr\u00f3ximo gobierno. <\/p><\/div>\n        \n        <div class=\"wp-block-group posts-list-meta is-layout-flow wp-block-group-is-layout-flow\"><span class='article-list-item-author'><a href='https:\/\/www.greenpeace.org\/chile\/author\/rholzman\/'>rholzman<\/a><\/span>\n        <div class=\"wp-block-post-date\"><time datetime=\"2021-12-22T09:00:00+00:00\">22 Diciembre 2021<\/time><\/div>\n        \n        <\/div>\n        <\/div>\n        <\/div>\n\n            <\/li><\/ul>\n\n    \n<div class=\"wp-block-buttons carousel-controls is-horizontal is-content-justification-space-between is-nowrap is-layout-flex wp-container-core-buttons-is-layout-044bd602 wp-block-buttons-is-layout-flex\">\n            <div class=\"wp-block-button carousel-control-prev\"><button type=\"button\" class=\"wp-block-button__link wp-element-button\">Prev<\/button><\/div>\n        \n\n            <div class=\"wp-block-button carousel-control-next\"><button type=\"button\" class=\"wp-block-button__link wp-element-button\">Next<\/button><\/div>\n        <\/div>\n\n\n    <li class=\" wp-block-navigation-item see-all-link wp-block-navigation-link\"><a class=\"wp-block-navigation-item__content\"  href=\"http:\/\/www.greenpeace.org\/chile\/news-stories\/?tag=nuevaconstitucion\"><span class=\"wp-block-navigation-item__label\">See all stories<\/span><\/a><\/li><\/div>\n    \n<h2 class=\"wp-block-heading\">Videos<\/h2>\n\n<figure class=\"wp-block-image size-full\"><a href=\"https:\/\/www.youtube.com\/playlist?list=PLkcaT6R1t4RfxNlN3tpK-ArCs87YTVOSI\" target=\"_blank\" rel=\"noreferrer noopener\"><img loading=\"lazy\" decoding=\"async\" width=\"344\" height=\"537\" src=\"https:\/\/www.greenpeace.org\/static\/planet4-chile-stateless\/2022\/11\/dcdffb40-captura33.jpg\" alt=\"\" class=\"wp-image-8361\" srcset=\"https:\/\/www.greenpeace.org\/static\/planet4-chile-stateless\/2022\/11\/dcdffb40-captura33.jpg 344w, https:\/\/www.greenpeace.org\/static\/planet4-chile-stateless\/2022\/11\/dcdffb40-captura33-192x300.jpg 192w, https:\/\/www.greenpeace.org\/static\/planet4-chile-stateless\/2022\/11\/dcdffb40-captura33-218x340.jpg 218w\" sizes=\"auto, (max-width: 344px) 100vw, 344px\" \/><\/a><\/figure>\n","protected":false},"excerpt":{"rendered":"<p>Exige una Nueva Constituci\u00f3n Ambiental<\/p>\n","protected":false},"author":19,"featured_media":3054,"parent":10089,"menu_order":0,"comment_status":"closed","ping_status":"closed","template":"","meta":{"ep_exclude_from_search":false,"p4_hide_page_title_checkbox":"on","p4_title":"","p4_subtitle":"","p4_description":"","background_image_id":"","background_image":"","p4_button_title":"","p4_button_link":"","p4_button_link_checkbox":"","p4_og_title":"","p4_og_description":"","p4_og_image":"","p4_og_image_id":"","p4_seo_canonical_url":"","p4_campaign_name":"not set","p4_local_project":"not set","p4_basket_name":"not set","p4_department":"","footnotes":""},"categories":[],"tags":[36],"class_list":["post-2997","page","type-page","status-publish","has-post-thumbnail","hentry","tag-nuevaconstitucion"],"_links":{"self":[{"href":"https:\/\/www.greenpeace.org\/chile\/wp-json\/wp\/v2\/pages\/2997","targetHints":{"allow":["GET"]}}],"collection":[{"href":"https:\/\/www.greenpeace.org\/chile\/wp-json\/wp\/v2\/pages"}],"about":[{"href":"https:\/\/www.greenpeace.org\/chile\/wp-json\/wp\/v2\/types\/page"}],"author":[{"embeddable":true,"href":"https:\/\/www.greenpeace.org\/chile\/wp-json\/wp\/v2\/users\/19"}],"replies":[{"embeddable":true,"href":"https:\/\/www.greenpeace.org\/chile\/wp-json\/wp\/v2\/comments?post=2997"}],"version-history":[{"count":20,"href":"https:\/\/www.greenpeace.org\/chile\/wp-json\/wp\/v2\/pages\/2997\/revisions"}],"predecessor-version":[{"id":15483,"href":"https:\/\/www.greenpeace.org\/chile\/wp-json\/wp\/v2\/pages\/2997\/revisions\/15483"}],"up":[{"embeddable":true,"href":"https:\/\/www.greenpeace.org\/chile\/wp-json\/wp\/v2\/pages\/10089"}],"wp:featuredmedia":[{"embeddable":true,"href":"https:\/\/www.greenpeace.org\/chile\/wp-json\/wp\/v2\/media\/3054"}],"wp:attachment":[{"href":"https:\/\/www.greenpeace.org\/chile\/wp-json\/wp\/v2\/media?parent=2997"}],"wp:term":[{"taxonomy":"category","embeddable":true,"href":"https:\/\/www.greenpeace.org\/chile\/wp-json\/wp\/v2\/categories?post=2997"},{"taxonomy":"post_tag","embeddable":true,"href":"https:\/\/www.greenpeace.org\/chile\/wp-json\/wp\/v2\/tags?post=2997"}],"curies":[{"name":"wp","href":"https:\/\/api.w.org\/{rel}","templated":true}]}}