{"id":3167,"date":"2020-04-03T14:21:29","date_gmt":"2020-04-03T14:21:29","guid":{"rendered":"https:\/\/www.greenpeace.org\/chile\/?page_id=3167"},"modified":"2025-09-23T09:45:12","modified_gmt":"2025-09-23T09:45:12","slug":"exige-que-el-agua-sea-para-todos","status":"publish","type":"page","link":"https:\/\/www.greenpeace.org\/chile\/involucrate\/exige-que-el-agua-sea-para-todos\/","title":{"rendered":"Exige que el agua sea para todos"},"content":{"rendered":"\n                \n                <div class=\"wp-block-group alignfull is-layout-flow wp-block-group-is-layout-flow\">\n                \n                <div class=\"wp-block-group container is-layout-flow wp-block-group-is-layout-flow\">\n                \n                <div class=\"wp-block-media-text alignfull has-media-on-the-right is-stacked-on-mobile is-pattern-p4-page-header is-style-parallax\">\n\n                <div class=\"wp-block-media-text__content\">\n                    <div class=\"wp-block-group is-layout-flow wp-block-group-is-layout-flow\">\n                    \n                        <h1 class=\"wp-block-heading has-white-background-color has-background\">\n                            Exige que el agua sea para todos\n                        <\/h1>\n                    <\/div>\n                \n\n                \n                        <p style=\"font-size:1.25rem\">\n                            El coronavirus avanza y al menos 350.000 chilenos est\u00e1n en riesgo porque no pueden lavarse las manos. Necesitamos que este recurso vital llegue a cada rinc\u00f3n del pa\u00eds. Es urgente.\n                        <\/p>\n                    \n\n                \n                        <div class=\"wp-block-buttons is-layout-flex wp-block-buttons-is-layout-flex\">\n                            \n                        <\/div>\n                        <div class=\"wp-block-button is-style-cta\">\n                            <a class=\"wp-block-button__link wp-element-button\" href=\"https:\/\/sueltaelagua.cl?utm_source=web&#038;utm_medium=hubBoton&#038;utm_campaign=agua\" target=\"_blank\" rel=\"noreferrer noopener\">\n                                \n                            <\/a>\n                        <\/div>\n                    \n\n                <\/div>\n                <figure class=\"wp-block-media-text__media\">\n                    <img loading=\"lazy\" decoding=\"async\" width=\"1041\" height=\"896\"\n                        src=\"https:\/\/www.greenpeace.org\/static\/planet4-chile-stateless\/2020\/04\/5a5840e8-dsc_0045-1536x996-1.jpg\"\n                        alt=\"\"\n                        sizes=\"auto, (min-width: 601px) 50vw, 100vw\" srcset=\"https:\/\/www.greenpeace.org\/static\/planet4-chile-stateless\/2020\/04\/5a5840e8-dsc_0045-1536x996-1.jpg 1041w, https:\/\/www.greenpeace.org\/static\/planet4-chile-stateless\/2020\/04\/5a5840e8-dsc_0045-1536x996-1-300x258.jpg 300w, https:\/\/www.greenpeace.org\/static\/planet4-chile-stateless\/2020\/04\/5a5840e8-dsc_0045-1536x996-1-1024x881.jpg 1024w, https:\/\/www.greenpeace.org\/static\/planet4-chile-stateless\/2020\/04\/5a5840e8-dsc_0045-1536x996-1-768x661.jpg 768w, https:\/\/www.greenpeace.org\/static\/planet4-chile-stateless\/2020\/04\/5a5840e8-dsc_0045-1536x996-1-395x340.jpg 395w\" class=\"wp-image-3383 size-full\"\n                    \/>\n                <\/figure>\n                <\/div>\n                \n                <\/div>\n                \n                <\/div>\n                \n                \n<p>La pandemia del coronavirus sigue creciendo. Sin embargo, al menos 350 mil chilenos no pueden cumplir con la primer medida de prevenci\u00f3n que recomienda la Organizaci\u00f3n Mundial de la Salud para prevenir el contagio: lavarse las manos con agua y jab\u00f3n. Esto pues sufren constantes cortes y no cuentan con agua suficiente, de calidad sanitizada y disponible constantemente en los sectores rurales donde viven.<\/p>\n\n<p>Esta emergencia revela una vez m\u00e1s la peor cara de la desigualdad y desprotecci\u00f3n del agua en nuestro pa\u00eds. Mientras que m\u00e1s del 80% se destina a usos productivos, parte de nuestros compatriotas no tienen la disponibilidad de agua m\u00ednima que necesitan para el consumo b\u00e1sico y el cuidado de su salud. El agua pertenece a unos pocos, pero a muchos les falta.<\/p>\n\n<p>Si sabemos que el agua salva vidas, \u00bfc\u00f3mo podremos cuidarnos sin ella?<\/p>\n\n<p>Se debe entregar agua suficiente y con regularidad teniendo en cuenta las medidas que hagan falta para que la distribuci\u00f3n se realice bajo normas de protecci\u00f3n sanitaria.&nbsp;<\/p>\n\n<p>Es fundamental que todos los chilenos puedan protegerse en igualdad de condiciones para enfrentar la crisis de salud que estamos viviendo. El coronavirus es un enemigo invisible, pero la falta de agua es un enemigo letal.<\/p>\n\n<h2 class=\"wp-block-heading\"><\/h2>\n\n<h4 class=\"wp-block-heading\"><strong>El Mel\u00f3n y su batalla por no secarse<\/strong><\/h4>\n\n<p>El Mel\u00f3n es una localidad con m\u00e1s de 9 mil habitantes, y se encuentra a solo 120 kil\u00f3metros de Santiago. All\u00ed los vecinos viven una situaci\u00f3n dif\u00edcil por la falta de agua.&nbsp;<\/p>\n\n<p>Los pozos comunitarios y esteros est\u00e1n casi secos, y el ecosistema ya fue declarado como zona de cat\u00e1strofe por la larga sequ\u00eda.<\/p>\n\n<p>Sin embargo, desde hace a\u00f1os se prioriza que la industria minera y de la palta accedan al agua disponible, dejando de lado las necesidades de consumo humano.<\/p>\n\n<p>Por ejemplo, la minera Anglo American tiene permisos para usar y aprovechar hasta 453 litros de agua por segundo, mientras los vecinos sufren la escasez de este recurso vital.<\/p>\n\n<p>Esta realidad llev\u00f3 a los habitantes de El Mel\u00f3n a tomar un pozo de la compa\u00f1\u00eda para poder obtener algo de agua. <\/p>\n\n<p>Como resultado, Anglo American se \u201ccomprometi\u00f3\u201d a \u201cinyectar\u201d agua en los pozos de la comunidad. No obstante, los residentes afirman que mientras&nbsp;contin\u00fae la operaci\u00f3n en la mina El Soldado, propiedad de la multinacional, el problema de suministro de este recurso esencial se mantendr\u00e1 sin soluci\u00f3n en la localidad.<\/p>\n\n<p>El Mel\u00f3n est\u00e1 peleando por su derecho al agua. Y su lucha es la de todo Chile.&nbsp;Junto a miles como t\u00fa seremos capaces de cambiar la historia.<\/p>\n\n<h2 class=\"wp-block-heading\"><\/h2>\n\n<h4 class=\"wp-block-heading\"><strong>La explosiva combinaci\u00f3n de coronavirus y la crisis del agua en Chile<\/strong><\/h4>\n\n<p>\u2022 383.204 viviendas no cuentan con agua potable. Y a ellas se suman cerca de 350.000 personas que se ven afectadas por cortes de suministro de agua potable rural. Los cortes afectan mayoritariamente a las regiones de Valpara\u00edso, Tarapac\u00e1, Arica-Parinacota, Antofagasta y Atacama.<\/p>\n\n<p>\u2022 El 47,2% de la poblaci\u00f3n rural en Chile no cuenta con abastecimiento formal de agua potable (se abastecen de pozos el 58,8%, 25,8% en r\u00edos y vertientes y por camiones aljibes el 15,4%). En total, corresponden a 1.011.981 personas. La calidad del agua que beben y utilizan<strong> <\/strong>no est\u00e1 siendo garantizada y est\u00e1 sujeta a fuentes de contaminaci\u00f3n como qu\u00edmicos, pesticidas, minerales y metales pesados.<\/p>\n\n<p>\u2022 Actualmente, 10 regiones de nuestro pa\u00eds tienen comunas que se abastecen de agua por camiones aljibe. Hay 147 comunas con escasez h\u00eddrica. <\/p>\n\n    <div class=\"wp-block-query posts-list p4-query-loop is-custom-layout-list is-layout-flow wp-block-query-is-layout-flow\">\n        <div class=\"wp-block-group is-content-justification-space-between is-layout-flex wp-container-core-group-is-layout-3d213aab wp-block-group-is-layout-flex\"><h2 class=\"wp-block-heading\">Novedades<\/h2>\n        <li class=\" wp-block-navigation-item see-all-link wp-block-navigation-link\"><a class=\"wp-block-navigation-item__content\"  href=\"http:\/\/www.greenpeace.org\/chile\/news-stories\/?tag=sueltaelagua\"><span class=\"wp-block-navigation-item__label\">See all stories<\/span><\/a><\/li>\n        \n        <\/div>\n        \n\n    <p style=\"margin-top: 24px; margin-bottom: 36px;\"><\/p>\n\n    \n\n    <ul class=\"wp-block-post-template is-layout-flow wp-block-post-template-is-layout-flow\"><li class=\"wp-block-post post-13791 post type-post status-publish format-standard has-post-thumbnail hentry category-climayenergia tag-bajemoslosbronces tag-sueltaelagua p4-page-type-noticia\">\n            \n<div class=\"wp-block-columns is-layout-flex wp-container-core-columns-is-layout-9d6595d7 wp-block-columns-is-layout-flex\"><figure class=\"wp-block-post-featured-image\"><a href=\"https:\/\/www.greenpeace.org\/chile\/noticia\/issues\/climayenergia\/dia-mundial-del-agua-chile-alberga-el-80-de-los-glaciares-de-sudamerica\/\" target=\"_self\"  ><img loading=\"lazy\" decoding=\"async\" width=\"2560\" height=\"1441\" src=\"https:\/\/www.greenpeace.org\/static\/planet4-chile-stateless\/2025\/03\/3fbdb584-glaciares-zona-metropolitana-chile-credito-greenpeace-scaled.jpg\" class=\"attachment-post-thumbnail size-post-thumbnail wp-post-image wp-stateless-item\" alt=\"D\u00eda Mundial del Agua: Chile alberga el 80% de los glaciares de Sudam\u00e9rica\" style=\"object-fit:cover;\" srcset=\"https:\/\/www.greenpeace.org\/static\/planet4-chile-stateless\/2025\/03\/3fbdb584-glaciares-zona-metropolitana-chile-credito-greenpeace-scaled.jpg 2560w, https:\/\/www.greenpeace.org\/static\/planet4-chile-stateless\/2025\/03\/3fbdb584-glaciares-zona-metropolitana-chile-credito-greenpeace-300x169.jpg 300w, https:\/\/www.greenpeace.org\/static\/planet4-chile-stateless\/2025\/03\/3fbdb584-glaciares-zona-metropolitana-chile-credito-greenpeace-1024x577.jpg 1024w, https:\/\/www.greenpeace.org\/static\/planet4-chile-stateless\/2025\/03\/3fbdb584-glaciares-zona-metropolitana-chile-credito-greenpeace-768x432.jpg 768w, https:\/\/www.greenpeace.org\/static\/planet4-chile-stateless\/2025\/03\/3fbdb584-glaciares-zona-metropolitana-chile-credito-greenpeace-1536x865.jpg 1536w, https:\/\/www.greenpeace.org\/static\/planet4-chile-stateless\/2025\/03\/3fbdb584-glaciares-zona-metropolitana-chile-credito-greenpeace-2048x1153.jpg 2048w, https:\/\/www.greenpeace.org\/static\/planet4-chile-stateless\/2025\/03\/3fbdb584-glaciares-zona-metropolitana-chile-credito-greenpeace-510x287.jpg 510w\" sizes=\"auto, (max-width: 2560px) 100vw, 2560px\" data-image-size=\"post-thumbnail\" data-stateless-media-bucket=\"planet4-chile-stateless\" data-stateless-media-name=\"2025\/03\/3fbdb584-glaciares-zona-metropolitana-chile-credito-greenpeace-scaled.jpg\" \/><\/a><\/figure>\n\n        <div class=\"wp-block-group is-layout-flow wp-block-group-is-layout-flow\">\n        <div class=\"wp-block-group is-layout-flex wp-block-group-is-layout-flex\"><div class=\"wp-block-post-terms\"><a href=\"https:\/\/www.greenpeace.org\/chile\/category\/issues\/climayenergia\/\">Clima y Energ\u00eda<\/a><\/div>\n        \n        \n        <\/div>\n        \n        <h3 class=\"wp-block-post-title\"><a href=\"https:\/\/www.greenpeace.org\/chile\/noticia\/issues\/climayenergia\/dia-mundial-del-agua-chile-alberga-el-80-de-los-glaciares-de-sudamerica\/\" target=\"_self\" >D\u00eda Mundial del Agua: Chile alberga el 80% de los glaciares de Sudam\u00e9rica<\/a><\/h3>\n        <div class=\"wp-block-post-excerpt\"><p class=\"wp-block-post-excerpt__excerpt\">Doble conmemoraci\u00f3n: por primera vez, el 21 de marzo se celebra el D\u00eda Mundial de los Glaciares, establecido por la ONU. Esta fecha se suma al D\u00eda Mundial del Agua, que se celebra cada 22 de marzo. <\/p><\/div>\n        \n        <div class=\"wp-block-group posts-list-meta is-layout-flow wp-block-group-is-layout-flow\"><span class='article-list-item-author'><a href='https:\/\/www.greenpeace.org\/chile\/author\/prensachile\/'>Prensa Chile<\/a><\/span>\n        <div class=\"wp-block-post-date\"><time datetime=\"2025-03-19T18:15:49+00:00\">19 Marzo 2025<\/time><\/div>\n        \n        <\/div>\n        <\/div>\n        <\/div>\n\n            <\/li><li class=\"wp-block-post post-13392 post type-post status-publish format-standard has-post-thumbnail hentry category-biodiversidad category-climayenergia category-sustentabilidad tag-lagunaaculeo tag-sueltaelagua p4-page-type-blog\">\n            \n<div class=\"wp-block-columns is-layout-flex wp-container-core-columns-is-layout-9d6595d7 wp-block-columns-is-layout-flex\"><figure class=\"wp-block-post-featured-image\"><a href=\"https:\/\/www.greenpeace.org\/chile\/blog\/issues\/climayenergia\/crisis-hidrica-mundial-nuevos-datos-confirman-que-el-recurso-mas-importante-esta-en-peligro\/\" target=\"_self\"  ><img loading=\"lazy\" decoding=\"async\" width=\"800\" height=\"534\" src=\"https:\/\/www.greenpeace.org\/static\/planet4-chile-stateless\/2024\/12\/c943a39b-gp0stu9uj_low-res-with-credit-line-800px.jpg\" class=\"attachment-post-thumbnail size-post-thumbnail wp-post-image wp-stateless-item\" alt=\"Crisis h\u00eddrica mundial: nuevos datos confirman que el recurso m\u00e1s importante est\u00e1 en peligro\" style=\"object-fit:cover;\" srcset=\"https:\/\/www.greenpeace.org\/static\/planet4-chile-stateless\/2024\/12\/c943a39b-gp0stu9uj_low-res-with-credit-line-800px.jpg 800w, https:\/\/www.greenpeace.org\/static\/planet4-chile-stateless\/2024\/12\/c943a39b-gp0stu9uj_low-res-with-credit-line-800px-300x200.jpg 300w, https:\/\/www.greenpeace.org\/static\/planet4-chile-stateless\/2024\/12\/c943a39b-gp0stu9uj_low-res-with-credit-line-800px-768x513.jpg 768w, https:\/\/www.greenpeace.org\/static\/planet4-chile-stateless\/2024\/12\/c943a39b-gp0stu9uj_low-res-with-credit-line-800px-510x340.jpg 510w\" sizes=\"auto, (max-width: 800px) 100vw, 800px\" data-image-size=\"post-thumbnail\" data-stateless-media-bucket=\"planet4-chile-stateless\" data-stateless-media-name=\"2024\/12\/c943a39b-gp0stu9uj_low-res-with-credit-line-800px.jpg\" \/><\/a><\/figure>\n\n        <div class=\"wp-block-group is-layout-flow wp-block-group-is-layout-flow\">\n        <div class=\"wp-block-group is-layout-flex wp-block-group-is-layout-flex\"><div class=\"wp-block-post-terms\"><a href=\"https:\/\/www.greenpeace.org\/chile\/category\/issues\/biodiversidad\/\">Biodiversidad<\/a><\/div>\n        \n        \n        <\/div>\n        \n        <h3 class=\"wp-block-post-title\"><a href=\"https:\/\/www.greenpeace.org\/chile\/blog\/issues\/climayenergia\/crisis-hidrica-mundial-nuevos-datos-confirman-que-el-recurso-mas-importante-esta-en-peligro\/\" target=\"_self\" >Crisis h\u00eddrica mundial: nuevos datos confirman que el recurso m\u00e1s importante est\u00e1 en peligro<\/a><\/h3>\n        <div class=\"wp-block-post-excerpt\"><p class=\"wp-block-post-excerpt__excerpt\">S\u00f3lo contamos con 2,5% de agua dulce y esas reservas no paran de achicarse. <\/p><\/div>\n        \n        <div class=\"wp-block-group posts-list-meta is-layout-flow wp-block-group-is-layout-flow\"><span class='article-list-item-author'>Meri Castro<\/span>\n        <div class=\"wp-block-post-date\"><time datetime=\"2024-12-30T12:28:22+00:00\">30 Diciembre 2024<\/time><\/div>\n        \n        <\/div>\n        <\/div>\n        <\/div>\n\n            <\/li><li class=\"wp-block-post post-13012 post type-post status-publish format-standard has-post-thumbnail hentry category-climayenergia tag-sueltaelagua p4-page-type-noticia\">\n            \n<div class=\"wp-block-columns is-layout-flex wp-container-core-columns-is-layout-9d6595d7 wp-block-columns-is-layout-flex\"><figure class=\"wp-block-post-featured-image\"><a href=\"https:\/\/www.greenpeace.org\/chile\/noticia\/issues\/climayenergia\/la-urgencia-de-mejorar-la-gestion-hidrica-en-el-agro\/\" target=\"_self\"  ><img loading=\"lazy\" decoding=\"async\" width=\"2560\" height=\"1708\" src=\"https:\/\/www.greenpeace.org\/static\/planet4-chile-stateless\/2022\/03\/31632ba5-cajon-del-maipo-2-scaled.jpg\" class=\"attachment-post-thumbnail size-post-thumbnail wp-post-image wp-stateless-item\" alt=\"La urgencia de mejorar la gesti\u00f3n h\u00eddrica en el agro\" style=\"object-fit:cover;\" srcset=\"https:\/\/www.greenpeace.org\/static\/planet4-chile-stateless\/2022\/03\/31632ba5-cajon-del-maipo-2-scaled.jpg 2560w, https:\/\/www.greenpeace.org\/static\/planet4-chile-stateless\/2022\/03\/31632ba5-cajon-del-maipo-2-300x200.jpg 300w, https:\/\/www.greenpeace.org\/static\/planet4-chile-stateless\/2022\/03\/31632ba5-cajon-del-maipo-2-1024x683.jpg 1024w, https:\/\/www.greenpeace.org\/static\/planet4-chile-stateless\/2022\/03\/31632ba5-cajon-del-maipo-2-768x513.jpg 768w, https:\/\/www.greenpeace.org\/static\/planet4-chile-stateless\/2022\/03\/31632ba5-cajon-del-maipo-2-1536x1025.jpg 1536w, https:\/\/www.greenpeace.org\/static\/planet4-chile-stateless\/2022\/03\/31632ba5-cajon-del-maipo-2-2048x1366.jpg 2048w, https:\/\/www.greenpeace.org\/static\/planet4-chile-stateless\/2022\/03\/31632ba5-cajon-del-maipo-2-510x340.jpg 510w\" sizes=\"auto, (max-width: 2560px) 100vw, 2560px\" data-image-size=\"post-thumbnail\" data-stateless-media-bucket=\"planet4-chile-stateless\" data-stateless-media-name=\"2022\/03\/31632ba5-cajon-del-maipo-2-scaled.jpg\" \/><\/a><\/figure>\n\n        <div class=\"wp-block-group is-layout-flow wp-block-group-is-layout-flow\">\n        <div class=\"wp-block-group is-layout-flex wp-block-group-is-layout-flex\"><div class=\"wp-block-post-terms\"><a href=\"https:\/\/www.greenpeace.org\/chile\/category\/issues\/climayenergia\/\">Clima y Energ\u00eda<\/a><\/div>\n        \n        \n        <\/div>\n        \n        <h3 class=\"wp-block-post-title\"><a href=\"https:\/\/www.greenpeace.org\/chile\/noticia\/issues\/climayenergia\/la-urgencia-de-mejorar-la-gestion-hidrica-en-el-agro\/\" target=\"_self\" >La urgencia de mejorar la gesti\u00f3n h\u00eddrica en el agro<\/a><\/h3>\n        <div class=\"wp-block-post-excerpt\"><p class=\"wp-block-post-excerpt__excerpt\">En el marco del D\u00eda Mundial de la Agricultura -que se conmemora el 9 de septiembre- es pertinente hacer un llamado al sector a generar mayores eficiencias en sus modelos de producci\u00f3n, reduciendo considerablemente los recursos que utilizan en estos procesos y aumentando los est\u00e1ndares de calidad con los que se miden.\u00a0 <\/p><\/div>\n        \n        <div class=\"wp-block-group posts-list-meta is-layout-flow wp-block-group-is-layout-flow\"><span class='article-list-item-author'><a href='https:\/\/www.greenpeace.org\/chile\/author\/prensachile\/'>Prensa Chile<\/a><\/span>\n        <div class=\"wp-block-post-date\"><time datetime=\"2024-09-10T13:23:59+00:00\">10 Septiembre 2024<\/time><\/div>\n        \n        <\/div>\n        <\/div>\n        <\/div>\n\n            <\/li><\/ul>\n\n    \n<div class=\"wp-block-buttons carousel-controls is-horizontal is-content-justification-space-between is-nowrap is-layout-flex wp-container-core-buttons-is-layout-044bd602 wp-block-buttons-is-layout-flex\">\n            <div class=\"wp-block-button carousel-control-prev\"><button type=\"button\" class=\"wp-block-button__link wp-element-button\">Prev<\/button><\/div>\n        \n\n            <div class=\"wp-block-button carousel-control-next\"><button type=\"button\" class=\"wp-block-button__link wp-element-button\">Next<\/button><\/div>\n        <\/div>\n\n\n    <li class=\" wp-block-navigation-item see-all-link wp-block-navigation-link\"><a class=\"wp-block-navigation-item__content\"  href=\"http:\/\/www.greenpeace.org\/chile\/news-stories\/?tag=sueltaelagua\"><span class=\"wp-block-navigation-item__label\">See all stories<\/span><\/a><\/li><\/div>\n    \n<h3><strong>Videos<\/strong><\/h3>\n<p><iframe loading=\"lazy\" src=\"https:\/\/www.youtube.com\/embed\/videoseries?list=PLkcaT6R1t4RezNc2P9q6i0rtpqFhnLMWY\" width=\"560\" height=\"315\" frameborder=\"0\" allowfullscreen=\"allowfullscreen\"><span data-mce-type=\"bookmark\" style=\"display: inline-block; width: 0px; overflow: hidden; line-height: 0;\" class=\"mce_SELRES_start\">\ufeff<\/span><span data-mce-type=\"bookmark\" style=\"display: inline-block; width: 0px; overflow: hidden; line-height: 0;\" class=\"mce_SELRES_start\">\ufeff<\/span><span data-mce-type=\"bookmark\" style=\"display: inline-block; width: 0px; overflow: hidden; line-height: 0;\" class=\"mce_SELRES_start\">\ufeff<\/span><\/iframe><\/p>\n","protected":false},"excerpt":{"rendered":"<p>La pandemia del coronavirus sigue creciendo. Sin embargo, al menos 350 mil chilenos no pueden cumplir con la primer medida de prevenci\u00f3n que recomienda la Organizaci\u00f3n Mundial de la Salud para prevenir el contagio: lavarse las manos con agua y jab\u00f3n. Esto pues sufren constantes cortes y no cuentan con agua suficiente, de calidad sanitizada [&hellip;]<\/p>\n","protected":false},"author":19,"featured_media":3168,"parent":10089,"menu_order":0,"comment_status":"closed","ping_status":"closed","template":"","meta":{"ep_exclude_from_search":false,"p4_hide_page_title_checkbox":"on","p4_title":"","p4_subtitle":"","p4_description":"","background_image_id":"","background_image":"","p4_button_title":"","p4_button_link":"","p4_button_link_checkbox":"","p4_og_title":"","p4_og_description":"","p4_og_image":"","p4_og_image_id":"","p4_seo_canonical_url":"","p4_campaign_name":"not set","p4_local_project":"not set","p4_basket_name":"not set","p4_department":"","footnotes":""},"categories":[4],"tags":[38],"class_list":["post-3167","page","type-page","status-publish","has-post-thumbnail","hentry","category-contaminacion","tag-sueltaelagua"],"_links":{"self":[{"href":"https:\/\/www.greenpeace.org\/chile\/wp-json\/wp\/v2\/pages\/3167","targetHints":{"allow":["GET"]}}],"collection":[{"href":"https:\/\/www.greenpeace.org\/chile\/wp-json\/wp\/v2\/pages"}],"about":[{"href":"https:\/\/www.greenpeace.org\/chile\/wp-json\/wp\/v2\/types\/page"}],"author":[{"embeddable":true,"href":"https:\/\/www.greenpeace.org\/chile\/wp-json\/wp\/v2\/users\/19"}],"replies":[{"embeddable":true,"href":"https:\/\/www.greenpeace.org\/chile\/wp-json\/wp\/v2\/comments?post=3167"}],"version-history":[{"count":20,"href":"https:\/\/www.greenpeace.org\/chile\/wp-json\/wp\/v2\/pages\/3167\/revisions"}],"predecessor-version":[{"id":15480,"href":"https:\/\/www.greenpeace.org\/chile\/wp-json\/wp\/v2\/pages\/3167\/revisions\/15480"}],"up":[{"embeddable":true,"href":"https:\/\/www.greenpeace.org\/chile\/wp-json\/wp\/v2\/pages\/10089"}],"wp:featuredmedia":[{"embeddable":true,"href":"https:\/\/www.greenpeace.org\/chile\/wp-json\/wp\/v2\/media\/3168"}],"wp:attachment":[{"href":"https:\/\/www.greenpeace.org\/chile\/wp-json\/wp\/v2\/media?parent=3167"}],"wp:term":[{"taxonomy":"category","embeddable":true,"href":"https:\/\/www.greenpeace.org\/chile\/wp-json\/wp\/v2\/categories?post=3167"},{"taxonomy":"post_tag","embeddable":true,"href":"https:\/\/www.greenpeace.org\/chile\/wp-json\/wp\/v2\/tags?post=3167"}],"curies":[{"name":"wp","href":"https:\/\/api.w.org\/{rel}","templated":true}]}}