{"id":32,"date":"2018-05-08T15:57:44","date_gmt":"2018-05-08T15:57:44","guid":{"rendered":"https:\/\/k8s.p4.greenpeace.org\/defaultcontent\/?page_id=32"},"modified":"2025-09-23T09:45:31","modified_gmt":"2025-09-23T09:45:31","slug":"defiende-a-las-ballenas","status":"publish","type":"page","link":"https:\/\/www.greenpeace.org\/chile\/involucrate\/defiende-a-las-ballenas\/","title":{"rendered":"Defiende a las ballenas"},"content":{"rendered":"\n<div class=\"wp-block-group is-vertical is-layout-flex wp-container-core-group-is-layout-8cf370e7 wp-block-group-is-layout-flex\">\n<figure class=\"wp-block-image size-large\"><img decoding=\"async\" src=\"https:\/\/www.greenpeace.org\/static\/planet4-colombia-stateless\/2024\/10\/6aac245a-ballena-jorobada-gp0stsjut-\u00a9-paul-hilton-greenpeace-1-1024x683.jpg\" alt=\"\" class=\"wp-image-13277\"\/><figcaption class=\"wp-element-caption\">Ballena Jorobada<\/figcaption><\/figure>\n<\/div>\n\n<p><span style=\"font-weight: 400;\">Las <strong>ballenas son animales de gran tama\u00f1o, inteligentes y pac\u00edficos. Estos mam\u00edferos marinos realizan largos viajes migratorios<\/strong> y tienen comportamientos sociales muy complejos. Se sabe que <strong>algunas especies utilizan diferentes series de sonidos para comunicarse. <\/strong>Sin embargo, a\u00fan queda mucho por aprender sobre su forma de vida. <\/span><\/p>\n\n<p><span style=\"font-weight: 400;\">En la actualidad,<strong> la cacer\u00eda sigue siendo una amenaza para estos cet\u00e1ceos, aunque otras causas ambientales tambi\u00e9n est\u00e1n afectando su supervivencia<\/strong>. El<strong> cambio clim\u00e1tico, la contaminaci\u00f3n, la destrucci\u00f3n de su h\u00e1bitat y la pesca sin control<\/strong> son solo algunos de los problemas que debemos resolver en forma urgente si queremos un mar saludable.<\/span><\/p>\n\n<p><span style=\"font-weight: 400;\">Lamentablemente, <strong>a trav\u00e9s de los a\u00f1os disminuyeron las poblaciones de la mayor\u00eda de las especies de ballenas<\/strong>. Algunas est\u00e1n al borde de la extinci\u00f3n y otras en lenta recuperaci\u00f3n. <\/span><\/p>\n\n<div class=\"wp-block-buttons is-content-justification-center is-layout-flex wp-container-core-buttons-is-layout-16018d1d wp-block-buttons-is-layout-flex\">\n<div class=\"wp-block-button is-style-cta\"><a class=\"wp-block-button__link wp-element-button\" href=\"https:\/\/www.greenpeace.org\/chile\/quieres-saber-mas-sobre-las-ballenas\/\" target=\"_blank\" rel=\"noreferrer noopener\">Conoce m\u00e1s sobre las ballenas<\/a><\/div>\n<\/div>\n\n<figure class=\"wp-block-image aligncenter size-large\"><img decoding=\"async\" src=\"https:\/\/www.greenpeace.org\/static\/planet4-colombia-stateless\/2025\/02\/fdeb662a-ballena-azul-color_dsc4816-\u00a9-cristina-harboe-greenpeace-1024x684.jpg\" alt=\"\" class=\"wp-image-14267\"\/><\/figure>\n\n<p><span style=\"font-weight: 400;\">En <strong>Greenpeace trabajamos desde 1975 para detener la matanza de estos mam\u00edferos. En 1982 participamos en la campa\u00f1a que logr\u00f3 que la Comisi\u00f3n Ballenera Internacional (CBI) decretara una moratoria a la caza comercial de ballenas.<\/strong> <\/span><\/p>\n\n<p><span style=\"font-weight: 400;\">A pesar de esto, Jap\u00f3n, Noruega e Islandia no la aceptaron y las han seguido capturando con la excusa de \u00a8pesca de investigaci\u00f3n\u00a8.<\/span><\/p>\n\n<p class=\"has-text-align-center has-grey-200-background-color has-background\"><span style=\"font-weight: 400;\"><strong>Por eso, hacemos campa\u00f1as en todo el mundo para defender a las poblaciones de ballenas que a\u00fan sobreviven y que est\u00e1n restableci\u00e9ndose.<\/strong><\/span><\/p>\n\n<div class=\"wp-block-buttons is-content-justification-center is-layout-flex wp-container-core-buttons-is-layout-16018d1d wp-block-buttons-is-layout-flex\">\n<div class=\"wp-block-button is-style-cta\"><a class=\"wp-block-button__link wp-element-button\" href=\"https:\/\/www.greenpeace.org\/chile\/los-hechos-fundamentales-de-nuestra-campana-en-defensa-de-las-ballenas-2\/\" target=\"_blank\" rel=\"noreferrer noopener\">Mira las fotos hist\u00f3ricas de las acciones de Greenpeace para defender las ballenas<\/a><\/div>\n<\/div>\n\n<figure class=\"wp-block-image aligncenter size-large\"><a href=\"https:\/\/www.greenpeace.org\/colombia\/los-hechos-fundamentales-de-nuestra-campana-icono-50-anos-defendiendo-a-las-ballenas\/\" target=\"_blank\" rel=\" noreferrer noopener\"><img decoding=\"async\" src=\"https:\/\/www.greenpeace.org\/static\/planet4-colombia-stateless\/2025\/02\/a86dfbbb-gp015yy_medium-res-with-credit-line-1200px-1024x683.jpg\" alt=\"\" class=\"wp-image-14250\"\/><\/a><\/figure>\n\n<figure class=\"wp-block-embed aligncenter is-type-wp-embed is-provider-greenpeace-chile wp-block-embed-greenpeace-chile\"><div class=\"wp-block-embed__wrapper\">\n <blockquote class=\"wp-embedded-content\" data-secret=\"WAvL7djnoz\"><a href=\"https:\/\/www.greenpeace.org\/chile\/los-hechos-fundamentales-de-nuestra-campana-en-defensa-de-las-ballenas-2\/\">Los hechos fundamentales de nuestra campa\u00f1a \u00edcono: 50 a\u00f1os defendiendo a las ballenas<\/a><\/blockquote><iframe loading=\"lazy\" class=\"wp-embedded-content\" sandbox=\"allow-scripts\" security=\"restricted\" style=\"position: absolute; visibility: hidden;\" title=\"&#8220;Los hechos fundamentales de nuestra campa\u00f1a \u00edcono: 50 a\u00f1os defendiendo a las ballenas&#8221; &#8212; Greenpeace Chile\" src=\"https:\/\/www.greenpeace.org\/chile\/los-hechos-fundamentales-de-nuestra-campana-en-defensa-de-las-ballenas-2\/embed\/#?secret=q4p5gxOgT9#?secret=WAvL7djnoz\" data-secret=\"WAvL7djnoz\" width=\"500\" height=\"282\" frameborder=\"0\" marginwidth=\"0\" marginheight=\"0\" scrolling=\"no\"><\/iframe>\n<\/div><\/figure>\n\n\n<div class=\"wp-block-group alignfull block has-beige-100-background-color has-background is-layout-flow wp-block-group-is-layout-flow\">\n<div class=\"wp-block-group container is-layout-flow wp-block-group-is-layout-flow\">\n<div style=\"height:24px\" aria-hidden=\"true\" class=\"wp-block-spacer\"><\/div>\n\n\n\n<h3 class=\"wp-block-heading has-text-align-center\">Profundiza en los siguientes temas<\/h3>\n\n\n\n<div class=\"wp-block-columns is-layout-flex wp-container-core-columns-is-layout-9d6595d7 wp-block-columns-is-layout-flex\">\n<div class=\"wp-block-column is-layout-flow wp-block-column-is-layout-flow\">\n<div class=\"wp-block-group group-stretched-link is-layout-flow wp-block-group-is-layout-flow\">\n<figure class=\"wp-block-image aligncenter size-full is-resized force-no-lightbox force-no-caption is-style-rounded-180\"><a href=\"https:\/\/www.greenpeace.org\/colombia\/los-hechos-fundamentales-de-nuestra-campana-en-defensa-de-las-ballenas\/\"><img decoding=\"async\" src=\"https:\/\/www.greenpeace.org\/static\/planet4-colombia-stateless\/2021\/09\/2c4e06ab-foto2jpg.jpg\" alt=\"\" class=\"wp-image-5309\"\/><\/a><figcaption class=\"wp-element-caption\">Una de las primeras campa\u00f1as de Greenpeace fue contra la caza comercial de ballenas, que hab\u00eda devastado a la especie y la hab\u00eda llevado al borde de la extinci\u00f3n durante la primera mitad del siglo XX. \n<\/figcaption><\/figure>\n\n\n\n<h4 class=\"wp-block-heading has-text-align-center is-style-chevron\" style=\"font-size:1rem\"><a href=\"https:\/\/www.greenpeace.org\/chile\/los-hechos-fundamentales-de-nuestra-campana-en-defensa-de-las-ballenas-2\/\" target=\"_blank\" rel=\"noreferrer noopener\">Activismo hist\u00f3rico por las ballenas<\/a><\/h4>\n\n\n\n<div style=\"height:16px\" aria-hidden=\"true\" class=\"wp-block-spacer\"><\/div>\n<\/div>\n<\/div>\n\n\n\n<div class=\"wp-block-column is-layout-flow wp-block-column-is-layout-flow\">\n<div class=\"wp-block-group group-stretched-link is-layout-flow wp-block-group-is-layout-flow\">\n<figure class=\"wp-block-image aligncenter size-large is-resized force-no-lightbox force-no-caption is-style-rounded-180\"><img decoding=\"async\" src=\"https:\/\/www.greenpeace.org\/static\/planet4-colombia-stateless\/2020\/01\/86f18a86-oceanos-1024x597.jpg\" alt=\"\" class=\"wp-image-2701\"\/><figcaption class=\"wp-element-caption\">A pod of dolphins are pictured swimming close to the Greenpeace ship Arctic Sunrise, 20 miles off the north coast of Corsica, in the Pelagos Sanctuary for Mediterranean Marine Mammals.<\/figcaption><\/figure>\n\n\n\n<h4 class=\"wp-block-heading has-text-align-center is-style-chevron\" style=\"font-size:1rem\"><a href=\"https:\/\/www.greenpeace.org\/chile\/tag\/santuariosmarinos\/\" target=\"_blank\" rel=\"noreferrer noopener\">Santuarios Marinos<\/a><\/h4>\n\n\n\n<div style=\"height:16px\" aria-hidden=\"true\" class=\"wp-block-spacer\"><\/div>\n<\/div>\n<\/div>\n\n\n\n<div class=\"wp-block-column is-layout-flow wp-block-column-is-layout-flow\">\n<div class=\"wp-block-group group-stretched-link is-layout-flow wp-block-group-is-layout-flow\">\n<figure class=\"wp-block-image aligncenter size-large is-resized force-no-lightbox force-no-caption is-style-rounded-180\"><a href=\"https:\/\/www.greenpeace.org\/colombia\/quieres-saber-mas-sobre-las-ballenas\/\"><img decoding=\"async\" src=\"https:\/\/www.greenpeace.org\/static\/planet4-colombia-stateless\/2022\/06\/0b5bfbd2-ballenas-jorobadas-en-tonga-1-1024x665.jpg\" alt=\"\" class=\"wp-image-6070\"\/><\/a><figcaption class=\"wp-element-caption\">Frente a las m\u00faltiples amenazas que sufren los oc\u00e9anos en el marco de la actual crisis clim\u00e1tica y de biodiversidad, Greenpeace record\u00f3 los motivos para defender estos ecosistemas fundamentales, en ocasi\u00f3n de una nueva edici\u00f3n del D\u00eda Mundial de los Oc\u00e9anos. La acidificaci\u00f3n, la sobrepesca, el vertimiento de residuos t\u00f3xicos, las islas de basuras y dem\u00e1s contaminaci\u00f3n hacen que sea urgente la protecci\u00f3n de los mismos.<\/figcaption><\/figure>\n\n\n\n<h4 class=\"wp-block-heading has-text-align-center is-style-chevron\" style=\"font-size:1rem\"><a href=\"https:\/\/www.greenpeace.org\/chile\/quieres-saber-mas-sobre-las-ballenas\/\" target=\"_blank\" rel=\"noreferrer noopener\">M\u00e1s sobre ballenas<\/a><\/h4>\n\n\n\n<div style=\"height:16px\" aria-hidden=\"true\" class=\"wp-block-spacer\"><\/div>\n<\/div>\n<\/div>\n<\/div>\n<\/div>\n<\/div>\n\n\n<div class=\"wp-block-query posts-list p4-query-loop is-custom-layout-list is-layout-flow wp-block-query-is-layout-flow\">\n<div class=\"wp-block-group is-content-justification-space-between is-layout-flex wp-container-core-group-is-layout-3d213aab wp-block-group-is-layout-flex\">\n<h2 class=\"wp-block-heading\">Novedades<\/h2>\n\n\n<li class=\" wp-block-navigation-item see-all-link wp-block-navigation-link\"><a class=\"wp-block-navigation-item__content\"  href=\"http:\/\/www.greenpeace.org\/chile\/news-stories\/?tag=socios\"><span class=\"wp-block-navigation-item__label\">See all stories<\/span><\/a><\/li><\/div>\n\n\n\n<p style=\"margin-top:24px;margin-bottom:36px\"><\/p>\n\n\n\n\n<ul class=\"wp-block-post-template is-layout-flow wp-block-post-template-is-layout-flow\"><li class=\"wp-block-post post-15955 post type-post status-publish format-standard has-post-thumbnail hentry category-greenpeace tag-socios p4-page-type-blog\">\n\n<div class=\"wp-block-columns is-layout-flex wp-container-core-columns-is-layout-9d6595d7 wp-block-columns-is-layout-flex\"><figure class=\"wp-block-post-featured-image\"><a href=\"https:\/\/www.greenpeace.org\/chile\/blog\/greenpeace\/gracias-por-nada-a-los-poderosos-y-gracias-por-todo-a-las-personas-somos-independientes-porque-la-gente-lo-hace-posible\/\" target=\"_self\"  ><img loading=\"lazy\" decoding=\"async\" width=\"800\" height=\"528\" src=\"https:\/\/www.greenpeace.org\/static\/planet4-chile-stateless\/2026\/03\/6dbce04b-gif-header-horizontal.gif\" class=\"attachment-post-thumbnail size-post-thumbnail wp-post-image wp-stateless-item\" alt=\"\u201cGracias por Nada\u201d a los poderosos y \u201cGracias por Todo\u201d a las personas: somos independientes porque la gente lo hace posible\" style=\"object-fit:cover;\" data-image-size=\"post-thumbnail\" data-stateless-media-bucket=\"planet4-chile-stateless\" data-stateless-media-name=\"2026\/03\/6dbce04b-gif-header-horizontal.gif\" \/><\/a><\/figure>\n\n\n<div class=\"wp-block-group is-layout-flow wp-block-group-is-layout-flow\">\n<div class=\"wp-block-group is-layout-flex wp-block-group-is-layout-flex\"><div class=\"wp-block-post-terms\"><a href=\"https:\/\/www.greenpeace.org\/chile\/category\/greenpeace\/\">Greenpeace<\/a><\/div><\/div>\n\n\n<h3 class=\"wp-block-post-title\"><a href=\"https:\/\/www.greenpeace.org\/chile\/blog\/greenpeace\/gracias-por-nada-a-los-poderosos-y-gracias-por-todo-a-las-personas-somos-independientes-porque-la-gente-lo-hace-posible\/\" target=\"_self\" >\u201cGracias por Nada\u201d a los poderosos y \u201cGracias por Todo\u201d a las personas: somos independientes porque la gente lo hace posible<\/a><\/h3>\n\n<div class=\"wp-block-post-excerpt\"><p class=\"wp-block-post-excerpt__excerpt\">Nuestra independencia es un valor central. <\/p><\/div>\n\n\n<div class=\"wp-block-group posts-list-meta is-layout-flow wp-block-group-is-layout-flow\"><span class='article-list-item-author'>Laura Colombo<\/span>\n\n<div class=\"wp-block-post-date\"><time datetime=\"2026-03-18T15:58:01+00:00\">18 Marzo 2026<\/time><\/div><\/div>\n<\/div>\n<\/div>\n\n<\/li><li class=\"wp-block-post post-15838 post type-post status-publish format-standard has-post-thumbnail hentry category-greenpeace tag-voluntarios tag-socios p4-page-type-blog\">\n\n<div class=\"wp-block-columns is-layout-flex wp-container-core-columns-is-layout-9d6595d7 wp-block-columns-is-layout-flex\"><figure class=\"wp-block-post-featured-image\"><a href=\"https:\/\/www.greenpeace.org\/chile\/blog\/greenpeace\/dia-mundial-de-la-educacion-ambiental-educar-para-cuidar-nuestro-planeta\/\" target=\"_self\"  ><img loading=\"lazy\" decoding=\"async\" width=\"1200\" height=\"800\" src=\"https:\/\/www.greenpeace.org\/static\/planet4-chile-stateless\/2026\/01\/19d398af-gp0stpvu6_medium-res-with-credit-line-1200px.jpg\" class=\"attachment-post-thumbnail size-post-thumbnail wp-post-image wp-stateless-item\" alt=\"D\u00eda Mundial De La Educaci\u00f3n Ambiental: Educar Para Cuidar Nuestro Planeta\" style=\"object-fit:cover;\" srcset=\"https:\/\/www.greenpeace.org\/static\/planet4-chile-stateless\/2026\/01\/19d398af-gp0stpvu6_medium-res-with-credit-line-1200px.jpg 1200w, https:\/\/www.greenpeace.org\/static\/planet4-chile-stateless\/2026\/01\/19d398af-gp0stpvu6_medium-res-with-credit-line-1200px-300x200.jpg 300w, https:\/\/www.greenpeace.org\/static\/planet4-chile-stateless\/2026\/01\/19d398af-gp0stpvu6_medium-res-with-credit-line-1200px-1024x683.jpg 1024w, https:\/\/www.greenpeace.org\/static\/planet4-chile-stateless\/2026\/01\/19d398af-gp0stpvu6_medium-res-with-credit-line-1200px-768x512.jpg 768w, https:\/\/www.greenpeace.org\/static\/planet4-chile-stateless\/2026\/01\/19d398af-gp0stpvu6_medium-res-with-credit-line-1200px-510x340.jpg 510w\" sizes=\"auto, (max-width: 1200px) 100vw, 1200px\" data-image-size=\"post-thumbnail\" data-stateless-media-bucket=\"planet4-chile-stateless\" data-stateless-media-name=\"2026\/01\/19d398af-gp0stpvu6_medium-res-with-credit-line-1200px.jpg\" \/><\/a><\/figure>\n\n\n<div class=\"wp-block-group is-layout-flow wp-block-group-is-layout-flow\">\n<div class=\"wp-block-group is-layout-flex wp-block-group-is-layout-flex\"><div class=\"wp-block-post-terms\"><a href=\"https:\/\/www.greenpeace.org\/chile\/category\/greenpeace\/\">Greenpeace<\/a><\/div><\/div>\n\n\n<h3 class=\"wp-block-post-title\"><a href=\"https:\/\/www.greenpeace.org\/chile\/blog\/greenpeace\/dia-mundial-de-la-educacion-ambiental-educar-para-cuidar-nuestro-planeta\/\" target=\"_self\" >D\u00eda Mundial De La Educaci\u00f3n Ambiental: Educar Para Cuidar Nuestro Planeta<\/a><\/h3>\n\n<div class=\"wp-block-post-excerpt\"><p class=\"wp-block-post-excerpt__excerpt\">Creemos en la educaci\u00f3n como motor de cambio y te contamos por qu\u00e9. <\/p><\/div>\n\n\n<div class=\"wp-block-group posts-list-meta is-layout-flow wp-block-group-is-layout-flow\"><span class='article-list-item-author'>Meri Castro<\/span>\n\n<div class=\"wp-block-post-date\"><time datetime=\"2026-01-26T17:38:09+00:00\">26 Enero 2026<\/time><\/div><\/div>\n<\/div>\n<\/div>\n\n<\/li><li class=\"wp-block-post post-15398 post type-post status-publish format-standard has-post-thumbnail hentry category-biodiversidad category-blog category-greenpeace category-oceanos tag-ballenas tag-blog tag-socios p4-page-type-blog\">\n\n<div class=\"wp-block-columns is-layout-flex wp-container-core-columns-is-layout-9d6595d7 wp-block-columns-is-layout-flex\"><figure class=\"wp-block-post-featured-image\"><a href=\"https:\/\/www.greenpeace.org\/chile\/blog\/issues\/oceanos\/conectate-por-las-ballenas-un-encuentro-para-celebrar-aprender-e-inspirarnos\/\" target=\"_self\"  ><img loading=\"lazy\" decoding=\"async\" width=\"1080\" height=\"1350\" src=\"https:\/\/www.greenpeace.org\/static\/planet4-chile-stateless\/2025\/09\/5fa7ca20-chile-colombia.png\" class=\"attachment-post-thumbnail size-post-thumbnail wp-post-image wp-stateless-item\" alt=\"\u00a1Con\u00e9ctate por las ballenas!: un encuentro para celebrar, aprender e inspirarnos\" style=\"object-fit:cover;\" srcset=\"https:\/\/www.greenpeace.org\/static\/planet4-chile-stateless\/2025\/09\/5fa7ca20-chile-colombia.png 1080w, https:\/\/www.greenpeace.org\/static\/planet4-chile-stateless\/2025\/09\/5fa7ca20-chile-colombia-240x300.png 240w, https:\/\/www.greenpeace.org\/static\/planet4-chile-stateless\/2025\/09\/5fa7ca20-chile-colombia-819x1024.png 819w, https:\/\/www.greenpeace.org\/static\/planet4-chile-stateless\/2025\/09\/5fa7ca20-chile-colombia-768x960.png 768w, https:\/\/www.greenpeace.org\/static\/planet4-chile-stateless\/2025\/09\/5fa7ca20-chile-colombia-272x340.png 272w\" sizes=\"auto, (max-width: 1080px) 100vw, 1080px\" data-image-size=\"post-thumbnail\" data-stateless-media-bucket=\"planet4-chile-stateless\" data-stateless-media-name=\"2025\/09\/5fa7ca20-chile-colombia.png\" \/><\/a><\/figure>\n\n\n<div class=\"wp-block-group is-layout-flow wp-block-group-is-layout-flow\">\n<div class=\"wp-block-group is-layout-flex wp-block-group-is-layout-flex\"><div class=\"wp-block-post-terms\"><a href=\"https:\/\/www.greenpeace.org\/chile\/category\/issues\/biodiversidad\/\">Biodiversidad<\/a><\/div><\/div>\n\n\n<h3 class=\"wp-block-post-title\"><a href=\"https:\/\/www.greenpeace.org\/chile\/blog\/issues\/oceanos\/conectate-por-las-ballenas-un-encuentro-para-celebrar-aprender-e-inspirarnos\/\" target=\"_self\" >\u00a1Con\u00e9ctate por las ballenas!: un encuentro para celebrar, aprender e inspirarnos<\/a><\/h3>\n\n<div class=\"wp-block-post-excerpt\"><p class=\"wp-block-post-excerpt__excerpt\">Vivimos un viaje virtual por las profundidades del oc\u00e9ano y conocimos m\u00e1s sobre estos incre\u00edbles mam\u00edferos marinos. <\/p><\/div>\n\n\n<div class=\"wp-block-group posts-list-meta is-layout-flow wp-block-group-is-layout-flow\"><span class='article-list-item-author'><a href='https:\/\/www.greenpeace.org\/chile\/author\/lvazquez\/'>Editor<\/a><\/span>\n\n<div class=\"wp-block-post-date\"><time datetime=\"2025-09-16T21:01:30+00:00\">16 Septiembre 2025<\/time><\/div><\/div>\n<\/div>\n<\/div>\n\n<\/li><\/ul>\n\n\n<div class=\"wp-block-buttons carousel-controls is-horizontal is-content-justification-space-between is-nowrap is-layout-flex wp-container-core-buttons-is-layout-044bd602 wp-block-buttons-is-layout-flex\">\n<div class=\"wp-block-button carousel-control-prev\"><button type=\"button\" class=\"wp-block-button__link wp-element-button\">Prev<\/button><\/div>\n\n\n\n<div class=\"wp-block-button carousel-control-next\"><button type=\"button\" class=\"wp-block-button__link wp-element-button\">Next<\/button><\/div>\n<\/div>\n\n\n<li class=\" wp-block-navigation-item see-all-link wp-block-navigation-link\"><a class=\"wp-block-navigation-item__content\"  href=\"http:\/\/www.greenpeace.org\/chile\/news-stories\/?tag=socios\"><span class=\"wp-block-navigation-item__label\">See all stories<\/span><\/a><\/li><\/div>\n\n<h3 class=\"wp-block-heading\"><strong>Videos <\/strong><\/h3>\n\n<p><iframe loading=\"lazy\" src=\"https:\/\/www.youtube.com\/embed\/videoseries?list=PLKDiTVy7lFIX0rkqduYKLUhUjLnPGH5un\" width=\"560\" height=\"315\" frameborder=\"0\" allowfullscreen=\"allowfullscreen\"><span data-mce-type=\"bookmark\" style=\"display: inline-block; width: 0px; overflow: hidden; line-height: 0;\" class=\"mce_SELRES_start\">\ufeff<\/span><span data-mce-type=\"bookmark\" style=\"display: inline-block; width: 0px; overflow: hidden; line-height: 0;\" class=\"mce_SELRES_start\">\ufeff<\/span><\/iframe><\/p>\n\n<p><\/p>\n","protected":false},"excerpt":{"rendered":"<p>En la actualidad, la cacer\u00eda sigue siendo una amenaza para estos cet\u00e1ceos, aunque otras causas ambientales tambi\u00e9n est\u00e1n afectando su supervivencia.<\/p>\n","protected":false},"author":1,"featured_media":359,"parent":10089,"menu_order":0,"comment_status":"closed","ping_status":"closed","template":"","meta":{"ep_exclude_from_search":false,"p4_hide_page_title_checkbox":"","p4_title":"","p4_subtitle":"","p4_description":"","background_image_id":"","background_image":"","p4_button_title":"","p4_button_link":"","p4_button_link_checkbox":"","p4_og_title":"Defiende a las ballenas","p4_og_description":"En la actualidad, la cacer\u00eda sigue siendo una amenaza para estos cet\u00e1ceos, aunque otras causas ambientales tambi\u00e9n est\u00e1n afectando su supervivencia.","p4_og_image":"https:\/\/www.greenpeace.org\/static\/planet4-chile-stateless\/2025\/02\/32226b7e-gp0130z_medium-res-with-credit-line-1200px.jpg","p4_og_image_id":"13647","p4_seo_canonical_url":"","p4_campaign_name":"not set","p4_local_project":"not set","p4_basket_name":"not set","p4_department":"","footnotes":""},"categories":[18],"tags":[20],"class_list":["post-32","page","type-page","status-publish","has-post-thumbnail","hentry","category-oceanos","tag-ballenas"],"_links":{"self":[{"href":"https:\/\/www.greenpeace.org\/chile\/wp-json\/wp\/v2\/pages\/32","targetHints":{"allow":["GET"]}}],"collection":[{"href":"https:\/\/www.greenpeace.org\/chile\/wp-json\/wp\/v2\/pages"}],"about":[{"href":"https:\/\/www.greenpeace.org\/chile\/wp-json\/wp\/v2\/types\/page"}],"author":[{"embeddable":true,"href":"https:\/\/www.greenpeace.org\/chile\/wp-json\/wp\/v2\/users\/1"}],"replies":[{"embeddable":true,"href":"https:\/\/www.greenpeace.org\/chile\/wp-json\/wp\/v2\/comments?post=32"}],"version-history":[{"count":20,"href":"https:\/\/www.greenpeace.org\/chile\/wp-json\/wp\/v2\/pages\/32\/revisions"}],"predecessor-version":[{"id":15498,"href":"https:\/\/www.greenpeace.org\/chile\/wp-json\/wp\/v2\/pages\/32\/revisions\/15498"}],"up":[{"embeddable":true,"href":"https:\/\/www.greenpeace.org\/chile\/wp-json\/wp\/v2\/pages\/10089"}],"wp:featuredmedia":[{"embeddable":true,"href":"https:\/\/www.greenpeace.org\/chile\/wp-json\/wp\/v2\/media\/359"}],"wp:attachment":[{"href":"https:\/\/www.greenpeace.org\/chile\/wp-json\/wp\/v2\/media?parent=32"}],"wp:term":[{"taxonomy":"category","embeddable":true,"href":"https:\/\/www.greenpeace.org\/chile\/wp-json\/wp\/v2\/categories?post=32"},{"taxonomy":"post_tag","embeddable":true,"href":"https:\/\/www.greenpeace.org\/chile\/wp-json\/wp\/v2\/tags?post=32"}],"curies":[{"name":"wp","href":"https:\/\/api.w.org\/{rel}","templated":true}]}}