{"id":11541,"date":"2024-03-12T17:07:30","date_gmt":"2024-03-12T17:07:30","guid":{"rendered":"https:\/\/www.greenpeace.org\/colombia\/?page_id=11541"},"modified":"2024-03-12T21:08:53","modified_gmt":"2024-03-12T21:08:53","slug":"nuestro-pacifico","status":"publish","type":"page","link":"https:\/\/www.greenpeace.org\/colombia\/nuestro-pacifico\/","title":{"rendered":"Nuestro Pac\u00edfico"},"content":{"rendered":"\n<h4 class=\"wp-block-heading\"><strong>Los oc\u00e9anos juegan un papel clave en la vida del planeta. No solo son la fuente de alimento y trabajo para millones de personas, sino que son fundamentales para regular el clima y sin su presencia la vida en este planeta ser\u00eda imposible.<\/strong><\/h4>\n\n<p><\/p>\n\n<figure class=\"wp-block-image aligncenter size-large\"><img loading=\"lazy\" decoding=\"async\" width=\"1024\" height=\"683\" src=\"https:\/\/www.greenpeace.org\/static\/planet4-colombia-stateless\/2024\/03\/56453f3c-arrecife-\u00a9-sandra-bessudo-fundacion-malpelo-1024x683.jpg\" alt=\"\" class=\"wp-image-11547\" srcset=\"https:\/\/www.greenpeace.org\/static\/planet4-colombia-stateless\/2024\/03\/56453f3c-arrecife-\u00a9-sandra-bessudo-fundacion-malpelo-1024x683.jpg 1024w, https:\/\/www.greenpeace.org\/static\/planet4-colombia-stateless\/2024\/03\/56453f3c-arrecife-\u00a9-sandra-bessudo-fundacion-malpelo-300x200.jpg 300w, https:\/\/www.greenpeace.org\/static\/planet4-colombia-stateless\/2024\/03\/56453f3c-arrecife-\u00a9-sandra-bessudo-fundacion-malpelo-768x512.jpg 768w, https:\/\/www.greenpeace.org\/static\/planet4-colombia-stateless\/2024\/03\/56453f3c-arrecife-\u00a9-sandra-bessudo-fundacion-malpelo-1536x1024.jpg 1536w, https:\/\/www.greenpeace.org\/static\/planet4-colombia-stateless\/2024\/03\/56453f3c-arrecife-\u00a9-sandra-bessudo-fundacion-malpelo-2048x1366.jpg 2048w, https:\/\/www.greenpeace.org\/static\/planet4-colombia-stateless\/2024\/03\/56453f3c-arrecife-\u00a9-sandra-bessudo-fundacion-malpelo-510x340.jpg 510w\" sizes=\"auto, (max-width: 1024px) 100vw, 1024px\" \/><figcaption class=\"wp-element-caption\">Arrecife \u00a9 Sandra Bessudo &#8211; Fundaci\u00f3n Malpelo<div class=\"credit icon-left\"> \u00a9 Sandra Bessudo\/ Fundaci\u00f3n Malpelo<\/div><\/figcaption><\/figure>\n\n<p>La <strong>crisis clim\u00e1tica<\/strong> que hoy estamos atravesando es una crisis de los oc\u00e9anos. Y dado el importante rol que cumplen los oc\u00e9anos en la regulaci\u00f3n del clima, los ciclos del agua, la captura de carbono, vemos las consecuencias de esta crisis en los incendios, sequ\u00edas, inundaciones y otros.<\/p>\n\n<figure class=\"wp-block-image aligncenter size-large\"><img loading=\"lazy\" decoding=\"async\" width=\"1024\" height=\"683\" src=\"https:\/\/www.greenpeace.org\/static\/planet4-colombia-stateless\/2024\/03\/4bc359b9-isla-malpelo-_s4a3871-sandra-bessudo-1-\u00a9-sandra-bessudo-fundacion-malpelo-1024x683.jpg\" alt=\"\" class=\"wp-image-11548\" srcset=\"https:\/\/www.greenpeace.org\/static\/planet4-colombia-stateless\/2024\/03\/4bc359b9-isla-malpelo-_s4a3871-sandra-bessudo-1-\u00a9-sandra-bessudo-fundacion-malpelo-1024x683.jpg 1024w, https:\/\/www.greenpeace.org\/static\/planet4-colombia-stateless\/2024\/03\/4bc359b9-isla-malpelo-_s4a3871-sandra-bessudo-1-\u00a9-sandra-bessudo-fundacion-malpelo-300x200.jpg 300w, https:\/\/www.greenpeace.org\/static\/planet4-colombia-stateless\/2024\/03\/4bc359b9-isla-malpelo-_s4a3871-sandra-bessudo-1-\u00a9-sandra-bessudo-fundacion-malpelo-768x512.jpg 768w, https:\/\/www.greenpeace.org\/static\/planet4-colombia-stateless\/2024\/03\/4bc359b9-isla-malpelo-_s4a3871-sandra-bessudo-1-\u00a9-sandra-bessudo-fundacion-malpelo-1536x1024.jpg 1536w, https:\/\/www.greenpeace.org\/static\/planet4-colombia-stateless\/2024\/03\/4bc359b9-isla-malpelo-_s4a3871-sandra-bessudo-1-\u00a9-sandra-bessudo-fundacion-malpelo-2048x1366.jpg 2048w, https:\/\/www.greenpeace.org\/static\/planet4-colombia-stateless\/2024\/03\/4bc359b9-isla-malpelo-_s4a3871-sandra-bessudo-1-\u00a9-sandra-bessudo-fundacion-malpelo-510x340.jpg 510w\" sizes=\"auto, (max-width: 1024px) 100vw, 1024px\" \/><figcaption class=\"wp-element-caption\">Isla Malpelo \u00a9 Sandra Bessudo &#8211; Fundaci\u00f3n Malpelo<\/figcaption><\/figure>\n\n<p>En lo profundo del<strong> Oc\u00e9ano Pac\u00edfico,<\/strong> hay una \u201c<strong>superautopista<\/strong>\u201d submarina que se extiende aproximadamente 700 kil\u00f3metros (430 millas) <strong>entre las reservas marinas de las Islas Gal\u00e1pagos de Ecuador y la Isla del Coco, frente a la costa de Costa Rica, pasando por el mar pac\u00edfico colombiano.&nbsp;<\/strong><\/p>\n\n<p>La <strong>ruta <\/strong>migratoria del <strong>Pac\u00edfico Colombiano<\/strong> es <strong>vital para la vida marina<\/strong> -incluidas tortugas marinas, tiburones, ballenas y tiburones martillo- que va y viene entre las islas, buscando un lugar para anidar o en busca de alimento.\u00a0<\/p>\n\n<figure class=\"wp-block-image aligncenter size-large\"><img loading=\"lazy\" decoding=\"async\" width=\"1024\" height=\"682\" src=\"https:\/\/www.greenpeace.org\/static\/planet4-colombia-stateless\/2024\/03\/47055655-otras-especies-raya-aguila-\u00a9-sandra-bessudo-fundacion-malpelo-1024x682.jpg\" alt=\"\" class=\"wp-image-11549\" srcset=\"https:\/\/www.greenpeace.org\/static\/planet4-colombia-stateless\/2024\/03\/47055655-otras-especies-raya-aguila-\u00a9-sandra-bessudo-fundacion-malpelo-1024x682.jpg 1024w, https:\/\/www.greenpeace.org\/static\/planet4-colombia-stateless\/2024\/03\/47055655-otras-especies-raya-aguila-\u00a9-sandra-bessudo-fundacion-malpelo-300x200.jpg 300w, https:\/\/www.greenpeace.org\/static\/planet4-colombia-stateless\/2024\/03\/47055655-otras-especies-raya-aguila-\u00a9-sandra-bessudo-fundacion-malpelo-768x512.jpg 768w, https:\/\/www.greenpeace.org\/static\/planet4-colombia-stateless\/2024\/03\/47055655-otras-especies-raya-aguila-\u00a9-sandra-bessudo-fundacion-malpelo-1536x1023.jpg 1536w, https:\/\/www.greenpeace.org\/static\/planet4-colombia-stateless\/2024\/03\/47055655-otras-especies-raya-aguila-\u00a9-sandra-bessudo-fundacion-malpelo-2048x1366.jpg 2048w, https:\/\/www.greenpeace.org\/static\/planet4-colombia-stateless\/2024\/03\/47055655-otras-especies-raya-aguila-\u00a9-sandra-bessudo-fundacion-malpelo-510x340.jpg 510w\" sizes=\"auto, (max-width: 1024px) 100vw, 1024px\" \/><figcaption class=\"wp-element-caption\">Raya \u00e4guila \u00a9 Sandra Bessudo &#8211; Fundaci\u00f3n Malpelo<\/figcaption><\/figure>\n\n<p><strong>Colombia tiene una posici\u00f3n estrat\u00e9gica<\/strong> en Sudam\u00e9rica <strong>porque es la \u00fanica que tiene los dos mares (Pac\u00edfico y Atl\u00e1ntico)<\/strong>. Su importancia en cuanto a la biodiversidad que alberga y la diversidad cultural es clave. Casi el <strong>50% de nuestra jurisdicci\u00f3n es agua,<\/strong> relativamente igual a los territorios emergidos (continentales e insulares)<\/p>\n\n<p>Al estar en el tr\u00f3pico, <strong>tiene presencia de ecosistemas marinos \u00fanicos como mesetas, arrecifes coralinos, manglares y humedales<\/strong>. Los <strong>montes submarinos <\/strong>son ecosistemas \u00fanicos ya que son una especie de oasis en el oc\u00e9ano y, sin duda, su protecci\u00f3n es crucial. Algunos ecosistemas son: el <strong>Parque Nacional Natural Uramba Bah\u00eda M\u00e1laga, la Isla Gorgona y el Santuario de Flora y Fauna Malpelo<\/strong>.<\/p>\n\n<figure class=\"wp-block-image aligncenter size-large\"><img loading=\"lazy\" decoding=\"async\" width=\"1024\" height=\"683\" src=\"https:\/\/www.greenpeace.org\/static\/planet4-colombia-stateless\/2024\/03\/5f8bf0cf-arrecife-de-coral-_s4a9872-sandra-bessudo-\u00a9-sandra-bessudo-fundacion-malpelo-1024x683.jpg\" alt=\"\" class=\"wp-image-11550\" srcset=\"https:\/\/www.greenpeace.org\/static\/planet4-colombia-stateless\/2024\/03\/5f8bf0cf-arrecife-de-coral-_s4a9872-sandra-bessudo-\u00a9-sandra-bessudo-fundacion-malpelo-1024x683.jpg 1024w, https:\/\/www.greenpeace.org\/static\/planet4-colombia-stateless\/2024\/03\/5f8bf0cf-arrecife-de-coral-_s4a9872-sandra-bessudo-\u00a9-sandra-bessudo-fundacion-malpelo-300x200.jpg 300w, https:\/\/www.greenpeace.org\/static\/planet4-colombia-stateless\/2024\/03\/5f8bf0cf-arrecife-de-coral-_s4a9872-sandra-bessudo-\u00a9-sandra-bessudo-fundacion-malpelo-768x512.jpg 768w, https:\/\/www.greenpeace.org\/static\/planet4-colombia-stateless\/2024\/03\/5f8bf0cf-arrecife-de-coral-_s4a9872-sandra-bessudo-\u00a9-sandra-bessudo-fundacion-malpelo-1536x1024.jpg 1536w, https:\/\/www.greenpeace.org\/static\/planet4-colombia-stateless\/2024\/03\/5f8bf0cf-arrecife-de-coral-_s4a9872-sandra-bessudo-\u00a9-sandra-bessudo-fundacion-malpelo-2048x1366.jpg 2048w, https:\/\/www.greenpeace.org\/static\/planet4-colombia-stateless\/2024\/03\/5f8bf0cf-arrecife-de-coral-_s4a9872-sandra-bessudo-\u00a9-sandra-bessudo-fundacion-malpelo-510x340.jpg 510w\" sizes=\"auto, (max-width: 1024px) 100vw, 1024px\" \/><figcaption class=\"wp-element-caption\">Arrecife de coral  \u00a9 Sandra Bessudo &#8211; Fundaci\u00f3n Malpelo<div class=\"credit icon-left\"> \u00a9 Sandra Bessudo \/ Fundaci\u00f3n Malpelo<\/div><\/figcaption><\/figure>\n\n<p>Todos estos ecosistemas son ambientes <strong>ricos en biodiversidad<\/strong> y desempe\u00f1an un papel esencial en la <strong>protecci\u00f3n costera<\/strong>, la <strong>captura de carbono<\/strong> y el <strong>ciclo de nutrientes en los litorales tropicales<\/strong>.<\/p>\n\n<p>Una de las amenazas para nuestro Oc\u00e9ano Pac\u00edfico es la <strong>contaminaci\u00f3n por pl\u00e1sticos. <\/strong>Su creciente producci\u00f3n y uso amenazan con contaminar todos los rincones del planeta, especialmente los mares, destino final de muchos de ellos .<\/p>\n\n<figure class=\"wp-block-image aligncenter size-large\"><img loading=\"lazy\" decoding=\"async\" width=\"1024\" height=\"683\" src=\"https:\/\/www.greenpeace.org\/static\/planet4-colombia-stateless\/2024\/03\/a354fc88-cachalote-_s4a5487-sandra-bessudo-\u00a9-sandra-bessudo-fundacion-malpelo-1024x683.jpg\" alt=\"\" class=\"wp-image-11551\" srcset=\"https:\/\/www.greenpeace.org\/static\/planet4-colombia-stateless\/2024\/03\/a354fc88-cachalote-_s4a5487-sandra-bessudo-\u00a9-sandra-bessudo-fundacion-malpelo-1024x683.jpg 1024w, https:\/\/www.greenpeace.org\/static\/planet4-colombia-stateless\/2024\/03\/a354fc88-cachalote-_s4a5487-sandra-bessudo-\u00a9-sandra-bessudo-fundacion-malpelo-300x200.jpg 300w, https:\/\/www.greenpeace.org\/static\/planet4-colombia-stateless\/2024\/03\/a354fc88-cachalote-_s4a5487-sandra-bessudo-\u00a9-sandra-bessudo-fundacion-malpelo-768x512.jpg 768w, https:\/\/www.greenpeace.org\/static\/planet4-colombia-stateless\/2024\/03\/a354fc88-cachalote-_s4a5487-sandra-bessudo-\u00a9-sandra-bessudo-fundacion-malpelo-1536x1024.jpg 1536w, https:\/\/www.greenpeace.org\/static\/planet4-colombia-stateless\/2024\/03\/a354fc88-cachalote-_s4a5487-sandra-bessudo-\u00a9-sandra-bessudo-fundacion-malpelo-2048x1366.jpg 2048w, https:\/\/www.greenpeace.org\/static\/planet4-colombia-stateless\/2024\/03\/a354fc88-cachalote-_s4a5487-sandra-bessudo-\u00a9-sandra-bessudo-fundacion-malpelo-510x340.jpg 510w\" sizes=\"auto, (max-width: 1024px) 100vw, 1024px\" \/><figcaption class=\"wp-element-caption\">Cachalote \u00a9 Sandra Bessudo &#8211; Fundaci\u00f3n Malpelo<\/figcaption><\/figure>\n\n<p>Por esto es tan importante que apoyemos la <strong>Firma del Tratado Global de Pl\u00e1sticos<\/strong> y necesitamos reducir la producci\u00f3n total de pl\u00e1stico en al menos un 75% para 2040.<\/p>\n\n<p>El Tratado Mundial sobre los Pl\u00e1sticos es una oportunidad \u00fanica para resolver la crisis de los pl\u00e1sticos. Por el bien de nuestro futuro colectivo, no podemos desaprovechar este momento.<\/p>\n","protected":false},"excerpt":{"rendered":"<p>Los oc\u00e9anos juegan un papel clave en la vida del planeta. No solo son la fuente de alimento y trabajo para millones de personas, sino que son fundamentales para regular el clima y sin su presencia la vida en este planeta ser\u00eda imposible. La crisis clim\u00e1tica que hoy estamos atravesando es una crisis de los [&hellip;]<\/p>\n","protected":false},"author":21,"featured_media":0,"parent":0,"menu_order":0,"comment_status":"closed","ping_status":"closed","template":"","meta":{"ep_exclude_from_search":false,"p4_hide_page_title_checkbox":"","p4_title":"","p4_subtitle":"","p4_description":"","background_image_id":"","background_image":"","p4_button_title":"","p4_button_link":"","p4_button_link_checkbox":"","p4_og_title":"","p4_og_description":"","p4_og_image":"","p4_og_image_id":"","p4_seo_canonical_url":"","p4_campaign_name":"","p4_local_project":"","p4_basket_name":"","p4_department":"","footnotes":""},"categories":[],"tags":[],"class_list":["post-11541","page","type-page","status-publish","hentry"],"_links":{"self":[{"href":"https:\/\/www.greenpeace.org\/colombia\/wp-json\/wp\/v2\/pages\/11541","targetHints":{"allow":["GET"]}}],"collection":[{"href":"https:\/\/www.greenpeace.org\/colombia\/wp-json\/wp\/v2\/pages"}],"about":[{"href":"https:\/\/www.greenpeace.org\/colombia\/wp-json\/wp\/v2\/types\/page"}],"author":[{"embeddable":true,"href":"https:\/\/www.greenpeace.org\/colombia\/wp-json\/wp\/v2\/users\/21"}],"replies":[{"embeddable":true,"href":"https:\/\/www.greenpeace.org\/colombia\/wp-json\/wp\/v2\/comments?post=11541"}],"version-history":[{"count":10,"href":"https:\/\/www.greenpeace.org\/colombia\/wp-json\/wp\/v2\/pages\/11541\/revisions"}],"predecessor-version":[{"id":11567,"href":"https:\/\/www.greenpeace.org\/colombia\/wp-json\/wp\/v2\/pages\/11541\/revisions\/11567"}],"wp:attachment":[{"href":"https:\/\/www.greenpeace.org\/colombia\/wp-json\/wp\/v2\/media?parent=11541"}],"wp:term":[{"taxonomy":"category","embeddable":true,"href":"https:\/\/www.greenpeace.org\/colombia\/wp-json\/wp\/v2\/categories?post=11541"},{"taxonomy":"post_tag","embeddable":true,"href":"https:\/\/www.greenpeace.org\/colombia\/wp-json\/wp\/v2\/tags?post=11541"}],"curies":[{"name":"wp","href":"https:\/\/api.w.org\/{rel}","templated":true}]}}

Nuestro Pacífico

<h4 class="wp-block-heading"><strong>Los océanos juegan un papel clave en la vida del planeta. No solo son la fuente de alimento y trabajo para millones de personas, sino que son fundamentales para regular el clima y sin su presencia la vida en este planeta sería imposible.</strong></h4>

<p></p>

<figure class="wp-block-image aligncenter size-large"><img loading="lazy" decoding="async" width="1024" height="683" src="https://www.greenpeace.org/static/planet4-colombia-stateless/2024/03/56453f3c-arrecife-©-sandra-bessudo-fundacion-malpelo-1024x683.jpg" alt="" class="wp-image-11547" srcset="https://www.greenpeace.org/static/planet4-colombia-stateless/2024/03/56453f3c-arrecife-©-sandra-bessudo-fundacion-malpelo-1024x683.jpg 1024w, https://www.greenpeace.org/static/planet4-colombia-stateless/2024/03/56453f3c-arrecife-©-sandra-bessudo-fundacion-malpelo-300x200.jpg 300w, https://www.greenpeace.org/static/planet4-colombia-stateless/2024/03/56453f3c-arrecife-©-sandra-bessudo-fundacion-malpelo-768x512.jpg 768w, https://www.greenpeace.org/static/planet4-colombia-stateless/2024/03/56453f3c-arrecife-©-sandra-bessudo-fundacion-malpelo-1536x1024.jpg 1536w, https://www.greenpeace.org/static/planet4-colombia-stateless/2024/03/56453f3c-arrecife-©-sandra-bessudo-fundacion-malpelo-2048x1366.jpg 2048w, https://www.greenpeace.org/static/planet4-colombia-stateless/2024/03/56453f3c-arrecife-©-sandra-bessudo-fundacion-malpelo-510x340.jpg 510w" sizes="auto, (max-width: 1024px) 100vw, 1024px" /><figcaption class="wp-element-caption">Arrecife © Sandra Bessudo &#8211; Fundación Malpelo<div class="credit icon-left"> © Sandra Bessudo/ Fundación Malpelo</div></figcaption></figure>

<p>La <strong>crisis climática</strong> que hoy estamos atravesando es una crisis de los océanos. Y dado el importante rol que cumplen los océanos en la regulación del clima, los ciclos del agua, la captura de carbono, vemos las consecuencias de esta crisis en los incendios, sequías, inundaciones y otros.</p>

<figure class="wp-block-image aligncenter size-large"><img loading="lazy" decoding="async" width="1024" height="683" src="https://www.greenpeace.org/static/planet4-colombia-stateless/2024/03/4bc359b9-isla-malpelo-_s4a3871-sandra-bessudo-1-©-sandra-bessudo-fundacion-malpelo-1024x683.jpg" alt="" class="wp-image-11548" srcset="https://www.greenpeace.org/static/planet4-colombia-stateless/2024/03/4bc359b9-isla-malpelo-_s4a3871-sandra-bessudo-1-©-sandra-bessudo-fundacion-malpelo-1024x683.jpg 1024w, https://www.greenpeace.org/static/planet4-colombia-stateless/2024/03/4bc359b9-isla-malpelo-_s4a3871-sandra-bessudo-1-©-sandra-bessudo-fundacion-malpelo-300x200.jpg 300w, https://www.greenpeace.org/static/planet4-colombia-stateless/2024/03/4bc359b9-isla-malpelo-_s4a3871-sandra-bessudo-1-©-sandra-bessudo-fundacion-malpelo-768x512.jpg 768w, https://www.greenpeace.org/static/planet4-colombia-stateless/2024/03/4bc359b9-isla-malpelo-_s4a3871-sandra-bessudo-1-©-sandra-bessudo-fundacion-malpelo-1536x1024.jpg 1536w, https://www.greenpeace.org/static/planet4-colombia-stateless/2024/03/4bc359b9-isla-malpelo-_s4a3871-sandra-bessudo-1-©-sandra-bessudo-fundacion-malpelo-2048x1366.jpg 2048w, https://www.greenpeace.org/static/planet4-colombia-stateless/2024/03/4bc359b9-isla-malpelo-_s4a3871-sandra-bessudo-1-©-sandra-bessudo-fundacion-malpelo-510x340.jpg 510w" sizes="auto, (max-width: 1024px) 100vw, 1024px" /><figcaption class="wp-element-caption">Isla Malpelo © Sandra Bessudo &#8211; Fundación Malpelo</figcaption></figure>

<p>En lo profundo del<strong> Océano Pacífico,</strong> hay una “<strong>superautopista</strong>” submarina que se extiende aproximadamente 700 kilómetros (430 millas) <strong>entre las reservas marinas de las Islas Galápagos de Ecuador y la Isla del Coco, frente a la costa de Costa Rica, pasando por el mar pacífico colombiano.&nbsp;</strong></p>

<p>La <strong>ruta </strong>migratoria del <strong>Pacífico Colombiano</strong> es <strong>vital para la vida marina</strong> -incluidas tortugas marinas, tiburones, ballenas y tiburones martillo- que va y viene entre las islas, buscando un lugar para anidar o en busca de alimento. </p>

<figure class="wp-block-image aligncenter size-large"><img loading="lazy" decoding="async" width="1024" height="682" src="https://www.greenpeace.org/static/planet4-colombia-stateless/2024/03/47055655-otras-especies-raya-aguila-©-sandra-bessudo-fundacion-malpelo-1024x682.jpg" alt="" class="wp-image-11549" srcset="https://www.greenpeace.org/static/planet4-colombia-stateless/2024/03/47055655-otras-especies-raya-aguila-©-sandra-bessudo-fundacion-malpelo-1024x682.jpg 1024w, https://www.greenpeace.org/static/planet4-colombia-stateless/2024/03/47055655-otras-especies-raya-aguila-©-sandra-bessudo-fundacion-malpelo-300x200.jpg 300w, https://www.greenpeace.org/static/planet4-colombia-stateless/2024/03/47055655-otras-especies-raya-aguila-©-sandra-bessudo-fundacion-malpelo-768x512.jpg 768w, https://www.greenpeace.org/static/planet4-colombia-stateless/2024/03/47055655-otras-especies-raya-aguila-©-sandra-bessudo-fundacion-malpelo-1536x1023.jpg 1536w, https://www.greenpeace.org/static/planet4-colombia-stateless/2024/03/47055655-otras-especies-raya-aguila-©-sandra-bessudo-fundacion-malpelo-2048x1366.jpg 2048w, https://www.greenpeace.org/static/planet4-colombia-stateless/2024/03/47055655-otras-especies-raya-aguila-©-sandra-bessudo-fundacion-malpelo-510x340.jpg 510w" sizes="auto, (max-width: 1024px) 100vw, 1024px" /><figcaption class="wp-element-caption">Raya äguila © Sandra Bessudo &#8211; Fundación Malpelo</figcaption></figure>

<p><strong>Colombia tiene una posición estratégica</strong> en Sudamérica <strong>porque es la única que tiene los dos mares (Pacífico y Atlántico)</strong>. Su importancia en cuanto a la biodiversidad que alberga y la diversidad cultural es clave. Casi el <strong>50% de nuestra jurisdicción es agua,</strong> relativamente igual a los territorios emergidos (continentales e insulares)</p>

<p>Al estar en el trópico, <strong>tiene presencia de ecosistemas marinos únicos como mesetas, arrecifes coralinos, manglares y humedales</strong>. Los <strong>montes submarinos </strong>son ecosistemas únicos ya que son una especie de oasis en el océano y, sin duda, su protección es crucial. Algunos ecosistemas son: el <strong>Parque Nacional Natural Uramba Bahía Málaga, la Isla Gorgona y el Santuario de Flora y Fauna Malpelo</strong>.</p>

<figure class="wp-block-image aligncenter size-large"><img loading="lazy" decoding="async" width="1024" height="683" src="https://www.greenpeace.org/static/planet4-colombia-stateless/2024/03/5f8bf0cf-arrecife-de-coral-_s4a9872-sandra-bessudo-©-sandra-bessudo-fundacion-malpelo-1024x683.jpg" alt="" class="wp-image-11550" srcset="https://www.greenpeace.org/static/planet4-colombia-stateless/2024/03/5f8bf0cf-arrecife-de-coral-_s4a9872-sandra-bessudo-©-sandra-bessudo-fundacion-malpelo-1024x683.jpg 1024w, https://www.greenpeace.org/static/planet4-colombia-stateless/2024/03/5f8bf0cf-arrecife-de-coral-_s4a9872-sandra-bessudo-©-sandra-bessudo-fundacion-malpelo-300x200.jpg 300w, https://www.greenpeace.org/static/planet4-colombia-stateless/2024/03/5f8bf0cf-arrecife-de-coral-_s4a9872-sandra-bessudo-©-sandra-bessudo-fundacion-malpelo-768x512.jpg 768w, https://www.greenpeace.org/static/planet4-colombia-stateless/2024/03/5f8bf0cf-arrecife-de-coral-_s4a9872-sandra-bessudo-©-sandra-bessudo-fundacion-malpelo-1536x1024.jpg 1536w, https://www.greenpeace.org/static/planet4-colombia-stateless/2024/03/5f8bf0cf-arrecife-de-coral-_s4a9872-sandra-bessudo-©-sandra-bessudo-fundacion-malpelo-2048x1366.jpg 2048w, https://www.greenpeace.org/static/planet4-colombia-stateless/2024/03/5f8bf0cf-arrecife-de-coral-_s4a9872-sandra-bessudo-©-sandra-bessudo-fundacion-malpelo-510x340.jpg 510w" sizes="auto, (max-width: 1024px) 100vw, 1024px" /><figcaption class="wp-element-caption">Arrecife de coral  © Sandra Bessudo &#8211; Fundación Malpelo<div class="credit icon-left"> © Sandra Bessudo / Fundación Malpelo</div></figcaption></figure>

<p>Todos estos ecosistemas son ambientes <strong>ricos en biodiversidad</strong> y desempeñan un papel esencial en la <strong>protección costera</strong>, la <strong>captura de carbono</strong> y el <strong>ciclo de nutrientes en los litorales tropicales</strong>.</p>

<p>Una de las amenazas para nuestro Océano Pacífico es la <strong>contaminación por plásticos. </strong>Su creciente producción y uso amenazan con contaminar todos los rincones del planeta, especialmente los mares, destino final de muchos de ellos .</p>

<figure class="wp-block-image aligncenter size-large"><img loading="lazy" decoding="async" width="1024" height="683" src="https://www.greenpeace.org/static/planet4-colombia-stateless/2024/03/a354fc88-cachalote-_s4a5487-sandra-bessudo-©-sandra-bessudo-fundacion-malpelo-1024x683.jpg" alt="" class="wp-image-11551" srcset="https://www.greenpeace.org/static/planet4-colombia-stateless/2024/03/a354fc88-cachalote-_s4a5487-sandra-bessudo-©-sandra-bessudo-fundacion-malpelo-1024x683.jpg 1024w, https://www.greenpeace.org/static/planet4-colombia-stateless/2024/03/a354fc88-cachalote-_s4a5487-sandra-bessudo-©-sandra-bessudo-fundacion-malpelo-300x200.jpg 300w, https://www.greenpeace.org/static/planet4-colombia-stateless/2024/03/a354fc88-cachalote-_s4a5487-sandra-bessudo-©-sandra-bessudo-fundacion-malpelo-768x512.jpg 768w, https://www.greenpeace.org/static/planet4-colombia-stateless/2024/03/a354fc88-cachalote-_s4a5487-sandra-bessudo-©-sandra-bessudo-fundacion-malpelo-1536x1024.jpg 1536w, https://www.greenpeace.org/static/planet4-colombia-stateless/2024/03/a354fc88-cachalote-_s4a5487-sandra-bessudo-©-sandra-bessudo-fundacion-malpelo-2048x1366.jpg 2048w, https://www.greenpeace.org/static/planet4-colombia-stateless/2024/03/a354fc88-cachalote-_s4a5487-sandra-bessudo-©-sandra-bessudo-fundacion-malpelo-510x340.jpg 510w" sizes="auto, (max-width: 1024px) 100vw, 1024px" /><figcaption class="wp-element-caption">Cachalote © Sandra Bessudo &#8211; Fundación Malpelo</figcaption></figure>

<p>Por esto es tan importante que apoyemos la <strong>Firma del Tratado Global de Plásticos</strong> y necesitamos reducir la producción total de plástico en al menos un 75% para 2040.</p>

<p>El Tratado Mundial sobre los Plásticos es una oportunidad única para resolver la crisis de los plásticos. Por el bien de nuestro futuro colectivo, no podemos desaprovechar este momento.</p>

<p>Los océanos juegan un papel clave en la vida del planeta. No solo son la fuente de alimento y trabajo para millones de personas, sino que son fundamentales para regular el clima y sin su presencia la vida en este planeta sería imposible. La crisis climática que hoy estamos atravesando es una crisis de los [&hellip;]</p>
