{"id":11575,"date":"2024-03-12T21:33:14","date_gmt":"2024-03-12T21:33:14","guid":{"rendered":"https:\/\/www.greenpeace.org\/colombia\/?page_id=11575"},"modified":"2024-03-12T21:33:44","modified_gmt":"2024-03-12T21:33:44","slug":"el-fin-de-los-plasticos-en-el-mar","status":"publish","type":"page","link":"https:\/\/www.greenpeace.org\/colombia\/el-fin-de-los-plasticos-en-el-mar\/","title":{"rendered":"El fin de los pl\u00e1sticos en el mar"},"content":{"rendered":"\n<h4 class=\"wp-block-heading\"><strong>El Tratado Mundial sobre los Pl\u00e1sticos es una oportunidad \u00fanica para resolver la crisis de los pl\u00e1sticos. Por el bien de nuestro futuro colectivo, no podemos desaprovechar este momento.<\/strong><\/h4>\n\n<p><\/p>\n\n<figure class=\"wp-block-image size-large\"><img loading=\"lazy\" decoding=\"async\" width=\"1024\" height=\"681\" src=\"https:\/\/www.greenpeace.org\/static\/planet4-colombia-stateless\/2024\/03\/cf7cc8a6-gp0gvr_medium_res_with_credit_line-1024x681.jpg\" alt=\"\" class=\"wp-image-11577\" srcset=\"https:\/\/www.greenpeace.org\/static\/planet4-colombia-stateless\/2024\/03\/cf7cc8a6-gp0gvr_medium_res_with_credit_line-1024x681.jpg 1024w, https:\/\/www.greenpeace.org\/static\/planet4-colombia-stateless\/2024\/03\/cf7cc8a6-gp0gvr_medium_res_with_credit_line-300x200.jpg 300w, https:\/\/www.greenpeace.org\/static\/planet4-colombia-stateless\/2024\/03\/cf7cc8a6-gp0gvr_medium_res_with_credit_line-768x511.jpg 768w, https:\/\/www.greenpeace.org\/static\/planet4-colombia-stateless\/2024\/03\/cf7cc8a6-gp0gvr_medium_res_with_credit_line-510x340.jpg 510w, https:\/\/www.greenpeace.org\/static\/planet4-colombia-stateless\/2024\/03\/cf7cc8a6-gp0gvr_medium_res_with_credit_line.jpg 1200w\" sizes=\"auto, (max-width: 1024px) 100vw, 1024px\" \/><\/figure>\n\n<p>La contaminaci\u00f3n por pl\u00e1sticos es uno de los <strong>retos medioambientales m\u00e1s acuciantes de nuestro tiempo<\/strong> y sus efectos son cada d\u00eda m\u00e1s graves.<\/p>\n\n<p>Desde Greenpeace, junto con nuestros aliados y simpatizantes,<strong> exigimos un tratado que mantenga el petr\u00f3leo y el gas bajo tierra y que impida que las grandes marcas y las grandes petroleras produzcan cada vez m\u00e1s pl\u00e1stico<\/strong>. Un tratado que no detenga la producci\u00f3n y el uso desenfrenados de pl\u00e1stico es un fracaso.<\/p>\n\n<p>El <strong>Tratado Mundial sobre Pl\u00e1sticos<\/strong> busca:\u00a0<\/p>\n\n<ul class=\"wp-block-list\">\n<li>Poner <strong>fin a la contaminaci\u00f3n pl\u00e1stica<\/strong>, desde la producci\u00f3n hasta la eliminaci\u00f3n, para proteger el medio ambiente y la salud humana.<\/li>\n\n\n\n<li>Establecer un objetivo legalmente vinculante para <strong>reducir la producci\u00f3n de pl\u00e1stico<\/strong> en al menos un 75 % de aqu\u00ed a 2040 para mantenerse por debajo de 1,5 \u00b0C.<\/li>\n\n\n\n<li><strong>Acabar con los pl\u00e1sticos de un solo uso<\/strong>, empezando por los art\u00edculos m\u00e1s da\u00f1inos<\/li>\n\n\n\n<li>Garantizar una <strong>transici\u00f3n justa e inclusiva hacia una econom\u00eda baja en carbono<\/strong>, sin residuos y basada en la reutilizaci\u00f3n.<\/li>\n\n\n\n<li>Estar firmemente arraigado en un <strong>enfoque basado en los derechos humanos<\/strong> que reduzca la desigualdad, d\u00e9 prioridad a la salud humana y centre la justicia en su creaci\u00f3n e implementaci\u00f3n.<\/li>\n<\/ul>\n\n<p>Durante el proceso de negociaciones,<strong> mostraremos c\u00f3mo un movimiento mundial imparable puede lograr un ambicioso Tratado Mundial sobre los Pl\u00e1sticos<\/strong> que cierre el grifo de los pl\u00e1sticos y, por fin, ponga fin a la era del pl\u00e1stico, por nuestra salud, nuestras comunidades, el clima y el planeta.<\/p>\n","protected":false},"excerpt":{"rendered":"<p>El Tratado Mundial sobre los Pl\u00e1sticos es una oportunidad \u00fanica para resolver la crisis de los pl\u00e1sticos. Por el bien de nuestro futuro colectivo, no podemos desaprovechar este momento. La contaminaci\u00f3n por pl\u00e1sticos es uno de los retos medioambientales m\u00e1s acuciantes de nuestro tiempo y sus efectos son cada d\u00eda m\u00e1s graves. Desde Greenpeace, junto [&hellip;]<\/p>\n","protected":false},"author":21,"featured_media":0,"parent":0,"menu_order":0,"comment_status":"closed","ping_status":"closed","template":"","meta":{"ep_exclude_from_search":false,"p4_hide_page_title_checkbox":"","p4_title":"","p4_subtitle":"","p4_description":"","background_image_id":"","background_image":"","p4_button_title":"","p4_button_link":"","p4_button_link_checkbox":"","p4_og_title":"","p4_og_description":"","p4_og_image":"","p4_og_image_id":"","p4_seo_canonical_url":"","p4_campaign_name":"","p4_local_project":"","p4_basket_name":"","p4_department":"","footnotes":""},"categories":[],"tags":[],"class_list":["post-11575","page","type-page","status-publish","hentry"],"_links":{"self":[{"href":"https:\/\/www.greenpeace.org\/colombia\/wp-json\/wp\/v2\/pages\/11575","targetHints":{"allow":["GET"]}}],"collection":[{"href":"https:\/\/www.greenpeace.org\/colombia\/wp-json\/wp\/v2\/pages"}],"about":[{"href":"https:\/\/www.greenpeace.org\/colombia\/wp-json\/wp\/v2\/types\/page"}],"author":[{"embeddable":true,"href":"https:\/\/www.greenpeace.org\/colombia\/wp-json\/wp\/v2\/users\/21"}],"replies":[{"embeddable":true,"href":"https:\/\/www.greenpeace.org\/colombia\/wp-json\/wp\/v2\/comments?post=11575"}],"version-history":[{"count":2,"href":"https:\/\/www.greenpeace.org\/colombia\/wp-json\/wp\/v2\/pages\/11575\/revisions"}],"predecessor-version":[{"id":11579,"href":"https:\/\/www.greenpeace.org\/colombia\/wp-json\/wp\/v2\/pages\/11575\/revisions\/11579"}],"wp:attachment":[{"href":"https:\/\/www.greenpeace.org\/colombia\/wp-json\/wp\/v2\/media?parent=11575"}],"wp:term":[{"taxonomy":"category","embeddable":true,"href":"https:\/\/www.greenpeace.org\/colombia\/wp-json\/wp\/v2\/categories?post=11575"},{"taxonomy":"post_tag","embeddable":true,"href":"https:\/\/www.greenpeace.org\/colombia\/wp-json\/wp\/v2\/tags?post=11575"}],"curies":[{"name":"wp","href":"https:\/\/api.w.org\/{rel}","templated":true}]}}