{"id":11587,"date":"2024-03-12T21:47:05","date_gmt":"2024-03-12T21:47:05","guid":{"rendered":"https:\/\/www.greenpeace.org\/colombia\/?page_id=11587"},"modified":"2024-04-19T15:08:22","modified_gmt":"2024-04-19T15:08:22","slug":"documentacion","status":"publish","type":"page","link":"https:\/\/www.greenpeace.org\/colombia\/documentacion\/","title":{"rendered":"Documentaci\u00f3n"},"content":{"rendered":"\n<h4 class=\"wp-block-heading\">En la expedici\u00f3n del barco Acrtic Sunrise  nos acompa\u00f1\u00f3 un <strong>equipo de profesionales de biodiversidad marina<\/strong>.<\/h4>\n\n<figure class=\"wp-block-image size-large\"><img loading=\"lazy\" decoding=\"async\" width=\"1024\" height=\"683\" src=\"https:\/\/www.greenpeace.org\/static\/planet4-colombia-stateless\/2024\/04\/20240403-Exposicion-Malpelo-Credito-Diana-Rey-Melo-Greenpeace-9-1024x683.jpg\" alt=\"\" class=\"wp-image-11970\" srcset=\"https:\/\/www.greenpeace.org\/static\/planet4-colombia-stateless\/2024\/04\/20240403-Exposicion-Malpelo-Credito-Diana-Rey-Melo-Greenpeace-9-1024x683.jpg 1024w, https:\/\/www.greenpeace.org\/static\/planet4-colombia-stateless\/2024\/04\/20240403-Exposicion-Malpelo-Credito-Diana-Rey-Melo-Greenpeace-9-300x200.jpg 300w, https:\/\/www.greenpeace.org\/static\/planet4-colombia-stateless\/2024\/04\/20240403-Exposicion-Malpelo-Credito-Diana-Rey-Melo-Greenpeace-9-768x512.jpg 768w, https:\/\/www.greenpeace.org\/static\/planet4-colombia-stateless\/2024\/04\/20240403-Exposicion-Malpelo-Credito-Diana-Rey-Melo-Greenpeace-9-1536x1024.jpg 1536w, https:\/\/www.greenpeace.org\/static\/planet4-colombia-stateless\/2024\/04\/20240403-Exposicion-Malpelo-Credito-Diana-Rey-Melo-Greenpeace-9-2048x1366.jpg 2048w, https:\/\/www.greenpeace.org\/static\/planet4-colombia-stateless\/2024\/04\/20240403-Exposicion-Malpelo-Credito-Diana-Rey-Melo-Greenpeace-9-510x340.jpg 510w\" sizes=\"auto, (max-width: 1024px) 100vw, 1024px\" \/><figcaption class=\"wp-element-caption\">Miembros de la Fundaci\u00f3n Malpelo a bordo del Arctic Sunrise   <br>\u00a9 Diana Rey Melo \/ Greenpeace<\/figcaption><\/figure>\n\n<p>Junto a quienes m\u00e1s saben documentamos por primera vez una zona de <strong>montes submarinos<\/strong> y <strong>arrecifes.<\/strong> Mostramos la belleza natural de un \u00e1rea que es zona de alimentaci\u00f3n o tr\u00e1nsito de varias especies ic\u00f3nicas como: <strong>Ballena Jorobada, Tibur\u00f3n Martillo, Tibur\u00f3n Ballena, Tortuga Verde<\/strong>.<\/p>\n\n<figure class=\"wp-block-image size-large\"><img loading=\"lazy\" decoding=\"async\" width=\"1024\" height=\"683\" src=\"https:\/\/www.greenpeace.org\/static\/planet4-colombia-stateless\/2024\/04\/20240405-Isla-Malpelo-Felipe-Ladino-Credito-Diana-Rey-Melo-Greenpeace-2-1024x683.jpg\" alt=\"\" class=\"wp-image-12057\" srcset=\"https:\/\/www.greenpeace.org\/static\/planet4-colombia-stateless\/2024\/04\/20240405-Isla-Malpelo-Felipe-Ladino-Credito-Diana-Rey-Melo-Greenpeace-2-1024x683.jpg 1024w, https:\/\/www.greenpeace.org\/static\/planet4-colombia-stateless\/2024\/04\/20240405-Isla-Malpelo-Felipe-Ladino-Credito-Diana-Rey-Melo-Greenpeace-2-300x200.jpg 300w, https:\/\/www.greenpeace.org\/static\/planet4-colombia-stateless\/2024\/04\/20240405-Isla-Malpelo-Felipe-Ladino-Credito-Diana-Rey-Melo-Greenpeace-2-768x512.jpg 768w, https:\/\/www.greenpeace.org\/static\/planet4-colombia-stateless\/2024\/04\/20240405-Isla-Malpelo-Felipe-Ladino-Credito-Diana-Rey-Melo-Greenpeace-2-1536x1024.jpg 1536w, https:\/\/www.greenpeace.org\/static\/planet4-colombia-stateless\/2024\/04\/20240405-Isla-Malpelo-Felipe-Ladino-Credito-Diana-Rey-Melo-Greenpeace-2-2048x1366.jpg 2048w, https:\/\/www.greenpeace.org\/static\/planet4-colombia-stateless\/2024\/04\/20240405-Isla-Malpelo-Felipe-Ladino-Credito-Diana-Rey-Melo-Greenpeace-2-510x340.jpg 510w\" sizes=\"auto, (max-width: 1024px) 100vw, 1024px\" \/><figcaption class=\"wp-element-caption\">Felipe Ladino \u00a9\u00a0Diana Rey Melo \/ Greenpeace<\/figcaption><\/figure>\n\n<p>Nos acompa\u00f1aron desde tierra y a bordo un equipo de profesionales de biodiversidad marina: miembros de la <strong><a href=\"https:\/\/www.fundacionmalpelo.org\/\" target=\"_blank\" rel=\"noreferrer noopener\">Fundaci\u00f3n Malpelo<\/a><\/strong> <\/p>\n\n<figure class=\"wp-block-image aligncenter size-full\"><a href=\"https:\/\/www.fundacionmalpelo.org\/\"><img loading=\"lazy\" decoding=\"async\" width=\"404\" height=\"340\" src=\"https:\/\/www.greenpeace.org\/static\/planet4-colombia-stateless\/2024\/04\/3a956f5e-fundaiconlogo.png\" alt=\"\" class=\"wp-image-12014\" srcset=\"https:\/\/www.greenpeace.org\/static\/planet4-colombia-stateless\/2024\/04\/3a956f5e-fundaiconlogo.png 404w, https:\/\/www.greenpeace.org\/static\/planet4-colombia-stateless\/2024\/04\/3a956f5e-fundaiconlogo-300x252.png 300w\" sizes=\"auto, (max-width: 404px) 100vw, 404px\" \/><\/a><\/figure>\n\n<iframe loading=\"lazy\" src=\"https:\/\/www.linkedin.com\/embed\/feed\/update\/urn:li:ugcPost:7182068383545253888\" height=\"852\" width=\"504\" frameborder=\"0\" allowfullscreen=\"\" title=\"Publicaci\u00f3n integrada\"><\/iframe>\n\n<h4 class=\"wp-block-heading\">Conoce a miembros de la <a href=\"https:\/\/www.fundacionmalpelo.org\/\">Fundaci\u00f3n Malpelo<\/a>:<\/h4>\n\n<div class=\"wp-block-media-text is-stacked-on-mobile\"><figure class=\"wp-block-media-text__media\"><img loading=\"lazy\" decoding=\"async\" width=\"543\" height=\"708\" src=\"https:\/\/www.greenpeace.org\/static\/planet4-colombia-stateless\/2024\/03\/b1be25f6-sandra.png\" alt=\"\" sizes=\"auto, (min-width: 1600px) calc((1320px - 24px) \/ 2),(min-width: 1200px) calc((1140px - 24px) \/ 2),(min-width: 992px) calc((960px - 24px) \/ 2),(min-width: 768px) calc((720px - 24px) \/ 2),(min-width: 601px) calc((540px - 24px) \/ 2),(min-width: 577px) calc((540px - 24px) \/ 1), calc(100vw - 24px)\" srcset=\"https:\/\/www.greenpeace.org\/static\/planet4-colombia-stateless\/2024\/03\/b1be25f6-sandra.png 543w, https:\/\/www.greenpeace.org\/static\/planet4-colombia-stateless\/2024\/03\/b1be25f6-sandra-230x300.png 230w, https:\/\/www.greenpeace.org\/static\/planet4-colombia-stateless\/2024\/03\/b1be25f6-sandra-261x340.png 261w\" class=\"wp-image-11741 size-full\"\/><\/figure><div class=\"wp-block-media-text__content\">\n<p><strong>SANDRA BESSUDO<\/strong>: Profesional en Medio Ambiente y en Estudios de Ciencias de la Vida y de la Tierra en Perpignan (Francia), y buzo profesional con m\u00e1s de 7.000 inmersiones en aguas abiertas. Sandra Bessudo  es una profesional comprometida con la conservaci\u00f3n de la biodiversidad marina y con el<br>cuidado del medio ambiente. Se<br>desempe\u00f1\u00f3 como Alta Consejera<br>Presidencial para la Gesti\u00f3n<br>Ambiental, la Biodiversidad, Agua y Cambio Clim\u00e1tico, en donde a trav\u00e9s de su gesti\u00f3n se alcanzaron importantes logros en conservaci\u00f3n medio ambiental. Fundadora y actual Directora Ejecutiva de la Fundaci\u00f3n Malpelo y Otros Ecosistemas Marinos.<\/p>\n<\/div><\/div>\n\n<div class=\"wp-block-media-text is-stacked-on-mobile\"><figure class=\"wp-block-media-text__media\"><img loading=\"lazy\" decoding=\"async\" width=\"230\" height=\"454\" src=\"https:\/\/www.greenpeace.org\/static\/planet4-colombia-stateless\/2024\/03\/8584c7da-irene.png\" alt=\"\" sizes=\"auto, (min-width: 1600px) calc((1320px - 24px) \/ 2),(min-width: 1200px) calc((1140px - 24px) \/ 2),(min-width: 992px) calc((960px - 24px) \/ 2),(min-width: 768px) calc((720px - 24px) \/ 2),(min-width: 601px) calc((540px - 24px) \/ 2),(min-width: 577px) calc((540px - 24px) \/ 1), calc(100vw - 24px)\" srcset=\"https:\/\/www.greenpeace.org\/static\/planet4-colombia-stateless\/2024\/03\/8584c7da-irene.png 230w, https:\/\/www.greenpeace.org\/static\/planet4-colombia-stateless\/2024\/03\/8584c7da-irene-152x300.png 152w, https:\/\/www.greenpeace.org\/static\/planet4-colombia-stateless\/2024\/03\/8584c7da-irene-172x340.png 172w\" class=\"wp-image-11743 size-full\"\/><\/figure><div class=\"wp-block-media-text__content\">\n<p><strong>IRENE ARROYAVE<\/strong>: Bi\u00f3loga y Administradora de Empresas de la Universidad de los Andes, con<br>experiencia en la formulaci\u00f3n e implementaci\u00f3n de estrategias de<br>conservaci\u00f3n y monitoreo de ecosistemas marino-costeros. Irene ha participado como investigadora en diversas expediciones cient\u00edficas marinas<br>en el Caribe y Pac\u00edfico colombiano con el fin de evaluar el estado de ecosistemas como arrecifes coralinos, montes submarinos, pastos marinos y<br>ambientes pel\u00e1gicos. Es parte del equipo de la fundaci\u00f3n Malpelo y trabaja en diversos proyectos de monitoreo de especies pel\u00e1gicas, especialmente<br>tiburones.<\/p>\n<\/div><\/div>\n\n<div class=\"wp-block-media-text is-stacked-on-mobile\"><figure class=\"wp-block-media-text__media\"><img loading=\"lazy\" decoding=\"async\" width=\"287\" height=\"463\" src=\"https:\/\/www.greenpeace.org\/static\/planet4-colombia-stateless\/2024\/03\/c382a570-felipe.png\" alt=\"\" sizes=\"auto, (min-width: 1600px) calc((1320px - 24px) \/ 2),(min-width: 1200px) calc((1140px - 24px) \/ 2),(min-width: 992px) calc((960px - 24px) \/ 2),(min-width: 768px) calc((720px - 24px) \/ 2),(min-width: 601px) calc((540px - 24px) \/ 2),(min-width: 577px) calc((540px - 24px) \/ 1), calc(100vw - 24px)\" srcset=\"https:\/\/www.greenpeace.org\/static\/planet4-colombia-stateless\/2024\/03\/c382a570-felipe.png 287w, https:\/\/www.greenpeace.org\/static\/planet4-colombia-stateless\/2024\/03\/c382a570-felipe-186x300.png 186w, https:\/\/www.greenpeace.org\/static\/planet4-colombia-stateless\/2024\/03\/c382a570-felipe-211x340.png 211w\" class=\"wp-image-11744 size-full\"\/><\/figure><div class=\"wp-block-media-text__content\">\n<p><strong>FELIPE LADINO: <\/strong>Ec\u00f3logo de la Pontificia Universidad Javeriana,<br>Felipe se ha enfocado en los ecosistemas marinos,<br>donde se ha especializado y apasionado por la<br>conservaci\u00f3n y el estudio de poblaciones de<br>elasmobranquios.<br>Es parte del equipo de la Fundaci\u00f3n Malpelo desde mediados del 2014 y<br>durante su tiempo en la Fundaci\u00f3n fue ganador del International Training<br>Course de CLP 2015, con un proyecto de tibur\u00f3n ballena. Est\u00e1 encargado<br>de hacer seguimiento a los proyectos, monitoreos y al plan operativo anual<br>del SFF Malpelo.<\/p>\n<\/div><\/div>\n\n<h3 class=\"wp-block-heading\">Sobre la Fundaci\u00f3n Malpelo:<\/h3>\n\n<figure class=\"wp-block-image size-large\"><img loading=\"lazy\" decoding=\"async\" width=\"1024\" height=\"683\" src=\"https:\/\/www.greenpeace.org\/static\/planet4-colombia-stateless\/2024\/04\/20240404-Isla-Malpelo-Banner-Fundacion-Credito-Diana-Rey-Melo-Greenpeace-1-1024x683.jpg\" alt=\"\" class=\"wp-image-12006\" srcset=\"https:\/\/www.greenpeace.org\/static\/planet4-colombia-stateless\/2024\/04\/20240404-Isla-Malpelo-Banner-Fundacion-Credito-Diana-Rey-Melo-Greenpeace-1-1024x683.jpg 1024w, https:\/\/www.greenpeace.org\/static\/planet4-colombia-stateless\/2024\/04\/20240404-Isla-Malpelo-Banner-Fundacion-Credito-Diana-Rey-Melo-Greenpeace-1-300x200.jpg 300w, https:\/\/www.greenpeace.org\/static\/planet4-colombia-stateless\/2024\/04\/20240404-Isla-Malpelo-Banner-Fundacion-Credito-Diana-Rey-Melo-Greenpeace-1-768x512.jpg 768w, https:\/\/www.greenpeace.org\/static\/planet4-colombia-stateless\/2024\/04\/20240404-Isla-Malpelo-Banner-Fundacion-Credito-Diana-Rey-Melo-Greenpeace-1-1536x1024.jpg 1536w, https:\/\/www.greenpeace.org\/static\/planet4-colombia-stateless\/2024\/04\/20240404-Isla-Malpelo-Banner-Fundacion-Credito-Diana-Rey-Melo-Greenpeace-1-2048x1366.jpg 2048w, https:\/\/www.greenpeace.org\/static\/planet4-colombia-stateless\/2024\/04\/20240404-Isla-Malpelo-Banner-Fundacion-Credito-Diana-Rey-Melo-Greenpeace-1-510x340.jpg 510w\" sizes=\"auto, (max-width: 1024px) 100vw, 1024px\" \/><figcaption class=\"wp-element-caption\">Felipe Ladino e Irene Arroyave en la Isla de Malpelo <br>\u00a9 Diana Rey Melo \/ Greenpeace<\/figcaption><\/figure>\n\n<p>La <strong>Fundaci\u00f3n Malpelo y Otros Ecosistemas Marinos<\/strong>, es una organizaci\u00f3n no gubernamental de car\u00e1cter ambiental y sin \u00e1nimo de lucro, establecida en 1999, bajo las Leyes de la Rep\u00fablica de Colombia para apoyar y trabajar con el Gobierno en temas de <strong>conservaci\u00f3n, preservaci\u00f3n, educaci\u00f3n e investigaci\u00f3n del medio marino colombiano<\/strong>, especialmente en el <strong>Santuario de Fauna y Flora (SFF) Malpelo<\/strong>.<\/p>\n\n<h4 class=\"wp-block-heading\"><strong><em>Misi\u00f3n<\/em><\/strong><\/h4>\n\n<p>Promueven la<strong> protecci\u00f3n y el cuidado de \u00e1reas marinas y costeras de Colombia y del mundo, fomentando el uso sostenible de los recursos naturales<\/strong>. Apoyando al Gobierno Nacional fortalecen la institucionalidad en el control y la vigilancia, la legislaci\u00f3n, la investigaci\u00f3n cient\u00edfica, la educaci\u00f3n y la conservaci\u00f3n, dentro de un marco de cooperaci\u00f3n con m\u00faltiples actores, con el fin de alcanzar una conservaci\u00f3n integral y equilibrada.<\/p>\n\n<h4 class=\"wp-block-heading\"><strong><em>Visi\u00f3n<\/em><\/strong><\/h4>\n\n<p>Se proyectan como la<strong> organizaci\u00f3n l\u00edder en conservaci\u00f3n e investigaci\u00f3n de ecosistemas marinos apoyando la labor del Gobierno Nacional colombiano<\/strong>. Su acci\u00f3n refuerza una amplia <strong>participaci\u00f3n de la sociedad civil, la empresa privada y ONG\u2019s. <\/strong>Act\u00faan con gran responsabilidad social, gesti\u00f3n que llevar\u00e1 a la sostenibilidad de los recursos marinos.<\/p>\n\n<h4 class=\"wp-block-heading\"><strong><em>Su labor<\/em><\/strong><\/h4>\n\n<p>El <strong>Santuario de Fauna y Flora (SFF) Isla Malpelo<\/strong> es un<strong> \u00e1rea con una biodiversidad especialmente sensible <\/strong>que necesita de una atenci\u00f3n particular para mantener su riqueza. A trav\u00e9s de las acciones de <strong>la Fundaci\u00f3n se busca brindar protecci\u00f3n a las especies, especialmente vulnerables, que habitan o visitan la isla<\/strong> (especialmente los tiburones) para que tengan un lugar sin presiones humanas en donde reproducirse.<\/p>\n\n<p><strong>Proyectos:<\/strong><\/p>\n\n<ul class=\"wp-block-list\">\n<li>Trabajo con las comunidades<\/li>\n\n\n\n<li>Montes submarinos<\/li>\n\n\n\n<li>\u00c1reas de crianza<\/li>\n\n\n\n<li>Labor en la conservaci\u00f3n<\/li>\n\n\n\n<li>Restauraci\u00f3n en el manglar<\/li>\n<\/ul>\n\n<p>Im\u00e1genes de biodiversidad, cortes\u00eda de la Fundaci\u00f3n Malpelo:<\/p>\n\n<figure class=\"wp-block-image size-large\"><img loading=\"lazy\" decoding=\"async\" width=\"1024\" height=\"681\" src=\"https:\/\/www.greenpeace.org\/static\/planet4-colombia-stateless\/2024\/03\/152782e0-gpco-biodiversidad-pacifico-co-tiburon-ballena-\u00a9-fred-buyle-fundacion-malpelo-1024x681.jpg\" alt=\"\" class=\"wp-image-11697\" srcset=\"https:\/\/www.greenpeace.org\/static\/planet4-colombia-stateless\/2024\/03\/152782e0-gpco-biodiversidad-pacifico-co-tiburon-ballena-\u00a9-fred-buyle-fundacion-malpelo-1024x681.jpg 1024w, https:\/\/www.greenpeace.org\/static\/planet4-colombia-stateless\/2024\/03\/152782e0-gpco-biodiversidad-pacifico-co-tiburon-ballena-\u00a9-fred-buyle-fundacion-malpelo-300x199.jpg 300w, https:\/\/www.greenpeace.org\/static\/planet4-colombia-stateless\/2024\/03\/152782e0-gpco-biodiversidad-pacifico-co-tiburon-ballena-\u00a9-fred-buyle-fundacion-malpelo-768x511.jpg 768w, https:\/\/www.greenpeace.org\/static\/planet4-colombia-stateless\/2024\/03\/152782e0-gpco-biodiversidad-pacifico-co-tiburon-ballena-\u00a9-fred-buyle-fundacion-malpelo-1536x1021.jpg 1536w, https:\/\/www.greenpeace.org\/static\/planet4-colombia-stateless\/2024\/03\/152782e0-gpco-biodiversidad-pacifico-co-tiburon-ballena-\u00a9-fred-buyle-fundacion-malpelo-2048x1362.jpg 2048w, https:\/\/www.greenpeace.org\/static\/planet4-colombia-stateless\/2024\/03\/152782e0-gpco-biodiversidad-pacifico-co-tiburon-ballena-\u00a9-fred-buyle-fundacion-malpelo-510x340.jpg 510w\" sizes=\"auto, (max-width: 1024px) 100vw, 1024px\" \/><figcaption class=\"wp-element-caption\">Tibur\u00f3n ballena   \u00a9  Fred Vuyle \/ Fiundaci\u00f3n Malpelo<\/figcaption><\/figure>\n\n<figure class=\"wp-block-image size-large\"><img loading=\"lazy\" decoding=\"async\" width=\"1024\" height=\"560\" src=\"https:\/\/www.greenpeace.org\/static\/planet4-colombia-stateless\/2024\/03\/e443afe3-ballena-jorobada-gp01clp-\u00a9-paul-hilton-greenpeace-1024x560.jpg\" alt=\"\" class=\"wp-image-11616\" srcset=\"https:\/\/www.greenpeace.org\/static\/planet4-colombia-stateless\/2024\/03\/e443afe3-ballena-jorobada-gp01clp-\u00a9-paul-hilton-greenpeace-1024x560.jpg 1024w, https:\/\/www.greenpeace.org\/static\/planet4-colombia-stateless\/2024\/03\/e443afe3-ballena-jorobada-gp01clp-\u00a9-paul-hilton-greenpeace-300x164.jpg 300w, https:\/\/www.greenpeace.org\/static\/planet4-colombia-stateless\/2024\/03\/e443afe3-ballena-jorobada-gp01clp-\u00a9-paul-hilton-greenpeace-768x420.jpg 768w, https:\/\/www.greenpeace.org\/static\/planet4-colombia-stateless\/2024\/03\/e443afe3-ballena-jorobada-gp01clp-\u00a9-paul-hilton-greenpeace-1536x840.jpg 1536w, https:\/\/www.greenpeace.org\/static\/planet4-colombia-stateless\/2024\/03\/e443afe3-ballena-jorobada-gp01clp-\u00a9-paul-hilton-greenpeace-2048x1121.jpg 2048w, https:\/\/www.greenpeace.org\/static\/planet4-colombia-stateless\/2024\/03\/e443afe3-ballena-jorobada-gp01clp-\u00a9-paul-hilton-greenpeace-510x279.jpg 510w\" sizes=\"auto, (max-width: 1024px) 100vw, 1024px\" \/><figcaption class=\"wp-element-caption\">Ballena Jorobada   \u00a9 Paul Hilton \/ Greenpeace<\/figcaption><\/figure>\n\n<figure class=\"wp-block-image size-large\"><img loading=\"lazy\" decoding=\"async\" width=\"1024\" height=\"729\" src=\"https:\/\/www.greenpeace.org\/static\/planet4-colombia-stateless\/2024\/03\/a6934a4c-tiburon-martillo-sphyrna-lewini-\u00a9-sandra-bessudo-fundacion-malpelo-1024x729.jpg\" alt=\"\" class=\"wp-image-11642\" srcset=\"https:\/\/www.greenpeace.org\/static\/planet4-colombia-stateless\/2024\/03\/a6934a4c-tiburon-martillo-sphyrna-lewini-\u00a9-sandra-bessudo-fundacion-malpelo-1024x729.jpg 1024w, https:\/\/www.greenpeace.org\/static\/planet4-colombia-stateless\/2024\/03\/a6934a4c-tiburon-martillo-sphyrna-lewini-\u00a9-sandra-bessudo-fundacion-malpelo-300x214.jpg 300w, https:\/\/www.greenpeace.org\/static\/planet4-colombia-stateless\/2024\/03\/a6934a4c-tiburon-martillo-sphyrna-lewini-\u00a9-sandra-bessudo-fundacion-malpelo-768x547.jpg 768w, https:\/\/www.greenpeace.org\/static\/planet4-colombia-stateless\/2024\/03\/a6934a4c-tiburon-martillo-sphyrna-lewini-\u00a9-sandra-bessudo-fundacion-malpelo-1536x1094.jpg 1536w, https:\/\/www.greenpeace.org\/static\/planet4-colombia-stateless\/2024\/03\/a6934a4c-tiburon-martillo-sphyrna-lewini-\u00a9-sandra-bessudo-fundacion-malpelo-2048x1458.jpg 2048w, https:\/\/www.greenpeace.org\/static\/planet4-colombia-stateless\/2024\/03\/a6934a4c-tiburon-martillo-sphyrna-lewini-\u00a9-sandra-bessudo-fundacion-malpelo-1919x1366.jpg 1919w, https:\/\/www.greenpeace.org\/static\/planet4-colombia-stateless\/2024\/03\/a6934a4c-tiburon-martillo-sphyrna-lewini-\u00a9-sandra-bessudo-fundacion-malpelo-478x340.jpg 478w\" sizes=\"auto, (max-width: 1024px) 100vw, 1024px\" \/><figcaption class=\"wp-element-caption\">Tibur\u00f3n Martillo \u00a9 Sandra Bessudo &#8211; Fundaci\u00f3n Malpelo<div class=\"credit icon-left\"> \u00a9 Sandra Bessudo\/ Fundaci\u00f3n Malpelo<\/div><\/figcaption><\/figure>\n\n<p>Con esta expedici\u00f3n comenzamos un camino hacia un Oc\u00e9ano Pac\u00edfico biodiverso y protegido, que podr\u00eda llevar a la regi\u00f3n y a Colombia a convertirse en un referente para Am\u00e9rica Latina\u00a0<\/p>\n\n<p>Esta expedici\u00f3n fue posible gracias al aporte de personas individuales, lo hacemos para poder<strong> poner el cuerpo en tu nombre <\/strong>llegando a lugares inalcanzables,<strong> para documentar, investigar y enfrentar<\/strong> las amenazas.\u00a0<\/p>\n\n<h4 class=\"wp-block-heading\">Haz click en este mapa para conocer nuestra zona de inter\u00e9s<\/h4>\n\n<figure class=\"wp-block-image size-large\"><a href=\"https:\/\/maps.greenpeace.org\/maps\/gpandino\/seamounts-colombia\/?id=2\"><img loading=\"lazy\" decoding=\"async\" width=\"1024\" height=\"726\" src=\"https:\/\/www.greenpeace.org\/static\/planet4-colombia-stateless\/2024\/03\/63e539b1-mapa.ruta_-1024x726.png\" alt=\"\" class=\"wp-image-11634\" srcset=\"https:\/\/www.greenpeace.org\/static\/planet4-colombia-stateless\/2024\/03\/63e539b1-mapa.ruta_-1024x726.png 1024w, https:\/\/www.greenpeace.org\/static\/planet4-colombia-stateless\/2024\/03\/63e539b1-mapa.ruta_-300x213.png 300w, https:\/\/www.greenpeace.org\/static\/planet4-colombia-stateless\/2024\/03\/63e539b1-mapa.ruta_-768x544.png 768w, https:\/\/www.greenpeace.org\/static\/planet4-colombia-stateless\/2024\/03\/63e539b1-mapa.ruta_-480x340.png 480w, https:\/\/www.greenpeace.org\/static\/planet4-colombia-stateless\/2024\/03\/63e539b1-mapa.ruta_.png 1127w\" sizes=\"auto, (max-width: 1024px) 100vw, 1024px\" \/><\/a><\/figure>\n\n<p><\/p>\n","protected":false},"excerpt":{"rendered":"<p>En la expedici\u00f3n del barco Acrtic Sunrise nos acompa\u00f1\u00f3 un equipo de profesionales de biodiversidad marina. Junto a quienes m\u00e1s saben documentamos por primera vez una zona de montes submarinos y arrecifes. Mostramos la belleza natural de un \u00e1rea que es zona de alimentaci\u00f3n o tr\u00e1nsito de varias especies ic\u00f3nicas como: Ballena Jorobada, Tibur\u00f3n Martillo, [&hellip;]<\/p>\n","protected":false},"author":21,"featured_media":11970,"parent":0,"menu_order":0,"comment_status":"closed","ping_status":"closed","template":"","meta":{"ep_exclude_from_search":false,"p4_hide_page_title_checkbox":"","p4_title":"","p4_subtitle":"","p4_description":"","background_image_id":"","background_image":"","p4_button_title":"","p4_button_link":"","p4_button_link_checkbox":"","p4_og_title":"Documentaci\u00f3n: Fundaci\u00f3n Malpelo","p4_og_description":"En la expedici\u00f3n del barco Acrtic Sunrise  nos acompa\u00f1a un equipo de profesionales de biodiversidad marina.","p4_og_image":"https:\/\/www.greenpeace.org\/static\/planet4-colombia-stateless\/2024\/04\/20240403-Exposicion-Malpelo-Credito-Diana-Rey-Melo-Greenpeace-9-scaled.jpg","p4_og_image_id":"11970","p4_seo_canonical_url":"","p4_campaign_name":"","p4_local_project":"","p4_basket_name":"","p4_department":"","footnotes":""},"categories":[],"tags":[],"class_list":["post-11587","page","type-page","status-publish","has-post-thumbnail","hentry"],"_links":{"self":[{"href":"https:\/\/www.greenpeace.org\/colombia\/wp-json\/wp\/v2\/pages\/11587","targetHints":{"allow":["GET"]}}],"collection":[{"href":"https:\/\/www.greenpeace.org\/colombia\/wp-json\/wp\/v2\/pages"}],"about":[{"href":"https:\/\/www.greenpeace.org\/colombia\/wp-json\/wp\/v2\/types\/page"}],"author":[{"embeddable":true,"href":"https:\/\/www.greenpeace.org\/colombia\/wp-json\/wp\/v2\/users\/21"}],"replies":[{"embeddable":true,"href":"https:\/\/www.greenpeace.org\/colombia\/wp-json\/wp\/v2\/comments?post=11587"}],"version-history":[{"count":20,"href":"https:\/\/www.greenpeace.org\/colombia\/wp-json\/wp\/v2\/pages\/11587\/revisions"}],"predecessor-version":[{"id":12189,"href":"https:\/\/www.greenpeace.org\/colombia\/wp-json\/wp\/v2\/pages\/11587\/revisions\/12189"}],"wp:featuredmedia":[{"embeddable":true,"href":"https:\/\/www.greenpeace.org\/colombia\/wp-json\/wp\/v2\/media\/11970"}],"wp:attachment":[{"href":"https:\/\/www.greenpeace.org\/colombia\/wp-json\/wp\/v2\/media?parent=11587"}],"wp:term":[{"taxonomy":"category","embeddable":true,"href":"https:\/\/www.greenpeace.org\/colombia\/wp-json\/wp\/v2\/categories?post=11587"},{"taxonomy":"post_tag","embeddable":true,"href":"https:\/\/www.greenpeace.org\/colombia\/wp-json\/wp\/v2\/tags?post=11587"}],"curies":[{"name":"wp","href":"https:\/\/api.w.org\/{rel}","templated":true}]}}