{"id":13103,"date":"2024-09-13T18:52:19","date_gmt":"2024-09-13T18:52:19","guid":{"rendered":"https:\/\/www.greenpeace.org\/colombia\/?page_id=13103"},"modified":"2025-07-02T07:20:07","modified_gmt":"2025-07-02T07:20:07","slug":"nuestros-desafios","status":"publish","type":"page","link":"https:\/\/www.greenpeace.org\/colombia\/nuestros-desafios\/","title":{"rendered":"Nuestros desaf\u00edos"},"content":{"rendered":"\n<figure class=\"wp-block-image size-large\"><img loading=\"lazy\" decoding=\"async\" width=\"1024\" height=\"683\" src=\"https:\/\/www.greenpeace.org\/static\/planet4-colombia-stateless\/2024\/09\/9c439fb5-gpco-plogging-colombia-credito-nathalia-angarita-greenpeace-5-1024x683.jpeg\" alt=\"\" class=\"wp-image-13105\" srcset=\"https:\/\/www.greenpeace.org\/static\/planet4-colombia-stateless\/2024\/09\/9c439fb5-gpco-plogging-colombia-credito-nathalia-angarita-greenpeace-5-1024x683.jpeg 1024w, https:\/\/www.greenpeace.org\/static\/planet4-colombia-stateless\/2024\/09\/9c439fb5-gpco-plogging-colombia-credito-nathalia-angarita-greenpeace-5-300x200.jpeg 300w, https:\/\/www.greenpeace.org\/static\/planet4-colombia-stateless\/2024\/09\/9c439fb5-gpco-plogging-colombia-credito-nathalia-angarita-greenpeace-5-768x512.jpeg 768w, https:\/\/www.greenpeace.org\/static\/planet4-colombia-stateless\/2024\/09\/9c439fb5-gpco-plogging-colombia-credito-nathalia-angarita-greenpeace-5-1536x1024.jpeg 1536w, https:\/\/www.greenpeace.org\/static\/planet4-colombia-stateless\/2024\/09\/9c439fb5-gpco-plogging-colombia-credito-nathalia-angarita-greenpeace-5-2048x1366.jpeg 2048w, https:\/\/www.greenpeace.org\/static\/planet4-colombia-stateless\/2024\/09\/9c439fb5-gpco-plogging-colombia-credito-nathalia-angarita-greenpeace-5-510x340.jpeg 510w\" sizes=\"auto, (max-width: 1024px) 100vw, 1024px\" \/><figcaption class=\"wp-element-caption\">\u00a9 Nathalia Angarita \/ Greenpeace<\/figcaption><\/figure>\n\n<p>Ser <strong>activista medioambiental<\/strong> en el mundo de hoy<strong> es un desaf\u00edo monumental<\/strong>, m\u00e1s a\u00fan en Colombia, el pa\u00eds con m\u00e1s l\u00edderes ambientales y sociales asesinados, pero como organizaci\u00f3n que defiende a la naturaleza, \u00bfc\u00f3mo no estar presentes en un pa\u00eds megadiverso, una sinfon\u00eda de especies, colores y ecosistemas\u00a0 en el que habita una de las mayores riquezas naturales del mundo, la Amazon\u00eda, as\u00ed como una variedad de vida asombrosa y; adem\u00e1s, el Pac\u00edfico colombiano (o Choc\u00f3 Biogeogr\u00e1fico que alberga cerca del 11% de la biodiversidad del planeta), entre otros muchos motivos?\u00a0<\/p>\n\n<p>Desde entonces, <strong>el apoyo y la participaci\u00f3n activa de los colombianos han sido los pilares que garantizan 15 a\u00f1os de independencia pol\u00edtica y econ\u00f3mica en Colombia<\/strong>. Nuestro trabajo busca inspirar esperanza a trav\u00e9s de la acci\u00f3n, brindando una voz a este planeta fr\u00e1gil y maravilloso que habitamos exigiendo de manera pac\u00edfica y con acciones directas, con creatividad y disrupci\u00f3n, con convicci\u00f3n y lo m\u00e1s importante: sin timidez.<\/p>\n\n<figure class=\"wp-block-image size-large\"><img loading=\"lazy\" decoding=\"async\" width=\"1024\" height=\"683\" src=\"https:\/\/www.greenpeace.org\/static\/planet4-colombia-stateless\/2024\/09\/4467b6c9-gpco-plogging-colombia-credito-nathalia-angarita-greenpeace-14-1024x683.jpeg\" alt=\"\" class=\"wp-image-13106\" srcset=\"https:\/\/www.greenpeace.org\/static\/planet4-colombia-stateless\/2024\/09\/4467b6c9-gpco-plogging-colombia-credito-nathalia-angarita-greenpeace-14-1024x683.jpeg 1024w, https:\/\/www.greenpeace.org\/static\/planet4-colombia-stateless\/2024\/09\/4467b6c9-gpco-plogging-colombia-credito-nathalia-angarita-greenpeace-14-300x200.jpeg 300w, https:\/\/www.greenpeace.org\/static\/planet4-colombia-stateless\/2024\/09\/4467b6c9-gpco-plogging-colombia-credito-nathalia-angarita-greenpeace-14-768x512.jpeg 768w, https:\/\/www.greenpeace.org\/static\/planet4-colombia-stateless\/2024\/09\/4467b6c9-gpco-plogging-colombia-credito-nathalia-angarita-greenpeace-14-1536x1024.jpeg 1536w, https:\/\/www.greenpeace.org\/static\/planet4-colombia-stateless\/2024\/09\/4467b6c9-gpco-plogging-colombia-credito-nathalia-angarita-greenpeace-14-2048x1366.jpeg 2048w, https:\/\/www.greenpeace.org\/static\/planet4-colombia-stateless\/2024\/09\/4467b6c9-gpco-plogging-colombia-credito-nathalia-angarita-greenpeace-14-510x340.jpeg 510w\" sizes=\"auto, (max-width: 1024px) 100vw, 1024px\" \/><figcaption class=\"wp-element-caption\">\u00a9 Nathalia Angarita \/ Greenpeace<div class=\"credit icon-left\"> \u00a9 Nathalia Angarita \/ Greenpeace<\/div><\/figcaption><\/figure>\n\n<p>Hicimos un llamado urgente a quienes toman decisiones que impactan nuestro presente y futuro, estableciendo l\u00edmites claros y sentando precedentes en escenarios clave. <\/p>\n\n<p>Esto se logr\u00f3 <strong>gracias al respaldo de la ciudadan\u00eda y los movimientos sociales, as\u00ed como al apoyo de periodistas y organizaciones comprometidas con los derechos sociales y ambientales<\/strong>. Sin su colaboraci\u00f3n y compromiso, nada de esto hubiera sido posible.<\/p>\n\n<p>Pero este es solo un hito en el camino que nos queda.<strong>  Renovamos nuestros votos de compromiso para buscar la reducci\u00f3n de contaminaci\u00f3n y crisis clim\u00e1tica, conservaci\u00f3n de los ecosistemas desde los p\u00e1ramos hasta nuestros oc\u00e9anos y la protecci\u00f3n de la biodiversida<\/strong>d. <\/p>\n\n<figure class=\"wp-block-image size-large\"><img loading=\"lazy\" decoding=\"async\" width=\"1024\" height=\"706\" src=\"https:\/\/www.greenpeace.org\/static\/planet4-colombia-stateless\/2024\/09\/c7e11d22-jardin-vertical-bogota-7-1024x706.jpg\" alt=\"\" class=\"wp-image-13107\" srcset=\"https:\/\/www.greenpeace.org\/static\/planet4-colombia-stateless\/2024\/09\/c7e11d22-jardin-vertical-bogota-7-1024x706.jpg 1024w, https:\/\/www.greenpeace.org\/static\/planet4-colombia-stateless\/2024\/09\/c7e11d22-jardin-vertical-bogota-7-300x207.jpg 300w, https:\/\/www.greenpeace.org\/static\/planet4-colombia-stateless\/2024\/09\/c7e11d22-jardin-vertical-bogota-7-768x530.jpg 768w, https:\/\/www.greenpeace.org\/static\/planet4-colombia-stateless\/2024\/09\/c7e11d22-jardin-vertical-bogota-7-1536x1059.jpg 1536w, https:\/\/www.greenpeace.org\/static\/planet4-colombia-stateless\/2024\/09\/c7e11d22-jardin-vertical-bogota-7-2048x1412.jpg 2048w, https:\/\/www.greenpeace.org\/static\/planet4-colombia-stateless\/2024\/09\/c7e11d22-jardin-vertical-bogota-7-1981x1366.jpg 1981w, https:\/\/www.greenpeace.org\/static\/planet4-colombia-stateless\/2024\/09\/c7e11d22-jardin-vertical-bogota-7-493x340.jpg 493w\" sizes=\"auto, (max-width: 1024px) 100vw, 1024px\" \/><figcaption class=\"wp-element-caption\">\u00a9 Nathalia Angarita \/ Greenpeace<\/figcaption><\/figure>\n\n<p>En poco tiempo, <strong>tenemos por delante un desaf\u00edo sin precedentes: la COP16<\/strong>. Este 2024 <strong>Colombia recibir\u00e1 a las delegaciones del mundo para definir el futuro de nuestro planeta. El pa\u00eds ser\u00e1 anfitri\u00f3n del evento de biodiversidad global m\u00e1s importante, en el que 196 pa\u00edses discutir\u00e1n y buscar\u00e1n soluciones a problemas de nuestro planeta para poder detener y revertir la p\u00e9rdida de biodiversidad para el a\u00f1o 2030.<\/strong><\/p>\n\n<p>Estamos m\u00e1s que felices del camino que hemos recorrido. <\/p>\n\n<p class=\"has-grey-200-background-color has-background\"><strong>Gracias por ser parte de la historia de Greenpeace en Colombia y ayudarnos a defender el planeta donde vivimos. Queda mucho por hacer, as\u00ed que vamos por m\u00e1s.\u00a0<\/strong><\/p>\n","protected":false},"excerpt":{"rendered":"<p>Ser activista medioambiental en el mundo de hoy es un desaf\u00edo monumental, m\u00e1s a\u00fan en Colombia, el pa\u00eds con m\u00e1s l\u00edderes ambientales y sociales asesinados, pero como organizaci\u00f3n que defiende a la naturaleza, \u00bfc\u00f3mo no estar presentes en un pa\u00eds megadiverso, una sinfon\u00eda de especies, colores y ecosistemas\u00a0 en el que habita una de las [&hellip;]<\/p>\n","protected":false},"author":21,"featured_media":13105,"parent":0,"menu_order":0,"comment_status":"closed","ping_status":"closed","template":"","meta":{"ep_exclude_from_search":false,"p4_hide_page_title_checkbox":"","p4_title":"","p4_subtitle":"","p4_description":"","background_image_id":"","background_image":"","p4_button_title":"","p4_button_link":"","p4_button_link_checkbox":"","p4_og_title":"","p4_og_description":"","p4_og_image":"","p4_og_image_id":"","p4_seo_canonical_url":"","p4_campaign_name":"","p4_local_project":"","p4_basket_name":"","p4_department":"","footnotes":""},"categories":[],"tags":[],"class_list":["post-13103","page","type-page","status-publish","has-post-thumbnail","hentry"],"_links":{"self":[{"href":"https:\/\/www.greenpeace.org\/colombia\/wp-json\/wp\/v2\/pages\/13103","targetHints":{"allow":["GET"]}}],"collection":[{"href":"https:\/\/www.greenpeace.org\/colombia\/wp-json\/wp\/v2\/pages"}],"about":[{"href":"https:\/\/www.greenpeace.org\/colombia\/wp-json\/wp\/v2\/types\/page"}],"author":[{"embeddable":true,"href":"https:\/\/www.greenpeace.org\/colombia\/wp-json\/wp\/v2\/users\/21"}],"replies":[{"embeddable":true,"href":"https:\/\/www.greenpeace.org\/colombia\/wp-json\/wp\/v2\/comments?post=13103"}],"version-history":[{"count":3,"href":"https:\/\/www.greenpeace.org\/colombia\/wp-json\/wp\/v2\/pages\/13103\/revisions"}],"predecessor-version":[{"id":15416,"href":"https:\/\/www.greenpeace.org\/colombia\/wp-json\/wp\/v2\/pages\/13103\/revisions\/15416"}],"wp:featuredmedia":[{"embeddable":true,"href":"https:\/\/www.greenpeace.org\/colombia\/wp-json\/wp\/v2\/media\/13105"}],"wp:attachment":[{"href":"https:\/\/www.greenpeace.org\/colombia\/wp-json\/wp\/v2\/media?parent=13103"}],"wp:term":[{"taxonomy":"category","embeddable":true,"href":"https:\/\/www.greenpeace.org\/colombia\/wp-json\/wp\/v2\/categories?post=13103"},{"taxonomy":"post_tag","embeddable":true,"href":"https:\/\/www.greenpeace.org\/colombia\/wp-json\/wp\/v2\/tags?post=13103"}],"curies":[{"name":"wp","href":"https:\/\/api.w.org\/{rel}","templated":true}]}}