{"id":13396,"date":"2024-10-02T19:58:28","date_gmt":"2024-10-02T19:58:28","guid":{"rendered":"https:\/\/www.greenpeace.org\/colombia\/?page_id=13396"},"modified":"2024-10-02T19:58:31","modified_gmt":"2024-10-02T19:58:31","slug":"por-que-es-clave-proteger-la-biodiversidad","status":"publish","type":"page","link":"https:\/\/www.greenpeace.org\/colombia\/por-que-es-clave-proteger-la-biodiversidad\/","title":{"rendered":"\u00bfPor qu\u00e9 es clave proteger la biodiversidad?"},"content":{"rendered":"\n<figure class=\"wp-block-image size-large\"><img loading=\"lazy\" decoding=\"async\" width=\"1024\" height=\"683\" src=\"https:\/\/www.greenpeace.org\/static\/planet4-colombia-stateless\/2024\/10\/256d54e1-gp1t8cxk_medium-res-with-credit-line-1200px-1024x683.jpg\" alt=\"\" class=\"wp-image-13348\" srcset=\"https:\/\/www.greenpeace.org\/static\/planet4-colombia-stateless\/2024\/10\/256d54e1-gp1t8cxk_medium-res-with-credit-line-1200px-1024x683.jpg 1024w, https:\/\/www.greenpeace.org\/static\/planet4-colombia-stateless\/2024\/10\/256d54e1-gp1t8cxk_medium-res-with-credit-line-1200px-300x200.jpg 300w, https:\/\/www.greenpeace.org\/static\/planet4-colombia-stateless\/2024\/10\/256d54e1-gp1t8cxk_medium-res-with-credit-line-1200px-768x512.jpg 768w, https:\/\/www.greenpeace.org\/static\/planet4-colombia-stateless\/2024\/10\/256d54e1-gp1t8cxk_medium-res-with-credit-line-1200px-510x340.jpg 510w, https:\/\/www.greenpeace.org\/static\/planet4-colombia-stateless\/2024\/10\/256d54e1-gp1t8cxk_medium-res-with-credit-line-1200px.jpg 1200w\" sizes=\"auto, (max-width: 1024px) 100vw, 1024px\" \/><\/figure>\n\n<p>Cada especie que vive en estas tierras, sea un mam\u00edfero, un ave o una planta, tiene un rol espec\u00edfico en su ecosistema, contribuyendo al ciclo de nutrientes, la purificaci\u00f3n del agua y el aire, y la regulaci\u00f3n del clima.<\/p>\n\n<p><strong>Esta riqueza biol\u00f3gica es fundamental para el bienestar humano<\/strong>, ya sea por los recursos naturales provienen directamente de estos ecosistemas, incluyendo alimentos, medicinas y materias primas como por las regulaci\u00f3n de ciclos como el del agua, nitr\u00f3geno, carbono, b\u00e1sicamente las bases para que se desarrolle la vida en la tierra . Por todo esto, <strong>la riqueza natural de Colombia es de vital importancia<\/strong> no solo a nivel <strong>nacional<\/strong>, sino tambi\u00e9n a nivel <strong>global<\/strong>.<\/p>\n\n<h4 class=\"wp-block-heading\"><strong>\u00bfQu\u00e9 peligros enfrenta la biodiversidad?&nbsp;<\/strong><\/h4>\n\n<p>Hay que tener presente que <strong>cuanto m\u00e1s se pierde la biodiversidad y m\u00e1s d\u00e9biles est\u00e1n los ecosistemas, mayor es el impacto que tienen los desastres naturales<\/strong>. Dicho de otra manera, cuando la biodiversidad es baja o est\u00e1 alterada, <strong>los ecosistemas se vuelven m\u00e1s vulnerables a estos eventos.<\/strong><\/p>\n\n<p>Basta pensar en una pendiente natural y en c\u00f3mo escurre el agua cuando hay precipitaciones fuertes. Si la vegetaci\u00f3n boscosa de su ladera est\u00e1 sana, el agua es amortiguada por las copas de los \u00e1rboles y, al llegar al suelo, permea y va buscando un cauce, mientras fluye de forma moderada. En cambio, <strong>si el suelo est\u00e1 \u201cdesnudo\u201d el agua se desliza sin obst\u00e1culos y a mucha velocidad, \u201clavando\u201d toda la superficie y pudiendo hasta generar desprendimientos de tierra muy peligrosos.<\/strong><\/p>\n\n<p>No es gratuito que, en la actualidad, <strong>cerca del 90% de los desastres que ocurren en el mundo son de origen hidrometeorol\u00f3gico.<\/strong> Estos impactos provocan a su vez da\u00f1os econ\u00f3micos y sociales, que ser\u00e1n cada vez m\u00e1s graves, como da\u00f1os en las cosechas y en la producci\u00f3n alimentaria o riesgos en la salud.<\/p>\n\n<p>Para citar un caso local, podemos mencionar que la <strong>riqueza natural de Colombia tambi\u00e9n est\u00e1 amenazada<\/strong>, especialmente en<strong> zonas altas como los Andes y la Amazon\u00eda<\/strong>, donde se prev\u00e9 que el cambio clim\u00e1tico aumente la vulnerabilidad de las especies entre 2041 y 2060.<br><\/p>\n\n<p>Otro ejemplo es la avifauna de nuestro pa\u00eds, que es de las m\u00e1s ricas del mundo pero que, de entre las aves registradas, <strong>232 especies est\u00e1n en peligro de extinci\u00f3n<\/strong>. <strong>La regi\u00f3n Andina<\/strong>, que es <strong>la m\u00e1s densamente poblada<\/strong>, alberga <strong>m\u00e1s de la mitad de estas especies en peligro<\/strong>.\u00a0<\/p>\n\n<p>Esperamos que ahora sea m\u00e1s claro entender por qu\u00e9 la biodiversidad es nuestra red de seguridad frente a los desastres naturales y por qu\u00e9 cuidarla es esencial para proteger nuestro planeta y a nosotros mismos.&nbsp;<\/p>\n\n<h4 class=\"wp-block-heading\"><strong>La COP16 es una oportunidad \u00fanica para movilizar a Colombia y al mundo en favor de la biodiversidad.\u00a0 Necesitamos acciones concretas y ambiciosas para asegurar la protecci\u00f3n y restauraci\u00f3n de nuestros ecosistemas antes de que sea demasiado tarde.\u00a0<\/strong><\/h4>\n","protected":false},"excerpt":{"rendered":"<p>Cada especie que vive en estas tierras, sea un mam\u00edfero, un ave o una planta, tiene un rol espec\u00edfico en su ecosistema, contribuyendo al ciclo de nutrientes, la purificaci\u00f3n del agua y el aire, y la regulaci\u00f3n del clima. Esta riqueza biol\u00f3gica es fundamental para el bienestar humano, ya sea por los recursos naturales provienen [&hellip;]<\/p>\n","protected":false},"author":21,"featured_media":13348,"parent":0,"menu_order":0,"comment_status":"closed","ping_status":"closed","template":"","meta":{"ep_exclude_from_search":false,"p4_hide_page_title_checkbox":"","p4_title":"","p4_subtitle":"","p4_description":"","background_image_id":"","background_image":"","p4_button_title":"","p4_button_link":"","p4_button_link_checkbox":"","p4_og_title":"","p4_og_description":"","p4_og_image":"","p4_og_image_id":"","p4_seo_canonical_url":"","p4_campaign_name":"","p4_local_project":"","p4_basket_name":"","p4_department":"","footnotes":""},"categories":[],"tags":[],"class_list":["post-13396","page","type-page","status-publish","has-post-thumbnail","hentry"],"_links":{"self":[{"href":"https:\/\/www.greenpeace.org\/colombia\/wp-json\/wp\/v2\/pages\/13396","targetHints":{"allow":["GET"]}}],"collection":[{"href":"https:\/\/www.greenpeace.org\/colombia\/wp-json\/wp\/v2\/pages"}],"about":[{"href":"https:\/\/www.greenpeace.org\/colombia\/wp-json\/wp\/v2\/types\/page"}],"author":[{"embeddable":true,"href":"https:\/\/www.greenpeace.org\/colombia\/wp-json\/wp\/v2\/users\/21"}],"replies":[{"embeddable":true,"href":"https:\/\/www.greenpeace.org\/colombia\/wp-json\/wp\/v2\/comments?post=13396"}],"version-history":[{"count":1,"href":"https:\/\/www.greenpeace.org\/colombia\/wp-json\/wp\/v2\/pages\/13396\/revisions"}],"predecessor-version":[{"id":13397,"href":"https:\/\/www.greenpeace.org\/colombia\/wp-json\/wp\/v2\/pages\/13396\/revisions\/13397"}],"wp:featuredmedia":[{"embeddable":true,"href":"https:\/\/www.greenpeace.org\/colombia\/wp-json\/wp\/v2\/media\/13348"}],"wp:attachment":[{"href":"https:\/\/www.greenpeace.org\/colombia\/wp-json\/wp\/v2\/media?parent=13396"}],"wp:term":[{"taxonomy":"category","embeddable":true,"href":"https:\/\/www.greenpeace.org\/colombia\/wp-json\/wp\/v2\/categories?post=13396"},{"taxonomy":"post_tag","embeddable":true,"href":"https:\/\/www.greenpeace.org\/colombia\/wp-json\/wp\/v2\/tags?post=13396"}],"curies":[{"name":"wp","href":"https:\/\/api.w.org\/{rel}","templated":true}]}}

¿Por qué es clave proteger la biodiversidad?

<figure class="wp-block-image size-large"><img loading="lazy" decoding="async" width="1024" height="683" src="https://www.greenpeace.org/static/planet4-colombia-stateless/2024/10/256d54e1-gp1t8cxk_medium-res-with-credit-line-1200px-1024x683.jpg" alt="" class="wp-image-13348" srcset="https://www.greenpeace.org/static/planet4-colombia-stateless/2024/10/256d54e1-gp1t8cxk_medium-res-with-credit-line-1200px-1024x683.jpg 1024w, https://www.greenpeace.org/static/planet4-colombia-stateless/2024/10/256d54e1-gp1t8cxk_medium-res-with-credit-line-1200px-300x200.jpg 300w, https://www.greenpeace.org/static/planet4-colombia-stateless/2024/10/256d54e1-gp1t8cxk_medium-res-with-credit-line-1200px-768x512.jpg 768w, https://www.greenpeace.org/static/planet4-colombia-stateless/2024/10/256d54e1-gp1t8cxk_medium-res-with-credit-line-1200px-510x340.jpg 510w, https://www.greenpeace.org/static/planet4-colombia-stateless/2024/10/256d54e1-gp1t8cxk_medium-res-with-credit-line-1200px.jpg 1200w" sizes="auto, (max-width: 1024px) 100vw, 1024px" /></figure>

<p>Cada especie que vive en estas tierras, sea un mamífero, un ave o una planta, tiene un rol específico en su ecosistema, contribuyendo al ciclo de nutrientes, la purificación del agua y el aire, y la regulación del clima.</p>

<p><strong>Esta riqueza biológica es fundamental para el bienestar humano</strong>, ya sea por los recursos naturales provienen directamente de estos ecosistemas, incluyendo alimentos, medicinas y materias primas como por las regulación de ciclos como el del agua, nitrógeno, carbono, básicamente las bases para que se desarrolle la vida en la tierra . Por todo esto, <strong>la riqueza natural de Colombia es de vital importancia</strong> no solo a nivel <strong>nacional</strong>, sino también a nivel <strong>global</strong>.</p>

<h4 class="wp-block-heading"><strong>¿Qué peligros enfrenta la biodiversidad?&nbsp;</strong></h4>

<p>Hay que tener presente que <strong>cuanto más se pierde la biodiversidad y más débiles están los ecosistemas, mayor es el impacto que tienen los desastres naturales</strong>. Dicho de otra manera, cuando la biodiversidad es baja o está alterada, <strong>los ecosistemas se vuelven más vulnerables a estos eventos.</strong></p>

<p>Basta pensar en una pendiente natural y en cómo escurre el agua cuando hay precipitaciones fuertes. Si la vegetación boscosa de su ladera está sana, el agua es amortiguada por las copas de los árboles y, al llegar al suelo, permea y va buscando un cauce, mientras fluye de forma moderada. En cambio, <strong>si el suelo está “desnudo” el agua se desliza sin obstáculos y a mucha velocidad, “lavando” toda la superficie y pudiendo hasta generar desprendimientos de tierra muy peligrosos.</strong></p>

<p>No es gratuito que, en la actualidad, <strong>cerca del 90% de los desastres que ocurren en el mundo son de origen hidrometeorológico.</strong> Estos impactos provocan a su vez daños económicos y sociales, que serán cada vez más graves, como daños en las cosechas y en la producción alimentaria o riesgos en la salud.</p>

<p>Para citar un caso local, podemos mencionar que la <strong>riqueza natural de Colombia también está amenazada</strong>, especialmente en<strong> zonas altas como los Andes y la Amazonía</strong>, donde se prevé que el cambio climático aumente la vulnerabilidad de las especies entre 2041 y 2060.<br></p>

<p>Otro ejemplo es la avifauna de nuestro país, que es de las más ricas del mundo pero que, de entre las aves registradas, <strong>232 especies están en peligro de extinción</strong>. <strong>La región Andina</strong>, que es <strong>la más densamente poblada</strong>, alberga <strong>más de la mitad de estas especies en peligro</strong>. </p>

<p>Esperamos que ahora sea más claro entender por qué la biodiversidad es nuestra red de seguridad frente a los desastres naturales y por qué cuidarla es esencial para proteger nuestro planeta y a nosotros mismos.&nbsp;</p>

<h4 class="wp-block-heading"><strong>La COP16 es una oportunidad única para movilizar a Colombia y al mundo en favor de la biodiversidad.  Necesitamos acciones concretas y ambiciosas para asegurar la protección y restauración de nuestros ecosistemas antes de que sea demasiado tarde. </strong></h4>

<p>Cada especie que vive en estas tierras, sea un mamífero, un ave o una planta, tiene un rol específico en su ecosistema, contribuyendo al ciclo de nutrientes, la purificación del agua y el aire, y la regulación del clima. Esta riqueza biológica es fundamental para el bienestar humano, ya sea por los recursos naturales provienen [&hellip;]</p>
