{"id":1290,"date":"2019-05-22T13:51:43","date_gmt":"2019-05-22T11:51:43","guid":{"rendered":"https:\/\/master.k8s.p4.greenpeace.org\/croatia\/?page_id=1290"},"modified":"2025-09-23T11:45:34","modified_gmt":"2025-09-23T09:45:34","slug":"ne-plastici","status":"publish","type":"page","link":"https:\/\/www.greenpeace.org\/croatia\/istrazi\/ne-plastici\/","title":{"rendered":"Ne plastici"},"content":{"rendered":"\n\n<div class=\"wp-block-group alignfull is-layout-flow wp-block-group-is-layout-flow\">\n<div class=\"wp-block-group container is-layout-flow wp-block-group-is-layout-flow\">\n<div class=\"wp-block-media-text alignfull has-media-on-the-right is-stacked-on-mobile is-pattern-p4-page-header is-style-parallax\"><div class=\"wp-block-media-text__content\">\n<div class=\"wp-block-group is-layout-flow wp-block-group-is-layout-flow\">\n<h1 class=\"wp-block-heading has-white-background-color has-background\">\n                            Ne plastici\n                        <\/h1>\n<\/div>\n\n\n\n<p style=\"font-size:1.25rem\">\n                            Plastika je posvuda. Pronalazi svoj put u svaki kutak na\u0161ih \u017eivota, ali same kvalitete koje plastiku \u010dine korisnom, tako\u0111er je \u010dine velikim problemom. Goleme koli\u010dine plastike dospijevaju u mora i oceane. Plastika gu\u0161i mora, ubija morske \u017eivotinje i ulazi u hranidbeni lanac. Velik dio plasti\u010dnog otpada odla\u017ee se i spaljuje, \u0161to utje\u010de na zdravlje ljudi, a i doprinosi emisijama stakleni\u010dkih plinova.\nVe\u0107 dugo se recikliranje promovira kao \u010darobni \u0161tapi\u0107 koji \u0107e rije\u0161iti problem gomilanja plasti\u010dnog otpada. Iako nu\u017eno, ono ne mo\u017ee biti glavno rje\u0161enje, jer se globalno recikliralo svega oko 9% otpadne plastike. Akcije \u010di\u0161\u0107enja nisu dovoljne da rije\u0161e ovaj problem, pogotovo akcije \u010di\u0161\u0107enja pla\u017ea jer istra\u017eivanja pokazuju da ve\u0107ina plastike koja dospijeva u mora i oceane potone na dno.\nPrije svega svega moramo proizvoditi manje plastike. Krajnje je vrijeme za iskorjenjivanje kulture bacanja i okretanje materijalima za vi\u0161ekratnu upotrebu. Najve\u0107a odgovornost treba biti na vladama koje donose zakone te na tvrtkama koje moraju osvijestiti da svi zajedno snosimo posljedice njihovog poslovanja. \n<\/strong>\n                        <\/p>\n\n\n\n<div class=\"wp-block-buttons is-layout-flex wp-block-buttons-is-layout-flex\">\n                            \n\n                        <\/div>\n                        <div class=\"wp-block-button is-style-cta\">\n                            <a class=\"wp-block-button__link wp-element-button\" href=\"https:\/\/podrzi.greenpeace.hr\/sporazum_o_plastici\/\" target=\"\" rel=\"noreferrer noopener\">\n                                Potpi\u0161i peticiju\n                            <\/a>\n                        <\/div>\n<\/div><figure class=\"wp-block-media-text__media\"><img loading=\"lazy\" decoding=\"async\" width=\"1599\" height=\"1200\" src=\"https:\/\/www.greenpeace.org\/static\/planet4-croatia-stateless\/2019\/05\/0f5593ce-ivo-bucan-2.jpeg\" alt=\"\" sizes=\"auto, (min-width: 601px) 50vw, 100vw\" srcset=\"https:\/\/www.greenpeace.org\/static\/planet4-croatia-stateless\/2019\/05\/0f5593ce-ivo-bucan-2.jpeg 1599w, https:\/\/www.greenpeace.org\/static\/planet4-croatia-stateless\/2019\/05\/0f5593ce-ivo-bucan-2-300x225.jpeg 300w, https:\/\/www.greenpeace.org\/static\/planet4-croatia-stateless\/2019\/05\/0f5593ce-ivo-bucan-2-768x576.jpeg 768w, https:\/\/www.greenpeace.org\/static\/planet4-croatia-stateless\/2019\/05\/0f5593ce-ivo-bucan-2-1024x768.jpeg 1024w, https:\/\/www.greenpeace.org\/static\/planet4-croatia-stateless\/2019\/05\/0f5593ce-ivo-bucan-2-453x340.jpeg 453w\" class=\"wp-image-1261 size-full\"\/><\/figure><\/div>\n<\/div>\n<\/div>\n\n\n    <div class=\"wp-block-query posts-list p4-query-loop is-custom-layout-list is-layout-flow wp-block-query-is-layout-flow\">\n        <div class=\"wp-block-group is-content-justification-space-between is-layout-flex wp-container-core-group-is-layout-3d213aab wp-block-group-is-layout-flex\"><h2 class=\"wp-block-heading\">Povezani \u010dlanci<\/h2>\n        <li class=\" wp-block-navigation-item see-all-link wp-block-navigation-link\"><a class=\"wp-block-navigation-item__content\"  href=\"http:\/\/www.greenpeace.org\/croatia\/news-stories\/\"><span class=\"wp-block-navigation-item__label\">See all stories<\/span><\/a><\/li>\n        \n        <\/div>\n        \n\n    <p style=\"margin-top: 24px; margin-bottom: 36px;\"><\/p>\n\n    \n\n    <ul class=\"wp-block-post-template is-layout-flow wp-block-post-template-is-layout-flow\"><li class=\"wp-block-post post-66614 post type-post status-publish format-standard has-post-thumbnail hentry category-klima-i-energija tag-obnovljiviizvori tag-klimatskepromjene tag-fosilnagoriva p4-page-type-pr\">\n            \n<div class=\"wp-block-columns is-layout-flex wp-container-core-columns-is-layout-9d6595d7 wp-block-columns-is-layout-flex\"><figure class=\"wp-block-post-featured-image\"><a href=\"https:\/\/www.greenpeace.org\/croatia\/greenpeace-potrebno-je-ulagati-u-domace-obnovljive-izvore-napokon-je-to-shvatio-i-plenkovic\/\" target=\"_self\"  ><img loading=\"lazy\" decoding=\"async\" width=\"2560\" height=\"1440\" src=\"https:\/\/www.greenpeace.org\/static\/planet4-croatia-stateless\/2026\/04\/d45ee577-greenpeace_bojanharonmarkicevic-3-scaled.jpg\" class=\"attachment-post-thumbnail size-post-thumbnail wp-post-image wp-stateless-item\" alt=\"GREENPEACE: Potrebno je ulagati u doma\u0107e obnovljive izvore, napokon je to shvatio i Plenkovi\u0107\" style=\"object-fit:cover;\" srcset=\"https:\/\/www.greenpeace.org\/static\/planet4-croatia-stateless\/2026\/04\/d45ee577-greenpeace_bojanharonmarkicevic-3-scaled.jpg 2560w, https:\/\/www.greenpeace.org\/static\/planet4-croatia-stateless\/2026\/04\/d45ee577-greenpeace_bojanharonmarkicevic-3-300x169.jpg 300w, https:\/\/www.greenpeace.org\/static\/planet4-croatia-stateless\/2026\/04\/d45ee577-greenpeace_bojanharonmarkicevic-3-1024x576.jpg 1024w, https:\/\/www.greenpeace.org\/static\/planet4-croatia-stateless\/2026\/04\/d45ee577-greenpeace_bojanharonmarkicevic-3-768x432.jpg 768w, https:\/\/www.greenpeace.org\/static\/planet4-croatia-stateless\/2026\/04\/d45ee577-greenpeace_bojanharonmarkicevic-3-1536x864.jpg 1536w, https:\/\/www.greenpeace.org\/static\/planet4-croatia-stateless\/2026\/04\/d45ee577-greenpeace_bojanharonmarkicevic-3-2048x1152.jpg 2048w, https:\/\/www.greenpeace.org\/static\/planet4-croatia-stateless\/2026\/04\/d45ee577-greenpeace_bojanharonmarkicevic-3-510x287.jpg 510w\" sizes=\"auto, (max-width: 2560px) 100vw, 2560px\" data-image-size=\"post-thumbnail\" data-stateless-media-bucket=\"planet4-croatia-stateless\" data-stateless-media-name=\"2026\/04\/d45ee577-greenpeace_bojanharonmarkicevic-3-scaled.jpg\" \/><\/a><\/figure>\n\n        <div class=\"wp-block-group is-layout-flow wp-block-group-is-layout-flow\">\n                <div class=\"wp-block-group is-layout-flex wp-block-group-is-layout-flex\"><div class=\"wp-block-post-terms\"><a href=\"https:\/\/www.greenpeace.org\/croatia\/category\/issues\/klima-i-energija\/\">Klima i energija<\/a><\/div>\n                <div class=\"taxonomy-post_tag wp-block-post-terms\"><a href=\"https:\/\/www.greenpeace.org\/croatia\/tag\/obnovljiviizvori\/\" rel=\"tag\">ObnovljiviIzvori<\/a><span class=\"wp-block-post-terms__separator\"> <\/span><a href=\"https:\/\/www.greenpeace.org\/croatia\/tag\/klimatskepromjene\/\" rel=\"tag\">KlimatskePromjene<\/a><span class=\"wp-block-post-terms__separator\"> <\/span><a href=\"https:\/\/www.greenpeace.org\/croatia\/tag\/fosilnagoriva\/\" rel=\"tag\">FosilnaGoriva<\/a><\/div>\n                \n                <\/div>\n                \n        <h3 class=\"wp-block-post-title\"><a href=\"https:\/\/www.greenpeace.org\/croatia\/greenpeace-potrebno-je-ulagati-u-domace-obnovljive-izvore-napokon-je-to-shvatio-i-plenkovic\/\" target=\"_self\" >GREENPEACE: Potrebno je ulagati u doma\u0107e obnovljive izvore, napokon je to shvatio i Plenkovi\u0107<\/a><\/h3>\n        <div class=\"wp-block-post-excerpt\"><p class=\"wp-block-post-excerpt__excerpt\">Zagreb, 24. travnja 2026. \u2013 Greenpeace je u petak sa sredi\u0161njeg zagreba\u010dkog Trga poru\u010dio da je doma\u0107a solarna energija najjeftiniji i najsigurniji na\u010din za obuzdavanje rasta cijena. <\/p><\/div>\n        \n        <div class=\"wp-block-group posts-list-meta is-layout-flow wp-block-group-is-layout-flow\"><span class='article-list-item-author'>Greenpeace HR<\/span>\n        <div class=\"wp-block-post-date\"><time datetime=\"2026-04-24T12:56:57+02:00\">24. 04. 2026.<\/time><\/div>\n        \n        <\/div>\n        <\/div>\n        <\/div>\n\n            <\/li><li class=\"wp-block-post post-66604 post type-post status-publish format-standard has-post-thumbnail hentry category-klima-i-energija tag-obnovljiviizvori tag-klimatskepromjene tag-fosilnagoriva tag-fosilniplin p4-page-type-pr\">\n            \n<div class=\"wp-block-columns is-layout-flex wp-container-core-columns-is-layout-9d6595d7 wp-block-columns-is-layout-flex\"><figure class=\"wp-block-post-featured-image\"><a href=\"https:\/\/www.greenpeace.org\/croatia\/greenpeace-razotkriva-da-plinska-industrija-rasipa-energiju-krseci-zabranu-eu-a\/\" target=\"_self\"  ><img loading=\"lazy\" decoding=\"async\" width=\"2500\" height=\"1793\" src=\"https:\/\/www.greenpeace.org\/static\/planet4-croatia-stateless\/2026\/04\/c862ce5f-spaljivanje-metana-u-dugom-selu-greenpeace-4.jpg\" class=\"attachment-post-thumbnail size-post-thumbnail wp-post-image wp-stateless-item\" alt=\"Greenpeace razotkriva da plinska industrija rasipa energiju kr\u0161e\u0107i zabranu EU-a\" style=\"object-fit:cover;\" srcset=\"https:\/\/www.greenpeace.org\/static\/planet4-croatia-stateless\/2026\/04\/c862ce5f-spaljivanje-metana-u-dugom-selu-greenpeace-4.jpg 2500w, https:\/\/www.greenpeace.org\/static\/planet4-croatia-stateless\/2026\/04\/c862ce5f-spaljivanje-metana-u-dugom-selu-greenpeace-4-300x215.jpg 300w, https:\/\/www.greenpeace.org\/static\/planet4-croatia-stateless\/2026\/04\/c862ce5f-spaljivanje-metana-u-dugom-selu-greenpeace-4-1024x734.jpg 1024w, https:\/\/www.greenpeace.org\/static\/planet4-croatia-stateless\/2026\/04\/c862ce5f-spaljivanje-metana-u-dugom-selu-greenpeace-4-768x551.jpg 768w, https:\/\/www.greenpeace.org\/static\/planet4-croatia-stateless\/2026\/04\/c862ce5f-spaljivanje-metana-u-dugom-selu-greenpeace-4-1536x1102.jpg 1536w, https:\/\/www.greenpeace.org\/static\/planet4-croatia-stateless\/2026\/04\/c862ce5f-spaljivanje-metana-u-dugom-selu-greenpeace-4-2048x1469.jpg 2048w, https:\/\/www.greenpeace.org\/static\/planet4-croatia-stateless\/2026\/04\/c862ce5f-spaljivanje-metana-u-dugom-selu-greenpeace-4-1905x1366.jpg 1905w, https:\/\/www.greenpeace.org\/static\/planet4-croatia-stateless\/2026\/04\/c862ce5f-spaljivanje-metana-u-dugom-selu-greenpeace-4-474x340.jpg 474w\" sizes=\"auto, (max-width: 2500px) 100vw, 2500px\" data-image-size=\"post-thumbnail\" data-stateless-media-bucket=\"planet4-croatia-stateless\" data-stateless-media-name=\"2026\/04\/c862ce5f-spaljivanje-metana-u-dugom-selu-greenpeace-4.jpg\" \/><\/a><\/figure>\n\n        <div class=\"wp-block-group is-layout-flow wp-block-group-is-layout-flow\">\n                <div class=\"wp-block-group is-layout-flex wp-block-group-is-layout-flex\"><div class=\"wp-block-post-terms\"><a href=\"https:\/\/www.greenpeace.org\/croatia\/category\/issues\/klima-i-energija\/\">Klima i energija<\/a><\/div>\n                <div class=\"taxonomy-post_tag wp-block-post-terms\"><a href=\"https:\/\/www.greenpeace.org\/croatia\/tag\/obnovljiviizvori\/\" rel=\"tag\">ObnovljiviIzvori<\/a><span class=\"wp-block-post-terms__separator\"> <\/span><a href=\"https:\/\/www.greenpeace.org\/croatia\/tag\/klimatskepromjene\/\" rel=\"tag\">KlimatskePromjene<\/a><span class=\"wp-block-post-terms__separator\"> <\/span><a href=\"https:\/\/www.greenpeace.org\/croatia\/tag\/fosilnagoriva\/\" rel=\"tag\">FosilnaGoriva<\/a><span class=\"wp-block-post-terms__separator\"> <\/span><a href=\"https:\/\/www.greenpeace.org\/croatia\/tag\/fosilniplin\/\" rel=\"tag\">FosilniPlin<\/a><\/div>\n                \n                <\/div>\n                \n        <h3 class=\"wp-block-post-title\"><a href=\"https:\/\/www.greenpeace.org\/croatia\/greenpeace-razotkriva-da-plinska-industrija-rasipa-energiju-krseci-zabranu-eu-a\/\" target=\"_self\" >Greenpeace razotkriva da plinska industrija rasipa energiju kr\u0161e\u0107i zabranu EU-a<\/a><\/h3>\n        <div class=\"wp-block-post-excerpt\"><p class=\"wp-block-post-excerpt__excerpt\">Istra\u017eivanje Greenpeacea Hrvatske i Greenpeacea Ma\u0111arske otkriva da pojedina postrojenja za fosilni plin i naftu spaljuju velike koli\u010dine metana \u010dime izgledno kr\u0161e Uredbu EU o metanu koja zabranjuje rutinsko spaljivanje na baklji od 5. velja\u010de 2026. <\/p><\/div>\n        \n        <div class=\"wp-block-group posts-list-meta is-layout-flow wp-block-group-is-layout-flow\"><span class='article-list-item-author'>Greenpeace HR<\/span>\n        <div class=\"wp-block-post-date\"><time datetime=\"2026-04-07T10:09:30+02:00\">07. 04. 2026.<\/time><\/div>\n        \n        <\/div>\n        <\/div>\n        <\/div>\n\n            <\/li><li class=\"wp-block-post post-66593 post type-post status-publish format-standard has-post-thumbnail hentry category-klima-i-energija category-uncategorized p4-page-type-pr\">\n            \n<div class=\"wp-block-columns is-layout-flex wp-container-core-columns-is-layout-9d6595d7 wp-block-columns-is-layout-flex\"><figure class=\"wp-block-post-featured-image\"><a href=\"https:\/\/www.greenpeace.org\/croatia\/greenpeace-preuredio-sjediste-eu-a-u-trumpov-toranj\/\" target=\"_self\"  ><img loading=\"lazy\" decoding=\"async\" width=\"1200\" height=\"901\" src=\"https:\/\/www.greenpeace.org\/static\/planet4-croatia-stateless\/2026\/03\/adf3fee8-greenpeace_tim-dirven-1.jpg\" class=\"attachment-post-thumbnail size-post-thumbnail wp-post-image wp-stateless-item\" alt=\"Greenpeace preuredio sjedi\u0161te EU-a u Trumpov toranj\" style=\"object-fit:cover;\" srcset=\"https:\/\/www.greenpeace.org\/static\/planet4-croatia-stateless\/2026\/03\/adf3fee8-greenpeace_tim-dirven-1.jpg 1200w, https:\/\/www.greenpeace.org\/static\/planet4-croatia-stateless\/2026\/03\/adf3fee8-greenpeace_tim-dirven-1-300x225.jpg 300w, https:\/\/www.greenpeace.org\/static\/planet4-croatia-stateless\/2026\/03\/adf3fee8-greenpeace_tim-dirven-1-1024x769.jpg 1024w, https:\/\/www.greenpeace.org\/static\/planet4-croatia-stateless\/2026\/03\/adf3fee8-greenpeace_tim-dirven-1-768x577.jpg 768w, https:\/\/www.greenpeace.org\/static\/planet4-croatia-stateless\/2026\/03\/adf3fee8-greenpeace_tim-dirven-1-453x340.jpg 453w\" sizes=\"auto, (max-width: 1200px) 100vw, 1200px\" data-image-size=\"post-thumbnail\" data-stateless-media-bucket=\"planet4-croatia-stateless\" data-stateless-media-name=\"2026\/03\/adf3fee8-greenpeace_tim-dirven-1.jpg\" \/><\/a><\/figure>\n\n        <div class=\"wp-block-group is-layout-flow wp-block-group-is-layout-flow\">\n                <div class=\"wp-block-group is-layout-flex wp-block-group-is-layout-flex\"><div class=\"wp-block-post-terms\"><a href=\"https:\/\/www.greenpeace.org\/croatia\/category\/issues\/klima-i-energija\/\">Klima i energija<\/a><\/div>\n                \n                \n                <\/div>\n                \n        <h3 class=\"wp-block-post-title\"><a href=\"https:\/\/www.greenpeace.org\/croatia\/greenpeace-preuredio-sjediste-eu-a-u-trumpov-toranj\/\" target=\"_self\" >Greenpeace preuredio sjedi\u0161te EU-a u Trumpov toranj<\/a><\/h3>\n        <div class=\"wp-block-post-excerpt\"><p class=\"wp-block-post-excerpt__excerpt\">Aktivisti belgijskog Greenpeacea projicirali su zlatnu fasadu uz natpis \u201cTRUMPOV TORANJ\u201d na sjedi\u0161te Europske komisije u Bruxellesu, pretvoriv\u0161i je tako u svojevrsnu repliku Trumpovih nebodera, uz poruku Greenpeacea vodstvu EU-a koje se danas sastaje da prestanu popu\u0161tati njegovim zahtjevima. <\/p><\/div>\n        \n        <div class=\"wp-block-group posts-list-meta is-layout-flow wp-block-group-is-layout-flow\"><span class='article-list-item-author'>Greenpeace EU<\/span>\n        <div class=\"wp-block-post-date\"><time datetime=\"2026-03-19T10:23:34+02:00\">19. 03. 2026.<\/time><\/div>\n        \n        <\/div>\n        <\/div>\n        <\/div>\n\n            <\/li><\/ul>\n\n    \n<div class=\"wp-block-buttons carousel-controls is-horizontal is-content-justification-space-between is-nowrap is-layout-flex wp-container-core-buttons-is-layout-044bd602 wp-block-buttons-is-layout-flex\">\n            <div class=\"wp-block-button carousel-control-prev\"><button type=\"button\" class=\"wp-block-button__link wp-element-button\">Prev<\/button><\/div>\n        \n\n            <div class=\"wp-block-button carousel-control-next\"><button type=\"button\" class=\"wp-block-button__link wp-element-button\">Next<\/button><\/div>\n        <\/div>\n\n\n    <li class=\" wp-block-navigation-item see-all-link wp-block-navigation-link\"><a class=\"wp-block-navigation-item__content\"  href=\"http:\/\/www.greenpeace.org\/croatia\/news-stories\/\"><span class=\"wp-block-navigation-item__label\">See all stories<\/span><\/a><\/li><\/div>\n    <div data-hydrate=\"planet4-blocks\/gallery\" data-attributes=\"{&quot;attributes&quot;:{&quot;gallery_block_style&quot;:1,&quot;multiple_image&quot;:&quot;1278,1268,1261,994,961,984,913&quot;,&quot;gallery_block_title&quot;:&quot;&quot;,&quot;gallery_block_description&quot;:&quot;&quot;,&quot;gallery_block_focus_points&quot;:&quot;&quot;,&quot;image_data&quot;:[],&quot;images&quot;:[{&quot;image_src&quot;:&quot;https:\\\/\\\/www.greenpeace.org\\\/static\\\/planet4-croatia-stateless\\\/2019\\\/05\\\/6fd984fa-zagreb_antun-gustav-mato\\u0161_greenpeace_nevio-smaji\\u0107-2048x1334.jpg&quot;,&quot;image_srcset&quot;:&quot;https:\\\/\\\/www.greenpeace.org\\\/static\\\/planet4-croatia-stateless\\\/2019\\\/05\\\/6fd984fa-zagreb_antun-gustav-mato\\u0161_greenpeace_nevio-smaji\\u0107-2048x1334.jpg 2048w, https:\\\/\\\/www.greenpeace.org\\\/static\\\/planet4-croatia-stateless\\\/2019\\\/05\\\/6fd984fa-zagreb_antun-gustav-mato\\u0161_greenpeace_nevio-smaji\\u0107-300x195.jpg 300w, https:\\\/\\\/www.greenpeace.org\\\/static\\\/planet4-croatia-stateless\\\/2019\\\/05\\\/6fd984fa-zagreb_antun-gustav-mato\\u0161_greenpeace_nevio-smaji\\u0107-768x500.jpg 768w, https:\\\/\\\/www.greenpeace.org\\\/static\\\/planet4-croatia-stateless\\\/2019\\\/05\\\/6fd984fa-zagreb_antun-gustav-mato\\u0161_greenpeace_nevio-smaji\\u0107-1024x667.jpg 1024w, https:\\\/\\\/www.greenpeace.org\\\/static\\\/planet4-croatia-stateless\\\/2019\\\/05\\\/6fd984fa-zagreb_antun-gustav-mato\\u0161_greenpeace_nevio-smaji\\u0107-510x332.jpg 510w&quot;,&quot;image_sizes&quot;:&quot;(max-width: 2048px) 100vw, 2048px&quot;,&quot;alt_text&quot;:&quot;&quot;,&quot;caption&quot;:&quot;&quot;,&quot;focus_image&quot;:&quot;&quot;,&quot;credits&quot;:&quot;&quot;},{&quot;image_src&quot;:&quot;https:\\\/\\\/www.greenpeace.org\\\/static\\\/planet4-croatia-stateless\\\/2019\\\/05\\\/46cd156e-matej_5-2048x1366.jpg&quot;,&quot;image_srcset&quot;:&quot;https:\\\/\\\/www.greenpeace.org\\\/static\\\/planet4-croatia-stateless\\\/2019\\\/05\\\/46cd156e-matej_5-2048x1366.jpg 2048w, https:\\\/\\\/www.greenpeace.org\\\/static\\\/planet4-croatia-stateless\\\/2019\\\/05\\\/46cd156e-matej_5-300x200.jpg 300w, https:\\\/\\\/www.greenpeace.org\\\/static\\\/planet4-croatia-stateless\\\/2019\\\/05\\\/46cd156e-matej_5-768x512.jpg 768w, https:\\\/\\\/www.greenpeace.org\\\/static\\\/planet4-croatia-stateless\\\/2019\\\/05\\\/46cd156e-matej_5-1024x683.jpg 1024w, https:\\\/\\\/www.greenpeace.org\\\/static\\\/planet4-croatia-stateless\\\/2019\\\/05\\\/46cd156e-matej_5-510x340.jpg 510w&quot;,&quot;image_sizes&quot;:&quot;(max-width: 2048px) 100vw, 2048px&quot;,&quot;alt_text&quot;:&quot;&quot;,&quot;caption&quot;:&quot;&quot;,&quot;focus_image&quot;:&quot;&quot;,&quot;credits&quot;:&quot;&quot;},{&quot;image_src&quot;:&quot;https:\\\/\\\/www.greenpeace.org\\\/static\\\/planet4-croatia-stateless\\\/2019\\\/05\\\/0f5593ce-ivo-bucan-2.jpeg&quot;,&quot;image_srcset&quot;:&quot;https:\\\/\\\/www.greenpeace.org\\\/static\\\/planet4-croatia-stateless\\\/2019\\\/05\\\/0f5593ce-ivo-bucan-2.jpeg 1599w, https:\\\/\\\/www.greenpeace.org\\\/static\\\/planet4-croatia-stateless\\\/2019\\\/05\\\/0f5593ce-ivo-bucan-2-300x225.jpeg 300w, https:\\\/\\\/www.greenpeace.org\\\/static\\\/planet4-croatia-stateless\\\/2019\\\/05\\\/0f5593ce-ivo-bucan-2-768x576.jpeg 768w, https:\\\/\\\/www.greenpeace.org\\\/static\\\/planet4-croatia-stateless\\\/2019\\\/05\\\/0f5593ce-ivo-bucan-2-1024x768.jpeg 1024w, https:\\\/\\\/www.greenpeace.org\\\/static\\\/planet4-croatia-stateless\\\/2019\\\/05\\\/0f5593ce-ivo-bucan-2-453x340.jpeg 453w&quot;,&quot;image_sizes&quot;:false,&quot;alt_text&quot;:&quot;&quot;,&quot;caption&quot;:&quot;&quot;,&quot;focus_image&quot;:&quot;&quot;,&quot;credits&quot;:&quot;&quot;},{&quot;image_src&quot;:&quot;https:\\\/\\\/www.greenpeace.org\\\/static\\\/planet4-croatia-stateless\\\/2019\\\/04\\\/f3d08b0d-f3d08b0d-greenpeace-branko-vilus-2.jpg&quot;,&quot;image_srcset&quot;:&quot;https:\\\/\\\/www.greenpeace.org\\\/static\\\/planet4-croatia-stateless\\\/2019\\\/04\\\/f3d08b0d-f3d08b0d-greenpeace-branko-vilus-2.jpg 800w, https:\\\/\\\/www.greenpeace.org\\\/static\\\/planet4-croatia-stateless\\\/2019\\\/04\\\/f3d08b0d-f3d08b0d-greenpeace-branko-vilus-2-300x200.jpg 300w, https:\\\/\\\/www.greenpeace.org\\\/static\\\/planet4-croatia-stateless\\\/2019\\\/04\\\/f3d08b0d-f3d08b0d-greenpeace-branko-vilus-2-768x512.jpg 768w, https:\\\/\\\/www.greenpeace.org\\\/static\\\/planet4-croatia-stateless\\\/2019\\\/04\\\/f3d08b0d-f3d08b0d-greenpeace-branko-vilus-2-510x340.jpg 510w&quot;,&quot;image_sizes&quot;:false,&quot;alt_text&quot;:&quot;&quot;,&quot;caption&quot;:&quot;&quot;,&quot;focus_image&quot;:&quot;&quot;,&quot;credits&quot;:&quot;&quot;},{&quot;image_src&quot;:&quot;https:\\\/\\\/www.greenpeace.org\\\/static\\\/planet4-croatia-stateless\\\/2019\\\/04\\\/4772dfdf-4772dfdf-3-2048x1365.jpg&quot;,&quot;image_srcset&quot;:&quot;https:\\\/\\\/www.greenpeace.org\\\/static\\\/planet4-croatia-stateless\\\/2019\\\/04\\\/4772dfdf-4772dfdf-3.jpg 2048w, https:\\\/\\\/www.greenpeace.org\\\/static\\\/planet4-croatia-stateless\\\/2019\\\/04\\\/4772dfdf-4772dfdf-3-300x200.jpg 300w, https:\\\/\\\/www.greenpeace.org\\\/static\\\/planet4-croatia-stateless\\\/2019\\\/04\\\/4772dfdf-4772dfdf-3-768x512.jpg 768w, https:\\\/\\\/www.greenpeace.org\\\/static\\\/planet4-croatia-stateless\\\/2019\\\/04\\\/4772dfdf-4772dfdf-3-1024x683.jpg 1024w, https:\\\/\\\/www.greenpeace.org\\\/static\\\/planet4-croatia-stateless\\\/2019\\\/04\\\/4772dfdf-4772dfdf-3-510x340.jpg 510w&quot;,&quot;image_sizes&quot;:&quot;(max-width: 2048px) 100vw, 2048px&quot;,&quot;alt_text&quot;:&quot;&quot;,&quot;caption&quot;:&quot;&quot;,&quot;focus_image&quot;:&quot;&quot;,&quot;credits&quot;:&quot;&quot;},{&quot;image_src&quot;:&quot;https:\\\/\\\/www.greenpeace.org\\\/static\\\/planet4-croatia-stateless\\\/2019\\\/04\\\/7cd42ac8-7cd42ac8-greenpeace-hrvoje-\\u0160imi\\u0107-1-1.jpg&quot;,&quot;image_srcset&quot;:&quot;https:\\\/\\\/www.greenpeace.org\\\/static\\\/planet4-croatia-stateless\\\/2019\\\/04\\\/7cd42ac8-7cd42ac8-greenpeace-hrvoje-\\u0160imi\\u0107-1-1.jpg 800w, https:\\\/\\\/www.greenpeace.org\\\/static\\\/planet4-croatia-stateless\\\/2019\\\/04\\\/7cd42ac8-7cd42ac8-greenpeace-hrvoje-\\u0160imi\\u0107-1-1-300x200.jpg 300w, https:\\\/\\\/www.greenpeace.org\\\/static\\\/planet4-croatia-stateless\\\/2019\\\/04\\\/7cd42ac8-7cd42ac8-greenpeace-hrvoje-\\u0160imi\\u0107-1-1-768x512.jpg 768w, https:\\\/\\\/www.greenpeace.org\\\/static\\\/planet4-croatia-stateless\\\/2019\\\/04\\\/7cd42ac8-7cd42ac8-greenpeace-hrvoje-\\u0160imi\\u0107-1-1-510x340.jpg 510w&quot;,&quot;image_sizes&quot;:false,&quot;alt_text&quot;:&quot;&quot;,&quot;caption&quot;:&quot;&quot;,&quot;focus_image&quot;:&quot;&quot;,&quot;credits&quot;:&quot;&quot;},{&quot;image_src&quot;:&quot;https:\\\/\\\/www.greenpeace.org\\\/static\\\/planet4-croatia-stateless\\\/2019\\\/04\\\/ef0952bf-ef0952bf-greenpeace-plasticni-val-3.jpg&quot;,&quot;image_srcset&quot;:&quot;https:\\\/\\\/www.greenpeace.org\\\/static\\\/planet4-croatia-stateless\\\/2019\\\/04\\\/ef0952bf-ef0952bf-greenpeace-plasticni-val-3.jpg 800w, https:\\\/\\\/www.greenpeace.org\\\/static\\\/planet4-croatia-stateless\\\/2019\\\/04\\\/ef0952bf-ef0952bf-greenpeace-plasticni-val-3-300x182.jpg 300w, https:\\\/\\\/www.greenpeace.org\\\/static\\\/planet4-croatia-stateless\\\/2019\\\/04\\\/ef0952bf-ef0952bf-greenpeace-plasticni-val-3-768x467.jpg 768w, https:\\\/\\\/www.greenpeace.org\\\/static\\\/planet4-croatia-stateless\\\/2019\\\/04\\\/ef0952bf-ef0952bf-greenpeace-plasticni-val-3-510x310.jpg 510w&quot;,&quot;image_sizes&quot;:false,&quot;alt_text&quot;:&quot;&quot;,&quot;caption&quot;:&quot;&quot;,&quot;focus_image&quot;:&quot;&quot;,&quot;credits&quot;:&quot;&quot;}]}}\"><section class=\"block carousel-wrap \"><\/section><\/div>","protected":false},"excerpt":{"rendered":"","protected":false},"author":20,"featured_media":960,"parent":11,"menu_order":0,"comment_status":"closed","ping_status":"closed","template":"","meta":{"ep_exclude_from_search":false,"p4_hide_page_title_checkbox":"on","p4_title":"","p4_subtitle":"","p4_description":"","background_image_id":"","background_image":"","p4_button_title":"","p4_button_link":"","p4_button_link_checkbox":"","p4_og_title":"","p4_og_description":"","p4_og_image":"","p4_og_image_id":"","p4_seo_canonical_url":"","p4_campaign_name":"not set","p4_local_project":"not set","p4_basket_name":"not set","p4_department":"","footnotes":""},"categories":[31],"tags":[22,25,26],"class_list":["post-1290","page","type-page","status-publish","has-post-thumbnail","hentry","category-ne-plastici","tag-jednokratnaplastika","tag-jadranbezplastike","tag-necuvrecu"],"_links":{"self":[{"href":"https:\/\/www.greenpeace.org\/croatia\/wp-json\/wp\/v2\/pages\/1290","targetHints":{"allow":["GET"]}}],"collection":[{"href":"https:\/\/www.greenpeace.org\/croatia\/wp-json\/wp\/v2\/pages"}],"about":[{"href":"https:\/\/www.greenpeace.org\/croatia\/wp-json\/wp\/v2\/types\/page"}],"author":[{"embeddable":true,"href":"https:\/\/www.greenpeace.org\/croatia\/wp-json\/wp\/v2\/users\/20"}],"replies":[{"embeddable":true,"href":"https:\/\/www.greenpeace.org\/croatia\/wp-json\/wp\/v2\/comments?post=1290"}],"version-history":[{"count":18,"href":"https:\/\/www.greenpeace.org\/croatia\/wp-json\/wp\/v2\/pages\/1290\/revisions"}],"predecessor-version":[{"id":66374,"href":"https:\/\/www.greenpeace.org\/croatia\/wp-json\/wp\/v2\/pages\/1290\/revisions\/66374"}],"up":[{"embeddable":true,"href":"https:\/\/www.greenpeace.org\/croatia\/wp-json\/wp\/v2\/pages\/11"}],"wp:featuredmedia":[{"embeddable":true,"href":"https:\/\/www.greenpeace.org\/croatia\/wp-json\/wp\/v2\/media\/960"}],"wp:attachment":[{"href":"https:\/\/www.greenpeace.org\/croatia\/wp-json\/wp\/v2\/media?parent=1290"}],"wp:term":[{"taxonomy":"category","embeddable":true,"href":"https:\/\/www.greenpeace.org\/croatia\/wp-json\/wp\/v2\/categories?post=1290"},{"taxonomy":"post_tag","embeddable":true,"href":"https:\/\/www.greenpeace.org\/croatia\/wp-json\/wp\/v2\/tags?post=1290"}],"curies":[{"name":"wp","href":"https:\/\/api.w.org\/{rel}","templated":true}]}}