{"id":1614,"date":"2020-01-21T13:18:04","date_gmt":"2020-01-21T11:18:04","guid":{"rendered":"https:\/\/www.greenpeace.org\/croatia\/zastitimooceane\/"},"modified":"2025-09-23T11:45:31","modified_gmt":"2025-09-23T09:45:31","slug":"zastitimooceane","status":"publish","type":"page","link":"https:\/\/www.greenpeace.org\/croatia\/zastitimooceane\/","title":{"rendered":"Za\u0161titimo oceane"},"content":{"rendered":"\n                    <div class=\"wp-block-group is-vertical is-layout-flex wp-container-core-group-is-layout-8cf370e7 wp-block-group-is-layout-flex\">\n                    \n                                <p>\nIznimno va\u017ean UN-ov Sporazum o svjetskim morima napokon je donesen nakon gotovo dva desetlje\u0107a pregovora! Ovaj sporazum velik je uspjeh i zna\u010dajan korak u za\u0161titi svjetskih mora, ali i va\u017ean pokazatelj da multilateralizam jo\u0161 uvijek postoji i funkcionira u sve podjeljenijem svijetu kad za to postoji politi\u010dka volja.<\/p>\n                            \n\n                    \n                            <div class=\"wp-block-buttons is-layout-flex wp-block-buttons-is-layout-flex\">\n                            <div class=\"wp-block-button\">\n                                <a class=\"wp-block-button__link wp-element-button\" href=\"https:\/\/act.greenpeace.hr\/zastitimo-oceane\" target=\"\" rel=\"noreferrer noopener\">\n                                    Pro\u010ditaj vi\u0161e\n                                <\/a>\n                            <\/div>\n                            <\/div>\n                            \n                    <\/div>\n                    \n<figure class=\"wp-block-embed is-type-video is-provider-youtube wp-block-embed-youtube wp-embed-aspect-16-9 wp-has-aspect-ratio\"><div class=\"wp-block-embed__wrapper\">\n<iframe loading=\"lazy\" title=\"\u017divot kornja\u010da u morima\" width=\"500\" height=\"281\" src=\"https:\/\/www.youtube.com\/embed\/O-8HUYNjssY?feature=oembed\" frameborder=\"0\" allow=\"accelerometer; autoplay; clipboard-write; encrypted-media; gyroscope; picture-in-picture; web-share\" referrerpolicy=\"strict-origin-when-cross-origin\" allowfullscreen><\/iframe>\n<\/div><\/figure>\n\n    <div class=\"wp-block-query posts-list p4-query-loop is-custom-layout-list is-layout-flow wp-block-query-is-layout-flow\">\n        <div class=\"wp-block-group is-content-justification-space-between is-layout-flex wp-container-core-group-is-layout-3d213aab wp-block-group-is-layout-flex\"><h2 class=\"wp-block-heading\">Povezani \u010dlanci<\/h2>\n        <li class=\" wp-block-navigation-item see-all-link wp-block-navigation-link\"><a class=\"wp-block-navigation-item__content\"  href=\"http:\/\/www.greenpeace.org\/croatia\/news-stories\/?tag=zastitimooceane&#038;post-type=blog\"><span class=\"wp-block-navigation-item__label\">See all stories<\/span><\/a><\/li>\n        \n        <\/div>\n        \n\n    <p style=\"margin-top: 24px; margin-bottom: 36px;\"><\/p>\n\n    \n\n    <ul class=\"wp-block-post-template is-layout-flow wp-block-post-template-is-layout-flow\"><li class=\"wp-block-post post-66355 post type-post status-publish format-standard has-post-thumbnail hentry category-oceani tag-zastitimooceane p4-page-type-vijest\">\n            \n<div class=\"wp-block-columns is-layout-flex wp-container-core-columns-is-layout-9d6595d7 wp-block-columns-is-layout-flex\"><figure class=\"wp-block-post-featured-image\"><a href=\"https:\/\/www.greenpeace.org\/croatia\/60-drzava-ratificiralo-je-globalni-sporazum-o-svjetskim-morima\/\" target=\"_self\"  ><img loading=\"lazy\" decoding=\"async\" width=\"2500\" height=\"1667\" src=\"https:\/\/www.greenpeace.org\/static\/planet4-croatia-stateless\/2025\/05\/15711736-greenpeace_bojanharonmarkicevic-5.jpg\" class=\"attachment-post-thumbnail size-post-thumbnail wp-post-image wp-stateless-item\" alt=\"60 dr\u017eava ratificiralo je Sporazum o svjetskim morima!\" style=\"object-fit:cover;\" srcset=\"https:\/\/www.greenpeace.org\/static\/planet4-croatia-stateless\/2025\/05\/15711736-greenpeace_bojanharonmarkicevic-5.jpg 2500w, https:\/\/www.greenpeace.org\/static\/planet4-croatia-stateless\/2025\/05\/15711736-greenpeace_bojanharonmarkicevic-5-300x200.jpg 300w, https:\/\/www.greenpeace.org\/static\/planet4-croatia-stateless\/2025\/05\/15711736-greenpeace_bojanharonmarkicevic-5-1024x683.jpg 1024w, https:\/\/www.greenpeace.org\/static\/planet4-croatia-stateless\/2025\/05\/15711736-greenpeace_bojanharonmarkicevic-5-768x512.jpg 768w, https:\/\/www.greenpeace.org\/static\/planet4-croatia-stateless\/2025\/05\/15711736-greenpeace_bojanharonmarkicevic-5-1536x1024.jpg 1536w, https:\/\/www.greenpeace.org\/static\/planet4-croatia-stateless\/2025\/05\/15711736-greenpeace_bojanharonmarkicevic-5-2048x1366.jpg 2048w, https:\/\/www.greenpeace.org\/static\/planet4-croatia-stateless\/2025\/05\/15711736-greenpeace_bojanharonmarkicevic-5-510x340.jpg 510w\" sizes=\"auto, (max-width: 2500px) 100vw, 2500px\" data-image-size=\"post-thumbnail\" data-stateless-media-bucket=\"planet4-croatia-stateless\" data-stateless-media-name=\"2025\/05\/15711736-greenpeace_bojanharonmarkicevic-5.jpg\" \/><\/a><\/figure>\n\n        <div class=\"wp-block-group is-layout-flow wp-block-group-is-layout-flow\">\n                <div class=\"wp-block-group is-layout-flex wp-block-group-is-layout-flex\"><div class=\"wp-block-post-terms\"><a href=\"https:\/\/www.greenpeace.org\/croatia\/category\/issues\/oceani\/\">Oceani<\/a><\/div>\n                <div class=\"taxonomy-post_tag wp-block-post-terms\"><a href=\"https:\/\/www.greenpeace.org\/croatia\/tag\/zastitimooceane\/\" rel=\"tag\">ZastitimoOceane<\/a><\/div>\n                \n                <\/div>\n                \n        <h3 class=\"wp-block-post-title\"><a href=\"https:\/\/www.greenpeace.org\/croatia\/60-drzava-ratificiralo-je-globalni-sporazum-o-svjetskim-morima\/\" target=\"_self\" >60 dr\u017eava ratificiralo je Sporazum o svjetskim morima!<\/a><\/h3>\n        <div class=\"wp-block-post-excerpt\"><p class=\"wp-block-post-excerpt__excerpt\">Sporazum o svjetskim morima ratificiralo je 60 dr\u017eava, \u0161to zna\u010di da ovaj povijesni sporazum stupa na snagu po\u010detkom idu\u0107e godine.\u00a0 <\/p><\/div>\n        \n        <div class=\"wp-block-group posts-list-meta is-layout-flow wp-block-group-is-layout-flow\"><span class='article-list-item-author'>Greenpeace u Hrvatskoj<\/span>\n        <div class=\"wp-block-post-date\"><time datetime=\"2025-09-22T13:06:32+02:00\">22. 09. 2025.<\/time><\/div>\n        \n        <\/div>\n        <\/div>\n        <\/div>\n\n            <\/li><li class=\"wp-block-post post-66146 post type-post status-publish format-standard has-post-thumbnail hentry category-oceani tag-zastitimooceane p4-page-type-vijest\">\n            \n<div class=\"wp-block-columns is-layout-flex wp-container-core-columns-is-layout-9d6595d7 wp-block-columns-is-layout-flex\"><figure class=\"wp-block-post-featured-image\"><a href=\"https:\/\/www.greenpeace.org\/croatia\/greenpeace-pozdravlja-ratifikaciju-sporazuma-o-svjetskim-morima\/\" target=\"_self\"  ><img loading=\"lazy\" decoding=\"async\" width=\"800\" height=\"534\" src=\"https:\/\/www.greenpeace.org\/static\/planet4-croatia-stateless\/2025\/06\/d79c36a2-harriet-spark-grumpy-turtle-film-greenpeace.jpg\" class=\"attachment-post-thumbnail size-post-thumbnail wp-post-image wp-stateless-item\" alt=\"Greenpeace pozdravlja ratifikaciju Sporazuma o svjetskim morima\" style=\"object-fit:cover;\" srcset=\"https:\/\/www.greenpeace.org\/static\/planet4-croatia-stateless\/2025\/06\/d79c36a2-harriet-spark-grumpy-turtle-film-greenpeace.jpg 800w, https:\/\/www.greenpeace.org\/static\/planet4-croatia-stateless\/2025\/06\/d79c36a2-harriet-spark-grumpy-turtle-film-greenpeace-300x200.jpg 300w, https:\/\/www.greenpeace.org\/static\/planet4-croatia-stateless\/2025\/06\/d79c36a2-harriet-spark-grumpy-turtle-film-greenpeace-768x513.jpg 768w, https:\/\/www.greenpeace.org\/static\/planet4-croatia-stateless\/2025\/06\/d79c36a2-harriet-spark-grumpy-turtle-film-greenpeace-510x340.jpg 510w\" sizes=\"auto, (max-width: 800px) 100vw, 800px\" data-image-size=\"post-thumbnail\" data-stateless-media-bucket=\"planet4-croatia-stateless\" data-stateless-media-name=\"2025\/06\/d79c36a2-harriet-spark-grumpy-turtle-film-greenpeace.jpg\" \/><\/a><\/figure>\n\n        <div class=\"wp-block-group is-layout-flow wp-block-group-is-layout-flow\">\n                <div class=\"wp-block-group is-layout-flex wp-block-group-is-layout-flex\"><div class=\"wp-block-post-terms\"><a href=\"https:\/\/www.greenpeace.org\/croatia\/category\/issues\/oceani\/\">Oceani<\/a><\/div>\n                <div class=\"taxonomy-post_tag wp-block-post-terms\"><a href=\"https:\/\/www.greenpeace.org\/croatia\/tag\/zastitimooceane\/\" rel=\"tag\">ZastitimoOceane<\/a><\/div>\n                \n                <\/div>\n                \n        <h3 class=\"wp-block-post-title\"><a href=\"https:\/\/www.greenpeace.org\/croatia\/greenpeace-pozdravlja-ratifikaciju-sporazuma-o-svjetskim-morima\/\" target=\"_self\" >Greenpeace pozdravlja ratifikaciju Sporazuma o svjetskim morima<\/a><\/h3>\n        <div class=\"wp-block-post-excerpt\"><p class=\"wp-block-post-excerpt__excerpt\">Greenpeace pozdravlja dana\u0161nju jednoglasnu odluku Hrvatskog sabora o ratifikaciji Sporazuma o svjetskim morima (BBNJ), \u010dime je Hrvatska potvrdila predanost me\u0111unarodnim naporima za za\u0161titu oceana. <\/p><\/div>\n        \n        <div class=\"wp-block-group posts-list-meta is-layout-flow wp-block-group-is-layout-flow\"><span class='article-list-item-author'>Greenpeace u Hrvatskoj<\/span>\n        <div class=\"wp-block-post-date\"><time datetime=\"2025-06-06T17:43:58+02:00\">06. 06. 2025.<\/time><\/div>\n        \n        <\/div>\n        <\/div>\n        <\/div>\n\n            <\/li><li class=\"wp-block-post post-66081 post type-post status-publish format-standard has-post-thumbnail hentry category-oceani tag-zastitimooceane p4-page-type-pr\">\n            \n<div class=\"wp-block-columns is-layout-flex wp-container-core-columns-is-layout-9d6595d7 wp-block-columns-is-layout-flex\"><figure class=\"wp-block-post-featured-image\"><a href=\"https:\/\/www.greenpeace.org\/croatia\/divovski-kit-pred-nsk-om-greenpeace-trazi-ocitovanje-vlade-po-pitanju-oceana\/\" target=\"_self\"  ><img loading=\"lazy\" decoding=\"async\" width=\"2500\" height=\"1667\" src=\"https:\/\/www.greenpeace.org\/static\/planet4-croatia-stateless\/2025\/05\/15711736-greenpeace_bojanharonmarkicevic-5.jpg\" class=\"attachment-post-thumbnail size-post-thumbnail wp-post-image wp-stateless-item\" alt=\"Divovski kit pred NSK-om: Greenpeace tra\u017ei o\u010ditovanje Vlade po pitanju oceana\" style=\"object-fit:cover;\" srcset=\"https:\/\/www.greenpeace.org\/static\/planet4-croatia-stateless\/2025\/05\/15711736-greenpeace_bojanharonmarkicevic-5.jpg 2500w, https:\/\/www.greenpeace.org\/static\/planet4-croatia-stateless\/2025\/05\/15711736-greenpeace_bojanharonmarkicevic-5-300x200.jpg 300w, https:\/\/www.greenpeace.org\/static\/planet4-croatia-stateless\/2025\/05\/15711736-greenpeace_bojanharonmarkicevic-5-1024x683.jpg 1024w, https:\/\/www.greenpeace.org\/static\/planet4-croatia-stateless\/2025\/05\/15711736-greenpeace_bojanharonmarkicevic-5-768x512.jpg 768w, https:\/\/www.greenpeace.org\/static\/planet4-croatia-stateless\/2025\/05\/15711736-greenpeace_bojanharonmarkicevic-5-1536x1024.jpg 1536w, https:\/\/www.greenpeace.org\/static\/planet4-croatia-stateless\/2025\/05\/15711736-greenpeace_bojanharonmarkicevic-5-2048x1366.jpg 2048w, https:\/\/www.greenpeace.org\/static\/planet4-croatia-stateless\/2025\/05\/15711736-greenpeace_bojanharonmarkicevic-5-510x340.jpg 510w\" sizes=\"auto, (max-width: 2500px) 100vw, 2500px\" data-image-size=\"post-thumbnail\" data-stateless-media-bucket=\"planet4-croatia-stateless\" data-stateless-media-name=\"2025\/05\/15711736-greenpeace_bojanharonmarkicevic-5.jpg\" \/><\/a><\/figure>\n\n        <div class=\"wp-block-group is-layout-flow wp-block-group-is-layout-flow\">\n                <div class=\"wp-block-group is-layout-flex wp-block-group-is-layout-flex\"><div class=\"wp-block-post-terms\"><a href=\"https:\/\/www.greenpeace.org\/croatia\/category\/issues\/oceani\/\">Oceani<\/a><\/div>\n                <div class=\"taxonomy-post_tag wp-block-post-terms\"><a href=\"https:\/\/www.greenpeace.org\/croatia\/tag\/zastitimooceane\/\" rel=\"tag\">ZastitimoOceane<\/a><\/div>\n                \n                <\/div>\n                \n        <h3 class=\"wp-block-post-title\"><a href=\"https:\/\/www.greenpeace.org\/croatia\/divovski-kit-pred-nsk-om-greenpeace-trazi-ocitovanje-vlade-po-pitanju-oceana\/\" target=\"_self\" >Divovski kit pred NSK-om: Greenpeace tra\u017ei o\u010ditovanje Vlade po pitanju oceana<\/a><\/h3>\n        <div class=\"wp-block-post-excerpt\"><p class=\"wp-block-post-excerpt__excerpt\">Aktivisti Greenpeacea u Hrvatskoj danas su \u0161esnaestmetarskim rekvizitom kita ispred Nacionalne i sveu\u010dili\u0161ne knji\u017enice apelirali na hitno uvr\u0161tavanje povijesnog globalnog Sporazuma o svjetskim morima (BBNJ) me\u0111u Vladine prioritete. <\/p><\/div>\n        \n        <div class=\"wp-block-group posts-list-meta is-layout-flow wp-block-group-is-layout-flow\"><span class='article-list-item-author'>Greenpeace u Hrvatskoj<\/span>\n        <div class=\"wp-block-post-date\"><time datetime=\"2025-05-13T11:50:13+02:00\">13. 05. 2025.<\/time><\/div>\n        \n        <\/div>\n        <\/div>\n        <\/div>\n\n            <\/li><\/ul>\n\n    \n<div class=\"wp-block-buttons carousel-controls is-horizontal is-content-justification-space-between is-nowrap is-layout-flex wp-container-core-buttons-is-layout-044bd602 wp-block-buttons-is-layout-flex\">\n            <div class=\"wp-block-button carousel-control-prev\"><button type=\"button\" class=\"wp-block-button__link wp-element-button\">Prev<\/button><\/div>\n        \n\n            <div class=\"wp-block-button carousel-control-next\"><button type=\"button\" class=\"wp-block-button__link wp-element-button\">Next<\/button><\/div>\n        <\/div>\n\n\n    <li class=\" wp-block-navigation-item see-all-link wp-block-navigation-link\"><a class=\"wp-block-navigation-item__content\"  href=\"http:\/\/www.greenpeace.org\/croatia\/news-stories\/?tag=zastitimooceane&#038;post-type=blog\"><span class=\"wp-block-navigation-item__label\">See all stories<\/span><\/a><\/li><\/div>\n    <div data-render=\"planet4-blocks\/happypoint\" data-attributes=\"{&quot;attributes&quot;:{&quot;override_default_content&quot;:true,&quot;local_content_provider&quot;:&quot;embed_code&quot;,&quot;opacity&quot;:30}}\"><\/div>\n<p><\/p>\n","protected":false},"excerpt":{"rendered":"<p>Iznimno va\u017ean UN-ov Sporazum o svjetskim morima napokon je donesen nakon gotovo dva desetlje\u0107a pregovora! Ovaj sporazum velik je uspjeh i zna\u010dajan korak u za\u0161titi svjetskih mora, ali i va\u017ean pokazatelj da multilateralizam jo\u0161 uvijek postoji i funkcionira u sve podjeljenijem svijetu kad za to postoji politi\u010dka volja.<\/p>\n","protected":false},"author":20,"featured_media":0,"parent":0,"menu_order":0,"comment_status":"closed","ping_status":"closed","template":"","meta":{"ep_exclude_from_search":false,"p4_hide_page_title_checkbox":"","p4_title":"","p4_subtitle":"","p4_description":"","background_image_id":"","background_image":"","p4_button_title":"","p4_button_link":"","p4_button_link_checkbox":"","p4_og_title":"","p4_og_description":"","p4_og_image":"","p4_og_image_id":"","p4_seo_canonical_url":"","p4_campaign_name":"not set","p4_local_project":"not set","p4_basket_name":"not set","p4_department":"","footnotes":""},"categories":[],"tags":[],"class_list":["post-1614","page","type-page","status-publish","hentry"],"_links":{"self":[{"href":"https:\/\/www.greenpeace.org\/croatia\/wp-json\/wp\/v2\/pages\/1614","targetHints":{"allow":["GET"]}}],"collection":[{"href":"https:\/\/www.greenpeace.org\/croatia\/wp-json\/wp\/v2\/pages"}],"about":[{"href":"https:\/\/www.greenpeace.org\/croatia\/wp-json\/wp\/v2\/types\/page"}],"author":[{"embeddable":true,"href":"https:\/\/www.greenpeace.org\/croatia\/wp-json\/wp\/v2\/users\/20"}],"replies":[{"embeddable":true,"href":"https:\/\/www.greenpeace.org\/croatia\/wp-json\/wp\/v2\/comments?post=1614"}],"version-history":[{"count":12,"href":"https:\/\/www.greenpeace.org\/croatia\/wp-json\/wp\/v2\/pages\/1614\/revisions"}],"predecessor-version":[{"id":66372,"href":"https:\/\/www.greenpeace.org\/croatia\/wp-json\/wp\/v2\/pages\/1614\/revisions\/66372"}],"wp:attachment":[{"href":"https:\/\/www.greenpeace.org\/croatia\/wp-json\/wp\/v2\/media?parent=1614"}],"wp:term":[{"taxonomy":"category","embeddable":true,"href":"https:\/\/www.greenpeace.org\/croatia\/wp-json\/wp\/v2\/categories?post=1614"},{"taxonomy":"post_tag","embeddable":true,"href":"https:\/\/www.greenpeace.org\/croatia\/wp-json\/wp\/v2\/tags?post=1614"}],"curies":[{"name":"wp","href":"https:\/\/api.w.org\/{rel}","templated":true}]}}