{"id":10548,"date":"2020-05-06T14:44:54","date_gmt":"2020-05-06T12:44:54","guid":{"rendered":"https:\/\/www.greenpeace.org\/czech\/?page_id=10548"},"modified":"2025-02-03T13:39:24","modified_gmt":"2025-02-03T12:39:24","slug":"stravuj-se-eticky","status":"publish","type":"page","link":"https:\/\/www.greenpeace.org\/czech\/zapoj-se\/stravuj-se-eticky\/","title":{"rendered":"Stravuj se \u0161etrn\u011b a eticky"},"content":{"rendered":"\n\n<div class=\"wp-block-group alignfull is-layout-flow wp-block-group-is-layout-flow\">\n<div class=\"wp-block-group container is-layout-flow wp-block-group-is-layout-flow\">\n<div class=\"wp-block-media-text alignfull has-media-on-the-right is-stacked-on-mobile is-pattern-p4-page-header is-style-parallax\"><div class=\"wp-block-media-text__content\">\n<div class=\"wp-block-group is-layout-flow wp-block-group-is-layout-flow\">\n<h1 class=\"wp-block-heading has-white-background-color has-background\">\n                            Stravuj se \u0161etrn\u011b a eticky\n                        <\/h1>\n<\/div>\n\n\n\n<p style=\"font-size:1.25rem\">\n                            <span style=\"font-weight: 400\">Jak sn\u00ed\u017eit svou vlastn\u00ed uhl\u00edkovou stopu? Jeden z nejv\u011bt\u0161\u00edch krok\u016f m\u016f\u017eete ud\u011blat, kdy\u017e omez\u00edte hov\u011bz\u00ed maso a ml\u00e9\u010dn\u00e9 v\u00fdrobky a d\u00e1te p\u0159ednost lok\u00e1ln\u00edm potravin\u00e1m. Greenpeace se sice v souvislosti s klimatick\u00fdmi zm\u011bnami nejv\u00edce soust\u0159ed\u00ed na podporu obnoviteln\u00fdch energi\u00ed a odklonu od fosiln\u00edch paliv, zaj\u00edmaj\u00ed n\u00e1s ale i dal\u0161\u00ed zp\u016fsoby jak chr\u00e1nit sebe, zv\u00ed\u0159ata i \u017eivotn\u00ed prost\u0159ed\u00ed.<\/span>\n                        <\/p>\n<\/div><figure class=\"wp-block-media-text__media\"><img loading=\"lazy\" decoding=\"async\" width=\"1200\" height=\"801\" src=\"https:\/\/www.greenpeace.org\/static\/planet4-czech-republic-stateless\/2020\/05\/b1ea025d-family.jpg\" alt=\"\" sizes=\"auto, (min-width: 601px) 50vw, 100vw\" srcset=\"https:\/\/www.greenpeace.org\/static\/planet4-czech-republic-stateless\/2020\/05\/b1ea025d-family.jpg 1200w, https:\/\/www.greenpeace.org\/static\/planet4-czech-republic-stateless\/2020\/05\/b1ea025d-family-300x200.jpg 300w, https:\/\/www.greenpeace.org\/static\/planet4-czech-republic-stateless\/2020\/05\/b1ea025d-family-1024x684.jpg 1024w, https:\/\/www.greenpeace.org\/static\/planet4-czech-republic-stateless\/2020\/05\/b1ea025d-family-768x513.jpg 768w, https:\/\/www.greenpeace.org\/static\/planet4-czech-republic-stateless\/2020\/05\/b1ea025d-family-510x340.jpg 510w\" class=\"wp-image-10549 size-full\"\/><\/figure><\/div>\n<\/div>\n<\/div>\n\n<div data-hydrate=\"planet4-blocks\/gallery\" data-attributes=\"{&quot;attributes&quot;:{&quot;multiple_image&quot;:&quot;10551,10552,10553,10554&quot;,&quot;image_data&quot;:[{&quot;url&quot;:&quot;https:\\\/\\\/www.greenpeace.org\\\/static\\\/planet4-czech-republic-stateless\\\/2020\\\/05\\\/7e9d05b6-gp0stpa9m_medium_res_with_credit_line.jpg&quot;,&quot;focalPoint&quot;:{&quot;x&quot;:0.5,&quot;y&quot;:0.5},&quot;id&quot;:10551},{&quot;url&quot;:&quot;https:\\\/\\\/www.greenpeace.org\\\/static\\\/planet4-czech-republic-stateless\\\/2020\\\/05\\\/727ed07e-gp0stpr76_medium_res_with_credit_line.jpg&quot;,&quot;focalPoint&quot;:{&quot;x&quot;:0.5,&quot;y&quot;:0.5},&quot;id&quot;:10552},{&quot;url&quot;:&quot;https:\\\/\\\/www.greenpeace.org\\\/static\\\/planet4-czech-republic-stateless\\\/2020\\\/05\\\/7ee8d323-gp0stqww0_medium_res_with_credit_line.jpg&quot;,&quot;focalPoint&quot;:{&quot;x&quot;:0.5,&quot;y&quot;:0.5},&quot;id&quot;:10553},{&quot;url&quot;:&quot;https:\\\/\\\/www.greenpeace.org\\\/static\\\/planet4-czech-republic-stateless\\\/2020\\\/05\\\/e64a00b8-gp0strfua_medium_res_with_credit_line.jpg&quot;,&quot;focalPoint&quot;:{&quot;x&quot;:0.5,&quot;y&quot;:0.5},&quot;id&quot;:10554}],&quot;gallery_block_style&quot;:0,&quot;gallery_block_title&quot;:&quot;&quot;,&quot;gallery_block_description&quot;:&quot;&quot;,&quot;gallery_block_focus_points&quot;:&quot;&quot;,&quot;images&quot;:[{&quot;image_src&quot;:&quot;https:\\\/\\\/www.greenpeace.org\\\/static\\\/planet4-czech-republic-stateless\\\/2020\\\/05\\\/7e9d05b6-gp0stpa9m_medium_res_with_credit_line.jpg&quot;,&quot;image_srcset&quot;:&quot;https:\\\/\\\/www.greenpeace.org\\\/static\\\/planet4-czech-republic-stateless\\\/2020\\\/05\\\/7e9d05b6-gp0stpa9m_medium_res_with_credit_line.jpg 1200w, https:\\\/\\\/www.greenpeace.org\\\/static\\\/planet4-czech-republic-stateless\\\/2020\\\/05\\\/7e9d05b6-gp0stpa9m_medium_res_with_credit_line-300x200.jpg 300w, https:\\\/\\\/www.greenpeace.org\\\/static\\\/planet4-czech-republic-stateless\\\/2020\\\/05\\\/7e9d05b6-gp0stpa9m_medium_res_with_credit_line-1024x684.jpg 1024w, https:\\\/\\\/www.greenpeace.org\\\/static\\\/planet4-czech-republic-stateless\\\/2020\\\/05\\\/7e9d05b6-gp0stpa9m_medium_res_with_credit_line-768x513.jpg 768w, https:\\\/\\\/www.greenpeace.org\\\/static\\\/planet4-czech-republic-stateless\\\/2020\\\/05\\\/7e9d05b6-gp0stpa9m_medium_res_with_credit_line-510x340.jpg 510w&quot;,&quot;image_sizes&quot;:false,&quot;alt_text&quot;:&quot;&quot;,&quot;caption&quot;:&quot;&quot;,&quot;focus_image&quot;:&quot;&quot;,&quot;credits&quot;:&quot;\\u00a9 Tomas Halasz&quot;},{&quot;image_src&quot;:&quot;https:\\\/\\\/www.greenpeace.org\\\/static\\\/planet4-czech-republic-stateless\\\/2020\\\/05\\\/727ed07e-gp0stpr76_medium_res_with_credit_line.jpg&quot;,&quot;image_srcset&quot;:&quot;https:\\\/\\\/www.greenpeace.org\\\/static\\\/planet4-czech-republic-stateless\\\/2020\\\/05\\\/727ed07e-gp0stpr76_medium_res_with_credit_line.jpg 1200w, https:\\\/\\\/www.greenpeace.org\\\/static\\\/planet4-czech-republic-stateless\\\/2020\\\/05\\\/727ed07e-gp0stpr76_medium_res_with_credit_line-300x200.jpg 300w, https:\\\/\\\/www.greenpeace.org\\\/static\\\/planet4-czech-republic-stateless\\\/2020\\\/05\\\/727ed07e-gp0stpr76_medium_res_with_credit_line-1024x683.jpg 1024w, https:\\\/\\\/www.greenpeace.org\\\/static\\\/planet4-czech-republic-stateless\\\/2020\\\/05\\\/727ed07e-gp0stpr76_medium_res_with_credit_line-768x512.jpg 768w, https:\\\/\\\/www.greenpeace.org\\\/static\\\/planet4-czech-republic-stateless\\\/2020\\\/05\\\/727ed07e-gp0stpr76_medium_res_with_credit_line-510x340.jpg 510w&quot;,&quot;image_sizes&quot;:false,&quot;alt_text&quot;:&quot;&quot;,&quot;caption&quot;:&quot;&quot;,&quot;focus_image&quot;:&quot;&quot;,&quot;credits&quot;:&quot;\\u00a9 Nick Cobbing&quot;},{&quot;image_src&quot;:&quot;https:\\\/\\\/www.greenpeace.org\\\/static\\\/planet4-czech-republic-stateless\\\/2020\\\/05\\\/7ee8d323-gp0stqww0_medium_res_with_credit_line.jpg&quot;,&quot;image_srcset&quot;:&quot;https:\\\/\\\/www.greenpeace.org\\\/static\\\/planet4-czech-republic-stateless\\\/2020\\\/05\\\/7ee8d323-gp0stqww0_medium_res_with_credit_line.jpg 1200w, https:\\\/\\\/www.greenpeace.org\\\/static\\\/planet4-czech-republic-stateless\\\/2020\\\/05\\\/7ee8d323-gp0stqww0_medium_res_with_credit_line-300x212.jpg 300w, https:\\\/\\\/www.greenpeace.org\\\/static\\\/planet4-czech-republic-stateless\\\/2020\\\/05\\\/7ee8d323-gp0stqww0_medium_res_with_credit_line-1024x724.jpg 1024w, https:\\\/\\\/www.greenpeace.org\\\/static\\\/planet4-czech-republic-stateless\\\/2020\\\/05\\\/7ee8d323-gp0stqww0_medium_res_with_credit_line-768x543.jpg 768w, https:\\\/\\\/www.greenpeace.org\\\/static\\\/planet4-czech-republic-stateless\\\/2020\\\/05\\\/7ee8d323-gp0stqww0_medium_res_with_credit_line-481x340.jpg 481w&quot;,&quot;image_sizes&quot;:false,&quot;alt_text&quot;:&quot;&quot;,&quot;caption&quot;:&quot;&quot;,&quot;focus_image&quot;:&quot;&quot;,&quot;credits&quot;:&quot;\\u00a9 Fred Dott&quot;},{&quot;image_src&quot;:&quot;https:\\\/\\\/www.greenpeace.org\\\/static\\\/planet4-czech-republic-stateless\\\/2020\\\/05\\\/e64a00b8-gp0strfua_medium_res_with_credit_line.jpg&quot;,&quot;image_srcset&quot;:&quot;https:\\\/\\\/www.greenpeace.org\\\/static\\\/planet4-czech-republic-stateless\\\/2020\\\/05\\\/e64a00b8-gp0strfua_medium_res_with_credit_line.jpg 1200w, https:\\\/\\\/www.greenpeace.org\\\/static\\\/planet4-czech-republic-stateless\\\/2020\\\/05\\\/e64a00b8-gp0strfua_medium_res_with_credit_line-300x200.jpg 300w, https:\\\/\\\/www.greenpeace.org\\\/static\\\/planet4-czech-republic-stateless\\\/2020\\\/05\\\/e64a00b8-gp0strfua_medium_res_with_credit_line-1024x683.jpg 1024w, https:\\\/\\\/www.greenpeace.org\\\/static\\\/planet4-czech-republic-stateless\\\/2020\\\/05\\\/e64a00b8-gp0strfua_medium_res_with_credit_line-768x512.jpg 768w, https:\\\/\\\/www.greenpeace.org\\\/static\\\/planet4-czech-republic-stateless\\\/2020\\\/05\\\/e64a00b8-gp0strfua_medium_res_with_credit_line-510x340.jpg 510w&quot;,&quot;image_sizes&quot;:false,&quot;alt_text&quot;:&quot;&quot;,&quot;caption&quot;:&quot;&quot;,&quot;focus_image&quot;:&quot;&quot;,&quot;credits&quot;:&quot;\\u00a9 Bence Jardany&quot;}]}}\"><section class=\"block carousel-wrap \"><\/section><\/div><div data-render=\"planet4-blocks\/columns\" data-attributes=\"{&quot;attributes&quot;:{&quot;columns&quot;:[{&quot;title&quot;:&quot;Co j\\u00edme, ovliv\\u0148uje n\\u00e1s i planetu&quot;,&quot;description&quot;:&quot;Pr\\u016fmyslov\\u00e1 \\u017eivo\\u010di\\u0161n\\u00e1 v\\u00fdroba vy\\u010derp\\u00e1v\\u00e1 \\u017eivotn\\u00ed prost\\u0159ed\\u00ed \\u2013 je n\\u00e1ro\\u010dn\\u00e1 na energii, na vodu, na zem\\u011bd\\u011blskou p\\u016fdu, k\\u00e1c\\u00ed se kv\\u016fli n\\u00ed tropick\\u00e9 pralesy a vypou\\u0161t\\u00ed se do vzduchu velk\\u00e9 mno\\u017estv\\u00ed sklen\\u00edkov\\u00fdch plyn\\u016f.&quot;,&quot;link_new_tab&quot;:false},{&quot;title&quot;:&quot;Omezen\\u00ed \\u017eivo\\u010di\\u0161n\\u00fdch produkt\\u016f? Jde to!&quot;,&quot;description&quot;:&quot;To, jak se stravujeme, je pro ka\\u017ed\\u00e9ho z n\\u00e1s velmi osobn\\u00ed v\\u011bc. Ale ka\\u017ed\\u00e9 omezen\\u00ed a ka\\u017ed\\u00fd krok sm\\u011brem k \\u0161etrn\\u00e9mu stravov\\u00e1n\\u00ed se po\\u010d\\u00edt\\u00e1. N\\u011bkte\\u0159\\u00ed lid\\u00e9 nap\\u0159\\u00edklad p\\u0159estali j\\u00edst maso, ale jed\\u00ed mo\\u0159sk\\u00e9 plody z udr\\u017eiteln\\u00e9ho rybolovu, dal\\u0161\\u00ed jed\\u00ed vejce od vlastn\\u00edch slepic. Freegani pro zm\\u011bnu jed\\u00ed maso a ml\\u00e9\\u010dn\\u00e9 v\\u00fdrobky jen pot\\u00e9, kdy tyto potraviny skon\\u010d\\u00ed jako odpad \\u2013 bojuj\\u00ed tak proti pl\\u00fdtv\\u00e1n\\u00ed j\\u00eddlem. To v\\u0161echno jsou rozhodnut\\u00ed, k nim\\u017e vedly etick\\u00e9 a ekologick\\u00e9 pohnutky. Pokud jste zdrav\\u00ed, v bezpe\\u010d\\u00ed a m\\u016f\\u017eete se rozhodovat sami za sebe, je ka\\u017ed\\u00e1 va\\u0161e volba t\\u00fdkaj\\u00edc\\u00ed se omezen\\u00ed \\u017eivo\\u010di\\u0161n\\u00fdch produkt\\u016f ohledupln\\u00fdm a pot\\u0159ebn\\u00fdm krokem.&quot;,&quot;link_new_tab&quot;:false}],&quot;className&quot;:&quot;is-style-no_image&quot;,&quot;columns_block_style&quot;:&quot;no_image&quot;}}\"><\/div><div data-render=\"planet4-blocks\/columns\" data-attributes=\"{&quot;attributes&quot;:{&quot;columns_block_style&quot;:&quot;tasks&quot;,&quot;columns_title&quot;:&quot;Jak za\\u010d\\u00edt a pokra\\u010dovat?&quot;,&quot;columns_description&quot;:&quot;Chce\\u0161 zkusit omezit svou spot\\u0159ebu masa? Vyzkou\\u0161ej t\\u0159eba tohle:&quot;,&quot;columns&quot;:[{&quot;title&quot;:&quot;Zjisti si v\\u00edce informac\\u00ed&quot;,&quot;description&quot;:&quot;Na internetu je v\\u0161echno, co vegetari\\u00e1n \\u010di vegan pot\\u0159ebuje: od nutri\\u010dn\\u00edch informac\\u00ed p\\u0159es vegetari\\u00e1nsk\\u00e9 recepty a\\u017e po pomoc p\\u0159i hled\\u00e1n\\u00ed bezvadn\\u00fdch a chutn\\u00fdch ingredienc\\u00ed.&quot;,&quot;cta_link&quot;:&quot;https:\\\/\\\/www.greenpeace.org\\\/czech\\\/clanek\\\/978\\\/jak-se-stat-vegetarianem-pet-tipu-pro-zacatecniky\\\/&quot;,&quot;cta_text&quot;:&quot;Zjistit v\\u00edc&quot;,&quot;link_new_tab&quot;:false},{&quot;title&quot;:&quot;Mluv s p\\u0159\\u00e1teli a sv\\u00fdmi bl\\u00edzk\\u00fdmi&quot;,&quot;description&quot;:&quot;Na\\u0161e stravov\\u00e1n\\u00ed se m\\u016f\\u017ee t\\u00fdkat i lid\\u00ed, se kter\\u00fdmi \\u017eijeme a se kter\\u00fdmi se \\u010dasto v\\u00edd\\u00e1me. Jak s nimi o tom citliv\\u011b a p\\u0159\\u00e1telsky komunikovat?&quot;,&quot;cta_link&quot;:&quot;https:\\\/\\\/soucitne.cz\\\/novinky\\\/deset-komunikacnich-tipu-pro-nove-i-zkusene-vegany&quot;,&quot;cta_text&quot;:&quot;Jak na to?&quot;,&quot;link_new_tab&quot;:false},{&quot;title&quot;:&quot;Klidn\\u011b za\\u010dni zlehka&quot;,&quot;description&quot;:&quot;Pokud t\\u011b d\\u011bs\\u00ed p\\u0159edstava, \\u017ee bys te\\u010f hned m\\u011bl\\\/a p\\u0159estat j\\u00edst maso, zkus na to j\\u00edt postupn\\u011b.&quot;,&quot;cta_link&quot;:&quot;https:\\\/\\\/www.menemasa.cz\\\/&quot;,&quot;cta_text&quot;:&quot;Zjisti jak na to&quot;,&quot;link_new_tab&quot;:false},{&quot;title&quot;:&quot;Zkou\\u0161ej nov\\u00e9 bezmas\\u00e9 recepty z lok\\u00e1ln\\u00edch plodin&quot;,&quot;description&quot;:&quot;Objevovat nov\\u00e9 recepty a zp\\u016fsoby p\\u0159\\u00edpravy j\\u00eddel je velk\\u00e1 z\\u00e1bava. Na internetu najde\\u0161 nep\\u0159ebern\\u00e9 mno\\u017estv\\u00ed tip\\u016f i m\\u00edst, kde koupit kvalitn\\u00ed lok\\u00e1ln\\u00ed potraviny.&quot;,&quot;cta_link&quot;:&quot;https:\\\/\\\/www.vegmania.cz\\\/recepty&quot;,&quot;cta_text&quot;:&quot;Najdi recept&quot;,&quot;link_new_tab&quot;:false}],&quot;className&quot;:&quot;is-style-tasks&quot;}}\"><\/div>","protected":false},"excerpt":{"rendered":"<p>Jak m\u016f\u017ee\u0161 sn\u00ed\u017eit svou spot\u0159ebu \u017eivo\u010di\u0161n\u00fdch produkt\u016f? Projdi si tipy pro za\u010d\u00e1te\u010dn\u00edky.<\/p>\n","protected":false},"author":21,"featured_media":10549,"parent":9,"menu_order":5,"comment_status":"closed","ping_status":"closed","template":"","meta":{"ep_exclude_from_search":false,"p4_hide_page_title_checkbox":"on","p4_title":"","p4_subtitle":"","p4_description":"","background_image_id":"","background_image":"","p4_button_title":"","p4_button_link":"","p4_button_link_checkbox":"","p4_og_title":"","p4_og_description":"","p4_og_image":"","p4_og_image_id":"","p4_seo_canonical_url":"","p4_campaign_name":"not set","p4_local_project":"not set","p4_basket_name":"not set","p4_department":"","footnotes":""},"categories":[2],"tags":[20],"class_list":["post-10548","page","type-page","status-publish","has-post-thumbnail","hentry","category-priroda","tag-zmena-klimatu"],"_links":{"self":[{"href":"https:\/\/www.greenpeace.org\/czech\/wp-json\/wp\/v2\/pages\/10548","targetHints":{"allow":["GET"]}}],"collection":[{"href":"https:\/\/www.greenpeace.org\/czech\/wp-json\/wp\/v2\/pages"}],"about":[{"href":"https:\/\/www.greenpeace.org\/czech\/wp-json\/wp\/v2\/types\/page"}],"author":[{"embeddable":true,"href":"https:\/\/www.greenpeace.org\/czech\/wp-json\/wp\/v2\/users\/21"}],"replies":[{"embeddable":true,"href":"https:\/\/www.greenpeace.org\/czech\/wp-json\/wp\/v2\/comments?post=10548"}],"version-history":[{"count":6,"href":"https:\/\/www.greenpeace.org\/czech\/wp-json\/wp\/v2\/pages\/10548\/revisions"}],"predecessor-version":[{"id":21548,"href":"https:\/\/www.greenpeace.org\/czech\/wp-json\/wp\/v2\/pages\/10548\/revisions\/21548"}],"up":[{"embeddable":true,"href":"https:\/\/www.greenpeace.org\/czech\/wp-json\/wp\/v2\/pages\/9"}],"wp:featuredmedia":[{"embeddable":true,"href":"https:\/\/www.greenpeace.org\/czech\/wp-json\/wp\/v2\/media\/10549"}],"wp:attachment":[{"href":"https:\/\/www.greenpeace.org\/czech\/wp-json\/wp\/v2\/media?parent=10548"}],"wp:term":[{"taxonomy":"category","embeddable":true,"href":"https:\/\/www.greenpeace.org\/czech\/wp-json\/wp\/v2\/categories?post=10548"},{"taxonomy":"post_tag","embeddable":true,"href":"https:\/\/www.greenpeace.org\/czech\/wp-json\/wp\/v2\/tags?post=10548"}],"curies":[{"name":"wp","href":"https:\/\/api.w.org\/{rel}","templated":true}]}}