{"id":16041,"date":"2022-02-08T13:37:45","date_gmt":"2022-02-08T12:37:45","guid":{"rendered":"https:\/\/www.greenpeace.org\/czech\/?page_id=16041"},"modified":"2025-07-02T08:13:00","modified_gmt":"2025-07-02T07:13:00","slug":"setri-energii-i-svoji-penezenku","status":"publish","type":"page","link":"https:\/\/www.greenpeace.org\/czech\/zapoj-se\/setri-energii-i-svoji-penezenku\/","title":{"rendered":"\u0160et\u0159i energie i svoji pen\u011b\u017eenku"},"content":{"rendered":"\n                \n                <div class=\"wp-block-group alignfull is-layout-flow wp-block-group-is-layout-flow\">\n                \n                <div class=\"wp-block-group container is-layout-flow wp-block-group-is-layout-flow\">\n                \n                <div class=\"wp-block-media-text alignfull has-media-on-the-right is-stacked-on-mobile is-pattern-p4-page-header is-style-parallax\">\n\n                <div class=\"wp-block-media-text__content\">\n                    <div class=\"wp-block-group is-layout-flow wp-block-group-is-layout-flow\">\n                    \n                        <h1 class=\"wp-block-heading has-white-background-color has-background\">\n                            \u0160et\u0159i energie i svoji pen\u011b\u017eenku\n                        <\/h1>\n                    <\/div>\n                \n\n                \n                        <p style=\"font-size:1.25rem\">\n                            Ceny energi\u00ed vylet\u011bly nahoru, a tak je na m\u00edst\u011b se zamyslet se nad t\u00edm, jak\u00fdm zp\u016fsobem se d\u00e1 elekt\u0159inou \u010di plynem \u0161et\u0159it. Sta\u010d\u00ed dodr\u017eovat n\u011bkolik jednoduch\u00fdch z\u00e1sad a ty a tvoje rodina u\u0161et\u0159\u00edte m\u011bs\u00ed\u010dn\u011b a\u017e t\u0159etinu v\u00fddaj\u016f za elekt\u0159inu.\r\nJe\u0161t\u011b v\u00edce m\u016f\u017ee\u0161 u\u0161et\u0159it za vyt\u00e1p\u011bn\u00ed a oh\u0159ev vody, je ov\u0161em t\u0159eba tak\u00e9 v\u00edce investovat. Nemus\u00ed\u0161 p\u0159itom nijak slevovat ze sv\u00e9ho pohodl\u00ed \u2013 naopak, tvoje dom\u00e1cnost bude v mnoha ohledech modern\u011bj\u0161\u00ed ne\u017e d\u0159\u00edve.\n                        <\/p>\n                    \n\n                \n\n                <\/div>\n                <figure class=\"wp-block-media-text__media\">\n                    <img loading=\"lazy\" decoding=\"async\" width=\"2500\" height=\"1667\"\n                        src=\"https:\/\/www.greenpeace.org\/static\/planet4-czech-republic-stateless\/2022\/01\/fce57f68-ceny-energii-fin.jpg\"\n                        alt=\"\"\n                        sizes=\"auto, (min-width: 601px) 50vw, 100vw\" srcset=\"https:\/\/www.greenpeace.org\/static\/planet4-czech-republic-stateless\/2022\/01\/fce57f68-ceny-energii-fin.jpg 2500w, https:\/\/www.greenpeace.org\/static\/planet4-czech-republic-stateless\/2022\/01\/fce57f68-ceny-energii-fin-300x200.jpg 300w, https:\/\/www.greenpeace.org\/static\/planet4-czech-republic-stateless\/2022\/01\/fce57f68-ceny-energii-fin-1024x683.jpg 1024w, https:\/\/www.greenpeace.org\/static\/planet4-czech-republic-stateless\/2022\/01\/fce57f68-ceny-energii-fin-768x512.jpg 768w, https:\/\/www.greenpeace.org\/static\/planet4-czech-republic-stateless\/2022\/01\/fce57f68-ceny-energii-fin-1536x1024.jpg 1536w, https:\/\/www.greenpeace.org\/static\/planet4-czech-republic-stateless\/2022\/01\/fce57f68-ceny-energii-fin-2048x1366.jpg 2048w, https:\/\/www.greenpeace.org\/static\/planet4-czech-republic-stateless\/2022\/01\/fce57f68-ceny-energii-fin-510x340.jpg 510w\" class=\"wp-image-16042 size-full\"\n                    \/>\n                <\/figure>\n                <\/div>\n                \n                <\/div>\n                \n                <\/div>\n                \n                \n<blockquote class=\"wp-block-quote is-layout-flow wp-block-quote-is-layout-flow\"><p>Vyu\u017eij tipy, jak \u0161et\u0159it energii a pot\u011b\u0161 tak svoji pen\u011b\u017eenku i p\u0159\u00edrodu.<\/p><\/blockquote>\n\n<p><\/p>\n<div data-render=\"planet4-blocks\/columns\" data-attributes=\"{&quot;attributes&quot;:{&quot;columns_block_style&quot;:&quot;tasks&quot;,&quot;columns_title&quot;:&quot;Jak na to ?&quot;,&quot;columns&quot;:[{&quot;title&quot;:&quot;Za\\u010dni \\u0161et\\u0159it je\\u0161t\\u011b dnes&quot;,&quot;description&quot;:&quot;Sta\\u010d\\u00ed dodr\\u017eovat p\\u00e1r jednoduch\\u00fdm trik\\u016f a hned m\\u016f\\u017ee\\u0161 za\\u010d\\u00edt \\u0161et\\u0159it. Ztlum sv\\u00e9 topen\\u00ed. Sn\\u00ed\\u017een\\u00ed pokojov\\u00e9 teploty o 1 \\u00b0C u\\u0161et\\u0159\\u00ed a\\u017e 6 % energie na vyt\\u00e1p\\u011bn\\u00ed. Ani v ledni\\u010dce nen\\u00ed t\\u0159eba to s chlazen\\u00edm p\\u0159ehan\\u011bt - v\\u011bt\\u0161inou sta\\u010d\\u00ed nejni\\u017e\\u0161\\u00ed chladic\\u00ed stupe\\u0148. Osv\\u011btlen\\u00ed spot\\u0159ebuje a\\u017e desetinu elekt\\u0159iny v dom\\u00e1cnosti, tak nezapominej zhas\\u00ednat.    &quot;,&quot;attachment&quot;:0,&quot;cta_link&quot;:&quot;https:\\\/\\\/www.greenpeace.org\\\/czech\\\/clanek\\\/15068\\\/jak-na-zdrazovani-energii-40-tipu-jak-setrit-energii-i-vlastni-penezenku\\\/&quot;,&quot;cta_text&quot;:&quot;Pod\\u00edvej se na v\\u00edce tip\\u016f&quot;,&quot;link_new_tab&quot;:true},{&quot;title&quot;:&quot;Vylep\\u0161i svou dom\\u00e1cnost &quot;,&quot;description&quot;:&quot;Neslevuj ze sv\\u00e9ho pohodl\\u00ed \\u2013 naopak, vylep\\u0161i svoji dom\\u00e1cnost, a\\u0165 je modern\\u011bj\\u0161\\u00ed ne\\u017e d\\u0159\\u00edv. Nejefektivn\\u011bj\\u0161\\u00ed opat\\u0159en\\u00ed na \\u00fasporu energi\\u00ed je zateplen\\u00ed. I v\\u00fdm\\u011bna oken se spot\\u0159ebou zato\\u010d\\u00ed. u003cbru003eSkv\\u011bl\\u00e9 dlouhodob\\u00e9 \\u0159e\\u0161en\\u00ed je vyr\\u00e1b\\u011bt si elekt\\u0159inu vlastn\\u00ed - t\\u0159eba st\\u0159e\\u0161n\\u00ed fotovoltaikou (vyu\\u017e\\u00edt m\\u016f\\u017ee\\u0161 dotaci Nov\\u00e1 zelen\\u00e1 \\u00faspor\\u00e1m).\\u00a0Zn\\u00e1t ale bude i men\\u0161\\u00ed investice - t\\u0159eba v\\u00fdm\\u011bna spot\\u0159ebi\\u010d\\u016f za \\u0161etrn\\u011bj\\u0161\\u00ed \\u010di \\u017e\\u00e1rovek za LEDky. \\u00a0&quot;,&quot;attachment&quot;:0,&quot;cta_link&quot;:&quot;https:\\\/\\\/www.greenpeace.org\\\/czech\\\/clanek\\\/15068\\\/jak-na-zdrazovani-energii-40-tipu-jak-setrit-energii-i-vlastni-penezenku\\\/&quot;,&quot;cta_text&quot;:&quot; Pod\\u00edvej se na v\\u00edce tip\\u016f &quot;,&quot;link_new_tab&quot;:false},{&quot;title&quot;:&quot;Sd\\u00edlej tipy sv\\u00fdm p\\u0159\\u00e1tel\\u016fm &quot;,&quot;description&quot;:&quot;\\u0160ikovn\\u00e9 tipy, jak \\u0161et\\u0159it energiemi, ur\\u010dit\\u011b ocen\\u00ed tv\\u00e1 rodina i p\\u0159\\u00e1tel\\u00e9. I my budeme moc r\\u00e1di, kdy\\u017e bude\\u0161  tipy \\u0161\\u00ed\\u0159it d\\u00e1l aby se co nejv\\u00edce lid\\u00ed mohlo p\\u0159idat a \\u0161et\\u0159it nejen svoji pen\\u011b\\u017eenku, ale i na\\u0161e zdroje a p\\u0159\\u00edrodu. Je na ka\\u017ed\\u00e9m z n\\u00e1s dost\\u00e1vat zm\\u011bnu do sv\\u00e9ho okol\\u00ed. Zabere to jen p\\u00e1r minut, tak se p\\u0159idej a sd\\u00edlej tyto informace d\\u00e1l. &quot;,&quot;attachment&quot;:0,&quot;cta_link&quot;:&quot;https:\\\/\\\/www.facebook.com\\\/sharer\\\/sharer.php?u=https:\\\/\\\/www.greenpeace.org\\\/czech\\\/zapoj-se\\\/setri-energii-i-svoji-penezenku&quot;,&quot;cta_text&quot;:&quot;Sd\\u00edlej tipy na Facebooku&quot;,&quot;link_new_tab&quot;:true},{&quot;title&quot;:&quot;Podpo\\u0159 na\\u0161e \\u00fasil\\u00ed &quot;,&quot;description&quot;:&quot;Chceme dostat tipy, jak \\u0161et\\u0159it energiemi, mezi co nejv\\u00edce lid\\u00ed. Dlouhodob\\u011b pracujeme na tom, abychom pomohli spravedliv\\u00e9 energetick\\u00e9 transformaci a aby zvy\\u0161uj\\u00edc\\u00ed se ceny energi\\u00ed nedopadly na ty nejchud\\u0161\\u00ed. Bez lid\\u00ed jako jsi ty, to ale nejde. Na\\u0161e \\u010dinnost je z\\u00e1visl\\u00e1 na darech jednotlivc\\u016f, proto\\u017ee nep\\u0159ij\\u00edm\\u00e1me podporu od firem, st\\u00e1t\\u016f ani jejich nadac\\u00ed. P\\u0159idej se mezi na\\u0161e d\\u00e1rce a investuj \\u010d\\u00e1st sv\\u00fdch u\\u0161et\\u0159en\\u00fdch pen\\u011bz do ochrany klimatu a sv\\u00e9 budoucnosti.    &quot;,&quot;attachment&quot;:0,&quot;cta_link&quot;:&quot;https:\\\/\\\/podpora.greenpeace.cz\\\/vterina\\\/&quot;,&quot;cta_text&quot;:&quot;Podpo\\u0159 Greenpeace&quot;,&quot;link_new_tab&quot;:false}],&quot;className&quot;:&quot;is-style-tasks&quot;}}\"><\/div><div data-render=\"planet4-blocks\/columns\" data-attributes=\"{&quot;attributes&quot;:{&quot;className&quot;:&quot;is-style-no_image&quot;,&quot;columns_block_style&quot;:&quot;no_image&quot;,&quot;columns&quot;:[]}}\"><\/div>","protected":false},"excerpt":{"rendered":"<p>Ceny energi\u00ed vylet\u011bly nahoru, a tak je na m\u00edst\u011b se zamyslet se nad t\u00edm, jak\u00fdm zp\u016fsobem se d\u00e1 elekt\u0159inou \u010di plynem \u0161et\u0159it. Sta\u010d\u00ed dodr\u017eovat n\u011bkolik jednoduch\u00fdch z\u00e1sad a ty a tvoje rodina u\u0161et\u0159\u00edte m\u011bs\u00ed\u010dn\u011b a\u017e t\u0159etinu v\u00fddaj\u016f za elekt\u0159inu.<\/p>\n","protected":false},"author":29,"featured_media":16615,"parent":9,"menu_order":0,"comment_status":"closed","ping_status":"closed","template":"","meta":{"ep_exclude_from_search":false,"p4_hide_page_title_checkbox":"on","p4_title":"","p4_subtitle":"","p4_description":"","background_image_id":"","background_image":"","p4_button_title":"","p4_button_link":"","p4_button_link_checkbox":"","p4_og_title":"","p4_og_description":"","p4_og_image":"","p4_og_image_id":"","p4_seo_canonical_url":"","p4_campaign_name":"not set","p4_local_project":"not set","p4_basket_name":"not set","p4_department":"","footnotes":""},"categories":[4],"tags":[25,26],"class_list":["post-16041","page","type-page","status-publish","has-post-thumbnail","hentry","category-energeticka-revoluce","tag-konec-doby-fosilni","tag-obnovitelne-zdroje"],"_links":{"self":[{"href":"https:\/\/www.greenpeace.org\/czech\/wp-json\/wp\/v2\/pages\/16041","targetHints":{"allow":["GET"]}}],"collection":[{"href":"https:\/\/www.greenpeace.org\/czech\/wp-json\/wp\/v2\/pages"}],"about":[{"href":"https:\/\/www.greenpeace.org\/czech\/wp-json\/wp\/v2\/types\/page"}],"author":[{"embeddable":true,"href":"https:\/\/www.greenpeace.org\/czech\/wp-json\/wp\/v2\/users\/29"}],"replies":[{"embeddable":true,"href":"https:\/\/www.greenpeace.org\/czech\/wp-json\/wp\/v2\/comments?post=16041"}],"version-history":[{"count":16,"href":"https:\/\/www.greenpeace.org\/czech\/wp-json\/wp\/v2\/pages\/16041\/revisions"}],"predecessor-version":[{"id":22328,"href":"https:\/\/www.greenpeace.org\/czech\/wp-json\/wp\/v2\/pages\/16041\/revisions\/22328"}],"up":[{"embeddable":true,"href":"https:\/\/www.greenpeace.org\/czech\/wp-json\/wp\/v2\/pages\/9"}],"wp:featuredmedia":[{"embeddable":true,"href":"https:\/\/www.greenpeace.org\/czech\/wp-json\/wp\/v2\/media\/16615"}],"wp:attachment":[{"href":"https:\/\/www.greenpeace.org\/czech\/wp-json\/wp\/v2\/media?parent=16041"}],"wp:term":[{"taxonomy":"category","embeddable":true,"href":"https:\/\/www.greenpeace.org\/czech\/wp-json\/wp\/v2\/categories?post=16041"},{"taxonomy":"post_tag","embeddable":true,"href":"https:\/\/www.greenpeace.org\/czech\/wp-json\/wp\/v2\/tags?post=16041"}],"curies":[{"name":"wp","href":"https:\/\/api.w.org\/{rel}","templated":true}]}}