{"id":238,"date":"2018-05-14T12:47:19","date_gmt":"2018-05-14T12:47:19","guid":{"rendered":"https:\/\/k8s.p4.greenpeace.org\/defaultcontent\/?page_id=238"},"modified":"2025-06-23T15:38:33","modified_gmt":"2025-06-23T14:38:33","slug":"autorska-prava","status":"publish","type":"page","link":"https:\/\/www.greenpeace.org\/czech\/autorska-prava\/","title":{"rendered":"Autorsk\u00e1 pr\u00e1va"},"content":{"rendered":"\n                \n                <div class=\"wp-block-group alignfull is-layout-flow wp-block-group-is-layout-flow\">\n                \n                <div class=\"wp-block-group container is-layout-flow wp-block-group-is-layout-flow\">\n                \n                <div class=\"wp-block-media-text alignfull has-media-on-the-right is-stacked-on-mobile is-pattern-p4-page-header is-style-parallax\">\n\n                <div class=\"wp-block-media-text__content\">\n                    <div class=\"wp-block-group is-layout-flow wp-block-group-is-layout-flow\">\n                    \n                        <h1 class=\"wp-block-heading has-white-background-color has-background\">\n                            Autorsk\u00e1 pr\u00e1va\n                        <\/h1>\n                    <\/div>\n                \n\n                \n                        <p style=\"font-size:1.25rem\">\n                            <span style=\"font-weight: 400\">Greenpeace Czech Republic podporuje reprodukci a distribuci na\u0161ich materi\u00e1l\u016f, elektronick\u00fdch produkt\u016f a\/nebo slu\u017eeb, v\u010detn\u011b na\u0161eho jm\u00e9na a loga. P\u0159esto jsou v\u0161ak tato pou\u017eit\u00ed ur\u010dit\u00fdm zp\u016fsobem omezena, a\u00a0proto je d\u016fle\u017eit\u00e9 zn\u00e1t n\u00e1sleduj\u00edc\u00ed z\u00e1kladn\u00ed pravidla.<\/span>\n                        <\/p>\n                    \n\n                \n\n                <\/div>\n                <figure class=\"wp-block-media-text__media\">\n                    <img decoding=\"async\"\n                        src=\"https:\/\/www.greenpeace.org\/static\/planet4-czech-republic-stateless\/2018\/10\/eedd0357-gp0lfe.jpg\"\n                        alt=\"\"\n                        sizes=\"(min-width: 601px) 50vw, 100vw\" srcset=\"\" class=\"wp-image-451 size-full\"\n                    \/>\n                <\/figure>\n                <\/div>\n                \n                <\/div>\n                \n                <\/div>\n                \n                <h4><strong>Obecn\u011b<\/strong><\/h4>\n<p><span style=\"font-weight: 400;\">Na\u0161e materi\u00e1ly hostovan\u00e9 na https:\/\/www.greenpeace.org\/czech\/<\/span>\u00a0<span style=\"font-weight: 400;\">jsou zdarma dostupn\u00e9 pro jak\u00e9koliv osobn\u00ed \u010di vzd\u011bl\u00e1vac\u00ed \u00fa\u010dely. Pokud pot\u0159ebujete screenshot do u\u010debnice \u010di chcete-li otisknout \u010dl\u00e1nek ve va\u0161em m\u00edstn\u00edm zpravodaji, nemus\u00edte \u017e\u00e1dat o svolen\u00ed \u2013 za p\u0159edpokladu, \u017ee jste si p\u0159e\u010detli na\u0161e z\u00e1kladn\u00ed pravidla a souhlas\u00edte s nimi. <\/span><\/p>\n<p><span style=\"font-weight: 400;\">Pou\u017eit\u00ed materi\u00e1l\u016f a\/nebo n\u00e1zvu a loga organizace Greenpeace, kter\u00e9 jsou uvedeny na t\u011bchto str\u00e1nk\u00e1ch, se v\u00fdslovn\u011b zakazuje v n\u00e1sleduj\u00edc\u00edch p\u0159\u00edpadech:<\/span><\/p>\n<ul>\n<li style=\"font-weight: 400;\"><span style=\"font-weight: 400;\">osobn\u00ed \u010di firemn\u00ed prosp\u011bch, s v\u00fdjimkou p\u0159\u00edpad\u016f, kdy k tomu organizace ud\u011bl\u00ed v\u00fdslovn\u00fd souhlas, jak je uvedeno n\u00ed\u017ee;<\/span><\/li>\n<li style=\"font-weight: 400;\"><span style=\"font-weight: 400;\">reklama politick\u00fdch stran nebo n\u00e1znak, \u017ee Greenpeace podporuje jak\u00e9hokoliv kandid\u00e1ta na ve\u0159ejnou funkci;<\/span><\/li>\n<li style=\"font-weight: 400;\"><span style=\"font-weight: 400;\">jak\u00fdkoliv n\u00e1znak, \u017ee Greenpeace podporuje produkt \u010di politiku v p\u0159\u00edpadech, kdy k tomu sama organizace Greenpeace nedala v\u00fdslovn\u00fd souhlas;<\/span><\/li>\n<li style=\"font-weight: 400;\"><span style=\"font-weight: 400;\">jak\u00fdkoliv n\u00e1znak, \u017ee Greenpeace podporuje nebo m\u00e1 jakoukoliv souvislost s internetov\u00fdmi str\u00e1nkami, kter\u00e9 \u2013 dle sv\u00e9ho vlastn\u00edho uv\u00e1\u017een\u00ed \u2013 pova\u017euje za protipr\u00e1vn\u00ed nebo nevhodn\u00e9, jejich\u017e sou\u010d\u00e1st\u00ed je obsc\u00e9nn\u00ed, n\u00e1siln\u00e9, netolerantn\u00ed, zneva\u017euj\u00edc\u00ed nebo sexu\u00e1ln\u011b orientovan\u00fd obsah nebo materi\u00e1ly;<\/span><\/li>\n<li style=\"font-weight: 400;\"><span style=\"font-weight: 400;\">jak\u00e9koliv nepravdiv\u00e9 prohl\u00e1\u0161en\u00ed subjektu za pobo\u010dku organizace Greenpeace, jej\u00edho zam\u011bstnance, zprost\u0159edkovatele \u010di ofici\u00e1ln\u00edho mluv\u010d\u00edho \u010di jak\u00e9koliv nepravdiv\u00e9 prohl\u00e1\u0161en\u00ed o\u00a0tom, \u017ee vyb\u00edr\u00e1te finan\u010dn\u00ed prost\u0159edky \u010di dary pro organizaci Greenpeace.<\/span><\/li>\n<\/ul>\n<h4><strong>Propojen\u00ed s na\u0161imi str\u00e1nkami <\/strong><\/h4>\n<p><span style=\"font-weight: 400;\">V\u017edy v\u00edt\u00e1me, pokud se rozhodnete propojit va\u0161e str\u00e1nky s na\u0161\u00edm webem a \u0161\u00ed\u0159it tak informace o\u00a0kampan\u00edch za ochranu \u017eivotn\u00edho prost\u0159ed\u00ed. K tomu nepot\u0159ebujete svolen\u00ed a na va\u0161e str\u00e1nky tak m\u016f\u017eete um\u00edstit odkaz na na\u0161i domovskou str\u00e1nkou \u010di jak\u00e9koliv specializovan\u00e9 t\u00e9ma, kter\u00e9 se na n\u00ed nach\u00e1z\u00ed.<\/span><\/p>\n<h4><strong>Logo organizace Greenpeace<\/strong><\/h4>\n<p><span style=\"font-weight: 400;\">\u201eGreenpeace\u201c, v\u010detn\u011b loga organizace Greenpeace, je mezin\u00e1rodn\u011b registrovan\u00e1 obchodn\u00ed zna\u010dka, je\u017e n\u00e1le\u017e\u00ed organizaci Stichting Greenpeace Council. Pou\u017eit\u00ed obchodn\u00ed zna\u010dky se povoluje za n\u00e1sleduj\u00edc\u00edch podm\u00ednek:<\/span><\/p>\n<ul>\n<li style=\"font-weight: 400;\"><span style=\"font-weight: 400;\">zna\u010dka je pou\u017eita za \u010dist\u011b referen\u010dn\u00edm a nekomer\u010dn\u00edm \u00fa\u010delem;<\/span><\/li>\n<li style=\"font-weight: 400;\"><span style=\"font-weight: 400;\">n\u00e1zev a\/nebo logo nesm\u00edte pou\u017e\u00edt \u017e\u00e1dn\u00fdm zp\u016fsobem, kter\u00fd by nazna\u010doval \u010di vytv\u00e1\u0159el dojem, \u017ee organizace Greenpeace podporuje, schvaluje, sponzoruje \u010di m\u00e1 jakoukoliv spojitost s produkty, slu\u017ebami \u010di zbo\u017e\u00edm dostupn\u00fdm na va\u0161ich str\u00e1nk\u00e1ch;<\/span><\/li>\n<li style=\"font-weight: 400;\"><span style=\"font-weight: 400;\">bannery, kter\u00e9 nesou n\u00e1zev a\/nebo logo, lze pou\u017e\u00edt za \u00fa\u010delem propojen\u00ed se str\u00e1nkami Greenpeace, tak jak je v\u00a0dot\u010den\u00e9m odkaze uvedeno, a tyto odkazy mus\u00ed b\u00fdt v\u017edy funk\u010dn\u00ed;<\/span><\/li>\n<li style=\"font-weight: 400;\"><span style=\"font-weight: 400;\">n\u00e1zev a\/nebo logo se nesm\u00ed kombinovat s jak\u00fdmikoliv dal\u0161\u00edmi grafick\u00fdmi prvky; ani nesm\u00ed b\u00fdt jakkoliv pozm\u011bn\u011bny, a to v\u010detn\u011b pou\u017eit\u00e9ho p\u00edsma, designu, uspo\u0159\u00e1d\u00e1n\u00ed, barev nebo jin\u00fdch prvk\u016f; rovn\u011b\u017e nesm\u00ed b\u00fdt animov\u00e1ny, morfov\u00e1ny \u010di jinak zkresleny, pokud jde o perspektivu a vzhled;<\/span><\/li>\n<li style=\"font-weight: 400;\"><span style=\"font-weight: 400;\">n\u00e1zev a\/nebo logo se nesm\u00ed objevit v pozici, kter\u00e1 je v\u00fdrazn\u011bj\u0161\u00ed ne\u017e um\u00edst\u011bn\u00ed n\u00e1zvu va\u0161ich internetov\u00fdch str\u00e1nek.<\/span><\/li>\n<\/ul>\n<p><span style=\"font-weight: 400;\">Pokud logo pou\u017eijete, uve\u010fte rovn\u011b\u017e pros\u00edm \u201e<\/span><b>Obchodn\u00ed zna\u010dka organizace Stichting Greenpeace Council<\/b><span style=\"font-weight: 400;\">\u201c, bu\u010f v ALT tagu nebo p\u0159\u00edmo viditeln\u011b na str\u00e1nky. <\/span><\/p>\n<p><span style=\"font-weight: 400;\">Obchodn\u00ed zna\u010dka z\u016fst\u00e1v\u00e1 v\u00fdlu\u010dn\u00fdm vlastnictv\u00edm organizace Greenpeace Czech Republic. Jej\u00edm pou\u017e\u00edv\u00e1n\u00edm vyjad\u0159ujete souhlas s t\u00edm, \u017ee dot\u010denou obchodn\u00ed zna\u010dku nebudete \u017e\u00e1dn\u00fdm zp\u016fsobem registrovat, o registraci se pokou\u0161et, ani st\u00e1vaj\u00edc\u00ed registraci zpochyb\u0148ovat.<\/span><\/p>\n<h4><strong>\u010cl\u00e1nky a texty<\/strong><\/h4>\n<p><span style=\"font-weight: 400;\">\u010cl\u00e1nky a texty vytvo\u0159en\u00e9 organizac\u00ed Greenpeace Czech Republic jsou zdarma dostupn\u00e9 pro osobn\u00ed a\u00a0vzd\u011bl\u00e1vac\u00ed \u00fa\u010dely. Uve\u010fte pros\u00edm n\u00e1sleduj\u00edc\u00ed v\u011btu: \u201e<\/span><b>Zdroj: Greenpeace (<\/b><a href=\"https:\/\/www.greenpeace.org\/czech\/\"><b>http:\/\/www.greenpeace.org\/czech<\/b><\/a><b>)<\/b><span style=\"font-weight: 400;\">\u201c spolu se jm\u00e9nem autora \u010di informac\u00ed o autorsk\u00fdch pr\u00e1vech, kter\u00e1 je uvedena u origin\u00e1lu.<\/span><\/p>\n<p><span style=\"font-weight: 400;\">\u010cl\u00e1nky a texty t\u0159et\u00edch stran z\u016fst\u00e1vaj\u00ed du\u0161evn\u00edm vlastnictv\u00edm a jsou chr\u00e1n\u011bny autorsk\u00fdm pr\u00e1vem dot\u010den\u00fdch t\u0159et\u00edch stran; povolen\u00ed k jejich pou\u017eit\u00ed mus\u00edte proto z\u00edskat p\u0159\u00edmo od nich. <\/span><\/p>\n<h4><strong>Fotografie\/obr\u00e1zky<\/strong><\/h4>\n<p><span style=\"font-weight: 400;\">Pokud se u obr\u00e1zku nevyskytuj\u00ed informace o autorsk\u00fdch pr\u00e1vech, a\u0165 u\u017e v popisku vedle \u010di p\u0159\u00edmo v dan\u00e9 fotografii, odkaz na autora lze naj\u00edt p\u0159i kliknut\u00edm na obr\u00e1zek prav\u00fdm tla\u010d\u00edtkem my\u0161i a volbou \u201eInspect\u201c nebo \u201eView Info\u201c.<\/span><\/p>\n<p><span style=\"font-weight: 400;\">\u00a9 = V\u0161echna pr\u00e1va jsou vyhrazena uveden\u00e9 osob\u011b \u010di uveden\u00fdm osob\u00e1m. \u2013 Vysv\u011btlivky k ostatn\u00edm pou\u017eit\u00fdm symbol\u016fm\/licenc\u00edm a souvisej\u00edc\u00edm pr\u00e1v\u016fm lze nal\u00e9zt <\/span><span style=\"font-weight: 400;\">zde<\/span><span style=\"font-weight: 400;\">.<\/span><\/p>\n<p><span style=\"font-weight: 400;\">P\u0159\u00edstup k obr\u00e1zk\u016fm ke sta\u017een\u00ed a odpov\u011bdi na ostatn\u00ed dotazy t\u00fdkaj\u00edc\u00ed se licenc\u00ed \u010di autorsk\u00fdch pr\u00e1v z\u00edsk\u00e1te na str\u00e1nk\u00e1ch media.greenpeace.org.<\/span><\/p>\n<p><span style=\"font-weight: 400;\">Jak\u00e9koliv jejich dal\u0161\u00ed vyu\u017eit\u00ed (zejm\u00e9na pou\u017eit\u00ed obr\u00e1zk\u016f pro osobn\u00ed \u010di firemn\u00ed prosp\u011bch vy\u017eaduje povolen\u00ed ze strany Greenpeace Czech Republic\u00a0Media Library. Komer\u010dn\u00ed pou\u017eit\u00ed obrazov\u00e9ho materi\u00e1lu organizace Greenpeace bez povolen\u00ed zakl\u00e1d\u00e1 poru\u0161en\u00ed autorsk\u00fdch pr\u00e1v a m\u016f\u017ee p\u0159edstavovat i poru\u0161en\u00ed dal\u0161\u00edch pr\u00e1v.<\/span><\/p>\n<p><span style=\"font-weight: 400;\">Obrazov\u00fd materi\u00e1l pro zpravodajstv\u00ed, jeho\u017e kvalita zaru\u010duje dobrou reprodukci (ve velikosti p\u0159ibli\u017en\u011b 8\u00a0megabajt\u016f), kter\u00e9 organizace Greenpeace poskytuje novin\u00e1\u0159\u016fm a zpravodajsk\u00fdm agentur\u00e1m, jsou ur\u010deny k pou\u017eit\u00ed do \u010dtrn\u00e1cti dn\u016f od jejich p\u0159ijet\u00ed. Jejich archivace a\/nebo n\u00e1sledn\u00fd prodej se p\u0159\u00edsn\u011b zakazuje. Po uplynut\u00ed \u010dtrn\u00e1ctidenn\u00ed lh\u016fty se na n\u00e1s pros\u00edm ve v\u011bci dal\u0161\u00ed licence obra\u0165te. <\/span><\/p>\n<h4><strong>Videa<\/strong><\/h4>\n<p><span style=\"font-weight: 400;\">Na pou\u017eit\u00ed videa se vztahuj\u00ed stejn\u00e9 podm\u00ednky, jako na v\u00fd\u0161e uveden\u00e9 materi\u00e1ly. Vezm\u011bte v\u0161ak pros\u00edm na v\u011bdom\u00ed, \u017ee ne v\u0161echna videa jsou dostupn\u00e1 ke sta\u017een\u00ed.<\/span><\/p>\n","protected":false},"excerpt":{"rendered":"<p>Greenpeace Czech Republic podporuje reprodukci a distribuci na\u0161ich materi\u00e1l\u016f, elektronick\u00fdch produkt\u016f a\/nebo slu\u017eeb, v\u010detn\u011b na\u0161eho jm\u00e9na a loga. P\u0159esto jsou v\u0161ak tato pou\u017eit\u00ed ur\u010dit\u00fdm zp\u016fsobem omezena, a\u00a0proto je d\u016fle\u017eit\u00e9 zn\u00e1t n\u00e1sleduj\u00edc\u00ed z\u00e1kladn\u00ed pravidla.<\/p>\n","protected":false},"author":1,"featured_media":0,"parent":0,"menu_order":0,"comment_status":"closed","ping_status":"closed","template":"page-templates\/evergreen.php","meta":{"ep_exclude_from_search":false,"p4_hide_page_title_checkbox":"on","p4_title":"","p4_subtitle":"","p4_description":"","background_image_id":"","background_image":"","p4_button_title":"","p4_button_link":"","p4_button_link_checkbox":"","p4_og_title":"","p4_og_description":"","p4_og_image":"","p4_og_image_id":"","p4_seo_canonical_url":"","p4_campaign_name":"","p4_local_project":"","p4_basket_name":"","p4_department":"","footnotes":""},"categories":[1],"tags":[],"class_list":["post-238","page","type-page","status-publish","hentry","category-nezarazeno"],"_links":{"self":[{"href":"https:\/\/www.greenpeace.org\/czech\/wp-json\/wp\/v2\/pages\/238","targetHints":{"allow":["GET"]}}],"collection":[{"href":"https:\/\/www.greenpeace.org\/czech\/wp-json\/wp\/v2\/pages"}],"about":[{"href":"https:\/\/www.greenpeace.org\/czech\/wp-json\/wp\/v2\/types\/page"}],"author":[{"embeddable":true,"href":"https:\/\/www.greenpeace.org\/czech\/wp-json\/wp\/v2\/users\/1"}],"replies":[{"embeddable":true,"href":"https:\/\/www.greenpeace.org\/czech\/wp-json\/wp\/v2\/comments?post=238"}],"version-history":[{"count":5,"href":"https:\/\/www.greenpeace.org\/czech\/wp-json\/wp\/v2\/pages\/238\/revisions"}],"predecessor-version":[{"id":22116,"href":"https:\/\/www.greenpeace.org\/czech\/wp-json\/wp\/v2\/pages\/238\/revisions\/22116"}],"wp:attachment":[{"href":"https:\/\/www.greenpeace.org\/czech\/wp-json\/wp\/v2\/media?parent=238"}],"wp:term":[{"taxonomy":"category","embeddable":true,"href":"https:\/\/www.greenpeace.org\/czech\/wp-json\/wp\/v2\/categories?post=238"},{"taxonomy":"post_tag","embeddable":true,"href":"https:\/\/www.greenpeace.org\/czech\/wp-json\/wp\/v2\/tags?post=238"}],"curies":[{"name":"wp","href":"https:\/\/api.w.org\/{rel}","templated":true}]}}