{"id":240,"date":"2018-05-14T12:50:41","date_gmt":"2018-05-14T12:50:41","guid":{"rendered":"https:\/\/k8s.p4.greenpeace.org\/defaultcontent\/?page_id=240"},"modified":"2025-06-23T15:38:30","modified_gmt":"2025-06-23T14:38:30","slug":"kodex-diskutujicich","status":"publish","type":"page","link":"https:\/\/www.greenpeace.org\/czech\/kodex-diskutujicich\/","title":{"rendered":"Kodex diskutuj\u00edc\u00edch"},"content":{"rendered":"\n                \n                <div class=\"wp-block-group alignfull is-layout-flow wp-block-group-is-layout-flow\">\n                \n                <div class=\"wp-block-group container is-layout-flow wp-block-group-is-layout-flow\">\n                \n                <div class=\"wp-block-media-text alignfull has-media-on-the-right is-stacked-on-mobile is-pattern-p4-page-header is-style-parallax\">\n\n                <div class=\"wp-block-media-text__content\">\n                    <div class=\"wp-block-group is-layout-flow wp-block-group-is-layout-flow\">\n                    \n                        <h1 class=\"wp-block-heading has-white-background-color has-background\">\n                            Kodex diskutuj\u00edc\u00edch\n                        <\/h1>\n                    <\/div>\n                \n\n                \n                        <p style=\"font-size:1.25rem\">\n                            <b>P\u0159\u00edsp\u011bvky na soci\u00e1ln\u00edch s\u00edt\u00edch spravovan\u00fdch organizac\u00ed Greenpeace \u010cR a webov\u00fdch str\u00e1nk\u00e1ch www.greenpeace.cz jsou p\u0159\u00edstupn\u00e9 pro ka\u017ed\u00e9ho. R\u00e1di od v\u00e1s usly\u0161\u00edme, jak\u00fd na n\u011b m\u00e1te n\u00e1zor. Pouze v\u00e1s ale pros\u00edme, abyste dodr\u017eovali n\u00ed\u017ee uveden\u00e1 pravidla chov\u00e1n\u00ed.<\/b>\n                        <\/p>\n                    \n\n                \n\n                <\/div>\n                <figure class=\"wp-block-media-text__media\">\n                    <img loading=\"lazy\" decoding=\"async\" width=\"1199\" height=\"882\"\n                        src=\"https:\/\/www.greenpeace.org\/static\/planet4-czech-republic-stateless\/2020\/09\/d21fe009-gp04qsj.jpg\"\n                        alt=\"\"\n                        sizes=\"auto, (min-width: 601px) 50vw, 100vw\" srcset=\"https:\/\/www.greenpeace.org\/static\/planet4-czech-republic-stateless\/2020\/09\/d21fe009-gp04qsj.jpg 1199w, https:\/\/www.greenpeace.org\/static\/planet4-czech-republic-stateless\/2020\/09\/d21fe009-gp04qsj-300x221.jpg 300w, https:\/\/www.greenpeace.org\/static\/planet4-czech-republic-stateless\/2020\/09\/d21fe009-gp04qsj-1024x753.jpg 1024w, https:\/\/www.greenpeace.org\/static\/planet4-czech-republic-stateless\/2020\/09\/d21fe009-gp04qsj-768x565.jpg 768w, https:\/\/www.greenpeace.org\/static\/planet4-czech-republic-stateless\/2020\/09\/d21fe009-gp04qsj-462x340.jpg 462w\" class=\"wp-image-11530 size-full\"\n                    \/>\n                <\/figure>\n                <\/div>\n                \n                <\/div>\n                \n                <\/div>\n                \n                \n<ol class=\"wp-block-list\"><li style=\"font-weight: 400;\"><span style=\"font-weight: 400;\">Respektujte n\u00e1zory ostatn\u00edch, v\u010detn\u011b pisatel\u016f p\u0159\u00edsp\u011bvk\u016f a moder\u00e1tor\u016f. Nebudeme tolerovat \u017e\u00e1dn\u00e9 pomlouva\u010dn\u00e9, ur\u00e1\u017eliv\u00e9, v\u00fdhru\u017en\u00e9, obsc\u00e9nn\u00ed, obt\u011b\u017euj\u00edc\u00ed nebo rasistick\u00e9 p\u0159\u00edsp\u011bvky. Tak\u00e9 budeme odstra\u0148ovat p\u0159\u00edsp\u011bvky, kter\u00e9 jsou ch\u00e1p\u00e1ny jako osobn\u00ed \u00fatoky nebo pozn\u00e1mky, kter\u00e9 podn\u011bcuj\u00ed n\u00e1sil\u00ed.<\/span><\/li><li style=\"font-weight: 400;\"><span style=\"font-weight: 400;\">Pros\u00edme, pi\u0161te hlavn\u011b takov\u00e9 koment\u00e1\u0159e, kter\u00e9 jsou konstruktivn\u00ed, k t\u00e9matu a maj\u00ed vhodnou d\u00e9lku. Nen\u00ed pot\u0159eba je vkl\u00e1dat mnohokr\u00e1t za sebou. Jeden skv\u011bl\u00fd p\u0159\u00edsp\u011bvek je naprosto posta\u010duj\u00edc\u00ed!<\/span><\/li><li style=\"font-weight: 400;\"><span style=\"font-weight: 400;\">Nezve\u0159ej\u0148ujte \u017e\u00e1dnou reklamu nebo spam. Obt\u011b\u017euj\u00ed ostatn\u00ed \u010dten\u00e1\u0159e.<\/span><\/li><li style=\"font-weight: 400;\"><span style=\"font-weight: 400;\">Bu\u010fte opatrn\u00ed ohledn\u011b toho, jak\u00e9 citliv\u00e9 \u00fadaje o sv\u00e9 osob\u011b zve\u0159ej\u0148ujete. Nikdy nezve\u0159ej\u0148ujte adresu svou \u010di va\u0161ich p\u0159\u00e1tel a koleg\u016f \u010di kolegy\u0148.<\/span><\/li><li style=\"font-weight: 400;\"><span style=\"font-weight: 400;\">Kro\u0165te sv\u016fj jazyk. Nezapome\u0148te, \u017ee str\u00e1nky \u010dtou tak\u00e9 d\u011bti. Nepou\u017e\u00edvejte, pros\u00edm, ani nevhodn\u00e1 u\u017eivatelsk\u00e1 jm\u00e9na.<\/span><\/li><\/ol>\n\n<p><span style=\"font-weight: 400;\">Vzhledem k tomu, \u017ee jsme se v minulosti <\/span><a href=\"http:\/\/www.greenpeace.org\/czech\/cz\/blogy\/Dalsi-temata\/falesne-profily-propaganda-sevenu\/blog\/59275\/\"><span style=\"font-weight: 400;\">pravideln\u011b st\u00e1vali ter\u010dem fale\u0161n\u00fdch profil\u016f PR firem najat\u00fdch uheln\u00fdm pr\u016fmyslem<\/span><\/a><span style=\"font-weight: 400;\">, budeme nyn\u00ed diskuze v\u00edce monitorovat. Zjevn\u00e9 internetov\u00e9 troly a podez\u0159el\u00e9 profily budeme muset \u010dast\u011bji nahla\u0161ovat a banovat. <\/span><\/p>\n\n<p><span style=\"font-weight: 400;\">P\u0159ejeme si vytvo\u0159it p\u0159\u00e1telsk\u00e9 a bezpe\u010dn\u00e9 prost\u0159ed\u00ed, ve kter\u00e9m mohou lid\u00e9 svobodn\u011b vyj\u00e1d\u0159it sv\u00e9 n\u00e1zory bez obav z toho, \u017ee by na n\u011b n\u011bkdo verb\u00e1ln\u011b \u00fato\u010dil.<\/span><\/p>\n\n<p><span style=\"font-weight: 400;\">U\u017eivatel\u016fm, kte\u0159\u00ed se proti t\u011bmto pravidl\u016fm provin\u00ed t\u0159ikr\u00e1t, budeme nuceni vkl\u00e1d\u00e1n\u00ed koment\u00e1\u0159\u016f zak\u00e1zat.<\/span><\/p>\n\n<p><span style=\"font-weight: 400;\">Pokud m\u00e1te pocit, \u017ee n\u011bkter\u00fd z koment\u00e1\u0159\u016f poru\u0161uje na\u0161e pravidla, pros\u00edme, kontaktujte n\u00e1s e-mailem na <\/span><span style=\"font-weight: 400;\">info@greenpeace.cz<\/span><span style=\"font-weight: 400;\">.<\/span><\/p>\n\n<p><span style=\"font-weight: 400;\">A nyn\u00ed u\u017e nev\u00e1hejte a zapojte se do d\u011bn\u00ed na na\u0161ich soci\u00e1ln\u00edch i webov\u00fdch str\u00e1nk\u00e1ch! Nem\u016f\u017eeme V\u00e1m sice sl\u00edbit, \u017ee stihneme obratem odpov\u011bd\u011bt na ka\u017ed\u00fd koment\u00e1\u0159, ale bu\u010fte si jisti, \u017ee je \u010dteme v\u0161echny!<\/span><\/p>\n","protected":false},"excerpt":{"rendered":"<p>Respektujte n\u00e1zory ostatn\u00edch, v\u010detn\u011b pisatel\u016f p\u0159\u00edsp\u011bvk\u016f a moder\u00e1tor\u016f. Nebudeme tolerovat \u017e\u00e1dn\u00e9 pomlouva\u010dn\u00e9, ur\u00e1\u017eliv\u00e9, v\u00fdhru\u017en\u00e9, obsc\u00e9nn\u00ed, obt\u011b\u017euj\u00edc\u00ed nebo rasistick\u00e9 p\u0159\u00edsp\u011bvky<\/p>\n","protected":false},"author":1,"featured_media":11535,"parent":0,"menu_order":0,"comment_status":"closed","ping_status":"closed","template":"page-templates\/evergreen.php","meta":{"ep_exclude_from_search":false,"p4_hide_page_title_checkbox":"on","p4_title":"","p4_subtitle":"","p4_description":"","background_image_id":"","background_image":"","p4_button_title":"","p4_button_link":"","p4_button_link_checkbox":"","p4_og_title":"","p4_og_description":"","p4_og_image":"","p4_og_image_id":"","p4_seo_canonical_url":"","p4_campaign_name":"not set","p4_local_project":"not set","p4_basket_name":"not set","p4_department":"","footnotes":""},"categories":[30,1],"tags":[],"class_list":["post-240","page","type-page","status-publish","has-post-thumbnail","hentry","category-greenpeace","category-nezarazeno"],"_links":{"self":[{"href":"https:\/\/www.greenpeace.org\/czech\/wp-json\/wp\/v2\/pages\/240","targetHints":{"allow":["GET"]}}],"collection":[{"href":"https:\/\/www.greenpeace.org\/czech\/wp-json\/wp\/v2\/pages"}],"about":[{"href":"https:\/\/www.greenpeace.org\/czech\/wp-json\/wp\/v2\/types\/page"}],"author":[{"embeddable":true,"href":"https:\/\/www.greenpeace.org\/czech\/wp-json\/wp\/v2\/users\/1"}],"replies":[{"embeddable":true,"href":"https:\/\/www.greenpeace.org\/czech\/wp-json\/wp\/v2\/comments?post=240"}],"version-history":[{"count":7,"href":"https:\/\/www.greenpeace.org\/czech\/wp-json\/wp\/v2\/pages\/240\/revisions"}],"predecessor-version":[{"id":22115,"href":"https:\/\/www.greenpeace.org\/czech\/wp-json\/wp\/v2\/pages\/240\/revisions\/22115"}],"wp:featuredmedia":[{"embeddable":true,"href":"https:\/\/www.greenpeace.org\/czech\/wp-json\/wp\/v2\/media\/11535"}],"wp:attachment":[{"href":"https:\/\/www.greenpeace.org\/czech\/wp-json\/wp\/v2\/media?parent=240"}],"wp:term":[{"taxonomy":"category","embeddable":true,"href":"https:\/\/www.greenpeace.org\/czech\/wp-json\/wp\/v2\/categories?post=240"},{"taxonomy":"post_tag","embeddable":true,"href":"https:\/\/www.greenpeace.org\/czech\/wp-json\/wp\/v2\/tags?post=240"}],"curies":[{"name":"wp","href":"https:\/\/api.w.org\/{rel}","templated":true}]}}