{"id":662,"date":"2018-10-18T13:45:02","date_gmt":"2018-10-18T11:45:02","guid":{"rendered":"https:\/\/www.greenpeace.org\/czech\/?page_id=662"},"modified":"2026-04-08T16:20:34","modified_gmt":"2026-04-08T15:20:34","slug":"kontakt","status":"publish","type":"page","link":"https:\/\/www.greenpeace.org\/czech\/kontakt\/","title":{"rendered":"Kontakt"},"content":{"rendered":"\n\n<div class=\"wp-block-group alignfull is-layout-flow wp-block-group-is-layout-flow\">\n<div class=\"wp-block-group container is-layout-flow wp-block-group-is-layout-flow\">\n<div class=\"wp-block-media-text alignfull has-media-on-the-right is-stacked-on-mobile is-pattern-p4-page-header is-style-parallax\"><div class=\"wp-block-media-text__content\">\n<div class=\"wp-block-group is-layout-flow wp-block-group-is-layout-flow\">\n<h1 class=\"wp-block-heading has-white-background-color has-background\">\n                            Kontakty\n                        <\/h1>\n<\/div>\n\n\n\n<p style=\"font-size:1.25rem\">\n                            M\u00e1\u0161 dotaz ohledn\u011b n\u011bjak\u00e9 z kampan\u00ed, chce\u0161 n\u00e1m sd\u011blit svou p\u0159ipom\u00ednku, nebo pot\u0159ebuje\u0161 aktualizovat sv\u00e9 kontaktn\u00ed \u00fadaje? A\u0165 u\u017e se tv\u016fj dotaz t\u00fdk\u00e1 \u010dehokoli, nev\u00e1hej n\u00e1s kontaktovat, jsme tu pro tebe.\n                        <\/p>\n<\/div><figure class=\"wp-block-media-text__media\"><img decoding=\"async\" src=\"https:\/\/www.greenpeace.org\/static\/planet4-czech-republic-stateless\/2018\/10\/fedcced5-gp0447u.jpg\" alt=\"\" sizes=\"(min-width: 601px) 50vw, 100vw\" srcset=\"https:\/\/www.greenpeace.org\/static\/planet4-czech-republic-stateless\/2018\/10\/fedcced5-gp0447u-e1539863924636.jpg 1068w, https:\/\/www.greenpeace.org\/static\/planet4-czech-republic-stateless\/2018\/10\/fedcced5-gp0447u-e1539863924636-300x193.jpg 300w, https:\/\/www.greenpeace.org\/static\/planet4-czech-republic-stateless\/2018\/10\/fedcced5-gp0447u-e1539863924636-768x494.jpg 768w, https:\/\/www.greenpeace.org\/static\/planet4-czech-republic-stateless\/2018\/10\/fedcced5-gp0447u-e1539863924636-1024x659.jpg 1024w, https:\/\/www.greenpeace.org\/static\/planet4-czech-republic-stateless\/2018\/10\/fedcced5-gp0447u-e1539863924636-510x328.jpg 510w\" class=\"wp-image-666 size-full\"\/><\/figure><\/div>\n<\/div>\n<\/div>\n\n\n<p><\/p>\n\n<section class=\"block columns-block block-style-no_image\">\n\t<div class=\"row\">\n\t\t<div class=\"col-md-8 col-lg column-wrap\">\n\t\t\t<h3 style=\"min-height: 26px;\">Kde n\u00e1s najdete?<\/h3>\n\t\t\t<iframe loading=\"lazy\" style=\"border: 0; min-height: 400px;\" src=\"https:\/\/www.google.com\/maps\/embed?pb=!1m18!1m12!1m3!1d2559.718017747855!2d14.440314715577642!3d50.09156612104015!2m3!1f0!2f0!3f0!3m2!1i1024!2i768!4f13.1!3m3!1m2!1s0x470b94bc4d975135%3A0x1ade6c2a6f67c247!2sGreenpeace!5e0!3m2!1sen!2scz!4v1471613583217\" width=\"100%\" height=\"auto\" frameborder=\"0\"><\/iframe>\n\t\t<\/div>\n\t\t<div class=\"col-md-4 col-lg column-wrap\">\n\t\t\t<h3 style=\"min-height: 26px;\">Kancel\u00e1\u0159<\/h3>\n\t\t\t<p>Greenpeace \u010cesk\u00e1 republika, z.s.<br>I\u010c: 17049059<br><a href=\"https:\/\/www.google.com\/maps\/place\/Greenpeace+%C4%8Cesk%C3%A1+republika\/@50.091581,14.442568,16z\/data=!4m6!3m5!1s0x470b94bc4d975135:0x1ade6c2a6f67c247!8m2!3d50.0915807!4d14.4425677!16s%2Fg%2F1tjz6nyv?hl=cs-CZ\" target=\"_blank\" rel=\"noopener\">Prvn\u00edho pluku 143\/12 Praha 8 &#8211; Karl\u00edn<\/a>,<br> 186 00 Czech Republic<br>e-mail: info@greenpeace.cz <br>Datov\u00e1 schr\u00e1nka: 7a6nyet<\/p>\n\t\t<\/div>\n\t<\/div>\n<\/section>\n\n<div style=\"height:100px\" aria-hidden=\"true\" class=\"wp-block-spacer\"><\/div>\n\n<div class=\"wp-block-columns is-layout-flex wp-container-core-columns-is-layout-9d6595d7 wp-block-columns-is-layout-flex\">\n<div class=\"wp-block-column is-layout-flow wp-block-column-is-layout-flow\">\n<figure class=\"wp-block-image size-full is-resized is-style-rounded-90\"><img loading=\"lazy\" decoding=\"async\" width=\"82\" height=\"82\" src=\"https:\/\/www.greenpeace.org\/static\/planet4-czech-republic-stateless\/2018\/05\/5b45d6f2-p4_favicon.png\" alt=\"\" class=\"wp-image-56\"\/><\/figure>\n\n\n\n<h4 class=\"wp-block-heading\">Informace pro novin\u00e1\u0159stvo<\/h4>\n\n\n\n<p>Kristina Figueroa<br>tel.: <a href=\"tel:+420 603 443 140\">+420 608 961 686<\/a><br>e-mail: <a href=\"mailto:lukas.hrabek@greenpeace.org\"><\/a><a href=\"mailto:komunikace.cz@greenpeace.org\">komunikace.cz@greenpeace.org<\/a><\/p>\n<\/div>\n\n\n\n<div class=\"wp-block-column is-layout-flow wp-block-column-is-layout-flow\">\n<figure class=\"wp-block-image size-full is-resized is-style-rounded-90\"><img loading=\"lazy\" decoding=\"async\" width=\"150\" height=\"150\" src=\"https:\/\/www.greenpeace.org\/static\/planet4-czech-republic-stateless\/2026\/02\/6e582bc4-amy-150.png\" alt=\"\" class=\"wp-image-23399\"\/><\/figure>\n\n\n\n<h4 class=\"wp-block-heading\">Informace pro dobrovolnictvo<\/h4>\n\n\n\n<p>Amelie Kostelkov\u00e1<br>tel.:&nbsp;<a href=\"tel:+420 734 204 689\">+420 734 204 689<\/a><br>e-mail:&nbsp;<a href=\"mailto:amelie.kostelkova@greenpeace.org\">amelie.kostelkova@greenpeace.org<\/a><a href=\"eva.rajlichova@greenpeace.org\"> <\/a><\/p>\n<\/div>\n<\/div>\n\n<div class=\"wp-block-columns is-layout-flex wp-container-core-columns-is-layout-9d6595d7 wp-block-columns-is-layout-flex\">\n<div class=\"wp-block-column is-layout-flow wp-block-column-is-layout-flow\">\n<figure class=\"wp-block-image size-full is-resized is-style-rounded-90\"><img loading=\"lazy\" decoding=\"async\" width=\"200\" height=\"200\" src=\"https:\/\/www.greenpeace.org\/static\/planet4-czech-republic-stateless\/2018\/10\/5b4e92d3-ondrej.png\" alt=\"\" class=\"wp-image-1027\" srcset=\"https:\/\/www.greenpeace.org\/static\/planet4-czech-republic-stateless\/2018\/10\/5b4e92d3-ondrej.png 200w, https:\/\/www.greenpeace.org\/static\/planet4-czech-republic-stateless\/2018\/10\/5b4e92d3-ondrej-150x150.png 150w\" sizes=\"auto, (max-width: 200px) 100vw, 200px\" \/><\/figure>\n\n\n\n<h4 class=\"wp-block-heading\">P\u00e9\u010de o daruj\u00edc\u00ed<\/h4>\n\n\n\n<p>Ond\u0159ej \u010cern\u00fd<br>tel.: <a href=\"tel:+420 734 204 693\">+420 734 204 693<\/a><br>e-mail: <a href=\"mailto:ondrej.cerny@greenpeace.org\">ondrej.cerny@greenpeace.org<\/a><\/p>\n\n\n\n<div class=\"wp-block-columns is-layout-flex wp-container-core-columns-is-layout-9d6595d7 wp-block-columns-is-layout-flex\">\n<div class=\"wp-block-column is-layout-flow wp-block-column-is-layout-flow\" style=\"flex-basis:66.66%\"><\/div>\n<\/div>\n<\/div>\n\n\n\n<div class=\"wp-block-column is-layout-flow wp-block-column-is-layout-flow\">\n<figure class=\"wp-block-image size-full is-resized is-style-rounded-90\"><img loading=\"lazy\" decoding=\"async\" width=\"1000\" height=\"1000\" src=\"https:\/\/www.greenpeace.org\/static\/planet4-czech-republic-stateless\/2024\/03\/aebcb147-ikoo.png\" alt=\"\" class=\"wp-image-20151\" srcset=\"https:\/\/www.greenpeace.org\/static\/planet4-czech-republic-stateless\/2024\/03\/aebcb147-ikoo.png 1000w, https:\/\/www.greenpeace.org\/static\/planet4-czech-republic-stateless\/2024\/03\/aebcb147-ikoo-300x300.png 300w, https:\/\/www.greenpeace.org\/static\/planet4-czech-republic-stateless\/2024\/03\/aebcb147-ikoo-150x150.png 150w, https:\/\/www.greenpeace.org\/static\/planet4-czech-republic-stateless\/2024\/03\/aebcb147-ikoo-768x768.png 768w, https:\/\/www.greenpeace.org\/static\/planet4-czech-republic-stateless\/2024\/03\/aebcb147-ikoo-340x340.png 340w\" sizes=\"auto, (max-width: 1000px) 100vw, 1000px\" \/><\/figure>\n\n\n\n<h4 class=\"wp-block-heading\">P\u0159ipom\u00ednky<\/h4>\n\n\n\n<p>M\u00e1\u0161 pro n\u00e1s p\u0159ipom\u00ednky t\u00fdkaj\u00edc\u00ed se formy \u010di obsahu na\u0161\u00ed investigace nebo na\u0161\u00ed komunikace? Nev\u00e1hej n\u00e1m d\u00e1t v\u011bd\u011bt.<br>e-mail: <a href=\"mailto:pripominky@greenpeace.org\">pripominky@greenpeace.org<\/a><\/p>\n<\/div>\n<\/div>\n\n<div class=\"wp-block-columns is-layout-flex wp-container-core-columns-is-layout-9d6595d7 wp-block-columns-is-layout-flex\"><\/div>\n\n<hr class=\"wp-block-separator has-alpha-channel-opacity is-style-wide\"\/>\n\n<h4 class=\"wp-block-heading\">T\u00fdm p\u00e9\u010de o d\u00e1rcovstvo <\/h4>\n\n<p>Na\u0161e kolegyn\u011b a kolegov\u00e9 z t\u00fdmu p\u00e9\u010de o d\u00e1rcovstvo pou\u017e\u00edvaj\u00ed e-mail <a href=\"mailto: darci@act.greenpeace.cz\">darci@act.greenpeace.cz<\/a> a telefonn\u00ed \u010d\u00edsla +420 790 285 546 , +420 774 033 534 &#8211; uv\u00e1d\u00edme jen pro va\u0161i kontrolu, je ur\u010deno pouze pro odchoz\u00ed hovory.<\/p>\n\n<div class=\"wp-block-columns is-layout-flex wp-container-core-columns-is-layout-9d6595d7 wp-block-columns-is-layout-flex\">\n<div class=\"wp-block-column is-layout-flow wp-block-column-is-layout-flow\">\n<p>Gloria Dillingerov\u00e1<br>e-mail: <a href=\"mailto:gloria.dillingerova@greenpeace.org\">gloria.dillingerova@greenpeace.org<\/a><\/p>\n\n\n\n<p><\/p>\n\n\n\n<div class=\"wp-block-columns is-layout-flex wp-container-core-columns-is-layout-9d6595d7 wp-block-columns-is-layout-flex\">\n<div class=\"wp-block-column is-layout-flow wp-block-column-is-layout-flow\">\n<p>Michail Gorbunov<br>e-mail: <a href=\"mailto:michail.gorbunov@greenpeace.org\"> michail.gorbunov@greenpeace.org <\/a><\/p>\n\n\n\n<p><\/p>\n\n\n\n<p>Michal Ber\u00e1nek<br>e-mail: <a href=\"mailto:michal.beranek@greenpeace.org\"> michal.beranek@greenpeace.org<\/a><\/p>\n<\/div>\n<\/div>\n<\/div>\n\n\n\n<div class=\"wp-block-column is-layout-flow wp-block-column-is-layout-flow\">\n<p>Ingrid Kom\u00e1rkov\u00e1<br>e-mail: <a href=\"mailto:ingrid.komarkova@greenpeace.org\">ingrid.komarkova@greenpeace.org<\/a><\/p>\n\n\n\n<p><\/p>\n\n\n\n<div class=\"wp-block-columns is-layout-flex wp-container-core-columns-is-layout-9d6595d7 wp-block-columns-is-layout-flex\">\n<div class=\"wp-block-column is-layout-flow wp-block-column-is-layout-flow\">\n<p>Al\u017eb\u011bta Hal\u00e1tov\u00e1<br>e-mail: <a href=\"mailto:ingrid.komarkova@greenpeace.org\"><\/a><a href=\"mailto:alzbeta.halatova@greenpeace.org\">alzbeta.halatova@greenpeace.org<\/a><\/p>\n<\/div>\n<\/div>\n<\/div>\n<\/div>\n\n<p><\/p>\n","protected":false},"excerpt":{"rendered":"<p>M\u00e1\u0161 ot\u00e1zku nebo koment\u00e1\u0159? Zde najde\u0161 v\u0161echny d\u016fle\u017eit\u00e9 kontakty do Greenpeace. Nev\u00e1hej n\u00e1m napsat a pod\u00edlet se spolu s n\u00e1mi na ochran\u011b p\u0159\u00edrody.<\/p>\n","protected":false},"author":21,"featured_media":666,"parent":0,"menu_order":0,"comment_status":"closed","ping_status":"closed","template":"page-templates\/evergreen.php","meta":{"ep_exclude_from_search":false,"p4_hide_page_title_checkbox":"on","p4_title":"","p4_subtitle":"","p4_description":"","background_image_id":"","background_image":"","p4_button_title":"","p4_button_link":"","p4_button_link_checkbox":"","p4_og_title":"","p4_og_description":"","p4_og_image":"","p4_og_image_id":"","p4_seo_canonical_url":"","p4_campaign_name":"not set","p4_local_project":"not set","p4_basket_name":"not set","p4_department":"","footnotes":""},"categories":[1],"tags":[],"class_list":["post-662","page","type-page","status-publish","has-post-thumbnail","hentry","category-nezarazeno"],"_links":{"self":[{"href":"https:\/\/www.greenpeace.org\/czech\/wp-json\/wp\/v2\/pages\/662","targetHints":{"allow":["GET"]}}],"collection":[{"href":"https:\/\/www.greenpeace.org\/czech\/wp-json\/wp\/v2\/pages"}],"about":[{"href":"https:\/\/www.greenpeace.org\/czech\/wp-json\/wp\/v2\/types\/page"}],"author":[{"embeddable":true,"href":"https:\/\/www.greenpeace.org\/czech\/wp-json\/wp\/v2\/users\/21"}],"replies":[{"embeddable":true,"href":"https:\/\/www.greenpeace.org\/czech\/wp-json\/wp\/v2\/comments?post=662"}],"version-history":[{"count":20,"href":"https:\/\/www.greenpeace.org\/czech\/wp-json\/wp\/v2\/pages\/662\/revisions"}],"predecessor-version":[{"id":23541,"href":"https:\/\/www.greenpeace.org\/czech\/wp-json\/wp\/v2\/pages\/662\/revisions\/23541"}],"wp:featuredmedia":[{"embeddable":true,"href":"https:\/\/www.greenpeace.org\/czech\/wp-json\/wp\/v2\/media\/666"}],"wp:attachment":[{"href":"https:\/\/www.greenpeace.org\/czech\/wp-json\/wp\/v2\/media?parent=662"}],"wp:term":[{"taxonomy":"category","embeddable":true,"href":"https:\/\/www.greenpeace.org\/czech\/wp-json\/wp\/v2\/categories?post=662"},{"taxonomy":"post_tag","embeddable":true,"href":"https:\/\/www.greenpeace.org\/czech\/wp-json\/wp\/v2\/tags?post=662"}],"curies":[{"name":"wp","href":"https:\/\/api.w.org\/{rel}","templated":true}]}}

<div class="wp-block-group alignfull is-layout-flow wp-block-group-is-layout-flow">
<div class="wp-block-group container is-layout-flow wp-block-group-is-layout-flow">
<div class="wp-block-media-text alignfull has-media-on-the-right is-stacked-on-mobile is-pattern-p4-page-header is-style-parallax"><div class="wp-block-media-text__content">
<div class="wp-block-group is-layout-flow wp-block-group-is-layout-flow">
<h1 class="wp-block-heading has-white-background-color has-background">
                            Kontakty
                        </h1>
</div>



<p style="font-size:1.25rem">
                            Máš dotaz ohledně nějaké z kampaní, chceš nám sdělit svou připomínku, nebo potřebuješ aktualizovat své kontaktní údaje? Ať už se tvůj dotaz týká čehokoli, neváhej nás kontaktovat, jsme tu pro tebe.
                        </p>
</div><figure class="wp-block-media-text__media"><img decoding="async" src="https://www.greenpeace.org/static/planet4-czech-republic-stateless/2018/10/fedcced5-gp0447u.jpg" alt="" sizes="(min-width: 601px) 50vw, 100vw" srcset="https://www.greenpeace.org/static/planet4-czech-republic-stateless/2018/10/fedcced5-gp0447u-e1539863924636.jpg 1068w, https://www.greenpeace.org/static/planet4-czech-republic-stateless/2018/10/fedcced5-gp0447u-e1539863924636-300x193.jpg 300w, https://www.greenpeace.org/static/planet4-czech-republic-stateless/2018/10/fedcced5-gp0447u-e1539863924636-768x494.jpg 768w, https://www.greenpeace.org/static/planet4-czech-republic-stateless/2018/10/fedcced5-gp0447u-e1539863924636-1024x659.jpg 1024w, https://www.greenpeace.org/static/planet4-czech-republic-stateless/2018/10/fedcced5-gp0447u-e1539863924636-510x328.jpg 510w" class="wp-image-666 size-full"/></figure></div>
</div>
</div>


<p></p>

<section class="block columns-block block-style-no_image">
	<div class="row">
		<div class="col-md-8 col-lg column-wrap">
			<h3 style="min-height: 26px;">Kde nás najdete?</h3>
			<iframe loading="lazy" style="border: 0; min-height: 400px;" src="https://www.google.com/maps/embed?pb=!1m18!1m12!1m3!1d2559.718017747855!2d14.440314715577642!3d50.09156612104015!2m3!1f0!2f0!3f0!3m2!1i1024!2i768!4f13.1!3m3!1m2!1s0x470b94bc4d975135%3A0x1ade6c2a6f67c247!2sGreenpeace!5e0!3m2!1sen!2scz!4v1471613583217" width="100%" height="auto" frameborder="0"></iframe>
		</div>
		<div class="col-md-4 col-lg column-wrap">
			<h3 style="min-height: 26px;">Kancelář</h3>
			<p>Greenpeace Česká republika, z.s.<br>IČ: 17049059<br><a href="https://www.google.com/maps/place/Greenpeace+%C4%8Cesk%C3%A1+republika/@50.091581,14.442568,16z/data=!4m6!3m5!1s0x470b94bc4d975135:0x1ade6c2a6f67c247!8m2!3d50.0915807!4d14.4425677!16s%2Fg%2F1tjz6nyv?hl=cs-CZ" target="_blank" rel="noopener">Prvního pluku 143/12 Praha 8 &#8211; Karlín</a>,<br> 186 00 Czech Republic<br>e-mail: info@greenpeace.cz <br>Datová schránka: 7a6nyet</p>
		</div>
	</div>
</section>

<div style="height:100px" aria-hidden="true" class="wp-block-spacer"></div>

<div class="wp-block-columns is-layout-flex wp-container-core-columns-is-layout-9d6595d7 wp-block-columns-is-layout-flex">
<div class="wp-block-column is-layout-flow wp-block-column-is-layout-flow">
<figure class="wp-block-image size-full is-resized is-style-rounded-90"><img loading="lazy" decoding="async" width="82" height="82" src="https://www.greenpeace.org/static/planet4-czech-republic-stateless/2018/05/5b45d6f2-p4_favicon.png" alt="" class="wp-image-56"/></figure>



<h4 class="wp-block-heading">Informace pro novinářstvo</h4>



<p>Kristina Figueroa<br>tel.: <a href="tel:+420 603 443 140">+420 608 961 686</a><br>e-mail: <a href="mailto:lukas.hrabek@greenpeace.org"></a><a href="mailto:komunikace.cz@greenpeace.org">komunikace.cz@greenpeace.org</a></p>
</div>



<div class="wp-block-column is-layout-flow wp-block-column-is-layout-flow">
<figure class="wp-block-image size-full is-resized is-style-rounded-90"><img loading="lazy" decoding="async" width="150" height="150" src="https://www.greenpeace.org/static/planet4-czech-republic-stateless/2026/02/6e582bc4-amy-150.png" alt="" class="wp-image-23399"/></figure>



<h4 class="wp-block-heading">Informace pro dobrovolnictvo</h4>



<p>Amelie Kostelková<br>tel.:&nbsp;<a href="tel:+420 734 204 689">+420 734 204 689</a><br>e-mail:&nbsp;<a href="mailto:amelie.kostelkova@greenpeace.org">amelie.kostelkova@greenpeace.org</a><a href="eva.rajlichova@greenpeace.org"> </a></p>
</div>
</div>

<div class="wp-block-columns is-layout-flex wp-container-core-columns-is-layout-9d6595d7 wp-block-columns-is-layout-flex">
<div class="wp-block-column is-layout-flow wp-block-column-is-layout-flow">
<figure class="wp-block-image size-full is-resized is-style-rounded-90"><img loading="lazy" decoding="async" width="200" height="200" src="https://www.greenpeace.org/static/planet4-czech-republic-stateless/2018/10/5b4e92d3-ondrej.png" alt="" class="wp-image-1027" srcset="https://www.greenpeace.org/static/planet4-czech-republic-stateless/2018/10/5b4e92d3-ondrej.png 200w, https://www.greenpeace.org/static/planet4-czech-republic-stateless/2018/10/5b4e92d3-ondrej-150x150.png 150w" sizes="auto, (max-width: 200px) 100vw, 200px" /></figure>



<h4 class="wp-block-heading">Péče o darující</h4>



<p>Ondřej Černý<br>tel.: <a href="tel:+420 734 204 693">+420 734 204 693</a><br>e-mail: <a href="mailto:ondrej.cerny@greenpeace.org">ondrej.cerny@greenpeace.org</a></p>



<div class="wp-block-columns is-layout-flex wp-container-core-columns-is-layout-9d6595d7 wp-block-columns-is-layout-flex">
<div class="wp-block-column is-layout-flow wp-block-column-is-layout-flow" style="flex-basis:66.66%"></div>
</div>
</div>



<div class="wp-block-column is-layout-flow wp-block-column-is-layout-flow">
<figure class="wp-block-image size-full is-resized is-style-rounded-90"><img loading="lazy" decoding="async" width="1000" height="1000" src="https://www.greenpeace.org/static/planet4-czech-republic-stateless/2024/03/aebcb147-ikoo.png" alt="" class="wp-image-20151" srcset="https://www.greenpeace.org/static/planet4-czech-republic-stateless/2024/03/aebcb147-ikoo.png 1000w, https://www.greenpeace.org/static/planet4-czech-republic-stateless/2024/03/aebcb147-ikoo-300x300.png 300w, https://www.greenpeace.org/static/planet4-czech-republic-stateless/2024/03/aebcb147-ikoo-150x150.png 150w, https://www.greenpeace.org/static/planet4-czech-republic-stateless/2024/03/aebcb147-ikoo-768x768.png 768w, https://www.greenpeace.org/static/planet4-czech-republic-stateless/2024/03/aebcb147-ikoo-340x340.png 340w" sizes="auto, (max-width: 1000px) 100vw, 1000px" /></figure>



<h4 class="wp-block-heading">Připomínky</h4>



<p>Máš pro nás připomínky týkající se formy či obsahu naší investigace nebo naší komunikace? Neváhej nám dát vědět.<br>e-mail: <a href="mailto:pripominky@greenpeace.org">pripominky@greenpeace.org</a></p>
</div>
</div>

<div class="wp-block-columns is-layout-flex wp-container-core-columns-is-layout-9d6595d7 wp-block-columns-is-layout-flex"></div>

<hr class="wp-block-separator has-alpha-channel-opacity is-style-wide"/>

<h4 class="wp-block-heading">Tým péče o dárcovstvo </h4>

<p>Naše kolegyně a kolegové z týmu péče o dárcovstvo používají e-mail <a href="mailto: darci@act.greenpeace.cz">darci@act.greenpeace.cz</a> a telefonní čísla +420 790 285 546 , +420 774 033 534 &#8211; uvádíme jen pro vaši kontrolu, je určeno pouze pro odchozí hovory.</p>

<div class="wp-block-columns is-layout-flex wp-container-core-columns-is-layout-9d6595d7 wp-block-columns-is-layout-flex">
<div class="wp-block-column is-layout-flow wp-block-column-is-layout-flow">
<p>Gloria Dillingerová<br>e-mail: <a href="mailto:gloria.dillingerova@greenpeace.org">gloria.dillingerova@greenpeace.org</a></p>



<p></p>



<div class="wp-block-columns is-layout-flex wp-container-core-columns-is-layout-9d6595d7 wp-block-columns-is-layout-flex">
<div class="wp-block-column is-layout-flow wp-block-column-is-layout-flow">
<p>Michail Gorbunov<br>e-mail: <a href="mailto:michail.gorbunov@greenpeace.org"> michail.gorbunov@greenpeace.org </a></p>



<p></p>



<p>Michal Beránek<br>e-mail: <a href="mailto:michal.beranek@greenpeace.org"> michal.beranek@greenpeace.org</a></p>
</div>
</div>
</div>



<div class="wp-block-column is-layout-flow wp-block-column-is-layout-flow">
<p>Ingrid Komárková<br>e-mail: <a href="mailto:ingrid.komarkova@greenpeace.org">ingrid.komarkova@greenpeace.org</a></p>



<p></p>



<div class="wp-block-columns is-layout-flex wp-container-core-columns-is-layout-9d6595d7 wp-block-columns-is-layout-flex">
<div class="wp-block-column is-layout-flow wp-block-column-is-layout-flow">
<p>Alžběta Halátová<br>e-mail: <a href="mailto:ingrid.komarkova@greenpeace.org"></a><a href="mailto:alzbeta.halatova@greenpeace.org">alzbeta.halatova@greenpeace.org</a></p>
</div>
</div>
</div>
</div>

<p></p>

<p>Máš otázku nebo komentář? Zde najdeš všechny důležité kontakty do Greenpeace. Neváhej nám napsat a podílet se spolu s námi na ochraně přírody.</p>
