{"id":59546,"date":"2025-06-02T14:27:52","date_gmt":"2025-06-02T11:27:52","guid":{"rendered":"https:\/\/www.greenpeace.org\/finland\/?page_id=59546"},"modified":"2026-05-12T18:54:17","modified_gmt":"2026-05-12T15:54:17","slug":"nousu-festivaali","status":"publish","type":"page","link":"https:\/\/www.greenpeace.org\/finland\/toimi\/nousu-festivaali\/","title":{"rendered":"NOUSU-FESTIVAALI 2026"},"content":{"rendered":"\n<style>#header .nav-menu-toggle, #header .nav-search-toggle, #nav-main-desktop, #search_form {display: none;} .site-logo {padding-left: 1rem;} #submenu-0, #submenu-1, #submenu-2 {display: none!important;} \n@media and screen (min-width: 992px){\n.nav-submenu {display: none;}\n}\n<\/style>\n<script>\ndocument.addEventListener('DOMContentLoaded', () => {\n\ndocument.querySelectorAll('.site-logo').forEach(logo => {\n  logo.href = 'https:\/\/www.greenpeace.org\/finland\/toimi\/nousu-festivaali\/';\n});\n\n  const updates = {\n    'Meist\u00e4': {\n      text: 'Nousun ohjelma',\n      href: 'https:\/\/www.greenpeace.org\/finland\/?page_id=62034'\n    },\n    'Mit\u00e4 teemme': {\n      text: 'Vuoden Huiputus',\n      href: 'https:\/\/www.greenpeace.org\/finland\/?page_id=62085'\n    },\n    'Toimi nyt': {\n      text: 'Toimi kanssamme',\n      href: 'https:\/\/www.greenpeace.org\/finland\/?page_id=62138'\n    }\n  };\n\n  document.querySelectorAll('a.nav-link').forEach(link => {\n\n    const label = link.textContent.trim();\n\n    if (!updates[label]) return;\n\n    \/\/ update text\n    link.textContent = updates[label].text;\n\n    \/\/ update href\n    link.href = updates[label].href;\n\n    \/\/ find parent menu item\n    const menuItem = link.closest('.nav-item');\n\n    if (!menuItem) return;\n\n    \/\/ remove submenu class\n    menuItem.classList.remove('menu-item-has-children');\n\n    \/\/ remove submenu toggle button\n    menuItem.querySelector('.accessible-nav-link')?.remove();\n\n    \/\/ remove submenu nav\n    \/\/menuItem.querySelector('.nav-submenu')?.remove();\n\n  });\n\n\n\n});\n<\/script>\n\n<div data-hydrate=\"planet4-blocks\/carousel-header\" data-attributes=\"{&quot;carousel_autoplay&quot;:false,&quot;slides&quot;:[{&quot;image&quot;:62576,&quot;focal_points&quot;:{&quot;x&quot;:0.5,&quot;y&quot;:0.5},&quot;header&quot;:&quot;NOUSU-FESTIVAALI&quot;,&quot;description&quot;:&quot;Lauantai 6.6.2026 | Tekstin talo, Helsinki | Vapaa p\u00e4\u00e4sy&quot;,&quot;link_text&quot;:&quot;Nousun ohjelma&quot;,&quot;link_url&quot;:&quot;https:\/\/www.greenpeace.org\/finland\/toimi\/nousu-festivaali\/nousu-festivaalin-ohjelma-2026\/&quot;,&quot;link_url_new_tab&quot;:false,&quot;image_url&quot;:&quot;https:\/\/www.greenpeace.org\/static\/planet4-finland-stateless\/2026\/05\/76e6f8c7-nousu-frontpage-1920x1080-1.png&quot;,&quot;image_srcset&quot;:&quot;https:\/\/www.greenpeace.org\/static\/planet4-finland-stateless\/2026\/05\/76e6f8c7-nousu-frontpage-1920x1080-1-150x150.png 150w,https:\/\/www.greenpeace.org\/static\/planet4-finland-stateless\/2026\/05\/76e6f8c7-nousu-frontpage-1920x1080-1-300x169.png 300w,https:\/\/www.greenpeace.org\/static\/planet4-finland-stateless\/2026\/05\/76e6f8c7-nousu-frontpage-1920x1080-1-1024x576.png 1024w,https:\/\/www.greenpeace.org\/static\/planet4-finland-stateless\/2026\/05\/76e6f8c7-nousu-frontpage-1920x1080-1.png 1920w&quot;}],&quot;currentImageIndex&quot;:0}\"><section class=\"block block-header alignfull carousel-header \" aria-label=\"Greenpeace highlights\" aria-roledescription=\"carousel\"><div class=\"carousel-wrapper-header\"><ul class=\"carousel-inner\" role=\"listbox\"><li class=\"carousel-item active\" tabindex=\"0\" role=\"tabpanel\" alt=\"\"><div class=\"carousel-item-mask\"><div class=\"background-holder\"><img decoding=\"async\" src=\"https:\/\/www.greenpeace.org\/static\/planet4-finland-stateless\/2026\/05\/76e6f8c7-nousu-frontpage-1920x1080-1.png\" style=\"object-position:50% 50%\" srcSet=\"https:\/\/www.greenpeace.org\/static\/planet4-finland-stateless\/2026\/05\/76e6f8c7-nousu-frontpage-1920x1080-1-150x150.png 150w,https:\/\/www.greenpeace.org\/static\/planet4-finland-stateless\/2026\/05\/76e6f8c7-nousu-frontpage-1920x1080-1-300x169.png 300w,https:\/\/www.greenpeace.org\/static\/planet4-finland-stateless\/2026\/05\/76e6f8c7-nousu-frontpage-1920x1080-1-1024x576.png 1024w,https:\/\/www.greenpeace.org\/static\/planet4-finland-stateless\/2026\/05\/76e6f8c7-nousu-frontpage-1920x1080-1.png 1920w\"\/><\/div><div class=\"carousel-caption\"><div class=\"caption-overlay\"><\/div><div class=\"container main-header\"><div class=\"carousel-captions-wrapper\"><h2>NOUSU-FESTIVAALI<\/h2><p>Lauantai 6.6.2026 | Tekstin talo, Helsinki | Vapaa p\u00e4\u00e4sy<\/p><\/div><div class=\"col-xs-12 col-sm-8 col-md-4 action-button\"><a href=\"https:\/\/www.greenpeace.org\/finland\/toimi\/nousu-festivaali\/nousu-festivaalin-ohjelma-2026\/\" class=\"btn btn-primary\" data-ga-category=\"Carousel Header\" data-ga-action=\"Call to Action\" tabindex=\"0\"><span>Nousun ohjelma<\/span><\/a><\/div><\/div><\/div><\/div><\/li><\/ul><\/div><\/section><\/div>\n\n<div style=\"height:10px\" aria-hidden=\"true\" class=\"wp-block-spacer\"><\/div>\n\n<h4 class=\"wp-block-heading has-text-align-center\">Tule juhlimaan aktivismia ja muuttamaan maailmaa!<\/h4>\n\n<p class=\"has-text-align-center\"><br>Avartavia keskusteluja, nousevia artisteja, bileet! Greenpeacen toista kertaa j\u00e4rjest\u00e4m\u00e4 <strong>Nousu-festivaali<\/strong> tuo kansalaisvaikuttajat, vaikuttamisen kirjavat tavat sek\u00e4 musaa ja tanssia <strong>Tekstin taloon Helsingin S\u00f6rn\u00e4isiss\u00e4 lauantaina 6.6. Vapaa p\u00e4\u00e4sy<\/strong>, tervetuloa!<\/p>\n\n<div style=\"height:20px\" aria-hidden=\"true\" class=\"wp-block-spacer\"><\/div>\n\n<div class=\"wp-block-cover alignfull is-light has-parallax\" style=\"min-height:182px;aspect-ratio:unset;\" id=\"dela\"><div class=\"wp-block-cover__image-background wp-image-62561 size-full has-parallax\" style=\"background-position:50% 50%;background-image:url(https:\/\/www.greenpeace.org\/static\/planet4-finland-stateless\/2026\/05\/649d31b6-nousu-frontpage-2-1280x720-1.png)\"><\/div><span aria-hidden=\"true\" class=\"wp-block-cover__background has-black-background-color has-background-dim-30 has-background-dim\"><\/span><div class=\"wp-block-cover__inner-container is-layout-constrained wp-block-cover-is-layout-constrained\">\n<div style=\"height:20px\" aria-hidden=\"true\" class=\"wp-block-spacer\"><\/div>\n\n\n\n<h2 class=\"wp-block-heading has-text-align-center pt-3 has-large-font-size\"><strong><mark style=\"background-color:#1F4912\" class=\"has-inline-color has-white-color\">NOUSUN OHJELMA <\/mark><\/strong><\/h2>\n\n\n\n<p class=\"has-text-align-center py-3 has-white-color has-text-color has-link-color wp-elements-3864d00765f80beb1ef3532eac0e0929\"><strong><strong><mark style=\"background-color:#1F4912\" class=\"has-inline-color has-white-color\">Mukana muun muassa Helena Gualinga, Amnesty, Mieli ry, Muutoskollektiivi, RAIDER, Sumud, VIMMA ja T\u00e4ydet. <\/mark><\/strong><\/strong><\/p>\n\n\n\n<div class=\"wp-block-group is-content-justification-center is-layout-constrained wp-block-group-is-layout-constrained\">\n<div class=\"wp-block-buttons is-content-justification-center is-layout-flex wp-container-core-buttons-is-layout-16018d1d wp-block-buttons-is-layout-flex\">\n<div class=\"wp-block-button is-style-cta\"><a class=\"wp-block-button__link has-black-color has-yellow-50-background-color has-text-color has-background has-link-color wp-element-button\" href=\"https:\/\/www.greenpeace.org\/finland\/toimi\/nousu-festivaali\/nousu-festivaalin-ohjelma-2026\/\">Lue lis\u00e4\u00e4<\/a><\/div>\n<\/div>\n<\/div>\n\n\n\n<div style=\"height:20px\" aria-hidden=\"true\" class=\"wp-block-spacer\"><\/div>\n<\/div><\/div>\n\n<div style=\"height:20px\" aria-hidden=\"true\" class=\"wp-block-spacer\"><\/div>\n\n<figure class=\"wp-block-image aligncenter size-medium\"><img loading=\"lazy\" decoding=\"async\" width=\"300\" height=\"200\" src=\"https:\/\/www.greenpeace.org\/static\/planet4-finland-stateless\/2026\/03\/3cf3e095-nousu_logo-300x200.png\" alt=\"Nousu-festivaali\" class=\"wp-image-61845\" srcset=\"https:\/\/www.greenpeace.org\/static\/planet4-finland-stateless\/2026\/03\/3cf3e095-nousu_logo-300x200.png 300w, https:\/\/www.greenpeace.org\/static\/planet4-finland-stateless\/2026\/03\/3cf3e095-nousu_logo-1024x682.png 1024w, https:\/\/www.greenpeace.org\/static\/planet4-finland-stateless\/2026\/03\/3cf3e095-nousu_logo-768x511.png 768w, https:\/\/www.greenpeace.org\/static\/planet4-finland-stateless\/2026\/03\/3cf3e095-nousu_logo-1536x1022.png 1536w, https:\/\/www.greenpeace.org\/static\/planet4-finland-stateless\/2026\/03\/3cf3e095-nousu_logo-2048x1363.png 2048w, https:\/\/www.greenpeace.org\/static\/planet4-finland-stateless\/2026\/03\/3cf3e095-nousu_logo-510x340.png 510w\" sizes=\"auto, (max-width: 300px) 100vw, 300px\" \/><\/figure>\n\n<div class=\"wp-block-cover alignfull has-parallax\" style=\"min-height:182px;aspect-ratio:unset;\" id=\"dela\"><div class=\"wp-block-cover__image-background wp-image-62461 size-full has-parallax\" style=\"background-position:50% 50%;background-image:url(https:\/\/www.greenpeace.org\/static\/planet4-finland-stateless\/2026\/05\/8b0d165b-vuoden-huiputus-700x400-1.jpg)\"><\/div><span aria-hidden=\"true\" class=\"wp-block-cover__background has-black-background-color has-background-dim-30 has-background-dim\"><\/span><div class=\"wp-block-cover__inner-container is-layout-constrained wp-block-cover-is-layout-constrained\">\n<div style=\"height:20px\" aria-hidden=\"true\" class=\"wp-block-spacer\"><\/div>\n\n\n\n<h2 class=\"wp-block-heading has-text-align-center pt-3 has-large-font-size\"><strong><mark style=\"background-color:#1F4912\" class=\"has-inline-color has-white-color\">VUODEN HUIPUTUS<\/mark><\/strong><\/h2>\n\n\n\n<p class=\"has-text-align-center py-3 has-white-color has-text-color has-link-color wp-elements-b58617c8dd85d8c786b0182d62aeff24\"><strong><strong><mark style=\"background-color:#1F4912\" class=\"has-inline-color has-white-color\">Greenpeacen <strong>Vuoden Huiputus -mainoskilpailu<\/strong> nostaa j\u00e4lleen esiin luonnon kannalta arveluttavia markkinointi- ja viestint\u00e4tekoja. H\u00e4rskein viherpesij\u00e4 valitaan avoimella \u00e4\u00e4nestyksell\u00e4 ja voittaja paljastetaan Nousuilla 6.6. <\/mark><\/strong><\/strong><\/p>\n\n\n\n<div class=\"wp-block-group is-content-justification-center is-layout-constrained wp-block-group-is-layout-constrained\">\n<div class=\"wp-block-buttons is-content-justification-center is-layout-flex wp-container-core-buttons-is-layout-16018d1d wp-block-buttons-is-layout-flex\">\n<div class=\"wp-block-button is-style-cta\"><a class=\"wp-block-button__link has-black-color has-yellow-50-background-color has-text-color has-background has-link-color wp-element-button\" href=\"https:\/\/www.greenpeace.org\/finland\/toimi\/nousu-festivaali\/vuoden-huiputus-2026\/\">Katso ehdokkaat ja \u00e4\u00e4nest\u00e4<\/a><\/div>\n<\/div>\n<\/div>\n\n\n\n<div style=\"height:20px\" aria-hidden=\"true\" class=\"wp-block-spacer\"><\/div>\n<\/div><\/div>\n\n<div style=\"height:20px\" aria-hidden=\"true\" class=\"wp-block-spacer\"><\/div>\n\n<figure class=\"wp-block-image aligncenter size-medium\"><img loading=\"lazy\" decoding=\"async\" width=\"300\" height=\"200\" src=\"https:\/\/www.greenpeace.org\/static\/planet4-finland-stateless\/2026\/03\/3cf3e095-nousu_logo-300x200.png\" alt=\"\" class=\"wp-image-61845\" srcset=\"https:\/\/www.greenpeace.org\/static\/planet4-finland-stateless\/2026\/03\/3cf3e095-nousu_logo-300x200.png 300w, https:\/\/www.greenpeace.org\/static\/planet4-finland-stateless\/2026\/03\/3cf3e095-nousu_logo-1024x682.png 1024w, https:\/\/www.greenpeace.org\/static\/planet4-finland-stateless\/2026\/03\/3cf3e095-nousu_logo-768x511.png 768w, https:\/\/www.greenpeace.org\/static\/planet4-finland-stateless\/2026\/03\/3cf3e095-nousu_logo-1536x1022.png 1536w, https:\/\/www.greenpeace.org\/static\/planet4-finland-stateless\/2026\/03\/3cf3e095-nousu_logo-2048x1363.png 2048w, https:\/\/www.greenpeace.org\/static\/planet4-finland-stateless\/2026\/03\/3cf3e095-nousu_logo-510x340.png 510w\" sizes=\"auto, (max-width: 300px) 100vw, 300px\" \/><\/figure>\n\n<div class=\"wp-block-cover alignfull has-parallax\" style=\"min-height:182px;aspect-ratio:unset;\" id=\"dela\"><div class=\"wp-block-cover__image-background wp-image-62397 size-full has-parallax\" style=\"background-position:50% 50%;background-image:url(https:\/\/www.greenpeace.org\/static\/planet4-finland-stateless\/2026\/05\/bae927a0-toimi-kanssamme-frontpage-800x419-1.jpg)\"><\/div><span aria-hidden=\"true\" class=\"wp-block-cover__background has-black-background-color has-background-dim-30 has-background-dim\"><\/span><div class=\"wp-block-cover__inner-container is-layout-constrained wp-block-cover-is-layout-constrained\">\n<div style=\"height:20px\" aria-hidden=\"true\" class=\"wp-block-spacer\"><\/div>\n\n\n\n<h2 class=\"wp-block-heading has-text-align-center pt-3 has-large-font-size\"><strong><mark style=\"background-color:#1F4912\" class=\"has-inline-color has-white-color\">TULE MUKAAN<\/mark><\/strong><\/h2>\n\n\n\n<p class=\"has-text-align-center py-3 has-white-color has-text-color has-link-color wp-elements-695880b4263ae973697759ac885f13b8\"><strong><strong><mark style=\"background-color:#1F4912\" class=\"has-inline-color has-white-color\">Maailma muuttuu, kun toimimme yhdess\u00e4. Katso alta muutama keino tarttua toimeen vaikka heti. Lis\u00e4\u00e4 keinoja luvassa 6.6. Nousuilla.<\/mark><\/strong><\/strong><\/p>\n\n\n\n<div class=\"wp-block-group is-content-justification-center is-layout-constrained wp-block-group-is-layout-constrained\">\n<div class=\"wp-block-buttons is-content-justification-center is-layout-flex wp-container-core-buttons-is-layout-16018d1d wp-block-buttons-is-layout-flex\">\n<div class=\"wp-block-button is-style-cta\"><a class=\"wp-block-button__link has-black-color has-yellow-50-background-color has-text-color has-background has-link-color wp-element-button\" href=\"https:\/\/www.greenpeace.org\/finland\/toimi\/toimi-kanssamme\/\">Toimi kanssamme<\/a><\/div>\n<\/div>\n<\/div>\n\n\n\n<div style=\"height:20px\" aria-hidden=\"true\" class=\"wp-block-spacer\"><\/div>\n<\/div><\/div>\n\n<div style=\"height:20px\" aria-hidden=\"true\" class=\"wp-block-spacer\"><\/div>\n\n<figure class=\"wp-block-image aligncenter size-medium  caption-alignment-center\"><a href=\"https:\/\/nousufestivaali.fi\/\"><img loading=\"lazy\" decoding=\"async\" width=\"300\" height=\"200\" src=\"https:\/\/www.greenpeace.org\/static\/planet4-finland-stateless\/2026\/03\/3cf3e095-nousu_logo-300x200.png\" alt=\"Nousu-festivaali\" class=\"wp-image-61845\" srcset=\"https:\/\/www.greenpeace.org\/static\/planet4-finland-stateless\/2026\/03\/3cf3e095-nousu_logo-300x200.png 300w, https:\/\/www.greenpeace.org\/static\/planet4-finland-stateless\/2026\/03\/3cf3e095-nousu_logo-1024x682.png 1024w, https:\/\/www.greenpeace.org\/static\/planet4-finland-stateless\/2026\/03\/3cf3e095-nousu_logo-768x511.png 768w, https:\/\/www.greenpeace.org\/static\/planet4-finland-stateless\/2026\/03\/3cf3e095-nousu_logo-1536x1022.png 1536w, https:\/\/www.greenpeace.org\/static\/planet4-finland-stateless\/2026\/03\/3cf3e095-nousu_logo-2048x1363.png 2048w, https:\/\/www.greenpeace.org\/static\/planet4-finland-stateless\/2026\/03\/3cf3e095-nousu_logo-510x340.png 510w\" sizes=\"auto, (max-width: 300px) 100vw, 300px\" \/><\/a><\/figure>\n\n<figure class=\"wp-block-image aligncenter size-medium is-resized\"><a href=\"https:\/\/www.greenpeace.org\/finland\" target=\"_blank\" rel=\" noreferrer noopener\"><img loading=\"lazy\" decoding=\"async\" width=\"300\" height=\"49\" src=\"https:\/\/www.greenpeace.org\/static\/planet4-finland-stateless\/2025\/06\/79a5d35b-greenpeace_logo_green_png-300x49.png\" alt=\"\" class=\"wp-image-59610\" style=\"width:129px;height:auto\" srcset=\"https:\/\/www.greenpeace.org\/static\/planet4-finland-stateless\/2025\/06\/79a5d35b-greenpeace_logo_green_png-300x49.png 300w, https:\/\/www.greenpeace.org\/static\/planet4-finland-stateless\/2025\/06\/79a5d35b-greenpeace_logo_green_png-1024x166.png 1024w, https:\/\/www.greenpeace.org\/static\/planet4-finland-stateless\/2025\/06\/79a5d35b-greenpeace_logo_green_png-768x124.png 768w, https:\/\/www.greenpeace.org\/static\/planet4-finland-stateless\/2025\/06\/79a5d35b-greenpeace_logo_green_png-510x83.png 510w, https:\/\/www.greenpeace.org\/static\/planet4-finland-stateless\/2025\/06\/79a5d35b-greenpeace_logo_green_png.png 1080w\" sizes=\"auto, (max-width: 300px) 100vw, 300px\" \/><\/a><\/figure>\n\n<div class=\"wp-block-cover alignfull has-parallax\" style=\"min-height:182px;aspect-ratio:unset;\" id=\"dela\"><div class=\"wp-block-cover__image-background wp-image-62347 size-large has-parallax\" style=\"background-position:50% 50%;background-image:url(https:\/\/www.greenpeace.org\/static\/planet4-finland-stateless\/2026\/05\/bfaa44d5-1080x566-px-ladscape-post-igfb-1024x537.png)\"><\/div><span aria-hidden=\"true\" class=\"wp-block-cover__background has-black-background-color has-background-dim-30 has-background-dim\"><\/span><div class=\"wp-block-cover__inner-container is-layout-constrained wp-block-cover-is-layout-constrained\">\n<div style=\"height:20px\" aria-hidden=\"true\" class=\"wp-block-spacer\"><\/div>\n\n\n\n<h2 class=\"wp-block-heading has-text-align-center pt-3 has-large-font-size\"><strong><mark style=\"background-color:#1F4912\" class=\"has-inline-color has-white-color\">LEVIT\u00c4 SANAA<\/mark><\/strong><\/h2>\n\n\n\n<p class=\"has-text-align-center py-3 has-white-color has-text-color has-link-color wp-elements-5de4ec55751f720017d9f1beac6bb415\"><strong><mark style=\"background-color:#1F4912\" class=\"has-inline-color has-white-color\">Nousu-festivaalilla juhlitaan aktivismia ja muutetaan maailmaa. Tapahtuma on kaikilla avoin ja ilmainen, joten nappaa ihmeess\u00e4 yst\u00e4v\u00e4si mukaan ja n\u00e4hd\u00e4\u00e4n Nousuilla! Jaa linkki tapahtumasivulle t\u00e4st\u00e4: <\/mark><\/strong><\/p>\n\n\n\n<div class=\"wp-block-group is-content-justification-center is-layout-constrained wp-block-group-is-layout-constrained\">\n<div class=\"d-flex d-flex justify-content-center\"> \n<!-- WhatsApp -->\n<button\n    class=\"wp-block-button__link wp-element-button my-3 mr-3 mx-3 share-btn-wa\"\n    style=\"color: black; background-color: #25D366;\"\n>\n    WhatsApp\n<\/button>\n\n<!-- Facebook -->\n<button\n    class=\"wp-block-button__link wp-element-button my-3 mr-3 mx-3 share-btn-fb\"\n    style=\"color: white; background-color: #4267B2;\"\n>\n    Facebook\n<\/button>\n\n<!-- Copy link -->\n<button\n    class=\"wp-block-button__link has-black-color has-yellow-60-background-color has-text-color has-background has-link-color wp-element-button my-3 mr-3 mx-3 share-btn-copy\"\n    data-toggle=\"tooltip\"\n    data-placement=\"bottom\"\n    title=\"Kopioi linkki ja jaa se minne haluat.\"\n>\n    <i class=\"fa-solid fa-link\"><\/i>\n    Kopioi linkki\n<\/button>\n<\/div>\n\n<script>\ndocument.addEventListener(\"DOMContentLoaded\", () => {\n\n        \/\/ FACEBOOK SHARE\n    document.querySelectorAll(\".share-btn-fb\").forEach(button => {\n\n        button.addEventListener(\"click\", (e) => {\n            e.preventDefault();\n\n            let currentUrl = window.location.href;\n\n            let shareUrl =\n                currentUrl.indexOf(\"?\") > -1\n                    ? currentUrl + \"&share=facebook\"\n                    : currentUrl + \"?share=facebook\";\n\n            window.open(\n                \"https:\/\/www.facebook.com\/sharer\/sharer.php?u=\" +\n                encodeURIComponent(shareUrl),\n                \"_blank\",\n                \"width=600,height=400\"\n            );\n\n            \/\/ Tracking\n            window.dataLayer = window.dataLayer || [];\n\n            dataLayer.push({\n                eventCategory: \"Social Share\",\n                eventAction: \"Facebook\",\n                event: \"uaevent\"\n            });\n\n        });\n\n    });\n\n    \/\/ COPY LINK\n    document.querySelectorAll(\".share-btn-copy\").forEach(button => {\n\n        button.addEventListener(\"click\", async (e) => {\n            e.preventDefault();\n\n            let currentUrl = window.location.href;\n\n            let shareUrl =\n                currentUrl.indexOf(\"?\") > -1\n                    ? currentUrl + \"&share=copy_link\"\n                    : currentUrl + \"?share=copy_link\";\n\n            try {\n                await navigator.clipboard.writeText(shareUrl);\n\n                \/\/ Change button text temporarily\n                const originalHtml = button.innerHTML;\n\n                button.innerHTML =\n                    '<i class=\"fa-solid fa-check\"><\/i> Linkki on kopioitu!';\n\n                setTimeout(() => {\n                    button.innerHTML = originalHtml;\n                }, 2500);\n\n                \/\/ Tracking\n                window.dataLayer = window.dataLayer || [];\n\n                dataLayer.push({\n                    eventCategory: \"Social Share\",\n                    eventAction: \"Copy link\",\n                    event: \"uaevent\"\n                });\n\n            } catch (err) {\n                console.error(\"Linkki\u00e4 ei voitu kopioida\", err);\n            }\n        });\n\n    });\n\n\n    \/\/ WHATSAPP SHARE\n    document.querySelectorAll(\".share-btn-wa\").forEach(button => {\n\n        button.addEventListener(\"click\", (e) => {\n            e.preventDefault();\n\n            let currentUrl = window.location.href;\n\n            let shareUrl =\n                currentUrl.indexOf(\"?\") > -1\n                    ? currentUrl + \"&share=whatsapp\"\n                    : currentUrl + \"?share=whatsapp\";\n\n            window.open(\n                \"https:\/\/api.whatsapp.com\/send\/?text=Moi!%20Greenpeacen%20j%C3%A4rjest%C3%A4m%C3%A4%20Nousu-festivaali%20tuo%20kansalaisvaikuttajat,%20vaikuttamisen%20kirjavat%20tavat%20ja%20kes%C3%A4iset%20bileet%20Tekstin%20taloon%20Helsingin%20S%C3%B6rn%C3%A4isiss%C3%A4%20lauantaina%206.6.2026.%20Vapaa%20p%C3%A4%C3%A4sy,%20lue%20lis%C3%A4%C3%A4%20t%C3%A4%C3%A4lt%C3%A4:+\" +\n                encodeURIComponent(shareUrl),\n                \"_blank\",\n                \"width=600,height=400\"\n            );\n\n            \/\/ Tracking\n            window.dataLayer = window.dataLayer || [];\n\n            dataLayer.push({\n                eventCategory: \"Social Share\",\n                eventAction: \"WhatsApp\",\n                event: \"uaevent\"\n            });\n\n        });\n\n    });\n\n});\n<\/script>\n<\/div>\n<\/div><\/div>\n","protected":false},"excerpt":{"rendered":"<p>Tule juhlimaan aktivismia ja muuttamaan maailmaa! Avartavia keskusteluja, nousevia artisteja, bileet! Greenpeacen toista kertaa j\u00e4rjest\u00e4m\u00e4 Nousu-festivaali tuo kansalaisvaikuttajat, vaikuttamisen kirjavat tavat sek\u00e4 musaa ja tanssia Tekstin taloon Helsingin S\u00f6rn\u00e4isiss\u00e4 lauantaina 6.6. Vapaa p\u00e4\u00e4sy, tervetuloa!<\/p>\n","protected":false},"author":92,"featured_media":62576,"parent":9,"menu_order":0,"comment_status":"closed","ping_status":"closed","template":"","meta":{"_improvement_type_select":"improve_an_existing","_thumb_yes_seoaic":false,"_frame_yes_seoaic":false,"seoaic_generate_description":"","seoaic_improve_instructions_prompt":"","seoaic_rollback_content_improvement":"","seoaic_idea_thumbnail_generator":"","thumbnail_generated":false,"thumbnail_generate_prompt":"","seoaic_article_description":"","ep_exclude_from_search":false,"p4_hide_page_title_checkbox":"on","p4_title":"","p4_subtitle":"","p4_description":"","background_image_id":"","background_image":"","p4_button_title":"","p4_button_link":"","p4_button_link_checkbox":"","p4_og_title":"Nousu-festivaali","p4_og_description":"Tule juhlimaan aktivismia ja muuttamaan maailmaa. Nousu-festivaali tuo kansalaisvaikuttajat, vaikuttamisen kirjavat tavat ja kes\u00e4iset bileet Tekstin talolle Helsinkiin lauantaina 6.6. ","p4_og_image":"","p4_og_image_id":"","p4_seo_canonical_url":"","p4_campaign_name":"not set","p4_local_project":"","p4_basket_name":"","p4_department":"","footnotes":""},"categories":[31],"tags":[38,60,81],"class_list":["post-59546","page","type-page","status-publish","has-post-thumbnail","hentry","category-greenpeace","tag-kansalaistottelemattomuus","tag-ilmastopolitiikka","tag-osallistu"],"_links":{"self":[{"href":"https:\/\/www.greenpeace.org\/finland\/wp-json\/wp\/v2\/pages\/59546","targetHints":{"allow":["GET"]}}],"collection":[{"href":"https:\/\/www.greenpeace.org\/finland\/wp-json\/wp\/v2\/pages"}],"about":[{"href":"https:\/\/www.greenpeace.org\/finland\/wp-json\/wp\/v2\/types\/page"}],"author":[{"embeddable":true,"href":"https:\/\/www.greenpeace.org\/finland\/wp-json\/wp\/v2\/users\/92"}],"replies":[{"embeddable":true,"href":"https:\/\/www.greenpeace.org\/finland\/wp-json\/wp\/v2\/comments?post=59546"}],"version-history":[{"count":20,"href":"https:\/\/www.greenpeace.org\/finland\/wp-json\/wp\/v2\/pages\/59546\/revisions"}],"predecessor-version":[{"id":62581,"href":"https:\/\/www.greenpeace.org\/finland\/wp-json\/wp\/v2\/pages\/59546\/revisions\/62581"}],"up":[{"embeddable":true,"href":"https:\/\/www.greenpeace.org\/finland\/wp-json\/wp\/v2\/pages\/9"}],"wp:featuredmedia":[{"embeddable":true,"href":"https:\/\/www.greenpeace.org\/finland\/wp-json\/wp\/v2\/media\/62576"}],"wp:attachment":[{"href":"https:\/\/www.greenpeace.org\/finland\/wp-json\/wp\/v2\/media?parent=59546"}],"wp:term":[{"taxonomy":"category","embeddable":true,"href":"https:\/\/www.greenpeace.org\/finland\/wp-json\/wp\/v2\/categories?post=59546"},{"taxonomy":"post_tag","embeddable":true,"href":"https:\/\/www.greenpeace.org\/finland\/wp-json\/wp\/v2\/tags?post=59546"}],"curies":[{"name":"wp","href":"https:\/\/api.w.org\/{rel}","templated":true}]}}