{"id":59546,"date":"2025-06-02T14:27:52","date_gmt":"2025-06-02T11:27:52","guid":{"rendered":"https:\/\/www.greenpeace.org\/finland\/?page_id=59546"},"modified":"2026-04-06T15:39:59","modified_gmt":"2026-04-06T12:39:59","slug":"nousu-festivaali","status":"publish","type":"page","link":"https:\/\/www.greenpeace.org\/finland\/toimi\/nousu-festivaali\/","title":{"rendered":"NOUSU-FESTIVAALI 2026"},"content":{"rendered":"\n<style>#header .nav-menu-toggle, #header .nav-search-toggle-container, #nav-mobile, #nav-main-desktop, #search_form {display: none !important;} .site-logo {padding-left: 1rem;}<\/style>\n\n<div data-hydrate=\"planet4-blocks\/carousel-header\" data-attributes=\"{&quot;carousel_autoplay&quot;:false,&quot;slides&quot;:[{&quot;image&quot;:61841,&quot;focal_points&quot;:{&quot;x&quot;:0.5,&quot;y&quot;:0.5},&quot;header&quot;:&quot;NOUSU-FESTIVAALI&quot;,&quot;description&quot;:&quot;Lauantai 6.6.2026 | Tekstin talo, Helsinki | Vapaa p\u00e4\u00e4sy&quot;,&quot;link_text&quot;:&quot;\ud83d\ude80 Ohjelma tulossa pian \ud83d\ude80&quot;,&quot;link_url&quot;:&quot;#ohjelma&quot;,&quot;link_url_new_tab&quot;:false,&quot;image_url&quot;:&quot;https:\/\/www.greenpeace.org\/static\/planet4-finland-stateless\/2026\/03\/2eb33d98-nousu-1920x1080-1.png&quot;,&quot;image_srcset&quot;:&quot;https:\/\/www.greenpeace.org\/static\/planet4-finland-stateless\/2026\/03\/2eb33d98-nousu-1920x1080-1-150x150.png 150w,https:\/\/www.greenpeace.org\/static\/planet4-finland-stateless\/2026\/03\/2eb33d98-nousu-1920x1080-1-300x169.png 300w,https:\/\/www.greenpeace.org\/static\/planet4-finland-stateless\/2026\/03\/2eb33d98-nousu-1920x1080-1-1024x576.png 1024w,https:\/\/www.greenpeace.org\/static\/planet4-finland-stateless\/2026\/03\/2eb33d98-nousu-1920x1080-1.png 1920w&quot;}],&quot;currentImageIndex&quot;:0}\"><section class=\"block block-header alignfull carousel-header \" aria-label=\"Greenpeace highlights\" aria-roledescription=\"carousel\"><div class=\"carousel-wrapper-header\"><ul class=\"carousel-inner\" role=\"listbox\"><li class=\"carousel-item active\" tabindex=\"0\" role=\"tabpanel\" alt=\"\"><div class=\"carousel-item-mask\"><div class=\"background-holder\"><img decoding=\"async\" src=\"https:\/\/www.greenpeace.org\/static\/planet4-finland-stateless\/2026\/03\/2eb33d98-nousu-1920x1080-1.png\" style=\"object-position:50% 50%\" srcSet=\"https:\/\/www.greenpeace.org\/static\/planet4-finland-stateless\/2026\/03\/2eb33d98-nousu-1920x1080-1-150x150.png 150w,https:\/\/www.greenpeace.org\/static\/planet4-finland-stateless\/2026\/03\/2eb33d98-nousu-1920x1080-1-300x169.png 300w,https:\/\/www.greenpeace.org\/static\/planet4-finland-stateless\/2026\/03\/2eb33d98-nousu-1920x1080-1-1024x576.png 1024w,https:\/\/www.greenpeace.org\/static\/planet4-finland-stateless\/2026\/03\/2eb33d98-nousu-1920x1080-1.png 1920w\"\/><\/div><div class=\"carousel-caption\"><div class=\"caption-overlay\"><\/div><div class=\"container main-header\"><div class=\"carousel-captions-wrapper\"><h2>NOUSU-FESTIVAALI<\/h2><p>Lauantai 6.6.2026 | Tekstin talo, Helsinki | Vapaa p\u00e4\u00e4sy<\/p><\/div><div class=\"col-xs-12 col-sm-8 col-md-4 action-button\"><a href=\"#ohjelma\" class=\"btn btn-primary\" data-ga-category=\"Carousel Header\" data-ga-action=\"Call to Action\" tabindex=\"0\"><span>\ud83d\ude80 Ohjelma tulossa pian \ud83d\ude80<\/span><\/a><\/div><\/div><\/div><\/div><\/li><\/ul><\/div><\/section><\/div>\n\n<div style=\"height:10px\" aria-hidden=\"true\" class=\"wp-block-spacer\"><\/div>\n\n<h4 class=\"wp-block-heading has-text-align-center\">Tule juhlimaan aktivismia ja muuttamaan maailmaa!<\/h4>\n\n<p class=\"has-text-align-center\"><br>Avartavia keskusteluja, nousevia artisteja sek\u00e4 bileet. Nousu-festivaali tuo kansalaisvaikuttajat, vaikuttamisen kirjavat tavat ja kes\u00e4iset bileet <strong>Tekstin taloon Helsingin S\u00f6rn\u00e4isiss\u00e4 lauantaina 6.6. Vapaa p\u00e4\u00e4sy<\/strong>.<\/p>\n\n<div style=\"height:60px\" aria-hidden=\"true\" id=\"tietoa-nousu-festivaalista\" class=\"wp-block-spacer\"><\/div>\n\n<div id=\"ohjelma\" class=\"wp-block-group has-yellow-10-background-color has-background is-layout-flow wp-block-group-is-layout-flow\">\n<div style=\"height:50px\" aria-hidden=\"true\" class=\"wp-block-spacer\"><\/div>\n\n\n\n<h1 class=\"wp-block-heading has-text-align-center\">OHJELMA<\/h1>\n\n\n\n<h2 class=\"wp-block-heading has-text-align-center\">\ud83d\ude80 Tulossa pian \ud83d\ude80<\/h2>\n\n\n\n<div style=\"height:50px\" aria-hidden=\"true\" class=\"wp-block-spacer\"><\/div>\n<\/div>\n\n<div style=\"height:30px\" aria-hidden=\"true\" id=\"tietoa-nousu-festivaalista\" class=\"wp-block-spacer\"><\/div>\n\n<h1 class=\"wp-block-heading has-text-align-center\">NOUSU<\/h1>\n\n<p class=\"has-text-align-left\">Luontoa, ilmastoa ja oikeusvaltiota vastaan hy\u00f6k\u00e4t\u00e4\u00e4n juuri nyt voimalla ymp\u00e4ri maailmaa. Nousu tuo yhteen tekij\u00e4t, ty\u00f6kalut ja ideat, jotka muuttavat suunnan.<\/p>\n\n<p class=\"has-text-align-left\">T\u00e4m\u00e4n vuoden festivaalin aiheina ovat yhteiskunnallisen muutoksen tekeminen, demokratian tila sek\u00e4 aktivismin voima. Nousu purkaa monisyiset kriisit k\u00e4sitelt\u00e4viksi paloiksi ja juhlii toimintaa, joka niihin vastaa. Nousu on keskusteluja, puheita, musiikkia, taidetta ja ty\u00f6pajoja. Nousu on kaikille avoin ja ilmainen.<\/p>\n\n<div style=\"height:30px\" aria-hidden=\"true\" class=\"wp-block-spacer\"><\/div>\n\n<figure class=\"wp-block-image aligncenter size-medium  caption-alignment-center\"><img loading=\"lazy\" decoding=\"async\" width=\"300\" height=\"200\" src=\"https:\/\/www.greenpeace.org\/static\/planet4-finland-stateless\/2026\/03\/3cf3e095-nousu_logo-300x200.png\" title=\"Nousu-festivaali\" alt=\"Nousu-festivaali\" class=\"wp-image-61845\" srcset=\"https:\/\/www.greenpeace.org\/static\/planet4-finland-stateless\/2026\/03\/3cf3e095-nousu_logo-300x200.png 300w, https:\/\/www.greenpeace.org\/static\/planet4-finland-stateless\/2026\/03\/3cf3e095-nousu_logo-1024x682.png 1024w, https:\/\/www.greenpeace.org\/static\/planet4-finland-stateless\/2026\/03\/3cf3e095-nousu_logo-768x511.png 768w, https:\/\/www.greenpeace.org\/static\/planet4-finland-stateless\/2026\/03\/3cf3e095-nousu_logo-1536x1022.png 1536w, https:\/\/www.greenpeace.org\/static\/planet4-finland-stateless\/2026\/03\/3cf3e095-nousu_logo-2048x1363.png 2048w, https:\/\/www.greenpeace.org\/static\/planet4-finland-stateless\/2026\/03\/3cf3e095-nousu_logo-510x340.png 510w\" sizes=\"auto, (max-width: 300px) 100vw, 300px\" \/><\/figure>\n\n<figure class=\"wp-block-image aligncenter size-medium is-resized\"><a href=\"https:\/\/www.greenpeace.org\/finland\" target=\"_blank\" rel=\" noreferrer noopener\"><img loading=\"lazy\" decoding=\"async\" width=\"300\" height=\"49\" src=\"https:\/\/www.greenpeace.org\/static\/planet4-finland-stateless\/2025\/06\/79a5d35b-greenpeace_logo_green_png-300x49.png\" alt=\"\" class=\"wp-image-59610\" style=\"width:129px;height:auto\" srcset=\"https:\/\/www.greenpeace.org\/static\/planet4-finland-stateless\/2025\/06\/79a5d35b-greenpeace_logo_green_png-300x49.png 300w, https:\/\/www.greenpeace.org\/static\/planet4-finland-stateless\/2025\/06\/79a5d35b-greenpeace_logo_green_png-1024x166.png 1024w, https:\/\/www.greenpeace.org\/static\/planet4-finland-stateless\/2025\/06\/79a5d35b-greenpeace_logo_green_png-768x124.png 768w, https:\/\/www.greenpeace.org\/static\/planet4-finland-stateless\/2025\/06\/79a5d35b-greenpeace_logo_green_png-510x83.png 510w, https:\/\/www.greenpeace.org\/static\/planet4-finland-stateless\/2025\/06\/79a5d35b-greenpeace_logo_green_png.png 1080w\" sizes=\"auto, (max-width: 300px) 100vw, 300px\" \/><\/a><\/figure>\n\n<p><\/p>\n","protected":false},"excerpt":{"rendered":"<p>Tule juhlimaan aktivismia ja muuttamaan maailmaa! Avartavia keskusteluja, nousevia artisteja sek\u00e4 bileet. Nousu-festivaali tuo kansalaisvaikuttajat, vaikuttamisen kirjavat tavat ja kes\u00e4iset bileet Tekstin taloon Helsingin S\u00f6rn\u00e4isiss\u00e4 lauantaina 6.6. Vapaa p\u00e4\u00e4sy. OHJELMA \ud83d\ude80 Tulossa pian \ud83d\ude80 NOUSU Luontoa, ilmastoa ja oikeusvaltiota vastaan hy\u00f6k\u00e4t\u00e4\u00e4n juuri nyt voimalla ymp\u00e4ri maailmaa. Nousu tuo yhteen tekij\u00e4t, ty\u00f6kalut ja ideat, jotka muuttavat [&hellip;]<\/p>\n","protected":false},"author":92,"featured_media":61841,"parent":9,"menu_order":0,"comment_status":"closed","ping_status":"closed","template":"","meta":{"_improvement_type_select":"improve_an_existing","_thumb_yes_seoaic":false,"_frame_yes_seoaic":false,"seoaic_generate_description":"","seoaic_improve_instructions_prompt":"","seoaic_rollback_content_improvement":"","seoaic_idea_thumbnail_generator":"","thumbnail_generated":false,"thumbnail_generate_prompt":"","seoaic_article_description":"","ep_exclude_from_search":false,"p4_hide_page_title_checkbox":"on","p4_title":"","p4_subtitle":"","p4_description":"","background_image_id":"","background_image":"","p4_button_title":"","p4_button_link":"","p4_button_link_checkbox":"","p4_og_title":"Nousu-festivaali","p4_og_description":"Tule juhlimaan aktivismia ja muuttamaan maailmaa. Nousu-festivaali tuo kansalaisvaikuttajat, vaikuttamisen kirjavat tavat ja kes\u00e4iset bileet Tekstin talolle lauantaina 6.6. ","p4_og_image":"","p4_og_image_id":"","p4_seo_canonical_url":"","p4_campaign_name":"not set","p4_local_project":"","p4_basket_name":"","p4_department":"","footnotes":""},"categories":[31],"tags":[38,60,81],"class_list":["post-59546","page","type-page","status-publish","has-post-thumbnail","hentry","category-greenpeace","tag-kansalaistottelemattomuus","tag-ilmastopolitiikka","tag-osallistu"],"_links":{"self":[{"href":"https:\/\/www.greenpeace.org\/finland\/wp-json\/wp\/v2\/pages\/59546","targetHints":{"allow":["GET"]}}],"collection":[{"href":"https:\/\/www.greenpeace.org\/finland\/wp-json\/wp\/v2\/pages"}],"about":[{"href":"https:\/\/www.greenpeace.org\/finland\/wp-json\/wp\/v2\/types\/page"}],"author":[{"embeddable":true,"href":"https:\/\/www.greenpeace.org\/finland\/wp-json\/wp\/v2\/users\/92"}],"replies":[{"embeddable":true,"href":"https:\/\/www.greenpeace.org\/finland\/wp-json\/wp\/v2\/comments?post=59546"}],"version-history":[{"count":20,"href":"https:\/\/www.greenpeace.org\/finland\/wp-json\/wp\/v2\/pages\/59546\/revisions"}],"predecessor-version":[{"id":61941,"href":"https:\/\/www.greenpeace.org\/finland\/wp-json\/wp\/v2\/pages\/59546\/revisions\/61941"}],"up":[{"embeddable":true,"href":"https:\/\/www.greenpeace.org\/finland\/wp-json\/wp\/v2\/pages\/9"}],"wp:featuredmedia":[{"embeddable":true,"href":"https:\/\/www.greenpeace.org\/finland\/wp-json\/wp\/v2\/media\/61841"}],"wp:attachment":[{"href":"https:\/\/www.greenpeace.org\/finland\/wp-json\/wp\/v2\/media?parent=59546"}],"wp:term":[{"taxonomy":"category","embeddable":true,"href":"https:\/\/www.greenpeace.org\/finland\/wp-json\/wp\/v2\/categories?post=59546"},{"taxonomy":"post_tag","embeddable":true,"href":"https:\/\/www.greenpeace.org\/finland\/wp-json\/wp\/v2\/tags?post=59546"}],"curies":[{"name":"wp","href":"https:\/\/api.w.org\/{rel}","templated":true}]}}

<style>#header .nav-menu-toggle, #header .nav-search-toggle-container, #nav-mobile, #nav-main-desktop, #search_form {display: none !important;} .site-logo {padding-left: 1rem;}</style>

<div data-hydrate="planet4-blocks/carousel-header" data-attributes="{&quot;carousel_autoplay&quot;:false,&quot;slides&quot;:[{&quot;image&quot;:61841,&quot;focal_points&quot;:{&quot;x&quot;:0.5,&quot;y&quot;:0.5},&quot;header&quot;:&quot;NOUSU-FESTIVAALI&quot;,&quot;description&quot;:&quot;Lauantai 6.6.2026 | Tekstin talo, Helsinki | Vapaa pääsy&quot;,&quot;link_text&quot;:&quot;🚀 Ohjelma tulossa pian 🚀&quot;,&quot;link_url&quot;:&quot;#ohjelma&quot;,&quot;link_url_new_tab&quot;:false,&quot;image_url&quot;:&quot;https://www.greenpeace.org/static/planet4-finland-stateless/2026/03/2eb33d98-nousu-1920x1080-1.png&quot;,&quot;image_srcset&quot;:&quot;https://www.greenpeace.org/static/planet4-finland-stateless/2026/03/2eb33d98-nousu-1920x1080-1-150x150.png 150w,https://www.greenpeace.org/static/planet4-finland-stateless/2026/03/2eb33d98-nousu-1920x1080-1-300x169.png 300w,https://www.greenpeace.org/static/planet4-finland-stateless/2026/03/2eb33d98-nousu-1920x1080-1-1024x576.png 1024w,https://www.greenpeace.org/static/planet4-finland-stateless/2026/03/2eb33d98-nousu-1920x1080-1.png 1920w&quot;}],&quot;currentImageIndex&quot;:0}"><section class="block block-header alignfull carousel-header " aria-label="Greenpeace highlights" aria-roledescription="carousel"><div class="carousel-wrapper-header"><ul class="carousel-inner" role="listbox"><li class="carousel-item active" tabindex="0" role="tabpanel" alt=""><div class="carousel-item-mask"><div class="background-holder"><img decoding="async" src="https://www.greenpeace.org/static/planet4-finland-stateless/2026/03/2eb33d98-nousu-1920x1080-1.png" style="object-position:50% 50%" srcSet="https://www.greenpeace.org/static/planet4-finland-stateless/2026/03/2eb33d98-nousu-1920x1080-1-150x150.png 150w,https://www.greenpeace.org/static/planet4-finland-stateless/2026/03/2eb33d98-nousu-1920x1080-1-300x169.png 300w,https://www.greenpeace.org/static/planet4-finland-stateless/2026/03/2eb33d98-nousu-1920x1080-1-1024x576.png 1024w,https://www.greenpeace.org/static/planet4-finland-stateless/2026/03/2eb33d98-nousu-1920x1080-1.png 1920w"/></div><div class="carousel-caption"><div class="caption-overlay"></div><div class="container main-header"><div class="carousel-captions-wrapper"><h2>NOUSU-FESTIVAALI</h2><p>Lauantai 6.6.2026 | Tekstin talo, Helsinki | Vapaa pääsy</p></div><div class="col-xs-12 col-sm-8 col-md-4 action-button"><a href="#ohjelma" class="btn btn-primary" data-ga-category="Carousel Header" data-ga-action="Call to Action" tabindex="0"><span>🚀 Ohjelma tulossa pian 🚀</span></a></div></div></div></div></li></ul></div></section></div>

<div style="height:10px" aria-hidden="true" class="wp-block-spacer"></div>

<h4 class="wp-block-heading has-text-align-center">Tule juhlimaan aktivismia ja muuttamaan maailmaa!</h4>

<p class="has-text-align-center"><br>Avartavia keskusteluja, nousevia artisteja sekä bileet. Nousu-festivaali tuo kansalaisvaikuttajat, vaikuttamisen kirjavat tavat ja kesäiset bileet <strong>Tekstin taloon Helsingin Sörnäisissä lauantaina 6.6. Vapaa pääsy</strong>.</p>

<div style="height:60px" aria-hidden="true" id="tietoa-nousu-festivaalista" class="wp-block-spacer"></div>

<div id="ohjelma" class="wp-block-group has-yellow-10-background-color has-background is-layout-flow wp-block-group-is-layout-flow">
<div style="height:50px" aria-hidden="true" class="wp-block-spacer"></div>



<h1 class="wp-block-heading has-text-align-center">OHJELMA</h1>



<h2 class="wp-block-heading has-text-align-center">🚀 Tulossa pian 🚀</h2>



<div style="height:50px" aria-hidden="true" class="wp-block-spacer"></div>
</div>

<div style="height:30px" aria-hidden="true" id="tietoa-nousu-festivaalista" class="wp-block-spacer"></div>

<h1 class="wp-block-heading has-text-align-center">NOUSU</h1>

<p class="has-text-align-left">Luontoa, ilmastoa ja oikeusvaltiota vastaan hyökätään juuri nyt voimalla ympäri maailmaa. Nousu tuo yhteen tekijät, työkalut ja ideat, jotka muuttavat suunnan.</p>

<p class="has-text-align-left">Tämän vuoden festivaalin aiheina ovat yhteiskunnallisen muutoksen tekeminen, demokratian tila sekä aktivismin voima. Nousu purkaa monisyiset kriisit käsiteltäviksi paloiksi ja juhlii toimintaa, joka niihin vastaa. Nousu on keskusteluja, puheita, musiikkia, taidetta ja työpajoja. Nousu on kaikille avoin ja ilmainen.</p>

<div style="height:30px" aria-hidden="true" class="wp-block-spacer"></div>

<figure class="wp-block-image aligncenter size-medium  caption-alignment-center"><img loading="lazy" decoding="async" width="300" height="200" src="https://www.greenpeace.org/static/planet4-finland-stateless/2026/03/3cf3e095-nousu_logo-300x200.png" title="Nousu-festivaali" alt="Nousu-festivaali" class="wp-image-61845" srcset="https://www.greenpeace.org/static/planet4-finland-stateless/2026/03/3cf3e095-nousu_logo-300x200.png 300w, https://www.greenpeace.org/static/planet4-finland-stateless/2026/03/3cf3e095-nousu_logo-1024x682.png 1024w, https://www.greenpeace.org/static/planet4-finland-stateless/2026/03/3cf3e095-nousu_logo-768x511.png 768w, https://www.greenpeace.org/static/planet4-finland-stateless/2026/03/3cf3e095-nousu_logo-1536x1022.png 1536w, https://www.greenpeace.org/static/planet4-finland-stateless/2026/03/3cf3e095-nousu_logo-2048x1363.png 2048w, https://www.greenpeace.org/static/planet4-finland-stateless/2026/03/3cf3e095-nousu_logo-510x340.png 510w" sizes="auto, (max-width: 300px) 100vw, 300px" /></figure>

<figure class="wp-block-image aligncenter size-medium is-resized"><a href="https://www.greenpeace.org/finland" target="_blank" rel=" noreferrer noopener"><img loading="lazy" decoding="async" width="300" height="49" src="https://www.greenpeace.org/static/planet4-finland-stateless/2025/06/79a5d35b-greenpeace_logo_green_png-300x49.png" alt="" class="wp-image-59610" style="width:129px;height:auto" srcset="https://www.greenpeace.org/static/planet4-finland-stateless/2025/06/79a5d35b-greenpeace_logo_green_png-300x49.png 300w, https://www.greenpeace.org/static/planet4-finland-stateless/2025/06/79a5d35b-greenpeace_logo_green_png-1024x166.png 1024w, https://www.greenpeace.org/static/planet4-finland-stateless/2025/06/79a5d35b-greenpeace_logo_green_png-768x124.png 768w, https://www.greenpeace.org/static/planet4-finland-stateless/2025/06/79a5d35b-greenpeace_logo_green_png-510x83.png 510w, https://www.greenpeace.org/static/planet4-finland-stateless/2025/06/79a5d35b-greenpeace_logo_green_png.png 1080w" sizes="auto, (max-width: 300px) 100vw, 300px" /></a></figure>

<p></p>

<p>Tule juhlimaan aktivismia ja muuttamaan maailmaa! Avartavia keskusteluja, nousevia artisteja sekä bileet. Nousu-festivaali tuo kansalaisvaikuttajat, vaikuttamisen kirjavat tavat ja kesäiset bileet Tekstin taloon Helsingin Sörnäisissä lauantaina 6.6. Vapaa pääsy. OHJELMA 🚀 Tulossa pian 🚀 NOUSU Luontoa, ilmastoa ja oikeusvaltiota vastaan hyökätään juuri nyt voimalla ympäri maailmaa. Nousu tuo yhteen tekijät, työkalut ja ideat, jotka muuttavat [&hellip;]</p>

Tule juhlimaan aktivismia ja muuttamaan maailmaa. Nousu-festivaali tuo kansalaisvaikuttajat, vaikuttamisen kirjavat tavat ja kesäiset bileet Tekstin talolle lauantaina 6.6.
