{"id":62138,"date":"2026-05-06T16:02:32","date_gmt":"2026-05-06T13:02:32","guid":{"rendered":"https:\/\/www.greenpeace.org\/finland\/?page_id=62138"},"modified":"2026-05-08T11:28:58","modified_gmt":"2026-05-08T08:28:58","slug":"toimi-kanssamme","status":"publish","type":"page","link":"https:\/\/www.greenpeace.org\/finland\/toimi\/toimi-kanssamme\/","title":{"rendered":"Toimi kanssamme"},"content":{"rendered":"\n<style>#header .nav-menu-toggle, #header .nav-search-toggle, #nav-main-desktop, #search_form {display: none;} .site-logo {padding-left: 1rem;} #submenu-0, #submenu-1, #submenu-2 {display: none!important;} \n@media and screen (min-width: 992px){\n.nav-submenu {display: none;}\n}\n<\/style>\n<script>\ndocument.addEventListener('DOMContentLoaded', () => {\n\ndocument.querySelectorAll('.site-logo').forEach(logo => {\n  logo.href = 'https:\/\/www.greenpeace.org\/finland\/toimi\/nousu-festivaali\/';\n});\n\n  const updates = {\n    'Meist\u00e4': {\n      text: 'Nousun ohjelma',\n      href: 'https:\/\/www.greenpeace.org\/finland\/?page_id=62034'\n    },\n    'Mit\u00e4 teemme': {\n      text: 'Vuoden Huiputus',\n      href: 'https:\/\/www.greenpeace.org\/finland\/?page_id=62085'\n    },\n    'Toimi nyt': {\n      text: 'Toimi kanssamme',\n      href: 'https:\/\/www.greenpeace.org\/finland\/?page_id=62138'\n    }\n  };\n\n  document.querySelectorAll('a.nav-link').forEach(link => {\n\n    const label = link.textContent.trim();\n\n    if (!updates[label]) return;\n\n    \/\/ update text\n    link.textContent = updates[label].text;\n\n    \/\/ update href\n    link.href = updates[label].href;\n\n    \/\/ find parent menu item\n    const menuItem = link.closest('.nav-item');\n\n    if (!menuItem) return;\n\n    \/\/ remove submenu class\n    menuItem.classList.remove('menu-item-has-children');\n\n    \/\/ remove submenu toggle button\n    menuItem.querySelector('.accessible-nav-link')?.remove();\n\n    \/\/ remove submenu nav\n    \/\/menuItem.querySelector('.nav-submenu')?.remove();\n\n  });\n\n    \/\/ Add \"FESTIVAL\" first menu item\n\n  const navMenu = document.querySelector('#nav-menu > ul');\n  const navMenuM = document.querySelector('#nav-mobile > ul');\n\n  \/\/ avoid duplicates\n  if (document.querySelector('.menu-item-festival')) {\n    console.log('Nav exists');\n  }\n\n  const festivalItem = document.createElement('li');\n  const festivalItemM = document.createElement('li');\n\n  festivalItem.className =\n    'nav-item menu-item menu-item-type-custom menu-item-object-custom menu-item-festival';\n  festivalItemM.className =\n    'nav-item menu-item menu-item-type-custom menu-item-object-custom menu-item-festival';\n\n\n  festivalItem.innerHTML = `\n    <a\n      class=\"nav-link\"\n      href=\"https:\/\/www.greenpeace.org\/finland\/toimi\/nousu-festivaali\/\"\n      target=\"_self\"\n      data-ga-category=\"Menu Navigation\"\n      data-ga-action=\"Nousu-festivaali\"\n      data-ga-label=\"Custom link\"\n    >\n      Nousu-festivaali\n    <\/a>\n  `;\n\nfestivalItemM.innerHTML = `\n    <a\n      class=\"nav-link\"\n      href=\"https:\/\/www.greenpeace.org\/finland\/toimi\/nousu-festivaali\/\"\n      target=\"_self\"\n      data-ga-category=\"Menu Navigation\"\n      data-ga-action=\"Nousu-festivaali\"\n      data-ga-label=\"Custom link\"\n    >\n      Nousu-festivaali\n    <\/a>\n  `;\n\n  \/\/ insert FIRST before existing menu items\n  navMenu.insertBefore(festivalItem, navMenu.firstElementChild);\n  navMenuM.insertBefore(festivalItemM, navMenuM.firstElementChild);\n\n});\n<\/script>\n\n\n<div class=\"wp-block-group alignfull has-gp-green-60-background-color has-background is-layout-flow wp-block-group-is-layout-flow\">\n<div class=\"wp-block-group container is-layout-flow wp-block-group-is-layout-flow\">\n<div class=\"wp-block-media-text alignfull has-media-on-the-right is-stacked-on-mobile is-pattern-p4-page-header is-style-parallax\"><div class=\"wp-block-media-text__content\">\n<div class=\"wp-block-group is-layout-flow wp-block-group-is-layout-flow\">\n<h1 class=\"wp-block-heading has-white-color has-gp-green-60-background-color has-text-color has-background has-link-color wp-elements-1a28955c9a572a02ab08fc459618dc83\">TOIMI KANSSAMME<\/h1>\n<\/div>\n\n\n\n<p class=\"has-white-color has-text-color has-link-color wp-elements-ba44c8bb85a08ccf1b3a1c82c5557b10\" style=\"font-size:1.25rem\"><strong>Toiminnan makuun p\u00e4\u00e4set kanssamme Nousu-festivaaleilla, mutta t\u00e4\u00e4lt\u00e4 l\u00f6yd\u00e4t muita tapoja ryhty\u00e4 toimeen ilmaston, luonnon ja oikeudenmukaisen tulevaisuuden hyv\u00e4ksi!<\/strong><\/p>\n<\/div><figure class=\"wp-block-media-text__media\"><img loading=\"lazy\" decoding=\"async\" width=\"800\" height=\"500\" src=\"https:\/\/www.greenpeace.org\/static\/planet4-finland-stateless\/2026\/05\/7b5a0768-nousu-dj-800x500-1.jpg\" alt=\"\" sizes=\"auto, (min-width: 601px) 50vw, 100vw\" srcset=\"https:\/\/www.greenpeace.org\/static\/planet4-finland-stateless\/2026\/05\/7b5a0768-nousu-dj-800x500-1.jpg 800w, https:\/\/www.greenpeace.org\/static\/planet4-finland-stateless\/2026\/05\/7b5a0768-nousu-dj-800x500-1-300x188.jpg 300w, https:\/\/www.greenpeace.org\/static\/planet4-finland-stateless\/2026\/05\/7b5a0768-nousu-dj-800x500-1-768x480.jpg 768w, https:\/\/www.greenpeace.org\/static\/planet4-finland-stateless\/2026\/05\/7b5a0768-nousu-dj-800x500-1-510x319.jpg 510w\" class=\"wp-image-62340 size-full\"\/><\/figure><\/div>\n<\/div>\n<\/div>\n\n\n<div class=\"wp-block-query actions-list p4-query-loop is-custom-layout-grid is-layout-grid wp-container-core-query-is-layout-29f43435 wp-block-query-is-layout-grid\">\n<h2 class=\"wp-block-heading\">Muita tapoja toimia<\/h2>\n\n\n\n<p style=\"margin-top:24px;margin-bottom:32px\"><\/p>\n\n\n<ul class=\"wp-block-post-template is-layout-flow wp-block-post-template-is-layout-flow\"><li class=\"wp-block-post post-518 page type-page status-publish has-post-thumbnail hentry category-greenpeace tag-vapaaehtoiset\">\n<figure class=\"wp-block-post-featured-image\"><img loading=\"lazy\" decoding=\"async\" width=\"3000\" height=\"2002\" src=\"https:\/\/www.greenpeace.org\/static\/planet4-finland-stateless\/2019\/01\/6d186559-gp_suomi_jana_eriksson-2708.jpg\" class=\"attachment-post-thumbnail size-post-thumbnail wp-post-image wp-stateless-item\" alt=\"\" style=\"object-fit:cover;\" srcset=\"https:\/\/www.greenpeace.org\/static\/planet4-finland-stateless\/2019\/01\/6d186559-gp_suomi_jana_eriksson-2708.jpg 3000w, https:\/\/www.greenpeace.org\/static\/planet4-finland-stateless\/2019\/01\/6d186559-gp_suomi_jana_eriksson-2708-300x200.jpg 300w, https:\/\/www.greenpeace.org\/static\/planet4-finland-stateless\/2019\/01\/6d186559-gp_suomi_jana_eriksson-2708-768x513.jpg 768w, https:\/\/www.greenpeace.org\/static\/planet4-finland-stateless\/2019\/01\/6d186559-gp_suomi_jana_eriksson-2708-1024x683.jpg 1024w, https:\/\/www.greenpeace.org\/static\/planet4-finland-stateless\/2019\/01\/6d186559-gp_suomi_jana_eriksson-2708-2048x1366.jpg 2048w, https:\/\/www.greenpeace.org\/static\/planet4-finland-stateless\/2019\/01\/6d186559-gp_suomi_jana_eriksson-2708-510x340.jpg 510w\" sizes=\"auto, (max-width: 3000px) 100vw, 3000px\" data-image-size=\"post-thumbnail\" data-stateless-media-bucket=\"planet4-finland-stateless\" data-stateless-media-name=\"2019\/01\/6d186559-gp_suomi_jana_eriksson-2708.jpg\" \/><\/figure>\n\n\n<div class=\"wp-block-group group-stretched-link is-layout-flow wp-block-group-is-layout-flow\"><div class=\"wp-block-post-terms\">Greenpeace<\/div>\n\n<h3 class=\"wp-block-post-title\"><a href=\"https:\/\/www.greenpeace.org\/finland\/toimi\/vapaaehtoiset\/\" target=\"_self\" >Tule vapaaehtoiseksi ja muuta maailmaa<\/a><\/h3>\n\n<div class=\"wp-block-post-excerpt\"><p class=\"wp-block-post-excerpt__excerpt\">Liity kansainv\u00e4liseen yhteis\u00f6\u00f6n, joka puolustaa ymp\u00e4rist\u00f6\u00e4 meill\u00e4 ja maailmalla. Saat uusia kokemuksia, yst\u00e4vi\u00e4, k\u00e4yt\u00e4nn\u00f6n taitoja ja koulutusta. <\/p><\/div><\/div>\n\n\n\n<div class=\"wp-block-group read-more-nav is-layout-flow wp-block-group-is-layout-flow\"><a href=\"https:\/\/www.greenpeace.org\/finland\/toimi\/vapaaehtoiset\/\" class=\"btn btn-primary btn-small\" aria-label=\"Tule mukaan\">Tule mukaan<\/a><\/div>\n\n<\/li><li class=\"wp-block-post post-54963 page type-page status-publish has-post-thumbnail hentry category-energia category-greenpeace category-ilmastonmuutos category-meret category-metsat tag-kansalaistottelemattomuus\">\n<figure class=\"wp-block-post-featured-image\"><img loading=\"lazy\" decoding=\"async\" width=\"800\" height=\"450\" src=\"https:\/\/www.greenpeace.org\/static\/planet4-finland-stateless\/2023\/07\/ff64498d-09_topten_gp1sx8x8.webp\" class=\"attachment-post-thumbnail size-post-thumbnail wp-post-image wp-stateless-item\" alt=\"Greenpeacen aktivistit kaupunkimaisemassa pitelem\u00e4ss\u00e4 rauhaan viittaavia bannereita.\" style=\"object-fit:cover;\" srcset=\"https:\/\/www.greenpeace.org\/static\/planet4-finland-stateless\/2023\/07\/ff64498d-09_topten_gp1sx8x8.webp 800w, https:\/\/www.greenpeace.org\/static\/planet4-finland-stateless\/2023\/07\/ff64498d-09_topten_gp1sx8x8-300x169.webp 300w, https:\/\/www.greenpeace.org\/static\/planet4-finland-stateless\/2023\/07\/ff64498d-09_topten_gp1sx8x8-768x432.webp 768w, https:\/\/www.greenpeace.org\/static\/planet4-finland-stateless\/2023\/07\/ff64498d-09_topten_gp1sx8x8-510x287.webp 510w\" sizes=\"auto, (max-width: 800px) 100vw, 800px\" data-image-size=\"post-thumbnail\" data-stateless-media-bucket=\"planet4-finland-stateless\" data-stateless-media-name=\"2023\/07\/ff64498d-09_topten_gp1sx8x8.webp\" \/><\/figure>\n\n\n<div class=\"wp-block-group group-stretched-link is-layout-flow wp-block-group-is-layout-flow\"><div class=\"wp-block-post-terms\">Energia<\/div>\n\n<h3 class=\"wp-block-post-title\"><a href=\"https:\/\/www.greenpeace.org\/finland\/toimi\/tule-greenpeacen-aktivisti\/\" target=\"_self\" >Tule Greenpeacen aktivistiksi<\/a><\/h3>\n\n<div class=\"wp-block-post-excerpt\"><p class=\"wp-block-post-excerpt__excerpt\">Yli 50 vuoden ajan Greenpeacen aktivistit ovat k\u00e4ytt\u00e4neet rauhanomaisia keinoja ja suoraa toimintaa puolustaakseen planeettaamme. Tule mukaan! <\/p><\/div><\/div>\n\n\n\n<div class=\"wp-block-group read-more-nav is-layout-flow wp-block-group-is-layout-flow\"><a href=\"https:\/\/www.greenpeace.org\/finland\/toimi\/tule-greenpeacen-aktivisti\/\" class=\"btn btn-primary btn-small\" aria-label=\"Tule mukaan\">Tule mukaan<\/a><\/div>\n\n<\/li><li class=\"wp-block-post post-54741 page type-page status-publish has-post-thumbnail hentry category-energia category-greenpeace category-ilmastonmuutos category-meret category-metsat tag-osallistu\">\n<figure class=\"wp-block-post-featured-image\"><img loading=\"lazy\" decoding=\"async\" width=\"1200\" height=\"580\" src=\"https:\/\/www.greenpeace.org\/static\/planet4-finland-stateless\/2023\/07\/0d844ba8-hands.jpg\" class=\"attachment-post-thumbnail size-post-thumbnail wp-post-image wp-stateless-item\" alt=\"Ihmisen k\u00e4si pitelee kiinni apinan k\u00e4dest\u00e4.\" style=\"object-fit:cover;\" srcset=\"https:\/\/www.greenpeace.org\/static\/planet4-finland-stateless\/2023\/07\/0d844ba8-hands.jpg 1200w, https:\/\/www.greenpeace.org\/static\/planet4-finland-stateless\/2023\/07\/0d844ba8-hands-300x145.jpg 300w, https:\/\/www.greenpeace.org\/static\/planet4-finland-stateless\/2023\/07\/0d844ba8-hands-1024x495.jpg 1024w, https:\/\/www.greenpeace.org\/static\/planet4-finland-stateless\/2023\/07\/0d844ba8-hands-768x371.jpg 768w, https:\/\/www.greenpeace.org\/static\/planet4-finland-stateless\/2023\/07\/0d844ba8-hands-510x247.jpg 510w\" sizes=\"auto, (max-width: 1200px) 100vw, 1200px\" data-image-size=\"post-thumbnail\" data-stateless-media-bucket=\"planet4-finland-stateless\" data-stateless-media-name=\"2023\/07\/0d844ba8-hands.jpg\" \/><\/figure>\n\n\n<div class=\"wp-block-group group-stretched-link is-layout-flow wp-block-group-is-layout-flow\"><div class=\"wp-block-post-terms\">Energia<\/div>\n\n<h3 class=\"wp-block-post-title\"><a href=\"https:\/\/www.greenpeace.org\/finland\/toimi\/ryhdy-kuukausilahjoittajaksi\/\" target=\"_self\" >Ryhdy kuukausilahjoittajaksi<\/a><\/h3>\n\n<div class=\"wp-block-post-excerpt\"><p class=\"wp-block-post-excerpt__excerpt\">Kuukausilahjoittana tuet ty\u00f6mme pitk\u00e4j\u00e4nteisyytt\u00e4. Kuukausilahjoittajat ovat toimintamme perusta ja yksityisten ihmisten tuki takaa riippumattomuutemme. <\/p><\/div><\/div>\n\n\n\n<div class=\"wp-block-group read-more-nav is-layout-flow wp-block-group-is-layout-flow\"><a href=\"https:\/\/www.greenpeace.org\/finland\/toimi\/ryhdy-kuukausilahjoittajaksi\/\" class=\"btn btn-primary btn-small\" aria-label=\"Tule mukaan\">Tule mukaan<\/a><\/div>\n\n<\/li><li class=\"wp-block-post post-54951 page type-page status-publish has-post-thumbnail hentry category-greenpeace tag-vapaaehtoiset\">\n<figure class=\"wp-block-post-featured-image\"><img loading=\"lazy\" decoding=\"async\" width=\"800\" height=\"533\" src=\"https:\/\/www.greenpeace.org\/static\/planet4-finland-stateless\/2023\/07\/1b407ab5-gp0stto4u_web_size.jpg\" class=\"attachment-post-thumbnail size-post-thumbnail wp-post-image wp-stateless-item\" alt=\"Vihre\u00e4takkiset henkil\u00f6t seisovat lavalla ja ymp\u00e4rille on ker\u00e4\u00e4ntynyt ihmisi\u00e4.\" style=\"object-fit:cover;\" srcset=\"https:\/\/www.greenpeace.org\/static\/planet4-finland-stateless\/2023\/07\/1b407ab5-gp0stto4u_web_size.jpg 800w, https:\/\/www.greenpeace.org\/static\/planet4-finland-stateless\/2023\/07\/1b407ab5-gp0stto4u_web_size-300x200.jpg 300w, https:\/\/www.greenpeace.org\/static\/planet4-finland-stateless\/2023\/07\/1b407ab5-gp0stto4u_web_size-768x512.jpg 768w, https:\/\/www.greenpeace.org\/static\/planet4-finland-stateless\/2023\/07\/1b407ab5-gp0stto4u_web_size-510x340.jpg 510w\" sizes=\"auto, (max-width: 800px) 100vw, 800px\" data-image-size=\"post-thumbnail\" data-stateless-media-bucket=\"planet4-finland-stateless\" data-stateless-media-name=\"2023\/07\/1b407ab5-gp0stto4u_web_size.jpg\" \/><\/figure>\n\n\n<div class=\"wp-block-group group-stretched-link is-layout-flow wp-block-group-is-layout-flow\"><div class=\"wp-block-post-terms\">Greenpeace<\/div>\n\n<h3 class=\"wp-block-post-title\"><a href=\"https:\/\/www.greenpeace.org\/finland\/toimi\/kutsu-greenpeace-puhumaan\/\" target=\"_self\" >Kutsu Greenpeace puhumaan<\/a><\/h3>\n\n<div class=\"wp-block-post-excerpt\"><p class=\"wp-block-post-excerpt__excerpt\">Tarjoamme kouluille, yrityksille ja muille tahoille maksuttomia vierailuja, luentoja ja ty\u00f6pajoja Greenpeacen toiminnasta ja ymp\u00e4rist\u00f6aiheista. <\/p><\/div><\/div>\n\n\n\n<div class=\"wp-block-group read-more-nav is-layout-flow wp-block-group-is-layout-flow\"><a href=\"https:\/\/www.greenpeace.org\/finland\/toimi\/kutsu-greenpeace-puhumaan\/\" class=\"btn btn-primary btn-small\" aria-label=\"Tule mukaan\">Tule mukaan<\/a><\/div>\n\n<\/li><li class=\"wp-block-post post-62003 page type-page status-publish has-post-thumbnail hentry category-metsat tag-luonnonmetsa tag-osallistu tag-ilmastopolitiikka\">\n<figure class=\"wp-block-post-featured-image\"><img loading=\"lazy\" decoding=\"async\" width=\"1200\" height=\"1000\" src=\"https:\/\/www.greenpeace.org\/static\/planet4-finland-stateless\/2026\/04\/47585c08-sami_sorasalmi_multala_banners.png\" class=\"attachment-post-thumbnail size-post-thumbnail wp-post-image wp-stateless-item\" alt=\"\" style=\"object-fit:cover;\" srcset=\"https:\/\/www.greenpeace.org\/static\/planet4-finland-stateless\/2026\/04\/47585c08-sami_sorasalmi_multala_banners.png 1200w, https:\/\/www.greenpeace.org\/static\/planet4-finland-stateless\/2026\/04\/47585c08-sami_sorasalmi_multala_banners-300x250.png 300w, https:\/\/www.greenpeace.org\/static\/planet4-finland-stateless\/2026\/04\/47585c08-sami_sorasalmi_multala_banners-1024x853.png 1024w, https:\/\/www.greenpeace.org\/static\/planet4-finland-stateless\/2026\/04\/47585c08-sami_sorasalmi_multala_banners-768x640.png 768w, https:\/\/www.greenpeace.org\/static\/planet4-finland-stateless\/2026\/04\/47585c08-sami_sorasalmi_multala_banners-408x340.png 408w\" sizes=\"auto, (max-width: 1200px) 100vw, 1200px\" data-image-size=\"post-thumbnail\" data-stateless-media-bucket=\"planet4-finland-stateless\" data-stateless-media-name=\"2026\/04\/47585c08-sami_sorasalmi_multala_banners.png\" \/><\/figure>\n\n\n<div class=\"wp-block-group group-stretched-link is-layout-flow wp-block-group-is-layout-flow\"><div class=\"wp-block-post-terms\">Mets\u00e4t<\/div>\n\n<h3 class=\"wp-block-post-title\"><a href=\"https:\/\/www.greenpeace.org\/finland\/toimi\/ministeri-multala-puolusta-metsia\/\" target=\"_self\" >Ministeri Multala, puolusta metsi\u00e4!<\/a><\/h3>\n\n<div class=\"wp-block-post-excerpt\"><p class=\"wp-block-post-excerpt__excerpt\">Maa- ja mets\u00e4talousministeri\u00f6 aikoo muuttaa boreaalisen luonnonmets\u00e4n ik\u00e4m\u00e4\u00e4ritelm\u00e4\u00e4. T\u00e4m\u00e4 olisi Suomen luonnolle tuhoisa p\u00e4\u00e4t\u00f6s, joka on pys\u00e4ytett\u00e4v\u00e4. <\/p><\/div><\/div>\n\n\n\n<div class=\"wp-block-group read-more-nav is-layout-flow wp-block-group-is-layout-flow\"><a href=\"https:\/\/www.greenpeace.org\/finland\/toimi\/ministeri-multala-puolusta-metsia\/\" class=\"btn btn-primary btn-small\" aria-label=\"Tule mukaan\">Tule mukaan<\/a><\/div>\n\n<\/li><\/ul>\n\n\n<nav aria-label=\"Actions List carousel controls\" class=\"wp-block-group carousel-controls is-layout-flow wp-block-group-is-layout-flow\">\n<div class=\"wp-block-buttons is-horizontal is-content-justification-space-between is-nowrap is-layout-flex wp-container-core-buttons-is-layout-044bd602 wp-block-buttons-is-layout-flex\">\n<div class=\"wp-block-button carousel-control-prev\"><button type=\"button\" class=\"wp-block-button__link wp-element-button\">Previous Carousel Slide<\/button><\/div>\n\n\n\n<div class=\"wp-block-button carousel-control-next\"><button type=\"button\" class=\"wp-block-button__link wp-element-button\">Next Carousel Slide<\/button><\/div>\n<\/div>\n<\/nav>\n\n\n\n<div class=\"wp-block-buttons load-more-actions-container is-content-justification-center is-layout-flex wp-container-core-buttons-is-layout-16018d1d wp-block-buttons-is-layout-flex\">\n<div class=\"wp-block-button is-style-secondary\"><button type=\"button\" class=\"wp-block-button__link wp-element-button\">Load more<\/button><\/div>\n<\/div>\n<\/div>\n","protected":false},"excerpt":{"rendered":"","protected":false},"author":41,"featured_media":62340,"parent":9,"menu_order":0,"comment_status":"closed","ping_status":"closed","template":"","meta":{"_improvement_type_select":"improve_an_existing","_thumb_yes_seoaic":false,"_frame_yes_seoaic":false,"seoaic_generate_description":"","seoaic_improve_instructions_prompt":"","seoaic_rollback_content_improvement":"","seoaic_idea_thumbnail_generator":"","thumbnail_generated":false,"thumbnail_generate_prompt":"","seoaic_article_description":"","ep_exclude_from_search":false,"p4_hide_page_title_checkbox":"on","p4_title":"","p4_subtitle":"","p4_description":"","background_image_id":"","background_image":"","p4_button_title":"","p4_button_link":"","p4_button_link_checkbox":"","p4_og_title":"","p4_og_description":"","p4_og_image":"","p4_og_image_id":"","p4_seo_canonical_url":"","p4_campaign_name":"","p4_local_project":"","p4_basket_name":"","p4_department":"","footnotes":""},"categories":[],"tags":[],"class_list":["post-62138","page","type-page","status-publish","has-post-thumbnail","hentry"],"_links":{"self":[{"href":"https:\/\/www.greenpeace.org\/finland\/wp-json\/wp\/v2\/pages\/62138","targetHints":{"allow":["GET"]}}],"collection":[{"href":"https:\/\/www.greenpeace.org\/finland\/wp-json\/wp\/v2\/pages"}],"about":[{"href":"https:\/\/www.greenpeace.org\/finland\/wp-json\/wp\/v2\/types\/page"}],"author":[{"embeddable":true,"href":"https:\/\/www.greenpeace.org\/finland\/wp-json\/wp\/v2\/users\/41"}],"replies":[{"embeddable":true,"href":"https:\/\/www.greenpeace.org\/finland\/wp-json\/wp\/v2\/comments?post=62138"}],"version-history":[{"count":20,"href":"https:\/\/www.greenpeace.org\/finland\/wp-json\/wp\/v2\/pages\/62138\/revisions"}],"predecessor-version":[{"id":62541,"href":"https:\/\/www.greenpeace.org\/finland\/wp-json\/wp\/v2\/pages\/62138\/revisions\/62541"}],"up":[{"embeddable":true,"href":"https:\/\/www.greenpeace.org\/finland\/wp-json\/wp\/v2\/pages\/9"}],"wp:featuredmedia":[{"embeddable":true,"href":"https:\/\/www.greenpeace.org\/finland\/wp-json\/wp\/v2\/media\/62340"}],"wp:attachment":[{"href":"https:\/\/www.greenpeace.org\/finland\/wp-json\/wp\/v2\/media?parent=62138"}],"wp:term":[{"taxonomy":"category","embeddable":true,"href":"https:\/\/www.greenpeace.org\/finland\/wp-json\/wp\/v2\/categories?post=62138"},{"taxonomy":"post_tag","embeddable":true,"href":"https:\/\/www.greenpeace.org\/finland\/wp-json\/wp\/v2\/tags?post=62138"}],"curies":[{"name":"wp","href":"https:\/\/api.w.org\/{rel}","templated":true}]}}