{"id":10002,"date":"2022-10-27T14:23:28","date_gmt":"2022-10-27T12:23:28","guid":{"rendered":"https:\/\/www.greenpeace.org\/hungary\/?page_id=10002"},"modified":"2024-03-26T12:40:12","modified_gmt":"2024-03-26T11:40:12","slug":"napenergiat-a-magyar-csaladoknak","status":"publish","type":"page","link":"https:\/\/www.greenpeace.org\/hungary\/cselekedj\/napenergiat-a-magyar-csaladoknak\/","title":{"rendered":"Napenergi\u00e1t a magyar csal\u00e1doknak!"},"content":{"rendered":"\n                    <div class=\"wp-block-group is-vertical is-layout-flex wp-container-core-group-is-layout-8cf370e7 wp-block-group-is-layout-flex\">\n                    \n\n                    \n                    <\/div>\n                    \n<script type=\"text\/javascript\">window.location.href = \"https:\/\/sites.greenpeace.hu\/peticio\/napenergiat-a-magyar-csaladoknak\/\"<\/script>\n","protected":false},"excerpt":{"rendered":"<p>Az energia- \u00e9s kl\u00edmav\u00e1ls\u00e1gban cs\u00f6kkenteni kell Magyarorsz\u00e1g energiaf\u00fcgg\u0151s\u00e9g\u00e9t! Ha szerinted is fontos, hogy tov\u00e1bbra is kisz\u00e1m\u00edthat\u00f3an folyhassanak a napenergi\u00e1s fejleszt\u00e9sek, akkor \u00edrd al\u00e1 a pet\u00edci\u00f3nkat!<\/p>\n","protected":false},"author":25,"featured_media":9999,"parent":9,"menu_order":0,"comment_status":"closed","ping_status":"closed","template":"","meta":{"ep_exclude_from_search":false,"p4_hide_page_title_checkbox":"","p4_title":"","p4_subtitle":"","p4_description":"","background_image_id":"","background_image":"","p4_button_title":"","p4_button_link":"","p4_button_link_checkbox":"","p4_og_title":"","p4_og_description":"","p4_og_image":"","p4_og_image_id":"","p4_seo_canonical_url":"","p4_campaign_name":"not set","p4_local_project":"not set","p4_basket_name":"not set","p4_department":"","footnotes":""},"categories":[2],"tags":[22],"class_list":["post-10002","page","type-page","status-publish","has-post-thumbnail","hentry","category-klima-energia","tag-megujulok"],"_links":{"self":[{"href":"https:\/\/www.greenpeace.org\/hungary\/wp-json\/wp\/v2\/pages\/10002","targetHints":{"allow":["GET"]}}],"collection":[{"href":"https:\/\/www.greenpeace.org\/hungary\/wp-json\/wp\/v2\/pages"}],"about":[{"href":"https:\/\/www.greenpeace.org\/hungary\/wp-json\/wp\/v2\/types\/page"}],"author":[{"embeddable":true,"href":"https:\/\/www.greenpeace.org\/hungary\/wp-json\/wp\/v2\/users\/25"}],"replies":[{"embeddable":true,"href":"https:\/\/www.greenpeace.org\/hungary\/wp-json\/wp\/v2\/comments?post=10002"}],"version-history":[{"count":2,"href":"https:\/\/www.greenpeace.org\/hungary\/wp-json\/wp\/v2\/pages\/10002\/revisions"}],"predecessor-version":[{"id":10888,"href":"https:\/\/www.greenpeace.org\/hungary\/wp-json\/wp\/v2\/pages\/10002\/revisions\/10888"}],"up":[{"embeddable":true,"href":"https:\/\/www.greenpeace.org\/hungary\/wp-json\/wp\/v2\/pages\/9"}],"wp:featuredmedia":[{"embeddable":true,"href":"https:\/\/www.greenpeace.org\/hungary\/wp-json\/wp\/v2\/media\/9999"}],"wp:attachment":[{"href":"https:\/\/www.greenpeace.org\/hungary\/wp-json\/wp\/v2\/media?parent=10002"}],"wp:term":[{"taxonomy":"category","embeddable":true,"href":"https:\/\/www.greenpeace.org\/hungary\/wp-json\/wp\/v2\/categories?post=10002"},{"taxonomy":"post_tag","embeddable":true,"href":"https:\/\/www.greenpeace.org\/hungary\/wp-json\/wp\/v2\/tags?post=10002"}],"curies":[{"name":"wp","href":"https:\/\/api.w.org\/{rel}","templated":true}]}}

Napenergiát a magyar családoknak!

<p>Az energia- és klímaválságban csökkenteni kell Magyarország energiafüggőségét! Ha szerinted is fontos, hogy továbbra is kiszámíthatóan folyhassanak a napenergiás fejlesztések, akkor írd alá a petíciónkat!</p>
