{"id":10039,"date":"2022-11-23T09:29:08","date_gmt":"2022-11-23T08:29:08","guid":{"rendered":"https:\/\/www.greenpeace.org\/hungary\/?page_id=10039"},"modified":"2024-03-26T12:40:11","modified_gmt":"2024-03-26T11:40:11","slug":"mentsuk-meg-a-karpatok-erdeit","status":"publish","type":"page","link":"https:\/\/www.greenpeace.org\/hungary\/cselekedj\/mentsuk-meg-a-karpatok-erdeit\/","title":{"rendered":"Ments\u00fck meg a K\u00e1rp\u00e1tok erdeit!"},"content":{"rendered":"\n                    <div class=\"wp-block-group is-vertical is-layout-flex wp-container-core-group-is-layout-8cf370e7 wp-block-group-is-layout-flex\">\n                    \n\n                    \n                    <\/div>\n                    \n<script type=\"text\/javascript\">window.location.href = \"https:\/\/sites.greenpeace.hu\/peticio\/mentsuk-meg-a-karpatok-erdeit\/\"<\/script>\n","protected":false},"excerpt":{"rendered":"<p>V\u00e9dj\u00fck meg a K\u00e1rp\u00e1tok erdeit, Eur\u00f3pa vadvil\u00e1g\u00e1nak utols\u00f3 mened\u00e9k\u00e9t. \u00c1llj ki az\u00e9rt, hogy betilts\u00e1k a felel\u0151tlen fakitermel\u00e9st \u00e9s az \u00faj erd\u00e9szeti utak l\u00e9tes\u00edt\u00e9s\u00e9t a K\u00e1rp\u00e1tok erdeiben!<\/p>\n","protected":false},"author":25,"featured_media":10040,"parent":9,"menu_order":0,"comment_status":"closed","ping_status":"closed","template":"","meta":{"ep_exclude_from_search":false,"p4_hide_page_title_checkbox":"","p4_title":"","p4_subtitle":"","p4_description":"","background_image_id":"","background_image":"","p4_button_title":"","p4_button_link":"","p4_button_link_checkbox":"","p4_og_title":"","p4_og_description":"","p4_og_image":"","p4_og_image_id":"","p4_seo_canonical_url":"","p4_campaign_name":"not set","p4_local_project":"not set","p4_basket_name":"not set","p4_department":"","footnotes":""},"categories":[3],"tags":[20,29],"class_list":["post-10039","page","type-page","status-publish","has-post-thumbnail","hentry","category-termeszet-kornyezet","tag-elovilag","tag-erdo"],"_links":{"self":[{"href":"https:\/\/www.greenpeace.org\/hungary\/wp-json\/wp\/v2\/pages\/10039","targetHints":{"allow":["GET"]}}],"collection":[{"href":"https:\/\/www.greenpeace.org\/hungary\/wp-json\/wp\/v2\/pages"}],"about":[{"href":"https:\/\/www.greenpeace.org\/hungary\/wp-json\/wp\/v2\/types\/page"}],"author":[{"embeddable":true,"href":"https:\/\/www.greenpeace.org\/hungary\/wp-json\/wp\/v2\/users\/25"}],"replies":[{"embeddable":true,"href":"https:\/\/www.greenpeace.org\/hungary\/wp-json\/wp\/v2\/comments?post=10039"}],"version-history":[{"count":2,"href":"https:\/\/www.greenpeace.org\/hungary\/wp-json\/wp\/v2\/pages\/10039\/revisions"}],"predecessor-version":[{"id":10887,"href":"https:\/\/www.greenpeace.org\/hungary\/wp-json\/wp\/v2\/pages\/10039\/revisions\/10887"}],"up":[{"embeddable":true,"href":"https:\/\/www.greenpeace.org\/hungary\/wp-json\/wp\/v2\/pages\/9"}],"wp:featuredmedia":[{"embeddable":true,"href":"https:\/\/www.greenpeace.org\/hungary\/wp-json\/wp\/v2\/media\/10040"}],"wp:attachment":[{"href":"https:\/\/www.greenpeace.org\/hungary\/wp-json\/wp\/v2\/media?parent=10039"}],"wp:term":[{"taxonomy":"category","embeddable":true,"href":"https:\/\/www.greenpeace.org\/hungary\/wp-json\/wp\/v2\/categories?post=10039"},{"taxonomy":"post_tag","embeddable":true,"href":"https:\/\/www.greenpeace.org\/hungary\/wp-json\/wp\/v2\/tags?post=10039"}],"curies":[{"name":"wp","href":"https:\/\/api.w.org\/{rel}","templated":true}]}}