{"id":238,"date":"2018-05-14T12:47:19","date_gmt":"2018-05-14T10:47:19","guid":{"rendered":"https:\/\/k8s.p4.greenpeace.org\/defaultcontent\/?page_id=238"},"modified":"2025-06-06T10:31:35","modified_gmt":"2025-06-06T08:31:35","slug":"copyright","status":"publish","type":"page","link":"https:\/\/www.greenpeace.org\/hungary\/copyright\/","title":{"rendered":"Copyright"},"content":{"rendered":"\n\n<div class=\"wp-block-group alignfull is-layout-flow wp-block-group-is-layout-flow\">\n<div class=\"wp-block-group container is-layout-flow wp-block-group-is-layout-flow\">\n<div class=\"wp-block-media-text alignfull has-media-on-the-right is-stacked-on-mobile is-pattern-p4-page-header is-style-parallax\"><div class=\"wp-block-media-text__content\">\n<div class=\"wp-block-group is-layout-flow wp-block-group-is-layout-flow\">\n<h1 class=\"wp-block-heading has-white-background-color has-background\">\n                            Szerz\u0151i jogok\n                        <\/h1>\n<\/div>\n\n\n\n<p style=\"font-size:1.25rem\">\n                            A Greenpeace kifejezetten \u00f6szt\u00f6nzi anyagainak, elektronikus term\u00e9keinek\/szolg\u00e1ltat\u00e1sainak haszn\u00e1lat\u00e1t \u00e9s terjeszt\u00e9s\u00e9t, ide\u00e9rtve nev\u00fcnket \u00e9s log\u00f3nkat is. Azonban bizonyos esetekben korl\u00e1tozzuk ezek felhaszn\u00e1l\u00e1s\u00e1t, ez\u00e9rt fontos, hogy megismerje \u00e9s betartsa a k\u00f6vetkez\u0151 felt\u00e9teleket.\n                        <\/p>\n<\/div><figure class=\"wp-block-media-text__media\"><img loading=\"lazy\" decoding=\"async\" width=\"1024\" height=\"682\" src=\"https:\/\/www.greenpeace.org\/static\/planet4-hungary-stateless\/2025\/06\/48a257a0-greenpeace_kate-davison-sm-1024x682.jpg\" alt=\"Kate Davison, a Greenpeace fot\u00f3sa, amint az Arctic Sunrise az antarktiszi j\u00e9gp\u00e1nc\u00e9l mellett pihen. Az Arctic Sunrise a \u201eDefending Our Oceans Tour\u201d (\u00d3ce\u00e1njaink v\u00e9delme) elnevez\u00e9s\u0171 t\u00fara r\u00e9szek\u00e9nt a D\u00e9li-\u00f3ce\u00e1non tart\u00f3zkodik, hogy dokument\u00e1lja \u00e9s megzavarja a b\u00e1lnavad\u00e1szat folytat\u00e1s\u00e1t a D\u00e9li-\u00f3ce\u00e1ni B\u00e1lnav\u00e9delmi Ter\u00fcleten. A Greenpeace minden rendelkez\u00e9sre \u00e1ll\u00f3 b\u00e9k\u00e9s eszk\u00f6zt felhaszn\u00e1l, hogy a vad\u00e1szatnak miel\u0151bb v\u00e9get vessen, \u00e9s hogy ez legyen az utols\u00f3 alkalom, amikor a b\u00e1lnavad\u00e1szok behatolnak a szent\u00e9lybe.\" sizes=\"auto, (min-width: 601px) 50vw, 100vw\" srcset=\"https:\/\/www.greenpeace.org\/static\/planet4-hungary-stateless\/2025\/06\/48a257a0-greenpeace_kate-davison-sm.jpg 1400w, https:\/\/www.greenpeace.org\/static\/planet4-hungary-stateless\/2025\/06\/48a257a0-greenpeace_kate-davison-sm-300x200.jpg 300w, https:\/\/www.greenpeace.org\/static\/planet4-hungary-stateless\/2025\/06\/48a257a0-greenpeace_kate-davison-sm-1024x682.jpg 1024w, https:\/\/www.greenpeace.org\/static\/planet4-hungary-stateless\/2025\/06\/48a257a0-greenpeace_kate-davison-sm-768x512.jpg 768w, https:\/\/www.greenpeace.org\/static\/planet4-hungary-stateless\/2025\/06\/48a257a0-greenpeace_kate-davison-sm-510x340.jpg 510w\" class=\"wp-image-12089 size-full\"\/><\/figure><\/div>\n<\/div>\n<\/div>\n\n<h3>\u00c1ltal\u00e1nos felt\u00e9telek<\/h3>\n<p>A <a href=\"https:\/\/greenpeace.org\/hungary\">greenpeace.org\/hungary<\/a> weboldalon szerepl\u0151 anyagaink szabadon felhaszn\u00e1lhat\u00f3ak szem\u00e9lyes vagy oktat\u00e1si c\u00e9lokra. Ha p\u00e9ld\u00e1ul k\u00e9perny\u0151k\u00e9pet szeretne haszn\u00e1lni egy tank\u00f6nyvben, vagy egy cikk\u00fcnket jelentetn\u00e9 meg k\u00f6z\u00f6ss\u00e9gi h\u00edrlev\u00e9lben, nem sz\u00fcks\u00e9ges k\u00fcl\u00f6n enged\u00e9lyt k\u00e9rnie, amennyiben elolvassa \u00e9s betartja az al\u00e1bbi alapvet\u0151 szab\u00e1lyokat.<\/p>\n<p>Kifejezetten tilos a Greenpeace anyagainak, nev\u00e9nek \u00e9s\/vagy log\u00f3j\u00e1nak haszn\u00e1lata az al\u00e1bbi esetekben:<\/p>\n<ul>\n<li>szem\u00e9lyes vagy v\u00e1llalati nyeres\u00e9g el\u00e9r\u00e9se, kiv\u00e9ve, amennyiben erre a k\u00e9s\u0151bbiekben kifejtett m\u00f3don enged\u00e9lyt adunk;<\/li>\n<li>p\u00e1rtpolitikai hirdet\u00e9s, p\u00e1rtlog\u00f3 felt\u00fcntet\u00e9se a Greenpeace anyagain, a Greenpeace anyagainak szerkesztett felhaszn\u00e1l\u00e1sa b\u00e1rmely p\u00e1rtpolitikai tartalomhoz;<\/li>\n<li>utal\u00e1s arra, hogy a Greenpeace t\u00e1mogatna b\u00e1rmely, k\u00f6zhivatalra p\u00e1ly\u00e1z\u00f3 jel\u00f6ltet;<\/li>\n<li>utal\u00e1s arra, hogy a Greenpeace j\u00f3v\u00e1hagyna vagy t\u00e1mogatna b\u00e1rmely term\u00e9ket, szolg\u00e1ltat\u00e1st vagy szab\u00e1lyoz\u00e1st, an\u00e9lk\u00fcl, hogy ezt a Greenpeace val\u00f3ban kifejezetten j\u00f3v\u00e1hagyta volna;<\/li>\n<li>utal\u00e1s arra, hogy a Greenpeace j\u00f3v\u00e1hagyna vagy kapcsolatban \u00e1llna b\u00e1rmely olyan weboldallal, amely a Greenpeace kiz\u00e1r\u00f3lagos bel\u00e1t\u00e1sa szerint illeg\u00e1lis vagy kifog\u00e1solhat\u00f3 term\u00e9szet\u0171 (ez mag\u00e1ban foglalja az obszc\u00e9n, er\u0151szakos, intoler\u00e1ns, m\u00e1sokat alaptalanul rossz h\u00edrbe hoz\u00f3, valamint a szexu\u00e1lis jelleg\u0171 tartalmakat);<\/li>\n<li>hamisan olyan l\u00e1tszat kelt\u00e9se, hogy \u00d6n a Greenpeace alkalmazottja, \u00fcgyn\u00f6ke, hivatalos sz\u00f3viv\u0151je, illetve a Greenpeace sz\u00e1m\u00e1ra gy\u0171jt adom\u00e1nyokat.<\/li>\n<\/ul>\n<h3>Hivatkoz\u00e1s a honlapunkra<\/h3>\n<p>Nagyon \u00f6r\u00fcl\u00fcnk neki, ha linkeli oldalainkat, ezzel is terjesztve a k\u00f6rnyezet v\u00e9delm\u00e9\u00e9rt folytatott kamp\u00e1nyaink h\u00edr\u00e9t. Ehhez nem kell k\u00fcl\u00f6n enged\u00e9lyt k\u00e9rnie. Sz\u00edvesen l\u00e1tunk mind a f\u0151oldalra, mind b\u00e1rmely kamp\u00e1nyoldalra mutat\u00f3 hivatkoz\u00e1sokat.<\/p>\n<h3>A Greenpeace n\u00e9v \u00e9s log\u00f3 haszn\u00e1lata<\/h3>\n<p>A \u201eGreenpeace\u201d n\u00e9v \u00e9s log\u00f3 a Stichting Greenpeace Council nemzetk\u00f6zileg bejegyzett v\u00e9djegye. A v\u00e9djegy az al\u00e1bbi felt\u00e9telekkel haszn\u00e1lhat\u00f3:<\/p>\n<ul>\n<li>a haszn\u00e1lat kiz\u00e1r\u00f3lag hivatkoz\u00e1sk\u00e9nt, \u00e9s nem kereskedelmi c\u00e9lb\u00f3l t\u00f6rt\u00e9nhet;<\/li>\n<li>a n\u00e9v \u00e9s\/vagy log\u00f3 nem haszn\u00e1lhat\u00f3 annak jelz\u00e9s\u00e9re \u2013 vagy olyan benyom\u00e1s kelt\u00e9s\u00e9re \u2013, hogy a Greenpeace t\u00e1mogat, j\u00f3v\u00e1hagy, szponzor\u00e1l vagy kapcsolatban \u00e1ll b\u00e1rmely term\u00e9kkel, szolg\u00e1ltat\u00e1ssal vagy \u00e1ruval, amely az \u00d6n weboldal\u00e1n el\u00e9rhet\u0151;<\/li>\n<li>a Greenpeace nev\u00e9t \u00e9s\/vagy log\u00f3j\u00e1t tartalmaz\u00f3 bannereket csak a Greenpeace honlapj\u00e1ra mutat\u00f3 hivatkoz\u00e1s c\u00e9lj\u00e1b\u00f3l szabad haszn\u00e1lni, \u00e9s a hivatkoz\u00e1snak mindig akt\u00edvnak kell lennie;<\/li>\n<li>a n\u00e9v \u00e9s\/vagy log\u00f3 nem kombin\u00e1lhat\u00f3 m\u00e1s grafikai elemekkel, tov\u00e1bb\u00e1 semmilyen m\u00f3don nem m\u00f3dos\u00edthat\u00f3 \u2013 ide\u00e9rtve a m\u00e9retet, az ar\u00e1nyokat, a bet\u0171t\u00edpust, a diz\u00e1jnt, az elrendez\u00e9st, valamint az elemek sz\u00edn\u00e9t. A n\u00e9v \u00e9s\/vagy log\u00f3 nem lehet anim\u00e1lva, effektezve, vagy b\u00e1rmilyen m\u00f3don \u2013 ak\u00e1r elrendez\u00e9s\u00e9t, ak\u00e1r megjelen\u00e9s\u00e9t tekintve \u2013 eltorz\u00edtva;<\/li>\n<li>a n\u00e9v \u00e9s\/vagy log\u00f3 nem jelenhet meg hangs\u00falyosabban, mint az \u00d6n saj\u00e1t weboldal\u00e1nak neve.<\/li>\n<\/ul>\n<p>Amennyiben haszn\u00e1lja a log\u00f3t, k\u00e9rj\u00fck, t\u00fcntesse fel a \u201eTrademark of Stichting Greenpeace Council\u201d vagy a \u201eStichting Greenpeace Council v\u00e9djegye\u201d sz\u00f6veget a k\u00e9p \u201ealt\u201d c\u00edmk\u00e9jek\u00e9nt, vagy l\u00e1that\u00f3 m\u00f3don helyezze el ezt a sz\u00f6veget az oldalon.<\/p>\n<p>A v\u00e9djegy a Greenpeace kiz\u00e1r\u00f3lagos tulajdon\u00e1ban marad, \u00e9s a felhaszn\u00e1l\u00e1ssal \u00d6n kijelenti, hogy semmilyen m\u00f3don nem k\u00eds\u00e9rli meg regisztr\u00e1ltatni a v\u00e9djegyet.<\/p>\n<h3>Cikkek \u00e9s sz\u00f6vegek<\/h3>\n<p>A Greenpeace \u00e1ltal k\u00e9sz\u00edtett cikkek \u00e9s sz\u00f6vegek szem\u00e9lyes vagy oktat\u00e1si c\u00e9lra szabadon haszn\u00e1lhat\u00f3ak. K\u00e9rj\u00fck, haszn\u00e1lat eset\u00e9n t\u00fcntesse fel egy megjegyz\u00e9sben a \u201eForr\u00e1s: Greenpeace (https:\/\/greenpeace.org)\u201d sz\u00f6veget, \u00e9s az \u00e1tvett anyag tartalmazza a cikk vagy sz\u00f6veg eredeti szerz\u0151j\u00e9t \u00e9s szerz\u0151i jogi inform\u00e1ci\u00f3it.<\/p>\n<p>A harmadik szem\u00e9lyt\u0151l sz\u00e1rmaz\u00f3 cikkek \u00e9s sz\u00f6vegek a harmadik szem\u00e9ly szellemi tulajdon\u00e1t k\u00e9pezik, ez\u00e9rt ezek haszn\u00e1lat\u00e1ra az eredeti forr\u00e1st\u00f3l kell enged\u00e9lyt k\u00e9rni.<\/p>\n<h3>K\u00e9pek<\/h3>\n<p>Ha a szerz\u0151i jogra vonatkoz\u00f3 inform\u00e1ci\u00f3 nem \u00e1ll rendelkez\u00e9sre sem a k\u00eds\u00e9r\u0151 feliratban, sem mag\u00e1n a k\u00e9pen, akkor kattintson a k\u00e9pre jobb eg\u00e9rgombbal, \u00e9s a \u201eVizsg\u00e1lat\u201d vagy \u201eInform\u00e1ci\u00f3k megtekint\u00e9se\u201d men\u00fcpontot kiv\u00e1lasztva tal\u00e1lhatja meg a vonatkoz\u00f3 adatokat.<\/p>\n<p>\u00a9 = Minden jog fenntartva a megnevezett term\u00e9szetes vagy jogi szem\u00e9ly(ek)nek. A haszn\u00e1lt szimb\u00f3lumok\/licencek magyar\u00e1zata \u00e9s az ezekb\u0151l sz\u00e1rmaztatott jogok le\u00edr\u00e1sa <a href=\"https:\/\/creativecommons.org\/share-your-work\/licensing-types-examples\/\" target=\"_blank\" rel=\"noopener noreferrer\">itt tal\u00e1lhat\u00f3<\/a>.<\/p>\n<p>Let\u00f6lthet\u0151 k\u00e9pek el\u00e9r\u00e9s\u00e9hez \u00e9s licencekkel vagy szerz\u0151i joggal kapcsolatos k\u00e9rd\u00e9sek eset\u00e9n l\u00e1togasson el a <a href=\"https:\/\/media.greenpeace.org\/\" target=\"_blank\" rel=\"noopener noreferrer\">media.greenpeace.org<\/a> oldalra.<\/p>\n<p>B\u00e1rmely m\u00e1s c\u00e9lra t\u00f6rt\u00e9n\u0151 haszn\u00e1lathoz (p\u00e9ld\u00e1ul szem\u00e9lyes vagy v\u00e1llalati haszon el\u00e9r\u00e9s\u00e9hez) k\u00fcl\u00f6n enged\u00e9ly sz\u00fcks\u00e9ges a Greenpeace <a href=\"https:\/\/media.greenpeace.org\/\" target=\"_blank\" rel=\"noopener noreferrer\">nemzetk\u00f6zi fot\u00f3- \u00e9s vide\u00f3t\u00e1r\u00e1t\u00f3l<\/a>. A Greenpeace k\u00e9peinek enged\u00e9ly n\u00e9lk\u00fcli kereskedelmi felhaszn\u00e1l\u00e1sa szerz\u0151i \u00e9s egy\u00e9b jogokat s\u00e9rthet!<\/p>\n<p>Az \u00fajs\u00e1g\u00edr\u00f3k \u00e9s \u00fcgyn\u00f6ks\u00e9gek sz\u00e1m\u00e1ra a weboldalunkon k\u00f6zz\u00e9tett, nyomdai min\u0151s\u00e9g\u0171 (k\u00f6r\u00fclbel\u00fcl 8 megab\u00e1jt m\u00e9ret\u0171) h\u00edrfot\u00f3kat 14 napon bel\u00fcli felhaszn\u00e1l\u00e1sra sz\u00e1njuk. Archiv\u00e1l\u00e1suk \u00e9s\/vagy viszontelad\u00e1suk szigor\u00faan tilos. A 14 nap letelte ut\u00e1n, k\u00e9rj\u00fck, <a href=\"https:\/\/media.greenpeace.org\/ContactUs\" target=\"_blank\" rel=\"noopener noreferrer\">vegye fel vel\u00fcnk a kapcsolatot<\/a> az enged\u00e9ly\u00e9rt.<\/p>\n<h3>Vide\u00f3<\/h3>\n<p>A vide\u00f3k haszn\u00e1lata ugyanolyan felt\u00e9telekhez k\u00f6t\u00f6tt, mint a fentebb eml\u00edtett anyagok\u00e9. Mindazon\u00e1ltal, k\u00e9rj\u00fck vegye figyelembe, hogy nem minden vide\u00f3nk t\u00f6lthet\u0151 le a honlapunkr\u00f3l.<\/p>\n","protected":false},"excerpt":{"rendered":"<p>\u00c1ltal\u00e1nos felt\u00e9telek A greenpeace.org\/hungary weboldalon szerepl\u0151 anyagaink szabadon felhaszn\u00e1lhat\u00f3ak szem\u00e9lyes vagy oktat\u00e1si c\u00e9lokra. Ha p\u00e9ld\u00e1ul k\u00e9perny\u0151k\u00e9pet szeretne haszn\u00e1lni egy tank\u00f6nyvben, vagy egy cikk\u00fcnket jelentetn\u00e9 meg k\u00f6z\u00f6ss\u00e9gi h\u00edrlev\u00e9lben, nem sz\u00fcks\u00e9ges k\u00fcl\u00f6n enged\u00e9lyt k\u00e9rnie, amennyiben elolvassa \u00e9s betartja az al\u00e1bbi alapvet\u0151 szab\u00e1lyokat. Kifejezetten tilos a Greenpeace anyagainak, nev\u00e9nek \u00e9s\/vagy log\u00f3j\u00e1nak haszn\u00e1lata az al\u00e1bbi esetekben: szem\u00e9lyes vagy v\u00e1llalati [&hellip;]<\/p>\n","protected":false},"author":1,"featured_media":12089,"parent":0,"menu_order":0,"comment_status":"closed","ping_status":"closed","template":"page-templates\/evergreen.php","meta":{"ep_exclude_from_search":false,"p4_hide_page_title_checkbox":"on","p4_title":"","p4_subtitle":"","p4_description":"","background_image_id":"","background_image":"","p4_button_title":"","p4_button_link":"","p4_button_link_checkbox":"","p4_og_title":"","p4_og_description":"","p4_og_image":"","p4_og_image_id":"","p4_seo_canonical_url":"","p4_campaign_name":"not set","p4_local_project":"not set","p4_basket_name":"not set","p4_department":"","footnotes":""},"categories":[],"tags":[],"class_list":["post-238","page","type-page","status-publish","has-post-thumbnail","hentry"],"_links":{"self":[{"href":"https:\/\/www.greenpeace.org\/hungary\/wp-json\/wp\/v2\/pages\/238","targetHints":{"allow":["GET"]}}],"collection":[{"href":"https:\/\/www.greenpeace.org\/hungary\/wp-json\/wp\/v2\/pages"}],"about":[{"href":"https:\/\/www.greenpeace.org\/hungary\/wp-json\/wp\/v2\/types\/page"}],"author":[{"embeddable":true,"href":"https:\/\/www.greenpeace.org\/hungary\/wp-json\/wp\/v2\/users\/1"}],"replies":[{"embeddable":true,"href":"https:\/\/www.greenpeace.org\/hungary\/wp-json\/wp\/v2\/comments?post=238"}],"version-history":[{"count":8,"href":"https:\/\/www.greenpeace.org\/hungary\/wp-json\/wp\/v2\/pages\/238\/revisions"}],"predecessor-version":[{"id":12090,"href":"https:\/\/www.greenpeace.org\/hungary\/wp-json\/wp\/v2\/pages\/238\/revisions\/12090"}],"wp:featuredmedia":[{"embeddable":true,"href":"https:\/\/www.greenpeace.org\/hungary\/wp-json\/wp\/v2\/media\/12089"}],"wp:attachment":[{"href":"https:\/\/www.greenpeace.org\/hungary\/wp-json\/wp\/v2\/media?parent=238"}],"wp:term":[{"taxonomy":"category","embeddable":true,"href":"https:\/\/www.greenpeace.org\/hungary\/wp-json\/wp\/v2\/categories?post=238"},{"taxonomy":"post_tag","embeddable":true,"href":"https:\/\/www.greenpeace.org\/hungary\/wp-json\/wp\/v2\/tags?post=238"}],"curies":[{"name":"wp","href":"https:\/\/api.w.org\/{rel}","templated":true}]}}