{"id":4317,"date":"2019-05-23T08:36:32","date_gmt":"2019-05-23T06:36:32","guid":{"rendered":"https:\/\/www.greenpeace.org\/hungary\/?page_id=4317"},"modified":"2024-03-26T12:40:45","modified_gmt":"2024-03-26T11:40:45","slug":"kerdesek-es-valaszok-a-greenpeace-buszokkal-kapcsolatos-legszennyezesmereserol","status":"publish","type":"page","link":"https:\/\/www.greenpeace.org\/hungary\/cselekedj\/tiszta-levegot\/kerdesek-es-valaszok-a-greenpeace-buszokkal-kapcsolatos-legszennyezesmereserol\/","title":{"rendered":"K\u00e9rd\u00e9sek \u00e9s v\u00e1laszok a Greenpeace buszokkal kapcsolatos l\u00e9gszennyez\u00e9sm\u00e9r\u00e9s\u00e9r\u0151l"},"content":{"rendered":"\n                    <div class=\"wp-block-group is-vertical is-layout-flex wp-container-core-group-is-layout-8cf370e7 wp-block-group-is-layout-flex\">\n                    \n                                <p>F\u0151v\u00e1rosi buszmeg\u00e1ll\u00f3kban m\u00e9rte a leveg\u0151 szennyezetts\u00e9g\u00e9t a Greenpeace Magyarorsz\u00e1g, hogy felh\u00edvja a figyelmet: csak modern, tiszta k\u00f6z\u00f6ss\u00e9gi k\u00f6zleked\u00e9ssel tudjuk felvenni a harcot a kl\u00edmav\u00e1ls\u00e1ggal. A m\u00e9r\u00e9sekb\u0151l kider\u00fclt: a meg\u00e1ll\u00f3kban ak\u00e1r k\u00e9t-h\u00e1romszor nagyobb lehet a nitrog\u00e9ndioxid-szennyezetts\u00e9g, mint a hivatalos m\u00e9r\u0151\u00e1llom\u00e1sokon.<\/p>\n                            \n\n                    \n                    <\/div>\n                    <h3>Mi\u00e9rt pont a buszok szennyez\u00e9s\u00e9t m\u00e9rte a Greenpeace Magyarorsz\u00e1g?<\/h3>\n<p>Mindenk\u00e9ppen a k\u00f6z\u00f6ss\u00e9gi k\u00f6zleked\u00e9s p\u00e1rtj\u00e1n vagyunk, ezzel cs\u00f6kkenthet\u0151 a forgalom \u00e9s tehet\u0151ek min\u00e9l gyorsabban \u00e9lhet\u0151v\u00e9 v\u00e1rosaink. A c\u00e9l, hogy elt\u0171njenek a r\u00e9gi szennyez\u0151 buszok, \u00e9s min\u00e9l hamarabb el\u00e9rj\u00fck, hogy a v\u00e1rosban nem szennyez\u0151, elektromos t\u00f6megk\u00f6zleked\u00e9si j\u00e1rm\u0171vekkel k\u00f6zlekedj\u00fcnk, ker\u00e9kp\u00e1rozzunk, gyalogoljunk, illetve ha aut\u00f3zunk, akkor aut\u00f3megoszt\u00e1st haszn\u00e1ljunk, szint\u00e9n lehet\u0151leg elektromos aut\u00f3kkal.<\/p>\n<h3>Mi\u00e9rt csak a nitrog\u00e9n-dioxidot m\u00e9rte a Greenpeace Magyarorsz\u00e1g?<\/h3>\n<p>A nitrog\u00e9n-dioxid jellemz\u0151en lok\u00e1lis szennyez\u00e9st okoz, azaz a k\u00e1rosanyag-kibocs\u00e1t\u00e1s hely\u00e9n m\u00e9rgezi a leveg\u0151t legink\u00e1bb. Ismert az NO\u2082 szennyez\u00e9s n\u00f6veked\u00e9se \u00e9s az eg\u00e9szs\u00e9g\u00fcgyi k\u00e1rok k\u00f6z\u00f6tti \u00f6ssszef\u00fcgg\u00e9s, azonban a g\u00e1z\u00e1larcon k\u00edv\u00fcl nincsen olyan l\u00e9gszennyezetts\u00e9g-sz\u0171r\u0151 maszk, mely megv\u00e9dene az NO\u2082-szennyezetts\u00e9gt\u0151l.<\/p>\n<p>Tov\u00e1bb\u00e1 ez az egyik legjellemz\u0151bb, d\u00edzel j\u00e1rm\u0171vekb\u0151l a leveg\u0151be ker\u00fcl\u0151 szennyez\u0151 anyag. K\u00f6nnyen felvehetj\u00fck ellene a harcot az\u00e1ltal, hogy a v\u00e1rosi k\u00f6zleked\u00e9sb\u0151l fokozatosan kitiltjuk ezeket a szennyez\u0151 j\u00e1rm\u0171veket.<\/p>\n<p>A nitrog\u00e9n-dioxidra megadott \u00f3r\u00e1s hat\u00e1r\u00e9rt\u00e9k emellett j\u00f3 \u00f6sszehasonl\u00edt\u00e1si lehet\u0151s\u00e9get ad a hivatalos m\u00e9r\u0151\u00e1llom\u00e1sok adataival, \u00e9s j\u00f3l megmutatja a k\u00f6zleked\u00e9sb\u0151l sz\u00e1rmaz\u00f3 lok\u00e1lis szennyez\u00e9st: hol, mennyire van kit\u00e9ve a lakoss\u00e1g a rossz leveg\u0151 k\u00e1ros eg\u00e9szs\u00e9g\u00fcgyi hat\u00e1sainak.<\/p>\n<h3>H\u00e1ny alkalommal \u00e9s mennyi id\u0151n \u00e1t tartottak a m\u00e9r\u00e9sek?<\/h3>\n<p>H\u00e1rom alkalommal m\u00e9rt\u00fcnk 3 \u00f3r\u00e1n \u00e1t a Blaha Lujza t\u00e9ri \u00e9s a Sz\u00e9ll K\u00e1lm\u00e1n t\u00e9ri buszmeg\u00e1ll\u00f3kban, illetve h\u00e1romszor 2 \u00f3r\u00e1n \u00e1t a N\u00e9psz\u00ednh\u00e1z utc\u00e1ban.<\/p>\n<h3>Milyen eszk\u00f6zzel m\u00e9rte a Greenpeace Magyarosz\u00e1g a l\u00e9gszennyezetts\u00e9get?<\/h3>\n<p>Az <a href=\"https:\/\/www.aqmesh.com\/product\/\">AQMesh<\/a> egy elektrok\u00e9miai szenzorral m\u0171k\u00f6d\u0151, nemzetk\u00f6zileg elismert l\u00e9gszennyez\u00e9sm\u00e9r\u0151 eszk\u00f6z, amivel NO\u2082, NO \u00e9s O\u2083 m\u00e9r\u00e9se lehets\u00e9ges. A m\u0171szert a Teleki t\u00e9ri m\u00e9r\u0151\u00e1llom\u00e1shoz kalibr\u00e1ltuk NO\u2082 \u00e9s NO koncentr\u00e1ci\u00f3ra.<\/p>\n<h3>Honnan tudj\u00e1k, hogy a buszokt\u00f3l sz\u00e1rmazik a nitrog\u00e9n-dioxid-szennyez\u00e9s?<\/h3>\n<p>Nem \u00e1ll\u00edtjuk, hogy a buszokb\u00f3l sz\u00e1rmazik a teljes szennyez\u00e9s, term\u00e9szetesen a buszokb\u00f3l j\u00f6v\u0151 szennyez\u00e9s \u00f6sszead\u00f3dik az aut\u00f3kb\u00f3l \u00e9s egy\u00e9b j\u00e1rm\u0171vekb\u0151l, egy\u00e9b forr\u00e1sokb\u00f3l j\u00f6v\u0151 szennyez\u00e9ssel.<\/p>\n<h3>Pontosan hol m\u00e9rt a Greenpeace?<\/h3>\n<p style=\"text-align: center;\">Sz\u00e9ll K\u00e1lm\u00e1n t\u00e9r<\/p>\n<p><img loading=\"lazy\" decoding=\"async\" class=\"aligncenter size-large wp-image-4320\" src=\"https:\/\/www.greenpeace.org\/static\/planet4-hungary-stateless\/2019\/05\/54d5bb22-image2-1024x537.png\" alt=\"\" width=\"512\" height=\"270\" srcset=\"https:\/\/www.greenpeace.org\/static\/planet4-hungary-stateless\/2019\/05\/54d5bb22-image2-1024x537.png 1024w, https:\/\/www.greenpeace.org\/static\/planet4-hungary-stateless\/2019\/05\/54d5bb22-image2-300x157.png 300w, https:\/\/www.greenpeace.org\/static\/planet4-hungary-stateless\/2019\/05\/54d5bb22-image2-768x403.png 768w\" sizes=\"auto, (max-width: 512px) 100vw, 512px\" \/><\/p>\n<p style=\"text-align: center;\">Blaha Lujza t\u00e9r<\/p>\n<p><img loading=\"lazy\" decoding=\"async\" class=\"aligncenter size-large wp-image-4321\" src=\"https:\/\/www.greenpeace.org\/static\/planet4-hungary-stateless\/2019\/05\/49d5dc8d-image4-1024x525.png\" alt=\"\" width=\"512\" height=\"262\" srcset=\"https:\/\/www.greenpeace.org\/static\/planet4-hungary-stateless\/2019\/05\/49d5dc8d-image4-1024x525.png 1024w, https:\/\/www.greenpeace.org\/static\/planet4-hungary-stateless\/2019\/05\/49d5dc8d-image4-300x154.png 300w, https:\/\/www.greenpeace.org\/static\/planet4-hungary-stateless\/2019\/05\/49d5dc8d-image4-768x394.png 768w, https:\/\/www.greenpeace.org\/static\/planet4-hungary-stateless\/2019\/05\/49d5dc8d-image4-510x262.png 510w, https:\/\/www.greenpeace.org\/static\/planet4-hungary-stateless\/2019\/05\/49d5dc8d-image4.png 1292w\" sizes=\"auto, (max-width: 512px) 100vw, 512px\" \/><\/p>\n<p style=\"text-align: center;\">N\u00e9psz\u00ednh\u00e1z utca<\/p>\n<p><img loading=\"lazy\" decoding=\"async\" class=\"aligncenter size-large wp-image-4319\" src=\"https:\/\/www.greenpeace.org\/static\/planet4-hungary-stateless\/2019\/05\/9df20233-image1-1024x613.png\" alt=\"\" width=\"512\" height=\"306\" srcset=\"https:\/\/www.greenpeace.org\/static\/planet4-hungary-stateless\/2019\/05\/9df20233-image1-1024x613.png 1024w, https:\/\/www.greenpeace.org\/static\/planet4-hungary-stateless\/2019\/05\/9df20233-image1-300x180.png 300w, https:\/\/www.greenpeace.org\/static\/planet4-hungary-stateless\/2019\/05\/9df20233-image1-768x460.png 768w, https:\/\/www.greenpeace.org\/static\/planet4-hungary-stateless\/2019\/05\/9df20233-image1-510x305.png 510w, https:\/\/www.greenpeace.org\/static\/planet4-hungary-stateless\/2019\/05\/9df20233-image1.png 1098w\" sizes=\"auto, (max-width: 512px) 100vw, 512px\" \/><\/p>\n","protected":false},"excerpt":{"rendered":"<p>F\u0151v\u00e1rosi buszmeg\u00e1ll\u00f3kban m\u00e9rte a leveg\u0151 szennyezetts\u00e9g\u00e9t a Greenpeace Magyarorsz\u00e1g, hogy felh\u00edvja a figyelmet: csak modern, tiszta k\u00f6z\u00f6ss\u00e9gi k\u00f6zleked\u00e9ssel tudjuk felvenni a harcot a kl\u00edmav\u00e1ls\u00e1ggal. A m\u00e9r\u00e9sekb\u0151l kider\u00fclt: a meg\u00e1ll\u00f3kban ak\u00e1r k\u00e9t-h\u00e1romszor nagyobb lehet a nitrog\u00e9ndioxid-szennyezetts\u00e9g, mint a hivatalos m\u00e9r\u0151\u00e1llom\u00e1sokon. Mi\u00e9rt pont a buszok szennyez\u00e9s\u00e9t m\u00e9rte a Greenpeace Magyarorsz\u00e1g? Mindenk\u00e9ppen a k\u00f6z\u00f6ss\u00e9gi k\u00f6zleked\u00e9s p\u00e1rtj\u00e1n vagyunk, ezzel [&hellip;]<\/p>\n","protected":false},"author":19,"featured_media":4318,"parent":3219,"menu_order":0,"comment_status":"closed","ping_status":"closed","template":"","meta":{"ep_exclude_from_search":false,"p4_hide_page_title_checkbox":"","p4_title":"","p4_subtitle":"","p4_description":"","background_image_id":"","background_image":"","p4_button_title":"","p4_button_link":"","p4_button_link_checkbox":"","p4_og_title":"","p4_og_description":"","p4_og_image":"","p4_og_image_id":"","p4_seo_canonical_url":"","p4_campaign_name":"not set","p4_local_project":"","p4_basket_name":"not set","p4_department":"","footnotes":""},"categories":[4],"tags":[34],"class_list":["post-4317","page","type-page","status-publish","has-post-thumbnail","hentry","category-ember-tarsadalom","tag-levego"],"_links":{"self":[{"href":"https:\/\/www.greenpeace.org\/hungary\/wp-json\/wp\/v2\/pages\/4317","targetHints":{"allow":["GET"]}}],"collection":[{"href":"https:\/\/www.greenpeace.org\/hungary\/wp-json\/wp\/v2\/pages"}],"about":[{"href":"https:\/\/www.greenpeace.org\/hungary\/wp-json\/wp\/v2\/types\/page"}],"author":[{"embeddable":true,"href":"https:\/\/www.greenpeace.org\/hungary\/wp-json\/wp\/v2\/users\/19"}],"replies":[{"embeddable":true,"href":"https:\/\/www.greenpeace.org\/hungary\/wp-json\/wp\/v2\/comments?post=4317"}],"version-history":[{"count":6,"href":"https:\/\/www.greenpeace.org\/hungary\/wp-json\/wp\/v2\/pages\/4317\/revisions"}],"predecessor-version":[{"id":10913,"href":"https:\/\/www.greenpeace.org\/hungary\/wp-json\/wp\/v2\/pages\/4317\/revisions\/10913"}],"up":[{"embeddable":true,"href":"https:\/\/www.greenpeace.org\/hungary\/wp-json\/wp\/v2\/pages\/3219"}],"wp:featuredmedia":[{"embeddable":true,"href":"https:\/\/www.greenpeace.org\/hungary\/wp-json\/wp\/v2\/media\/4318"}],"wp:attachment":[{"href":"https:\/\/www.greenpeace.org\/hungary\/wp-json\/wp\/v2\/media?parent=4317"}],"wp:term":[{"taxonomy":"category","embeddable":true,"href":"https:\/\/www.greenpeace.org\/hungary\/wp-json\/wp\/v2\/categories?post=4317"},{"taxonomy":"post_tag","embeddable":true,"href":"https:\/\/www.greenpeace.org\/hungary\/wp-json\/wp\/v2\/tags?post=4317"}],"curies":[{"name":"wp","href":"https:\/\/api.w.org\/{rel}","templated":true}]}}