{"id":525,"date":"2018-10-16T10:04:30","date_gmt":"2018-10-16T08:04:30","guid":{"rendered":"https:\/\/www.greenpeace.org\/hungary\/?page_id=525"},"modified":"2025-07-02T09:17:21","modified_gmt":"2025-07-02T07:17:21","slug":"gyakori-kerdesek","status":"publish","type":"page","link":"https:\/\/www.greenpeace.org\/hungary\/rolunk\/gyakori-kerdesek\/","title":{"rendered":"Gyakori k\u00e9rd\u00e9sek"},"content":{"rendered":"\n                    <div class=\"wp-block-group is-vertical is-layout-flex wp-container-core-group-is-layout-8cf370e7 wp-block-group-is-layout-flex\">\n                    \n                                <p>K\u00e9rd\u00e9seid vannak a Greenpeace Magyarorsz\u00e1ggal kapcsolatban? Hogy m\u0171k\u00f6d\u00fcnk, dolgozunk, honnan sz\u00e1rmaznak a bev\u00e9teleink? \u00d6sszegy\u0171jt\u00f6tt\u00fck a legfontosabb inform\u00e1ci\u00f3kat \u00e9s a leggyakoribb k\u00e9rd\u00e9seket a Greenpeace Magyarorsz\u00e1ggal kapcsolatban.<\/p>\n                            \n\n                    \n                    <\/div>\n                    \n<section class=\"block accordion-block wp-block-planet4-blocks-accordion\"><header><h2 class=\"page-section-header\">Munk\u00e1nkr\u00f3l<\/h2><\/header><div class=\"accordion-content\"><div class=\"accordion-headline\" name=\"Milyen t\u00e9m\u00e1kkal foglalkozik Magyarorsz\u00e1gon a Greenpeace?\">Milyen t\u00e9m\u00e1kkal foglalkozik Magyarorsz\u00e1gon a Greenpeace?<\/div><div class=\"panel panel-hidden\"><p class=\"accordion-text\">Dolgozunk a fenntarthat\u00f3, eg\u00e9szs\u00e9ges, vegyszermentes \u00f6kol\u00f3giai mez\u0151gazdas\u00e1g elterjed\u00e9s\u00e9\u00e9rt; a tiszta, biztons\u00e1gos meg\u00fajul\u00f3 energiaforr\u00e1sok n\u00e9pszer\u0171s\u00edt\u00e9s\u00e9\u00e9rt; a vesz\u00e9lyes vegyi anyagok kivezet\u00e9s\u00e9\u00e9rt \u00e9s az elhagyatott vesz\u00e9lyeshullad\u00e9k-t\u00e1rol\u00f3k felsz\u00e1mol\u00e1s\u00e1\u00e9rt; a k\u00f6rnyezetre \u00e9s eg\u00e9szs\u00e9gre \u00e1rtalmas egyszer haszn\u00e1latos m\u0171anyagok kivezet\u00e9s\u00e9\u00e9rt, valamint term\u00e9szeti kincseink meg\u00f3v\u00e1s\u00e1\u00e9rt.<\/p><\/div><\/div><div class=\"accordion-content\"><div class=\"accordion-headline\" name=\"Milyen eredm\u00e9nyeket \u00e9rt el a Greenpeace Magyarorsz\u00e1g az ut\u00f3bbi \u00e9vekben?\">Milyen eredm\u00e9nyeket \u00e9rt el a Greenpeace Magyarorsz\u00e1g az ut\u00f3bbi \u00e9vekben?<\/div><div class=\"panel panel-hidden\"><p class=\"accordion-text\">Felt\u00e9rk\u00e9pezt\u00fck \u00e9s bemutattuk haz\u00e1nk legszennyezettebb ter\u00fcleteit. Nyom\u00e1sgyakorl\u00e1sunk hat\u00e1s\u00e1ra a magyar korm\u00e1ny t\u00f6bb elfeledett, sziv\u00e1rg\u00f3 \u201em\u00e9regtelep\u201d felsz\u00e1mol\u00e1s\u00e1r\u00f3l is int\u00e9zkedett az elm\u00falt \u00e9vekben. A volt Budapesti Vegyim\u0171vek (BVM) telepe kapcs\u00e1n ez mintegy 10-15 ezer k\u00f6rny\u00e9kbeli lakos \u00e9letmin\u0151s\u00e9g\u00e9ben jelenthet javul\u00e1st; a Kiskunhalasr\u00f3l elsz\u00e1ll\u00edtott t\u00f6bb mint 1000 tonna vesz\u00e9lyes hullad\u00e9k pedig nem vesz\u00e9lyezteti tov\u00e1bb a k\u00f6rny\u00e9ken \u00e9l\u0151k eg\u00e9szs\u00e9g\u00e9t.<br><br>Vizsg\u00e1latokkal bizony\u00edtottuk be, mennyire k\u00e1ros az emberi eg\u00e9szs\u00e9gre \u00e9s a k\u00f6rnyezetre a nagyipari, vegyszeres mez\u0151gazdas\u00e1g. Emberek ezreihez jutottunk el az igazi alternat\u00edv\u00e1t ny\u00fajt\u00f3 \u00f6kol\u00f3giai gazd\u00e1lkod\u00e1st bemutat\u00f3 kiadv\u00e1nyainkkal. Kishantost\u00f3l Nagyh\u00f3dosig sz\u00e1mos k\u00e9pz\u00e9st tartottunk az \u00f6kol\u00f3giai termeszt\u00e9s ir\u00e1nt \u00e9rdekl\u0151d\u0151 gazd\u00e1knak, egyetemi tangazdas\u00e1goknak \u00e9s \u00f6nkorm\u00e1nyzatoknak. Az elm\u00falt \u00e9vek sor\u00e1n sokat tett\u00fcnk az\u00e9rt, hogy Magyarorsz\u00e1g GMO-mentes maradjon.<br><br>A tiszta, kl\u00edmabar\u00e1t meg\u00fajul\u00f3k n\u00e9pszer\u0171s\u00edt\u00e9s\u00e9n fel\u00fcl minden eszk\u00f6zzel fell\u00e9p\u00fcnk az\u00e9rt, hogy a korm\u00e1ny, a v\u00e1llalatok \u00e9s a p\u00e9nz\u00fcgyi szektor \u00e9rdemben reag\u00e1ljanak az egyre s\u00falyosbod\u00f3 \u00e9ghajlati \u00e9s \u00f6kol\u00f3giai v\u00e1ls\u00e1gra. A korm\u00e1nyok sz\u00e1m\u00e1ra javaslatcsomagokat k\u00e9sz\u00edtett\u00fcnk az energiafelhaszn\u00e1l\u00e1s \u00e9s a kibocs\u00e1t\u00e1sok cs\u00f6kkent\u00e9s\u00e9r\u0151l, \u00e9s konkr\u00e9t \u00fcgyekben is fell\u00e9p\u00fcnk. \u00cdgy tett\u00fcnk 2021-ben is, amikor a MOL sz\u00e9nhidrog\u00e9n-kitermel\u0151 kutat tervezett f\u00farni az \u0150rs\u00e9gi Nemzeti Park ter\u00fclet\u00e9n, \u00e9s kamp\u00e1nyt ind\u00edtottunk: a 111 civil szervezettel k\u00f6z\u00f6s felsz\u00f3l\u00edt\u00f3 nyilatkozat, a MOL sz\u00e9kh\u00e1z\u00e1n\u00e1l tartott demonstr\u00e1ci\u00f3, illetve, hogy r\u00e9szt vett\u00fcnk az enged\u00e9lyez\u00e9si folyamatban, sikerrel j\u00e1rt, \u00e9s a MOL visszavonta f\u00far\u00e1si terveit az \u0150rs\u00e9gi Nemzeti Parkban.<br><br>Rekordm\u00e9ret\u0171 pet\u00edci\u00f3nk hat\u00e1s\u00e1ra t\u00f6rv\u00e9ny sz\u00fcletett a hazai m\u0171anyagszennyez\u00e9s felsz\u00e1mol\u00e1s\u00e1\u00e9rt. A 2021 j\u00falius\u00e1ban \u00e9letbe l\u00e9p\u0151 magyar m\u0171anyagt\u00f6rv\u00e9ny sz\u00e1mos egyszer haszn\u00e1latos m\u0171anyag term\u00e9ket \u00e9s csomagol\u00f3anyagot betilt. A t\u00f6rv\u00e9ny az uni\u00f3s el\u0151\u00edr\u00e1sokat t\u00falteljes\u00edtve kiterjed a m\u0171anyag zacsk\u00f3kra is: r\u00e9szben tiltja, illetve szigor\u00faan ad\u00f3ztatja azokat. A m\u0171anyag zacsk\u00f3k betilt\u00e1s\u00e1\u00e9rt ind\u00edtott pet\u00edci\u00f3nkat mintegy 250 ezren \u00edrt\u00e1k al\u00e1, ezzel Magyarorsz\u00e1g eddigi legnagyobb online k\u00f6rnyezetv\u00e9delmi pet\u00edci\u00f3j\u00e1v\u00e1 v\u00e1lt.<br><br><a href=\"https:\/\/www.greenpeace.org\/hungary\/rolunk\/tortenetunk-es-sikereink\/\">Tudj meg t\u00f6bbet hazai sikereinkr\u0151l!<\/a><\/p><\/div><\/div><div class=\"accordion-content\"><div class=\"accordion-headline\" name=\"Hogyan biztos\u00edtja a Greenpeace, hogy munk\u00e1ja tudom\u00e1nyosan megalapozott legyen?\">Hogyan biztos\u00edtja a Greenpeace, hogy munk\u00e1ja tudom\u00e1nyosan megalapozott legyen?<\/div><div class=\"panel panel-hidden\"><p class=\"accordion-text\">Kamp\u00e1nyaink szakmai hiteless\u00e9g\u00e9t \u00e9vtizedes tapasztalattal rendelkez\u0151, szak\u00e9rt\u0151 munkat\u00e1rsaink garant\u00e1lj\u00e1k. Hazai kamp\u00e1nyfelel\u0151seink k\u00f6z\u00f6tt van vegy\u00e9sz, k\u00f6rnyezetm\u00e9rn\u00f6k, illetve biol\u00f3gus is.<br><br>A Greenpeace saj\u00e1t tudom\u00e1nyos r\u00e9szleggel (Science Unit) is rendelkezik, amelynek az egyes\u00fclt kir\u00e1lys\u00e1gbeli Exeteri Egyetem ad helyet. A nemzetk\u00f6zi szervezet tov\u00e1bb\u00e1 neves kutat\u00f3laborat\u00f3riumokkal \u00e9s egyetemekkel dolgozik egy\u00fctt \u2013 egyike ezeknek p\u00e9ld\u00e1ul a N\u00e9met L\u00e9gi- \u00e9s \u0170rk\u00f6zleked\u00e9si K\u00f6zpont (DLR).<br><br>Munk\u00e1nkat mindig az el\u00e9rhet\u0151 legfrissebb tudom\u00e1nyos eredm\u00e9nyekre alapozzuk, legyen sz\u00f3 mez\u0151gazdas\u00e1gr\u00f3l, energetik\u00e1r\u00f3l, a sarkvid\u00e9kekr\u0151l vagy b\u00e1rmilyen m\u00e1s t\u00e9m\u00e1r\u00f3l.<\/p><\/div><\/div><div class=\"accordion-content\"><div class=\"accordion-headline\" name=\"Milyen szakmai bizotts\u00e1gok, szervezetek munk\u00e1j\u00e1ban vesz r\u00e9szt a Greenpeace Magyarorsz\u00e1g?\">Milyen szakmai bizotts\u00e1gok, szervezetek munk\u00e1j\u00e1ban vesz r\u00e9szt a Greenpeace Magyarorsz\u00e1g?<\/div><div class=\"panel panel-hidden\"><p class=\"accordion-text\">Munkat\u00e1rsaink sz\u00e1mos hazai \u00e9s nemzetk\u00f6zi szakmai bizotts\u00e1g \u00e9s t\u00e1rsas\u00e1g munk\u00e1j\u00e1ban vesznek r\u00e9szt, k\u00fcl\u00f6nb\u00f6z\u0151 konferenci\u00e1kon tartanak el\u0151ad\u00e1sokat, egyetemeken oktatnak. Rendszeresen el\u0151adnak a Parlament Fenntarthat\u00f3 Fejl\u0151d\u00e9s Bizotts\u00e1g\u00e1ban \u00e9s az Orsz\u00e1gos K\u00f6rnyezetv\u00e9delmi Tan\u00e1csban.<br><br>Simon Gergely vegyianyag-szak\u00e9rt\u0151nk tagja az Orsz\u00e1gos K\u00f6rnyezetv\u00e9delmi Tan\u00e1csnak \u00e9s a Magyar \u00d6kotoxikol\u00f3giai T\u00e1rsas\u00e1gnak. Rendszeresen tart el\u0151ad\u00e1sokat, t\u00f6bbek k\u00f6z\u00f6tt az \u00e9vente megrendezett \u00d6kotoxikol\u00f3giai Konferenci\u00e1n \u00e9s k\u00fcl\u00f6nb\u00f6z\u0151 egyetemeken, szakmai konferenci\u00e1kon.<br><br>Dr. Rodics Katalin biodiverzit\u00e1skamp\u00e1ny-felel\u0151s\u00fcnk c\u00edmzetes egyetemi docensk\u00e9nt oktat a Soproni Egyetemen \u00e9s az E\u00f6tv\u00f6s Lor\u00e1nd Tudom\u00e1nyegyetemen.<br><br>A Greenpeace Magyarorsz\u00e1g emellett tagja az Adom\u00e1nygy\u0171jt\u0151 Szervezetek \u00d6nszab\u00e1lyoz\u00f3 Test\u00fclet\u00e9nek (ASZ\u00d6T) \u00e9s birtokosa az Etikus Adom\u00e1nygy\u0171jt\u0151 Szervezet tan\u00fas\u00edtv\u00e1nynak.<br><br>Kebiche Nabila adom\u00e1nyszervez\u00e9si vezet\u0151nk\u00a0 k\u00e9pz\u00e9seket tart a Nonprofit Inform\u00e1ci\u00f3s \u00e9s Oktat\u00f3 K\u00f6zpontnak (NIOK) \u00e9s a vel\u00fck egy\u00fcttm\u0171k\u00f6d\u0151 tov\u00e1bbi civil szervezeteknek.<\/p><\/div><\/div><div class=\"accordion-content\"><div class=\"accordion-headline\" name=\"Milyen m\u00e1s szervezetekkel m\u0171k\u00f6dik egy\u00fctt a Greenpeace Magyarorsz\u00e1g?\">Milyen m\u00e1s szervezetekkel m\u0171k\u00f6dik egy\u00fctt a Greenpeace Magyarorsz\u00e1g?<\/div><div class=\"panel panel-hidden\"><p class=\"accordion-text\">A Greenpeace Magyarorsz\u00e1g rendszeresen egy\u00fcttm\u0171k\u00f6dik sz\u00e1mos szakmai \u00e9s civil szervezettel, valamint a helyi lakoss\u00e1ggal.<br><br>Haz\u00e1nk szennyezett ter\u00fcleteinek felsz\u00e1mol\u00e1s\u00e1\u00e9rt foly\u00f3 kamp\u00e1nyunkban egy\u00fcttm\u0171k\u00f6d\u00fcnk a j\u00f6v\u0151 nemzed\u00e9kek \u00e9rdekeinek v\u00e9delm\u00e9t ell\u00e1t\u00f3 ombudsmanhelyettessel, a helyi lakosokkal, valamint a helyi \u00e9s region\u00e1lis egyes\u00fcletekkel. Kiskunhalason, Gy\u00f6mr\u0151n \u00e9s a Budapesti Vegyim\u0171vek eset\u00e9ben a lakoss\u00e1ggal egy\u00fctt t\u00e1rtuk fel a vesz\u00e9lyes \u00e9s m\u00e9rgez\u0151 hullad\u00e9ktelepeket \u00e9s k\u00f6vetelt\u00fck azok megtiszt\u00edt\u00e1s\u00e1t.<br><br>Agr\u00e1rkamp\u00e1nyunkban sok telep\u00fcl\u00e9snek ny\u00fajtunk t\u00e1mogat\u00e1st, hogy az orsz\u00e1g min\u00e9l t\u00f6bb r\u00e9sz\u00e9n teret kaphasson az \u00f6kol\u00f3giai gazd\u00e1lkod\u00e1s. Ennek \u00e9rdek\u00e9ben egy\u00fcttm\u0171k\u00f6d\u00fcnk Hern\u00e1dszentandr\u00e1ssal (Bioszentandr\u00e1s), \u00f6nkorm\u00e1nyzatokat mentor\u00e1lunk (Nagyh\u00f3dos, Kish\u00f3dos, M\u00e9htelek), valamint egyh\u00e1zi \u00e9s \u00f6nkorm\u00e1nyzati szervezeteknek seg\u00edt\u00fcnk az eg\u00e9szs\u00e9ges \u00e9s fenntarthat\u00f3 \u00e9lelmiszer-termeszt\u00e9sre val\u00f3 \u00e1t\u00e1ll\u00e1sban.<\/p><\/div><\/div><div class=\"accordion-content\"><div class=\"accordion-headline\" name=\"Hogyan seg\u00edthetem a Greenpeace munk\u00e1j\u00e1t?\">Hogyan seg\u00edthetem a Greenpeace munk\u00e1j\u00e1t?<\/div><div class=\"panel panel-hidden\"><p class=\"accordion-text\">Nagyon sokan t\u00e1mogatnak minket rendszeresen, havi 1500-2000 forinttal, ami nagyban seg\u00edt minket munk\u00e1nk hossz\u00fa t\u00e1v\u00fa tervez\u00e9s\u00e9ben. \u00c1m az egyszeri adom\u00e1nyokat is nagy h\u00e1l\u00e1val fogadjuk. Politikai \u00e9s p\u00e9nz\u00fcgyi f\u00fcggetlens\u00e9g\u00fcnket ezeknek a t\u00e1mogat\u00e1soknak k\u00f6sz\u00f6nhetj\u00fck.<br><br>A legegyszer\u0171bben online t\u00e1mogathatsz minket, de banki \u00e1tutal\u00e1st is v\u00e1laszthatsz.\u00a0<a href=\"https:\/\/www.greenpeace.org\/hungary\/cselekedj\/tamogass-minket-hogy-kuzdhessunk-a-bolygonkert\/\">A r\u00e9szleteket l\u00e1sd itt!<\/a><br><br>Tov\u00e1bb\u00e1 szem\u00e9lyij\u00f6vedelem-ad\u00f3d 1%-\u00e1t is felaj\u00e1nlhatod sz\u00e1munkra. Ad\u00f3sz\u00e1munk: 18178883-1-42. K\u00f6sz\u00f6nj\u00fck!<br><br>Term\u00e9szetesen m\u00e1s m\u00f3don is seg\u00edtheted a Greenpeace Magyarorsz\u00e1got. Munk\u00e1nk nem lenne lehets\u00e9ges an\u00e9lk\u00fcl a t\u00f6bb sz\u00e1z \u00f6nk\u00e9ntes\u00fcnk n\u00e9lk\u00fcl, akik legdr\u00e1g\u00e1bb er\u0151forr\u00e1sukkal, a szabadidej\u00fckkel j\u00e1rulnak hozz\u00e1 sikereinkhez. \u00d6nk\u00e9ntes\u00fcnkk\u00e9nt sz\u00e1mos tev\u00e9kenys\u00e9g\u00fcnkben r\u00e9szt tudsz venni, att\u00f3l f\u00fcgg\u0151en, mi \u00e9rdekel \u00e9s mikor, mennyi id\u0151d van. Ha szeretn\u00e9l t\u00f6bbet megtudni, vagy jelentkezn\u00e9l aktivist\u00e1nak,\u00a0<a rel=\"noreferrer noopener\" href=\"https:\/\/www.greenpeace.org\/hungary\/cselekedj\/legyel-az-onkentesunk\/\" target=\"_blank\">kattints ide<\/a>!<br><br>Munk\u00e1nkat emellett figyelemmel k\u00f6vetheted\u00a0<a href=\"https:\/\/www.greenpeace.org\/hungary\/cselekedj\/kovesd-a-munkankat\/\">h\u00edrleveleinken<\/a>\u00a0kereszt\u00fcl \u00e9s\u00a0<a rel=\"noreferrer noopener\" href=\"https:\/\/facebook.com\/greenpeacehu\" target=\"_blank\">Facebook-oldalunkon<\/a> is. K\u00f6sz\u00f6nj\u00fck, ha seg\u00edtesz terjeszteni a h\u00edreinket!<\/p><\/div><\/div><\/section>\n\n<section class=\"block accordion-block wp-block-planet4-blocks-accordion\"><header><h2 class=\"page-section-header\">Szervezet\u00fcnkr\u0151l<\/h2><\/header><div class=\"accordion-content\"><div class=\"accordion-headline\" name=\"Milyen szervezet a Greenpeace Magyarorsz\u00e1g?\">Milyen szervezet a Greenpeace Magyarorsz\u00e1g?<\/div><div class=\"panel panel-hidden\"><p class=\"accordion-text\">A Greenpeace Magyarorsz\u00e1g Egyes\u00fclet 2002 \u00f3ta m\u0171k\u00f6dik. P\u00e9nz\u00fcgyileg \u00e9s politikailag f\u00fcggetlen, nonprofit, k\u00f6zhaszn\u00fa k\u00f6rnyezetv\u00e9d\u0151 szervezet, k\u00f6zel 8 ezer rendszeres magyar t\u00e1mogat\u00f3val \u00e9s t\u00f6bb sz\u00e1zezres online k\u00f6vet\u0151i b\u00e1zissal. Term\u00e9szeti k\u00f6rnyezet\u00fcnk \u00e9s mindannyiunk eg\u00e9szs\u00e9g\u00e9nek v\u00e9delm\u00e9\u00e9rt dolgozunk, hogy haz\u00e1nk egy tiszt\u00e1bb, \u00e9lhet\u0151bb orsz\u00e1g legyen.<br><br>Jelenleg t\u00f6bb mint 55 orsz\u00e1gban van Greenpeace-iroda a vil\u00e1gon, a Greenpeace Magyarorsz\u00e1g ezek egyike. A k\u00f6z\u00e9p- \u00e9s kelet-eur\u00f3pai r\u00e9gi\u00f3 (CEE) r\u00e9szek\u00e9nt m\u0171k\u00f6d\u00fcnk 7 m\u00e1sik orsz\u00e1ggal egy\u00fctt (Ausztria, Bulg\u00e1ria, Horv\u00e1torsz\u00e1g, Lengyelorsz\u00e1g, Rom\u00e1nia, Szlov\u00e1kia \u00e9s Szlov\u00e9nia). K\u00f6z\u00f6s a nev\u00fcnk, a c\u00e9lunk \u00e9s az \u00e9rt\u00e9keink: kitart\u00f3an, l\u00e1tv\u00e1nyosan, b\u00e1tran \u00e9s mindig er\u0151szakmentesen h\u00edvjuk fel a figyelmet a k\u00f6rnyezeti probl\u00e9m\u00e1kra \u2013 \u00e9s azok megold\u00e1saira. Akt\u00edvan cseleksz\u00fcnk a pozit\u00edv v\u00e1ltoz\u00e1sok\u00e9rt, egy \u00e9lhet\u0151 \u00e9s b\u00e9k\u00e9s j\u00f6v\u0151 \u00e9rdek\u00e9ben.<\/p><\/div><\/div><div class=\"accordion-content\"><div class=\"accordion-headline\" name=\"Kik \u00e9s h\u00e1nyan dolgoznak a Greenpeace Magyarorsz\u00e1gn\u00e1l?\">Kik \u00e9s h\u00e1nyan dolgoznak a Greenpeace Magyarorsz\u00e1gn\u00e1l?<\/div><div class=\"panel panel-hidden\"><p class=\"accordion-text\">A Greenpeace Magyarorsz\u00e1gnak \u00f6sszesen 30 jelenleg akt\u00edv alkalmazottja van. 23 f\u0151 dolgozik kiz\u00e1r\u00f3lag magyarorsz\u00e1gi \u00fcgyeken, 7 munkat\u00e1rsunk pedig a magyar \u00fcgyek mellett a k\u00f6z\u00e9p- \u00e9s kelet-eur\u00f3pai r\u00e9gi\u00f3 feladatait is v\u00e9gzi.<br><br>Irod\u00e1nk munk\u00e1ja emellett elk\u00e9pzelhetetlen lenne t\u00f6bb sz\u00e1z aktivist\u00e1nk n\u00e9lk\u00fcl. \u0150k \u00f6nk\u00e9ntesen, anyagi ellenszolg\u00e1ltat\u00e1s n\u00e9lk\u00fcl, szabadidej\u00fcket \u00e1ldozva j\u00e1rulnak hozz\u00e1 k\u00fczdelmeinkhez \u00e9s sikereinkhez.<\/p><\/div><\/div><div class=\"accordion-content\"><div class=\"accordion-headline\" name=\"Kik a Greenpeace-aktivist\u00e1k? Hogyan lehet csatlakozni?\">Kik a Greenpeace-aktivist\u00e1k? Hogyan lehet csatlakozni?<\/div><div class=\"panel panel-hidden\"><p class=\"accordion-text\">A Greenpeace-aktivist\u00e1k soksz\u00edn\u0171, befogad\u00f3, bar\u00e1ts\u00e1gos t\u00e1rsas\u00e1g minden koroszt\u00e1lyb\u00f3l, akiket \u00f6sszek\u00f6t a k\u00f6z\u00f6s c\u00e9l: \u00f6nk\u00e9ntesen \u00e9s akt\u00edvan tenni egy \u00e9lhet\u0151bb, eg\u00e9szs\u00e9gesebb Magyarorsz\u00e1g\u00e9rt \u00e9s vil\u00e1g\u00e9rt.<br><br>Munk\u00e1nk elk\u00e9pzelhetetlen lenne t\u00f6bb mint ezer \u00f6nk\u00e9ntes\u00fcnk n\u00e9lk\u00fcl. K\u00f6z\u00fcl\u00fck t\u00f6bb sz\u00e1zan rendszeresen seg\u00edtik a munk\u00e1nkat, \u00e9vente t\u00f6bb mint 10 000 munka\u00f3r\u00e1val j\u00e1rulnak hozz\u00e1 sikereinkhez, eredm\u00e9nyeinkhez. Vannak, akik rendszeresen csatlakoznak hazai \u00e9s nemzetk\u00f6zi kamp\u00e1nymunk\u00e1nkhoz, vannak, akik iskolai k\u00f6z\u00f6ss\u00e9gi szolg\u00e1lathoz k\u00f6t\u0151d\u0151en tartanak foglalkoz\u00e1sokat oktat\u00e1si int\u00e9zm\u00e9nyekben, megint m\u00e1sok eseti jelleggel seg\u00edtenek be saj\u00e1t szakter\u00fclet\u00fck\u00f6n (fot\u00f3z\u00e1s, ford\u00edt\u00e1s, stb).<br><br><a href=\"https:\/\/www.greenpeace.org\/hungary\/cselekedj\/legyel-az-onkentesunk\/\">Csatlakozz hozz\u00e1nk most!<\/a><\/p><\/div><\/div><\/section>\n\n<h2 class=\"wp-block-heading\">P\u00e9nz\u00fcgyeinkr\u0151l<\/h2>\n\n<p>Amennyiben p\u00e9nz\u00fcgyeinkkel vagy az adom\u00e1nyoz\u00e1ssal kapcsolatban lenn\u00e9nek k\u00e9rd\u00e9seid, keresd fel az&nbsp;<a href=\"https:\/\/www.greenpeace.org\/hungary\/rolunk\/atlathatosag\/\">\u00c1tl\u00e1that\u00f3s\u00e1g-oldalt<\/a>!<\/p>\n","protected":false},"excerpt":{"rendered":"<p>K\u00e9rd\u00e9seid vannak a Greenpeace Magyarorsz\u00e1ggal kapcsolatban? Hogy m\u0171k\u00f6d\u00fcnk, dolgozunk, honnan sz\u00e1rmaznak a bev\u00e9teleink? \u00d6sszegy\u0171jt\u00f6tt\u00fck a legfontosabb inform\u00e1ci\u00f3kat \u00e9s a leggyakoribb k\u00e9rd\u00e9seket a Greenpeace Magyarorsz\u00e1ggal kapcsolatban. P\u00e9nz\u00fcgyeinkr\u0151l Amennyiben p\u00e9nz\u00fcgyeinkkel vagy az adom\u00e1nyoz\u00e1ssal kapcsolatban lenn\u00e9nek k\u00e9rd\u00e9seid, keresd fel az&nbsp;\u00c1tl\u00e1that\u00f3s\u00e1g-oldalt!<\/p>\n","protected":false},"author":19,"featured_media":0,"parent":234,"menu_order":0,"comment_status":"closed","ping_status":"closed","template":"page-templates\/evergreen.php","meta":{"ep_exclude_from_search":false,"p4_hide_page_title_checkbox":"","p4_title":"","p4_subtitle":"","p4_description":"","background_image_id":"","background_image":"","p4_button_title":"","p4_button_link":"","p4_button_link_checkbox":"","p4_og_title":"","p4_og_description":"","p4_og_image":"","p4_og_image_id":"","p4_seo_canonical_url":"","p4_campaign_name":"not set","p4_local_project":"not set","p4_basket_name":"not set","p4_department":"","footnotes":""},"categories":[],"tags":[13],"class_list":["post-525","page","type-page","status-publish","hentry","tag-greenpeace"],"_links":{"self":[{"href":"https:\/\/www.greenpeace.org\/hungary\/wp-json\/wp\/v2\/pages\/525","targetHints":{"allow":["GET"]}}],"collection":[{"href":"https:\/\/www.greenpeace.org\/hungary\/wp-json\/wp\/v2\/pages"}],"about":[{"href":"https:\/\/www.greenpeace.org\/hungary\/wp-json\/wp\/v2\/types\/page"}],"author":[{"embeddable":true,"href":"https:\/\/www.greenpeace.org\/hungary\/wp-json\/wp\/v2\/users\/19"}],"replies":[{"embeddable":true,"href":"https:\/\/www.greenpeace.org\/hungary\/wp-json\/wp\/v2\/comments?post=525"}],"version-history":[{"count":20,"href":"https:\/\/www.greenpeace.org\/hungary\/wp-json\/wp\/v2\/pages\/525\/revisions"}],"predecessor-version":[{"id":12269,"href":"https:\/\/www.greenpeace.org\/hungary\/wp-json\/wp\/v2\/pages\/525\/revisions\/12269"}],"up":[{"embeddable":true,"href":"https:\/\/www.greenpeace.org\/hungary\/wp-json\/wp\/v2\/pages\/234"}],"wp:attachment":[{"href":"https:\/\/www.greenpeace.org\/hungary\/wp-json\/wp\/v2\/media?parent=525"}],"wp:term":[{"taxonomy":"category","embeddable":true,"href":"https:\/\/www.greenpeace.org\/hungary\/wp-json\/wp\/v2\/categories?post=525"},{"taxonomy":"post_tag","embeddable":true,"href":"https:\/\/www.greenpeace.org\/hungary\/wp-json\/wp\/v2\/tags?post=525"}],"curies":[{"name":"wp","href":"https:\/\/api.w.org\/{rel}","templated":true}]}}