{"id":5429,"date":"2019-09-04T16:51:06","date_gmt":"2019-09-04T14:51:06","guid":{"rendered":"https:\/\/www.greenpeace.org\/hungary\/?page_id=5429"},"modified":"2024-03-26T12:40:43","modified_gmt":"2024-03-26T11:40:43","slug":"klimavedelmet-magyarorszagnak","status":"publish","type":"page","link":"https:\/\/www.greenpeace.org\/hungary\/cselekedj\/klimavedelmet-magyarorszagnak\/","title":{"rendered":"Kl\u00edmav\u00e9delmet Magyarorsz\u00e1gnak!"},"content":{"rendered":"\n                    <div class=\"wp-block-group is-vertical is-layout-flex wp-container-core-group-is-layout-8cf370e7 wp-block-group-is-layout-flex\">\n                    \n\n                    \n                    <\/div>\n                    <p>                <script type=\"text\/javascript\">window.location.href = \"https:\/\/sites.greenpeace.hu\/klimavedelmet-magyarorszagnak\/\"<\/script><\/p>\n","protected":false},"excerpt":{"rendered":"<p>V\u00e9szhelyzet van. Kl\u00edma- \u00e9s \u00f6kol\u00f3giai v\u00e9szhelyzet. A t\u00e9t az emberi civiliz\u00e1ci\u00f3, \u00e9s benne orsz\u00e1gunk fennmarad\u00e1sa. Csatlakozz a ki\u00e1ltv\u00e1nyhoz!<\/p>\n","protected":false},"author":19,"featured_media":5431,"parent":9,"menu_order":0,"comment_status":"closed","ping_status":"closed","template":"","meta":{"ep_exclude_from_search":false,"p4_hide_page_title_checkbox":"","p4_title":"","p4_subtitle":"","p4_description":"","background_image_id":"","background_image":"","p4_button_title":"","p4_button_link":"","p4_button_link_checkbox":"","p4_og_title":"","p4_og_description":"","p4_og_image":"","p4_og_image_id":"","p4_seo_canonical_url":"","p4_campaign_name":"not set","p4_local_project":"not set","p4_basket_name":"not set","p4_department":"","footnotes":""},"categories":[4,2,3],"tags":[6],"class_list":["post-5429","page","type-page","status-publish","has-post-thumbnail","hentry","category-ember-tarsadalom","category-klima-energia","category-termeszet-kornyezet","tag-klimavedelem"],"_links":{"self":[{"href":"https:\/\/www.greenpeace.org\/hungary\/wp-json\/wp\/v2\/pages\/5429","targetHints":{"allow":["GET"]}}],"collection":[{"href":"https:\/\/www.greenpeace.org\/hungary\/wp-json\/wp\/v2\/pages"}],"about":[{"href":"https:\/\/www.greenpeace.org\/hungary\/wp-json\/wp\/v2\/types\/page"}],"author":[{"embeddable":true,"href":"https:\/\/www.greenpeace.org\/hungary\/wp-json\/wp\/v2\/users\/19"}],"replies":[{"embeddable":true,"href":"https:\/\/www.greenpeace.org\/hungary\/wp-json\/wp\/v2\/comments?post=5429"}],"version-history":[{"count":6,"href":"https:\/\/www.greenpeace.org\/hungary\/wp-json\/wp\/v2\/pages\/5429\/revisions"}],"predecessor-version":[{"id":10911,"href":"https:\/\/www.greenpeace.org\/hungary\/wp-json\/wp\/v2\/pages\/5429\/revisions\/10911"}],"up":[{"embeddable":true,"href":"https:\/\/www.greenpeace.org\/hungary\/wp-json\/wp\/v2\/pages\/9"}],"wp:featuredmedia":[{"embeddable":true,"href":"https:\/\/www.greenpeace.org\/hungary\/wp-json\/wp\/v2\/media\/5431"}],"wp:attachment":[{"href":"https:\/\/www.greenpeace.org\/hungary\/wp-json\/wp\/v2\/media?parent=5429"}],"wp:term":[{"taxonomy":"category","embeddable":true,"href":"https:\/\/www.greenpeace.org\/hungary\/wp-json\/wp\/v2\/categories?post=5429"},{"taxonomy":"post_tag","embeddable":true,"href":"https:\/\/www.greenpeace.org\/hungary\/wp-json\/wp\/v2\/tags?post=5429"}],"curies":[{"name":"wp","href":"https:\/\/api.w.org\/{rel}","templated":true}]}}