{"id":7447,"date":"2020-09-10T09:49:03","date_gmt":"2020-09-10T07:49:03","guid":{"rendered":"https:\/\/www.greenpeace.org\/hungary\/?page_id=7447"},"modified":"2024-03-26T12:40:19","modified_gmt":"2024-03-26T11:40:19","slug":"vegyunk-bucsut-az-egyszer-hasznalatos-pet-palackoktol","status":"publish","type":"page","link":"https:\/\/www.greenpeace.org\/hungary\/cselekedj\/vegyunk-bucsut-az-egyszer-hasznalatos-pet-palackoktol\/","title":{"rendered":"Vegy\u00fcnk b\u00facs\u00fat az egyszer haszn\u00e1latos PET-palackokt\u00f3l!"},"content":{"rendered":"\n                    <div class=\"wp-block-group is-vertical is-layout-flex wp-container-core-group-is-layout-8cf370e7 wp-block-group-is-layout-flex\">\n                    \n                                <p>\u00cdrd al\u00e1 a pet\u00edci\u00f3t, k\u00f6veteld vel\u00fcnk egy\u00fctt, hogy az egyszeri haszn\u00e1lat ut\u00e1n kidob\u00e1sra \u00edt\u00e9lt PET-palackok, eldobhat\u00f3 ital-csomagol\u00f3anyagok helyett legyenek visszav\u00e1lthat\u00f3 palackok!<\/p>\n                            \n\n                    \n                    <\/div>\n                    \n<script type=\"text\/javascript\">window.location.href = \"https:\/\/hu.greenpeace.org\/mondjunk-nemet-az-eldobhato-kulturara\/stoppetpalack\/\"<\/script>\n\n<p><\/p>\n","protected":false},"excerpt":{"rendered":"<p>\u00cdrd al\u00e1 a pet\u00edci\u00f3t, k\u00f6veteld vel\u00fcnk egy\u00fctt, hogy az egyszeri haszn\u00e1lat ut\u00e1n kidob\u00e1sra \u00edt\u00e9lt eldobhat\u00f3 ital-csomagol\u00f3anyagok helyett legyenek visszav\u00e1lthat\u00f3 palackok!<\/p>\n","protected":false},"author":19,"featured_media":7448,"parent":9,"menu_order":0,"comment_status":"closed","ping_status":"closed","template":"","meta":{"ep_exclude_from_search":false,"p4_hide_page_title_checkbox":"","p4_title":"","p4_subtitle":"","p4_description":"","background_image_id":"","background_image":"","p4_button_title":"","p4_button_link":"","p4_button_link_checkbox":"","p4_og_title":"","p4_og_description":"","p4_og_image":"","p4_og_image_id":"","p4_seo_canonical_url":"","p4_campaign_name":"not set","p4_local_project":"not set","p4_basket_name":"not set","p4_department":"","footnotes":""},"categories":[4,3],"tags":[23],"class_list":["post-7447","page","type-page","status-publish","has-post-thumbnail","hentry","category-ember-tarsadalom","category-termeszet-kornyezet","tag-muanyag"],"_links":{"self":[{"href":"https:\/\/www.greenpeace.org\/hungary\/wp-json\/wp\/v2\/pages\/7447","targetHints":{"allow":["GET"]}}],"collection":[{"href":"https:\/\/www.greenpeace.org\/hungary\/wp-json\/wp\/v2\/pages"}],"about":[{"href":"https:\/\/www.greenpeace.org\/hungary\/wp-json\/wp\/v2\/types\/page"}],"author":[{"embeddable":true,"href":"https:\/\/www.greenpeace.org\/hungary\/wp-json\/wp\/v2\/users\/19"}],"replies":[{"embeddable":true,"href":"https:\/\/www.greenpeace.org\/hungary\/wp-json\/wp\/v2\/comments?post=7447"}],"version-history":[{"count":6,"href":"https:\/\/www.greenpeace.org\/hungary\/wp-json\/wp\/v2\/pages\/7447\/revisions"}],"predecessor-version":[{"id":10893,"href":"https:\/\/www.greenpeace.org\/hungary\/wp-json\/wp\/v2\/pages\/7447\/revisions\/10893"}],"up":[{"embeddable":true,"href":"https:\/\/www.greenpeace.org\/hungary\/wp-json\/wp\/v2\/pages\/9"}],"wp:featuredmedia":[{"embeddable":true,"href":"https:\/\/www.greenpeace.org\/hungary\/wp-json\/wp\/v2\/media\/7448"}],"wp:attachment":[{"href":"https:\/\/www.greenpeace.org\/hungary\/wp-json\/wp\/v2\/media?parent=7447"}],"wp:term":[{"taxonomy":"category","embeddable":true,"href":"https:\/\/www.greenpeace.org\/hungary\/wp-json\/wp\/v2\/categories?post=7447"},{"taxonomy":"post_tag","embeddable":true,"href":"https:\/\/www.greenpeace.org\/hungary\/wp-json\/wp\/v2\/tags?post=7447"}],"curies":[{"name":"wp","href":"https:\/\/api.w.org\/{rel}","templated":true}]}}