{"id":18055,"date":"2023-06-01T14:56:42","date_gmt":"2023-06-01T12:56:42","guid":{"rendered":"https:\/\/www.greenpeace.org\/italy\/?page_id=18055"},"modified":"2025-07-02T09:26:08","modified_gmt":"2025-07-02T07:26:08","slug":"scegli-il-mare","status":"publish","type":"page","link":"https:\/\/www.greenpeace.org\/italy\/attivati\/scegli-il-mare\/","title":{"rendered":"Il nostro mare \u00e8 in pericolo. Aiutaci a proteggerlo!"},"content":{"rendered":"\n<div class=\"wp-block-group is-vertical is-layout-flex wp-container-core-group-is-layout-8cf370e7 wp-block-group-is-layout-flex\">\n<p>Il Mediterraneo, come tutti i mari, gioca un ruolo chiave nella mitigazione dei cambiamenti climatici, nella produzione di ossigeno e per il nostro sostentamento, eppure \u00e8 il regno di chi, senza scrupoli, lo sfrutta e lo inquina. Plastica e microplastiche, sostanze chimiche, pesca distruttiva e selvaggia, effetti dei cambiamenti climatici uniti ad attivit\u00e0 estrattive mettono a rischio la sua unica e straordinaria biodiversit\u00e0.<\/p>\n\n\n\n<div class=\"wp-block-buttons is-layout-flex wp-block-buttons-is-layout-flex\">\n<div class=\"wp-block-button\"><a class=\"wp-block-button__link wp-element-button\" href=\"https:\/\/attivati.greenpeace.it\/petizioni\/scegli-il-mare\/?utm_source=greenpeace.org&amp;utm_medium=attivati&amp;utm_campaign=mare&amp;utm_content=button-up\" target=\"_blank\" rel=\"noreferrer noopener\">\n                                    Firma la petizione\n                                <\/a><\/div>\n<\/div>\n<\/div>\n\n<div class=\"wp-block-columns is-layout-flex wp-container-core-columns-is-layout-9d6595d7 wp-block-columns-is-layout-flex\">\n<div class=\"wp-block-column is-layout-flow wp-block-column-is-layout-flow\">\n<p><strong>Servono misure urgenti e non pi\u00f9 rimandabili<\/strong>: anche il Mediterraneo va tutelato. Chiediamo <strong>al Ministero dell&#8217;Ambiente e al Ministero per le Politiche del Mare<\/strong> l&#8217;istituzione di una rete efficace di aree marine protette che coprano il 30% dei nostri mari entro il 2030, rispettando gli impegni presi dall&#8217;Italia, UE e dalla Convenzione sulla Diversit\u00e0 Biologica. Il mare non \u00e8 solo bello e meraviglioso, \u00e8 vitale per tutti noi e il tempo per salvaguardarlo \u00e8 ora! <strong>Chiediamo che per una volta le promesse siano mantenute.<\/strong> <strong>Unisciti a noi!<\/strong><\/p>\n<\/div>\n\n\n\n<div class=\"wp-block-column is-layout-flow wp-block-column-is-layout-flow\">\n<figure class=\"wp-block-image size-large is-resized is-style-default\"><img loading=\"lazy\" decoding=\"async\" width=\"1200\" height=\"800\" src=\"https:\/\/www.greenpeace.org\/static\/planet4-italy-stateless\/2024\/02\/acd763ac-gp1sx0d1.jpg\" alt=\"\" class=\"wp-image-21925\" srcset=\"https:\/\/www.greenpeace.org\/static\/planet4-italy-stateless\/2024\/02\/acd763ac-gp1sx0d1.jpg 1200w, https:\/\/www.greenpeace.org\/static\/planet4-italy-stateless\/2024\/02\/acd763ac-gp1sx0d1-300x200.jpg 300w, https:\/\/www.greenpeace.org\/static\/planet4-italy-stateless\/2024\/02\/acd763ac-gp1sx0d1-1024x683.jpg 1024w, https:\/\/www.greenpeace.org\/static\/planet4-italy-stateless\/2024\/02\/acd763ac-gp1sx0d1-768x512.jpg 768w, https:\/\/www.greenpeace.org\/static\/planet4-italy-stateless\/2024\/02\/acd763ac-gp1sx0d1-510x340.jpg 510w\" sizes=\"auto, (max-width: 1200px) 100vw, 1200px\" \/><\/figure>\n<\/div>\n<\/div>\n<div data-render=\"planet4-blocks\/columns\" data-attributes=\"{&quot;attributes&quot;:{&quot;columns&quot;:[{&quot;title&quot;:&quot;Chi minaccia il Mar Mediterraneo&quot;,&quot;description&quot;:&quot;Tanti fattori mettono a rischio la straordinaria vita del nostro mare. Effetti dei cambiamenti climatici, inquinamento da plastiche e microplastiche, attivit\\u00e0 estrattive di idrocarburi e infrastrutture a supporto, pesca distruttiva e selvaggia unite al possibile avvio delle attivit\\u00e0 di estrazione mineraria nei fondali, sono solo alcune delle minacce pi\\u00f9 significative per il Mar Mediterraneo. \\u00c8 tempo di agire per proteggerlo, ora.&lt;br&gt;&quot;},{&quot;title&quot;:&quot;Un mare di biodiversit\\u00e0\\u2026 a rischio&quot;,&quot;description&quot;:&quot;I nostri mari sono la casa di animali iconici. Sette specie di cetacei popolano le nostre acque, a cui si aggiungono tartarughe marine e uno degli animali pi\\u00f9 elusivi del Mediterraneo: la foca monaca che \\u00e8 tornata nelle acque del santuario Pelagos nel mar Tirreno centro-settentrionale. Purtroppo dati recenti indicano che alcuni degli animali pi\\u00f9 legati al Mediterraneo come le tartarughe marine si stanno spostando per andare a nidificare sempre pi\\u00f9 a Nord, sfuggendo a un clima sempre pi\\u00f9 caldo e inospitale.&lt;br&gt;&quot;}],&quot;className&quot;:&quot;is-style-no_image&quot;,&quot;columns_block_style&quot;:&quot;no_image&quot;}}\"><\/div><div data-hydrate=\"planet4-blocks\/gallery\" data-attributes=\"{&quot;attributes&quot;:{&quot;multiple_image&quot;:&quot;18061,18063,18062&quot;,&quot;image_data&quot;:[{&quot;url&quot;:&quot;https:\\\/\\\/www.greenpeace.org\\\/static\\\/planet4-italy-stateless\\\/2023\\\/06\\\/3f01f893-gp0stunis.jpg&quot;,&quot;focalPoint&quot;:{&quot;x&quot;:0.5,&quot;y&quot;:0.5},&quot;id&quot;:18061},{&quot;url&quot;:&quot;https:\\\/\\\/www.greenpeace.org\\\/static\\\/planet4-italy-stateless\\\/2023\\\/06\\\/9d530e03-gp1svdyn.jpg&quot;,&quot;focalPoint&quot;:{&quot;x&quot;:0.5,&quot;y&quot;:0.5},&quot;id&quot;:18063},{&quot;url&quot;:&quot;https:\\\/\\\/www.greenpeace.org\\\/static\\\/planet4-italy-stateless\\\/2023\\\/06\\\/0bc35eb3-gp01y3x.jpg&quot;,&quot;focalPoint&quot;:{&quot;x&quot;:0.5,&quot;y&quot;:0.5},&quot;id&quot;:18062}],&quot;className&quot;:&quot;is-style-three-columns&quot;,&quot;gallery_block_style&quot;:0,&quot;gallery_block_title&quot;:&quot;&quot;,&quot;gallery_block_description&quot;:&quot;&quot;,&quot;gallery_block_focus_points&quot;:&quot;&quot;,&quot;images&quot;:[{&quot;image_src&quot;:&quot;https:\\\/\\\/www.greenpeace.org\\\/static\\\/planet4-italy-stateless\\\/2023\\\/06\\\/3f01f893-gp0stunis.jpg&quot;,&quot;image_srcset&quot;:&quot;https:\\\/\\\/www.greenpeace.org\\\/static\\\/planet4-italy-stateless\\\/2023\\\/06\\\/3f01f893-gp0stunis.jpg 1500w, https:\\\/\\\/www.greenpeace.org\\\/static\\\/planet4-italy-stateless\\\/2023\\\/06\\\/3f01f893-gp0stunis-300x200.jpg 300w, https:\\\/\\\/www.greenpeace.org\\\/static\\\/planet4-italy-stateless\\\/2023\\\/06\\\/3f01f893-gp0stunis-1024x683.jpg 1024w, https:\\\/\\\/www.greenpeace.org\\\/static\\\/planet4-italy-stateless\\\/2023\\\/06\\\/3f01f893-gp0stunis-768x512.jpg 768w, https:\\\/\\\/www.greenpeace.org\\\/static\\\/planet4-italy-stateless\\\/2023\\\/06\\\/3f01f893-gp0stunis-510x340.jpg 510w&quot;,&quot;image_sizes&quot;:false,&quot;alt_text&quot;:&quot;&quot;,&quot;caption&quot;:&quot;&quot;,&quot;focus_image&quot;:&quot;&quot;,&quot;credits&quot;:&quot;&quot;},{&quot;image_src&quot;:&quot;https:\\\/\\\/www.greenpeace.org\\\/static\\\/planet4-italy-stateless\\\/2023\\\/06\\\/9d530e03-gp1svdyn.jpg&quot;,&quot;image_srcset&quot;:&quot;https:\\\/\\\/www.greenpeace.org\\\/static\\\/planet4-italy-stateless\\\/2023\\\/06\\\/9d530e03-gp1svdyn.jpg 1500w, https:\\\/\\\/www.greenpeace.org\\\/static\\\/planet4-italy-stateless\\\/2023\\\/06\\\/9d530e03-gp1svdyn-300x200.jpg 300w, https:\\\/\\\/www.greenpeace.org\\\/static\\\/planet4-italy-stateless\\\/2023\\\/06\\\/9d530e03-gp1svdyn-1024x683.jpg 1024w, https:\\\/\\\/www.greenpeace.org\\\/static\\\/planet4-italy-stateless\\\/2023\\\/06\\\/9d530e03-gp1svdyn-768x512.jpg 768w, https:\\\/\\\/www.greenpeace.org\\\/static\\\/planet4-italy-stateless\\\/2023\\\/06\\\/9d530e03-gp1svdyn-510x340.jpg 510w&quot;,&quot;image_sizes&quot;:false,&quot;alt_text&quot;:&quot;&quot;,&quot;caption&quot;:&quot;&quot;,&quot;focus_image&quot;:&quot;&quot;,&quot;credits&quot;:&quot;&quot;},{&quot;image_src&quot;:&quot;https:\\\/\\\/www.greenpeace.org\\\/static\\\/planet4-italy-stateless\\\/2023\\\/06\\\/0bc35eb3-gp01y3x.jpg&quot;,&quot;image_srcset&quot;:&quot;https:\\\/\\\/www.greenpeace.org\\\/static\\\/planet4-italy-stateless\\\/2023\\\/06\\\/0bc35eb3-gp01y3x.jpg 1500w, https:\\\/\\\/www.greenpeace.org\\\/static\\\/planet4-italy-stateless\\\/2023\\\/06\\\/0bc35eb3-gp01y3x-300x200.jpg 300w, https:\\\/\\\/www.greenpeace.org\\\/static\\\/planet4-italy-stateless\\\/2023\\\/06\\\/0bc35eb3-gp01y3x-1024x683.jpg 1024w, https:\\\/\\\/www.greenpeace.org\\\/static\\\/planet4-italy-stateless\\\/2023\\\/06\\\/0bc35eb3-gp01y3x-768x512.jpg 768w, https:\\\/\\\/www.greenpeace.org\\\/static\\\/planet4-italy-stateless\\\/2023\\\/06\\\/0bc35eb3-gp01y3x-510x340.jpg 510w&quot;,&quot;image_sizes&quot;:false,&quot;alt_text&quot;:&quot;&quot;,&quot;caption&quot;:&quot;&quot;,&quot;focus_image&quot;:&quot;&quot;,&quot;credits&quot;:&quot;&quot;}]}}\"><section class=\"block split-three-column is-style-three-columns\"><\/section><\/div>\n<h2 class=\"wp-block-heading\"><strong>Le aree marine protette<\/strong><\/h2>\n\n<p>La Convenzione per la Biodiversit\u00e0 ha gi\u00e0 identificato delle aree marine che \u00e8 prioritario tutelare anche lungo le coste in Italia, per il loro valore biologico ed ecologico. Pur ospitando l\u2019area marina protetta pi\u00f9 grande del mediterraneo, il Santuario dei cetacei \u201cPelagos\u201d, in realt\u00e0 quest\u2019area non risulta efficacemente tutelata. Nei mari di casa nostra infatti meno dell\u20191% risulta effettivamente protetto. Riconoscere un\u2019area marina protetta, che pu\u00f2 comprendere ambienti marini, acque, fondali e tratti di costa, significa tutelare zone preziose per le caratteristiche naturali e per la flora e la fauna che presentano. Montagne marine, coralli bianchi, una preziosissima biodiversit\u00e0 che \u00e8 vulnerabile e fornisce un habitat prezioso, da tutelare.<\/p>\n\n<h2 class=\"wp-block-heading\">Cosa vogliamo ottenere<\/h2>\n\n<p><img decoding=\"async\" src=\"https:\/\/www.greenpeace.org\/static\/planet4-italy-stateless\/2023\/06\/4473e37d-in-mezzo-mare-logo.png\" width=\"200px\" style=\"float:left;margin: 10px 25px 5px 0px;border-right: 2px solid;padding-right: 25px;\">Chiediamo al Ministero dell&#8217;Ambiente e della Sicurezza Energetica e al Ministero per la Protezione Civile e le Politiche del mare di <strong>ratificare il Trattato<\/strong> per la Protezione degli Oceani 30&#215;30 siglato sotto l\u2019egida delle Nazioni Unite, di <strong>Istituire una rete efficace di aree marine protette<\/strong> nelle acque di sua giurisdizione, proteggendo zone ad elevata biodiversit\u00e0 e si <strong>supportare una moratoria internazionale<\/strong> per l\u2019avvio delle estrazioni minerali negli abissi marini.\n<\/p>\n<div data-render=\"planet4-blocks\/columns\" data-attributes=\"{&quot;attributes&quot;:{&quot;columns_block_style&quot;:&quot;tasks&quot;,&quot;columns_title&quot;:&quot;Cosa puoi fare tu&quot;,&quot;columns_description&quot;:&quot;Il nostro mare \\u00e8 una culla di biodiversit\\u00e0 e vita ma \\u00e8 in grave pericolo. Non c\\u2019\\u00e8 altro tempo da perdere! Tu puoi aiutarci a salvarlo.&quot;,&quot;columns&quot;:[{&quot;title&quot;:&quot;Segui la campagna&quot;,&quot;description&quot;:&quot;Scopri i nostri approfondimenti, leggi tutte le news e condividile il pi\\u00f9 possibile.&quot;,&quot;cta_text&quot;:&quot;Leggi&quot;,&quot;cta_link&quot;:&quot;https:\\\/\\\/www.greenpeace.org\\\/italy\\\/tag\\\/scegliilmare&quot;,&quot;link_new_tab&quot;:true},{&quot;title&quot;:&quot;Firma la petizione&quot;,&quot;description&quot;:&quot;Chiedi insieme a noi al Ministero dell&#039;Ambiente e al Ministero per le Politiche del Mare l&#039;istituzione di una rete efficace di aree marine protette che coprano il 30% dei nostri mari entro il 2030.&quot;,&quot;cta_text&quot;:&quot;Firma ora&quot;,&quot;cta_link&quot;:&quot;https:\\\/\\\/attivati.greenpeace.it\\\/petizioni\\\/scegli-il-mare\\\/?utm_source=greenpeace.org&amp;utm_medium=attivati&amp;utm_campaign=mare&amp;utm_content=button-down&quot;,&quot;link_new_tab&quot;:true},{&quot;title&quot;:&quot;Sostienici ora&quot;,&quot;description&quot;:&quot;Mobilitarsi per difendere il nostro mare richiede tanto impegno ed energie, ma il tempo \\u00e8 ora e dobbiamo intervenire prima possibile. Aiutaci a continuare questa battaglia! Ogni gesto \\u00e8 importante.&quot;,&quot;cta_text&quot;:&quot;Dona&quot;,&quot;cta_link&quot;:&quot;https:\\\/\\\/donazione.greenpeace.it\\\/proteggi-il-mare\\\/?utm_source=greenpeace.org&amp;utm_medium=cosa-facciamo&amp;utm_campaign=donate&amp;utm_content=oceani&quot;,&quot;link_new_tab&quot;:true}],&quot;className&quot;:&quot;is-style-tasks&quot;}}\"><\/div>\n<div style=\"height:200px\" aria-hidden=\"true\" class=\"wp-block-spacer\"><\/div>\n","protected":false},"excerpt":{"rendered":"<p>Il Mediterraneo, come tutti i mari, gioca un ruolo chiave nella mitigazione dei cambiamenti climatici, nella produzione di ossigeno e per il nostro sostentamento, eppure \u00e8 il regno di chi, senza scrupoli, lo sfrutta e lo inquina. Plastica e microplastiche, sostanze chimiche, pesca distruttiva e selvaggia, effetti dei cambiamenti climatici uniti ad attivit\u00e0 estrattive mettono a rischio la sua unica e straordinaria biodiversit\u00e0.<\/p>\n","protected":false},"author":21,"featured_media":18067,"parent":9,"menu_order":0,"comment_status":"closed","ping_status":"closed","template":"","meta":{"ep_exclude_from_search":false,"p4_hide_page_title_checkbox":"","p4_title":"","p4_subtitle":"","p4_description":"","background_image_id":"","background_image":"","p4_button_title":"","p4_button_link":"","p4_button_link_checkbox":"","p4_og_title":"Il nostro mare \u00e8 in pericolo. Aiutaci a proteggerlo!","p4_og_description":"Il Mar Mediterraneo \u00e8 minacciato da plastica, pesca intensiva, attivit\u00e0 estrattive e riscaldamento globale. Chiedi insieme a noi la creazione di aree marine protette!","p4_og_image":"https:\/\/www.greenpeace.org\/static\/planet4-italy-stateless\/2024\/02\/acd763ac-gp1sx0d1.jpg","p4_og_image_id":"21925","p4_seo_canonical_url":"","p4_campaign_name":"","p4_local_project":"","p4_basket_name":"","p4_department":"","footnotes":""},"categories":[17,24],"tags":[18],"class_list":["post-18055","page","type-page","status-publish","has-post-thumbnail","hentry","category-proteggi","category-scegli","tag-mare"],"_links":{"self":[{"href":"https:\/\/www.greenpeace.org\/italy\/wp-json\/wp\/v2\/pages\/18055","targetHints":{"allow":["GET"]}}],"collection":[{"href":"https:\/\/www.greenpeace.org\/italy\/wp-json\/wp\/v2\/pages"}],"about":[{"href":"https:\/\/www.greenpeace.org\/italy\/wp-json\/wp\/v2\/types\/page"}],"author":[{"embeddable":true,"href":"https:\/\/www.greenpeace.org\/italy\/wp-json\/wp\/v2\/users\/21"}],"replies":[{"embeddable":true,"href":"https:\/\/www.greenpeace.org\/italy\/wp-json\/wp\/v2\/comments?post=18055"}],"version-history":[{"count":18,"href":"https:\/\/www.greenpeace.org\/italy\/wp-json\/wp\/v2\/pages\/18055\/revisions"}],"predecessor-version":[{"id":28137,"href":"https:\/\/www.greenpeace.org\/italy\/wp-json\/wp\/v2\/pages\/18055\/revisions\/28137"}],"up":[{"embeddable":true,"href":"https:\/\/www.greenpeace.org\/italy\/wp-json\/wp\/v2\/pages\/9"}],"wp:featuredmedia":[{"embeddable":true,"href":"https:\/\/www.greenpeace.org\/italy\/wp-json\/wp\/v2\/media\/18067"}],"wp:attachment":[{"href":"https:\/\/www.greenpeace.org\/italy\/wp-json\/wp\/v2\/media?parent=18055"}],"wp:term":[{"taxonomy":"category","embeddable":true,"href":"https:\/\/www.greenpeace.org\/italy\/wp-json\/wp\/v2\/categories?post=18055"},{"taxonomy":"post_tag","embeddable":true,"href":"https:\/\/www.greenpeace.org\/italy\/wp-json\/wp\/v2\/tags?post=18055"}],"curies":[{"name":"wp","href":"https:\/\/api.w.org\/{rel}","templated":true}]}}