{"id":3040,"date":"2018-11-13T16:51:34","date_gmt":"2018-11-13T16:51:34","guid":{"rendered":"https:\/\/www.greenpeace.org\/italy\/?page_id=3040"},"modified":"2025-07-02T09:30:03","modified_gmt":"2025-07-02T07:30:03","slug":"problema-pfas-in-italia-un-crimine-ambientale-e-sanitario","status":"publish","type":"page","link":"https:\/\/www.greenpeace.org\/italy\/attivati\/problema-pfas-in-italia-un-crimine-ambientale-e-sanitario\/","title":{"rendered":"In Italia \u00e8 in atto un crimine ambientale e sanitario"},"content":{"rendered":"\n<div class=\"wp-block-group is-vertical is-layout-flex wp-container-core-group-is-layout-8cf370e7 wp-block-group-is-layout-flex\">\n<div class=\"wp-block-buttons is-layout-flex wp-block-buttons-is-layout-flex\">\n<div class=\"wp-block-button\"><a class=\"wp-block-button__link wp-element-button\" href=\"https:\/\/attivati.greenpeace.it\/petizioni\/zero-pfas\/?utm_source=greenpeace.org&amp;utm_medium=attivati&amp;utm_campaign=pfas&amp;utm_content=button-up\" target=\"_blank\" rel=\"noreferrer noopener\">\n                                    Firma la petizione\n                                <\/a><\/div>\n<\/div>\n<\/div>\n\n<div class=\"wp-block-columns is-layout-flex wp-container-core-columns-is-layout-9d6595d7 wp-block-columns-is-layout-flex\">\n<div class=\"wp-block-column is-layout-flow wp-block-column-is-layout-flow\">\n<p>Pochissimi ne parlano, eppure siamo tra i Paesi pi\u00f9 colpiti dalla contaminazione da PFAS, sostanze chimiche che impattano sulla salute di tutti noi. Utilizzati dalle industrie per produrre abbigliamento, cosmetici, packaging per alimenti e in tanti altri prodotti di uso comune, vengono riversati nei nostri fiumi e nell\u2019aria dove inquinano acqua e coltivazioni, arrivando fino alle nostre tavole. L&#8217;ambiente e la salute vengono prima del profitto di pochi. Insieme possiamo fermare i crimini ambientali delle aziende che, senza scrupoli, ancora oggi hanno licenza di inquinare!<\/p>\n<\/div>\n\n\n\n<div class=\"wp-block-column is-layout-flow wp-block-column-is-layout-flow\">\n<figure class=\"wp-block-image size-large\"><img loading=\"lazy\" decoding=\"async\" width=\"1024\" height=\"683\" src=\"https:\/\/www.greenpeace.org\/static\/planet4-italy-stateless\/2023\/03\/4b3d2447-pfas-header-1-1024x683.jpg\" alt=\"\" class=\"wp-image-17297\" srcset=\"https:\/\/www.greenpeace.org\/static\/planet4-italy-stateless\/2023\/03\/4b3d2447-pfas-header-1-1024x683.jpg 1024w, https:\/\/www.greenpeace.org\/static\/planet4-italy-stateless\/2023\/03\/4b3d2447-pfas-header-1-300x200.jpg 300w, https:\/\/www.greenpeace.org\/static\/planet4-italy-stateless\/2023\/03\/4b3d2447-pfas-header-1-768x512.jpg 768w, https:\/\/www.greenpeace.org\/static\/planet4-italy-stateless\/2023\/03\/4b3d2447-pfas-header-1-1536x1024.jpg 1536w, https:\/\/www.greenpeace.org\/static\/planet4-italy-stateless\/2023\/03\/4b3d2447-pfas-header-1-2048x1366.jpg 2048w, https:\/\/www.greenpeace.org\/static\/planet4-italy-stateless\/2023\/03\/4b3d2447-pfas-header-1-510x340.jpg 510w\" sizes=\"auto, (max-width: 1024px) 100vw, 1024px\" \/><\/figure>\n<\/div>\n<\/div>\n<div data-render=\"planet4-blocks\/columns\" data-attributes=\"{&quot;attributes&quot;:{&quot;columns&quot;:[{&quot;title&quot;:&quot;Cosa sono i PFAS?&quot;,&quot;description&quot;:&quot;&lt;strong&gt;I PFAS sono un gruppo di migliaia di sostanze chimiche di sintesi prodotte dalle industrie&lt;\\\/strong&gt;, ancora oggi ampiamente usate perch\\u00e9 in Italia non esiste una legge che ne vieti la produzione e l&#039;utilizzo. Introdotti sul mercato globale nel secolo scorso, hanno trovato ampia applicazione perch\\u00e9 idrorepellenti, stabili e resistenti alle alte temperature. &lt;strong&gt;Una volta dispersi in natura, possono rimanere nell\\u2019ambiente per tantissimo tempo.&lt;\\\/strong&gt; Queste sostanze si degradano in tempi lunghissimi, tanto da essere chiamate \\u201c&lt;strong&gt;inquinanti eterni&lt;\\\/strong&gt;\\u201d. &lt;strong&gt;Il loro uso massiccio ha permesso ai PFAS di invadere ogni angolo del globo&lt;\\\/strong&gt;: dalle vette remote pi\\u00f9 incontaminate fino ai poli, dagli animali marini come i cetacei a ecosistemi lontani dalle attivit\\u00e0 dell\\u2019uomo, dalla pioggia fino all\\u2019acqua di rubinetto delle nostre case.&quot;},{&quot;title&quot;:&quot;Una seria minaccia per la nostra salute!&quot;,&quot;description&quot;:&quot;&lt;strong&gt;Le persone in tutta Europa sono esposte ai PFAS attraverso gli alimenti, l&#039;acqua potabile, l\\u2019aria, numerosi prodotti di consumo e i materiali presenti nelle nostre case e nei luoghi di lavoro.&lt;\\\/strong&gt; Nel corpo umano queste sostanze sono state trovate nel sangue, nelle urine, nella placenta, nel cordone ombelicale e persino nel latte materno. &lt;strong&gt;L&#039;esposizione ai PFAS \\u00e8 stata associata a una serie di effetti negativi sulla salute.&lt;\\\/strong&gt; Problemi alla tiroide, danni al fegato e al sistema immunitario, riduzione del peso alla nascita dei neonati, obesit\\u00e0, diabete, elevati livelli di colesterolo e riduzione della risposta immunitaria ai vaccini, diabete gestazionale, impatto negativo sulla fertilit\\u00e0, oltre che alcune forme tumorali come il cancro al rene e ai testicoli. &lt;strong&gt;Sono le persone fragili, i bambini e le donne incinte a pagare il prezzo pi\\u00f9 alto.&lt;\\\/strong&gt;&quot;}],&quot;className&quot;:&quot;is-style-no_image&quot;,&quot;columns_block_style&quot;:&quot;no_image&quot;}}\"><\/div>\n<h2 class=\"wp-block-heading\">Come i PFAS entrano nella nostra vita<\/h2>\n\n        <div class=\"wp-block-group is-layout-flow wp-block-group-is-layout-flow\">\n        \n        \n        <figure class=\"wp-block-embed is-type-1 is-provider-youtube wp-block-embed-youtube wp-embed-aspect-16-9 wp-has-aspect-ratio\"><div class=\"wp-block-embed__wrapper\">\n        <lite-youtube style=\"background-image: url('https:\/\/i.ytimg.com\/vi\/tNHM7WjDyF4\/hqdefault.jpg');\" videoid=\"tNHM7WjDyF4\" params=\"rel=0\"><\/lite-youtube>\n        <\/div><\/figure><\/div>\n        \n<h2 class=\"wp-block-heading\">Cosa stiamo facendo<\/h2>\n\n<p>Grazie ad una grande mobilitazione, nel 2017 <strong>siamo riusciti ad ottenere l\u2019introduzione in Veneto di limiti per la presenza di PFAS nell\u2019acqua potabile<\/strong> e la pubblicazione periodica dei dati sulla presenza di queste sostanze negli acquedotti dell\u2019area pi\u00f9 contaminata. <strong>Insieme alle Mamme No PFAS<\/strong>, dopo una lunga battaglia legale che ha visto riconoscere le nostre ragioni al TAR, <strong>siamo riusciti a ottenere i dati della contaminazione alimentare in Veneto<\/strong>, documenti fino ad allora non erano disponibili alla cittadinanza. <strong>Continuiamo a realizzare monitoraggi e indagini indipendenti sull\u2019inquinamento dell\u2019acqua potabile e far pressione sugli enti pubblici per ottenere un bando dell\u2019uso e della produzione di queste sostanze.<\/strong><\/p>\n<div data-render=\"planet4-blocks\/columns\" data-attributes=\"{&quot;attributes&quot;:{&quot;columns_block_style&quot;:&quot;tasks&quot;,&quot;columns_title&quot;:&quot;Cosa puoi fare tu&quot;,&quot;columns_description&quot;:&quot;Nessuno deve essere lasciato indietro, l\\u2019ambiente e tutta la popolazione italiana deve essere protetta e tutelata dai PFAS. &lt;strong&gt;Non c\\u2019\\u00e8 altro tempo da perdere!&lt;\\\/strong&gt;&quot;,&quot;columns&quot;:[{&quot;title&quot;:&quot;Firma la petizione&quot;,&quot;description&quot;:&quot;Chiedi insieme a noi al Governo di varare subito una legge che introduca il divieto dell\\u2019uso e della produzione dei PFAS in tutta Italia.&quot;,&quot;cta_text&quot;:&quot;Firma ora&quot;,&quot;cta_link&quot;:&quot;https:\\\/\\\/attivati.greenpeace.it\\\/petizioni\\\/zero-pfas\\\/?utm_source=greenpeace.orgu0026utm_medium=attivatiu0026utm_campaign=pfasu0026utm_content=button-down&quot;,&quot;link_new_tab&quot;:true},{&quot;title&quot;:&quot;Segui gli aggiornamenti della nostra campagna&quot;,&quot;description&quot;:&quot;Scopri i nostri approfondimenti, leggi i nostri report e condividili pi\\u00f9 possibile. La salute e la sicurezza dei cittadini viene prima del profitto delle industrie!&quot;,&quot;cta_text&quot;:&quot;Leggi&quot;,&quot;cta_link&quot;:&quot;https:\\\/\\\/www.greenpeace.org\\\/italy\\\/tag\\\/zeropfas\\\/&quot;,&quot;link_new_tab&quot;:true},{&quot;title&quot;:&quot;Sostienici ora&quot;,&quot;description&quot;:&quot;Dopo un ricorso al TAR siamo riusciti ad avere accesso ai dati sulla presenza di PFAS nell\\u2019acqua e abbiamo eseguito campionamenti sull\\u2019acqua potabile di 18 scuole.  Mobilitarsi per difendere l\\u2019acqua pu\\u00f2 essere un compito complicato o costoso, ma lo reputiamo necessario. Aiutaci a continuare! &quot;,&quot;cta_text&quot;:&quot;Dona&quot;,&quot;cta_link&quot;:&quot;https:\\\/\\\/donazione.greenpeace.it\\\/Stop-Pfas\\\/?utm_source=greenpeace.orgu0026utm_medium=cosa-facciamou0026utm_campaign=donateu0026utm_content=pfas&quot;,&quot;link_new_tab&quot;:true}],&quot;className&quot;:&quot;is-style-tasks&quot;}}\"><\/div>\n<div style=\"height:200px\" aria-hidden=\"true\" class=\"wp-block-spacer\"><\/div>\n","protected":false},"excerpt":{"rendered":"<p>No ai PFAS e altre sostanze chimiche pericolose.<\/p>\n","protected":false},"author":33,"featured_media":17297,"parent":9,"menu_order":0,"comment_status":"closed","ping_status":"closed","template":"","meta":{"ep_exclude_from_search":false,"p4_hide_page_title_checkbox":"","p4_title":"","p4_subtitle":"","p4_description":"","background_image_id":"","background_image":"","p4_button_title":"","p4_button_link":"","p4_button_link_checkbox":"","p4_og_title":"PFAS: in Italia \u00e8 in atto un crimine ambientale e sanitario","p4_og_description":"Pochissimi ne parlano, eppure siamo tra i Paesi pi\u00f9 colpiti dalla contaminazione da PFAS, sostanze chimiche che impattano sulla salute di tutti noi. \u00c8 ora di dire basta!","p4_og_image":"https:\/\/www.greenpeace.org\/static\/planet4-italy-stateless\/2023\/03\/4b3d2447-pfas-header-1-scaled.jpg","p4_og_image_id":"17297","p4_seo_canonical_url":"","p4_campaign_name":"","p4_local_project":"","p4_basket_name":"","p4_department":"","footnotes":""},"categories":[20,17,24],"tags":[21,30,31],"class_list":["post-3040","page","type-page","status-publish","has-post-thumbnail","hentry","category-denuncia","category-proteggi","category-scegli","tag-inquinamento","tag-salute","tag-volontariato"],"_links":{"self":[{"href":"https:\/\/www.greenpeace.org\/italy\/wp-json\/wp\/v2\/pages\/3040","targetHints":{"allow":["GET"]}}],"collection":[{"href":"https:\/\/www.greenpeace.org\/italy\/wp-json\/wp\/v2\/pages"}],"about":[{"href":"https:\/\/www.greenpeace.org\/italy\/wp-json\/wp\/v2\/types\/page"}],"author":[{"embeddable":true,"href":"https:\/\/www.greenpeace.org\/italy\/wp-json\/wp\/v2\/users\/33"}],"replies":[{"embeddable":true,"href":"https:\/\/www.greenpeace.org\/italy\/wp-json\/wp\/v2\/comments?post=3040"}],"version-history":[{"count":20,"href":"https:\/\/www.greenpeace.org\/italy\/wp-json\/wp\/v2\/pages\/3040\/revisions"}],"predecessor-version":[{"id":28215,"href":"https:\/\/www.greenpeace.org\/italy\/wp-json\/wp\/v2\/pages\/3040\/revisions\/28215"}],"up":[{"embeddable":true,"href":"https:\/\/www.greenpeace.org\/italy\/wp-json\/wp\/v2\/pages\/9"}],"wp:featuredmedia":[{"embeddable":true,"href":"https:\/\/www.greenpeace.org\/italy\/wp-json\/wp\/v2\/media\/17297"}],"wp:attachment":[{"href":"https:\/\/www.greenpeace.org\/italy\/wp-json\/wp\/v2\/media?parent=3040"}],"wp:term":[{"taxonomy":"category","embeddable":true,"href":"https:\/\/www.greenpeace.org\/italy\/wp-json\/wp\/v2\/categories?post=3040"},{"taxonomy":"post_tag","embeddable":true,"href":"https:\/\/www.greenpeace.org\/italy\/wp-json\/wp\/v2\/tags?post=3040"}],"curies":[{"name":"wp","href":"https:\/\/api.w.org\/{rel}","templated":true}]}}