{"id":1823,"date":"2019-02-28T12:34:16","date_gmt":"2019-02-28T17:34:16","guid":{"rendered":"https:\/\/www.greenpeace.org\/mexico\/?page_id=1823"},"modified":"2025-06-25T09:41:21","modified_gmt":"2025-06-25T14:41:21","slug":"transporte-sin-contaminacion","status":"publish","type":"page","link":"https:\/\/www.greenpeace.org\/mexico\/participa\/transporte-sin-contaminacion\/","title":{"rendered":"Exige transporte seguro y sin contaminaci\u00f3n del aire"},"content":{"rendered":"\n<div class=\"wp-block-group is-vertical is-layout-flex wp-container-core-group-is-layout-8cf370e7 wp-block-group-is-layout-flex\">\n<p><span id=\"hs_cos_wrapper_module_15482688499211019_\" class=\"hs_cos_wrapper hs_cos_wrapper_widget hs_cos_wrapper_type_rich_text\" data-hs-cos-general-type=\"widget\" data-hs-cos-type=\"rich_text\">La ineficiente oferta de transporte p\u00fablico en nuestras ciudades hace que cada vez m\u00e1s personas prefieran moverse en autom\u00f3vil, generando m\u00e1s tr\u00e1nsito y contaminaci\u00f3n en el aire.<\/span>\n\n<strong>\u00danete y exige a la jefa de gobierno y gobernadores de 7 de las ciudades m\u00e1s contaminadas del pa\u00eds que inviertan en transporte p\u00fablico seguro, eficiente y no contaminante para todos<\/strong>. \u00a1S\u00e9 parte del movimiento que exige transporte p\u00fablico cero emisiones!<\/p>\n\n\n\n<div class=\"wp-block-buttons is-layout-flex wp-block-buttons-is-layout-flex\">\n<div class=\"wp-block-button\"><a class=\"wp-block-button__link wp-element-button\" href=\"https:\/\/actua.greenpeace.org.mx\/transporte-sin-contaminacion\" target=\"\" rel=\"noreferrer noopener\">\n                                    Firma la petici\u00f3n\n                                <\/a><\/div>\n<\/div>\n<\/div>\n<div data-render=\"planet4-blocks\/columns\" data-attributes=\"{&quot;attributes&quot;:{&quot;columns_block_style&quot;:&quot;tasks&quot;,&quot;columns_title&quot;:&quot;\\u00bfQu\\u00e9 puedes hacer?&quot;,&quot;columns&quot;:[{&quot;title&quot;:&quot;Calcula cu\\u00e1nto contaminas al transportarte&quot;,&quot;description&quot;:&quot;Haz este peque\\u00f1o test para saber cu\\u00e1nto contaminas al transportarte y lo que podr\\u00edas lograr de cambiar a una forma m\\u00e1s sustentable de movilidad. &quot;,&quot;cta_link&quot;:&quot;https:\\\/\\\/actua.greenpeace.org.mx\\\/calculadora-emisiones&quot;,&quot;link_new_tab&quot;:false,&quot;cta_text&quot;:&quot;\\u00a1Quiero hacer el test! &quot;},{&quot;title&quot;:&quot;\\u00bfQu\\u00e9 respiran ni\\u00f1as y ni\\u00f1os?&quot;,&quot;description&quot;:&quot;La infancia es uno de los sectores m\\u00e1s afectados por la contaminaci\\u00f3n del aire. Hemos instalado monitores de part\\u00edculas PM2.5 en escuelas de diferentes estados del pa\\u00eds para conocer qu\\u00e9 est\\u00e1n respirando  ni\\u00f1as y ni\\u00f1os. &quot;,&quot;cta_link&quot;:&quot;http:\\\/\\\/greenpeace.redspira.org\\\/#z=10&amp;x=-99.6368&amp;y=19.4316&quot;,&quot;link_new_tab&quot;:false,&quot;cta_text&quot;:&quot;\\u00a1Cons\\u00faltalo en tiempo real!&quot;},{&quot;title&quot;:&quot;Lee nuestro \\u00faltimo reporte&quot;,&quot;description&quot;:&quot;M\\u00e9xico es el cuarto peor lugar en emisiones de di\\u00f3xido de azufre en el mundo, solo detr\\u00e1s de India, Rusia y China. \\u00bfQu\\u00e9 significa esto para el aire que respiramos y nuestra salud? Lee el reporte&quot;,&quot;cta_link&quot;:&quot;https:\\\/\\\/www.greenpeace.org\\\/mexico\\\/publicacion\\\/3080\\\/base-de-datos-de-puntos-criticos-de-emisiones-globales-de-so2\\\/&quot;,&quot;link_new_tab&quot;:false,&quot;cta_text&quot;:&quot;M\\u00e1s informaci\\u00f3n&quot;}],&quot;className&quot;:&quot;is-style-tasks&quot;}}\"><\/div>","protected":false},"excerpt":{"rendered":"<p>Exijamos m\u00e1s y mejor transporte que nos ayude a mejorar el aire que respiramos en nuestras ciudades<\/p>\n","protected":false},"author":21,"featured_media":1550,"parent":9,"menu_order":0,"comment_status":"closed","ping_status":"closed","template":"","meta":{"ep_exclude_from_search":false,"p4_hide_page_title_checkbox":"","p4_title":"","p4_subtitle":"","p4_description":"","background_image_id":"","background_image":"","p4_button_title":"","p4_button_link":"","p4_button_link_checkbox":"","p4_og_title":"","p4_og_description":"","p4_og_image":"","p4_og_image_id":"","p4_seo_canonical_url":"","p4_campaign_name":"not set","p4_local_project":"","p4_basket_name":"not set","p4_department":"","footnotes":""},"categories":[2],"tags":[7],"class_list":["post-1823","page","type-page","status-publish","has-post-thumbnail","hentry","category-cambio-climatico","tag-transporte"],"_links":{"self":[{"href":"https:\/\/www.greenpeace.org\/mexico\/wp-json\/wp\/v2\/pages\/1823","targetHints":{"allow":["GET"]}}],"collection":[{"href":"https:\/\/www.greenpeace.org\/mexico\/wp-json\/wp\/v2\/pages"}],"about":[{"href":"https:\/\/www.greenpeace.org\/mexico\/wp-json\/wp\/v2\/types\/page"}],"author":[{"embeddable":true,"href":"https:\/\/www.greenpeace.org\/mexico\/wp-json\/wp\/v2\/users\/21"}],"replies":[{"embeddable":true,"href":"https:\/\/www.greenpeace.org\/mexico\/wp-json\/wp\/v2\/comments?post=1823"}],"version-history":[{"count":11,"href":"https:\/\/www.greenpeace.org\/mexico\/wp-json\/wp\/v2\/pages\/1823\/revisions"}],"predecessor-version":[{"id":58526,"href":"https:\/\/www.greenpeace.org\/mexico\/wp-json\/wp\/v2\/pages\/1823\/revisions\/58526"}],"up":[{"embeddable":true,"href":"https:\/\/www.greenpeace.org\/mexico\/wp-json\/wp\/v2\/pages\/9"}],"wp:featuredmedia":[{"embeddable":true,"href":"https:\/\/www.greenpeace.org\/mexico\/wp-json\/wp\/v2\/media\/1550"}],"wp:attachment":[{"href":"https:\/\/www.greenpeace.org\/mexico\/wp-json\/wp\/v2\/media?parent=1823"}],"wp:term":[{"taxonomy":"category","embeddable":true,"href":"https:\/\/www.greenpeace.org\/mexico\/wp-json\/wp\/v2\/categories?post=1823"},{"taxonomy":"post_tag","embeddable":true,"href":"https:\/\/www.greenpeace.org\/mexico\/wp-json\/wp\/v2\/tags?post=1823"}],"curies":[{"name":"wp","href":"https:\/\/api.w.org\/{rel}","templated":true}]}}

Exige transporte seguro y sin contaminación del aire

<div class="wp-block-group is-vertical is-layout-flex wp-container-core-group-is-layout-8cf370e7 wp-block-group-is-layout-flex">
<p><span id="hs_cos_wrapper_module_15482688499211019_" class="hs_cos_wrapper hs_cos_wrapper_widget hs_cos_wrapper_type_rich_text" data-hs-cos-general-type="widget" data-hs-cos-type="rich_text">La ineficiente oferta de transporte público en nuestras ciudades hace que cada vez más personas prefieran moverse en automóvil, generando más tránsito y contaminación en el aire.</span>

<strong>Únete y exige a la jefa de gobierno y gobernadores de 7 de las ciudades más contaminadas del país que inviertan en transporte público seguro, eficiente y no contaminante para todos</strong>. ¡Sé parte del movimiento que exige transporte público cero emisiones!</p>



<div class="wp-block-buttons is-layout-flex wp-block-buttons-is-layout-flex">
<div class="wp-block-button"><a class="wp-block-button__link wp-element-button" href="https://actua.greenpeace.org.mx/transporte-sin-contaminacion" target="" rel="noreferrer noopener">
                                    Firma la petición
                                </a></div>
</div>
</div>
<div data-render="planet4-blocks/columns" data-attributes="{&quot;attributes&quot;:{&quot;columns_block_style&quot;:&quot;tasks&quot;,&quot;columns_title&quot;:&quot;\u00bfQu\u00e9 puedes hacer?&quot;,&quot;columns&quot;:[{&quot;title&quot;:&quot;Calcula cu\u00e1nto contaminas al transportarte&quot;,&quot;description&quot;:&quot;Haz este peque\u00f1o test para saber cu\u00e1nto contaminas al transportarte y lo que podr\u00edas lograr de cambiar a una forma m\u00e1s sustentable de movilidad. &quot;,&quot;cta_link&quot;:&quot;https:\/\/actua.greenpeace.org.mx\/calculadora-emisiones&quot;,&quot;link_new_tab&quot;:false,&quot;cta_text&quot;:&quot;\u00a1Quiero hacer el test! &quot;},{&quot;title&quot;:&quot;\u00bfQu\u00e9 respiran ni\u00f1as y ni\u00f1os?&quot;,&quot;description&quot;:&quot;La infancia es uno de los sectores m\u00e1s afectados por la contaminaci\u00f3n del aire. Hemos instalado monitores de part\u00edculas PM2.5 en escuelas de diferentes estados del pa\u00eds para conocer qu\u00e9 est\u00e1n respirando  ni\u00f1as y ni\u00f1os. &quot;,&quot;cta_link&quot;:&quot;http:\/\/greenpeace.redspira.org\/#z=10&amp;x=-99.6368&amp;y=19.4316&quot;,&quot;link_new_tab&quot;:false,&quot;cta_text&quot;:&quot;\u00a1Cons\u00faltalo en tiempo real!&quot;},{&quot;title&quot;:&quot;Lee nuestro \u00faltimo reporte&quot;,&quot;description&quot;:&quot;M\u00e9xico es el cuarto peor lugar en emisiones de di\u00f3xido de azufre en el mundo, solo detr\u00e1s de India, Rusia y China. \u00bfQu\u00e9 significa esto para el aire que respiramos y nuestra salud? Lee el reporte&quot;,&quot;cta_link&quot;:&quot;https:\/\/www.greenpeace.org\/mexico\/publicacion\/3080\/base-de-datos-de-puntos-criticos-de-emisiones-globales-de-so2\/&quot;,&quot;link_new_tab&quot;:false,&quot;cta_text&quot;:&quot;M\u00e1s informaci\u00f3n&quot;}],&quot;className&quot;:&quot;is-style-tasks&quot;}}"></div>

<p>Exijamos más y mejor transporte que nos ayude a mejorar el aire que respiramos en nuestras ciudades</p>
