{"id":232,"date":"2018-05-14T12:37:02","date_gmt":"2018-05-14T12:37:02","guid":{"rendered":"https:\/\/k8s.p4.greenpeace.org\/defaultcontent\/?page_id=232"},"modified":"2026-01-21T14:45:11","modified_gmt":"2026-01-21T19:45:11","slug":"privacidad-y-cookies","status":"publish","type":"page","link":"https:\/\/www.greenpeace.org\/mexico\/privacidad-y-cookies\/","title":{"rendered":"Pol\u00edtica de privacidad y cookies"},"content":{"rendered":"\n\n<div class=\"wp-block-group alignfull is-layout-flow wp-block-group-is-layout-flow\">\n<div class=\"wp-block-group container is-layout-flow wp-block-group-is-layout-flow\">\n<div class=\"wp-block-media-text alignfull has-media-on-the-right is-stacked-on-mobile is-pattern-p4-page-header is-style-parallax\"><div class=\"wp-block-media-text__content\">\n<div class=\"wp-block-group is-layout-flow wp-block-group-is-layout-flow\">\n<h1 class=\"wp-block-heading has-white-background-color has-background\">\n                            Pol\u00edtica de Privacidad y Cookies\n                        <\/h1>\n<\/div>\n<\/div><figure class=\"wp-block-media-text__media\"><img loading=\"lazy\" decoding=\"async\" width=\"2000\" height=\"1500\" src=\"https:\/\/storage.googleapis.com\/planet4-mexico-stateless-develop\/2018\/05\/d99ceb8a-bangladesh-flood-privacy.jpg\" alt=\"\" sizes=\"auto, (min-width: 601px) 50vw, 100vw\" srcset=\"https:\/\/storage.googleapis.com\/planet4-mexico-stateless-develop\/2018\/05\/d99ceb8a-bangladesh-flood-privacy.jpg 2000w, https:\/\/storage.googleapis.com\/planet4-mexico-stateless-develop\/2018\/05\/d99ceb8a-bangladesh-flood-privacy-300x225.jpg 300w, https:\/\/storage.googleapis.com\/planet4-mexico-stateless-develop\/2018\/05\/d99ceb8a-bangladesh-flood-privacy-768x576.jpg 768w, https:\/\/storage.googleapis.com\/planet4-mexico-stateless-develop\/2018\/05\/d99ceb8a-bangladesh-flood-privacy-1024x768.jpg 1024w, https:\/\/storage.googleapis.com\/planet4-mexico-stateless-develop\/2018\/05\/d99ceb8a-bangladesh-flood-privacy-1821x1366.jpg 1821w, https:\/\/storage.googleapis.com\/planet4-mexico-stateless-develop\/2018\/05\/d99ceb8a-bangladesh-flood-privacy-453x340.jpg 453w\" class=\"wp-image-81 size-full\"\/><\/figure><\/div>\n<\/div>\n<\/div>\n\n<div data-render=\"planet4-blocks\/submenu\" data-attributes=\"{&quot;attributes&quot;:{&quot;title&quot;:&quot;En esta p\\u00e1gina&quot;,&quot;submenu_style&quot;:1,&quot;levels&quot;:[{&quot;heading&quot;:2,&quot;link&quot;:true},{&quot;heading&quot;:3,&quot;link&quot;:true}]}}\"><\/div>\n<h2 class=\"wp-block-heading\">Aviso de privacidad<\/h2>\n\n<p><strong>GREENPEACE M\u00c9XICO, A.C.<\/strong> en adelante la \u201cORGANIZACI\u00d3N\u201d<strong> <\/strong>con Domicilio: Calle Luis Kuhne 55, Colonia Las \u00c1guilas, Alcald\u00eda \u00c1lvaro Obreg\u00f3n, C.P. 01710, Ciudad de M\u00e9xico, M\u00e9xico, con correo electr\u00f3nico: greenpeace.socios@greenpeace.org, y tel\u00e9fono: +52 55 4440 5177, es responsable del tratamiento de sus datos personales y de la utilizaci\u00f3n del uso de su imagen y voz.<\/p>\n\n<p>Sus datos personales se utilizar\u00e1n para identificarlo y contactarlo, cumplir con obligaciones legales y fiscales, emitir comprobantes y constancias de donativos, as\u00ed como gestionar procesos administrativos, contables y de auditor\u00eda y dar seguimiento a servicios, colaboraciones, solicitudes o apoyos, incluyendo la evaluaci\u00f3n de la calidad de nuestras actividades. Tambi\u00e9n para comunicar campa\u00f1as, invitarlo a donar y participar en eventos, webinars o cursos, realizar an\u00e1lisis estad\u00edsticos y reportes, apoyar iniciativas ambientales ante autoridades y coordinar apoyos con organizaciones aliadas, instituciones p\u00fablicas y donantes. Asimismo, permitir\u00e1n gestionar voluntariado, verificar identidad, controlar accesos y medidas de seguridad, prevenir y atender emergencias, as\u00ed como realizar encuestas sobre preferencias de campa\u00f1as y motivos de cancelaci\u00f3n de donativos.<\/p>\n\n<p>Asimismo, podr\u00e1n tratarse datos sensibles de salud, medicamentos que consume y g\u00e9nero, siempre bajo medidas estrictas de confidencialidad y seguridad. Sus datos podr\u00e1n compartirse con autoridades competentes o instituciones aliadas para cumplir con obligaciones legales o fines comprendidos en el objeto social.<\/p>\n\n<p>Usted puede ejercer sus derechos ARCO (Acceso, Rectificaci\u00f3n, Cancelaci\u00f3n u Oposici\u00f3n), o revocar su consentimiento, enviando un correo a: greenpeace.socios@greenpeace.org.<\/p>\n\n<p>Consulta el detalle de nuestro aviso de <a href=\"https:\/\/actua.greenpeace.org.mx\/hubfs\/Avisos%20de%20privacidad\/AVISO%20DE%20PRIVACIDAD%20INTEGRAL%20GREENPEACE%20M%C3%89XICO%20(update%20noviembre%202025).pdf\" target=\"_blank\" rel=\"noreferrer noopener\">privacidad integral y autorizaci\u00f3n para uso de imagen y voz.<\/a><\/p>\n\n<h2 class=\"wp-block-heading\"><strong>Cambios a esta pol\u00edtica<\/strong><\/h2>\n\n<p>Cualquier cambio que hagamos a esta declaraci\u00f3n de privacidad en el futuro se publicar\u00e1 en nuestro sitio web y tambi\u00e9n estar\u00e1 disponible si se comunica con nosotros.<\/p>\n\n<p>Por favor, vuelva con frecuencia para ver los cambios.<\/p>\n\n<p><strong>\u00daltima actualizaci\u00f3n Noviembre 2025.<\/strong><\/p>\n\n<h2 class=\"wp-block-heading\">Pol\u00edtica de cookies de Greenpeace<\/h2>\n\n<p>Queremos asegurarnos de que disfrutes navegando por nuestro sitio web. Con el fin de mejorar tu experiencia y recopilar informaci\u00f3n sobre el uso de nuestro sitio, colocamos &#8220;cookies&#8221; en tu computadora.<\/p>\n\n<p>Las cookies son archivos de texto que contienen peque\u00f1as cantidades de informaci\u00f3n que se descargan en tu dispositivo cuando visitas un sitio web. Luego, las cookies se env\u00edan de vuelta al sitio web de origen en cada visita posterior, o a otro sitio web que reconozca esa cookie:<\/p>\n\n<ul class=\"wp-block-list\">\n<li>Las cookies permiten que nuestros sistemas reconozcan el dispositivo del usuario y pongan a su disposici\u00f3n los ajustes predeterminados disponibles de inmediato.<\/li>\n\n\n\n<li>Tan pronto como un usuario accede a la plataforma, se env\u00eda una cookie al disco duro de la computadora del usuario correspondiente.<\/li>\n<\/ul>\n\n<p>Las cookies son \u00fatiles porque:<\/p>\n\n<ul class=\"wp-block-list\">\n<li>Permiten que un sitio web reconozca el dispositivo de un usuario y orientar el contenido mostrado a los intereses del usuario;<\/li>\n\n\n\n<li>Ayudan a mejorar el sitio web;<\/li>\n\n\n\n<li>Permiten ofrecerte un mejor servicio m\u00e1s ajustado a tus necesidades;<\/li>\n\n\n\n<li>Reconocen tu dispositivo cuando regreses a nuestro sitio web;<\/li>\n\n\n\n<li>Almacenan informaci\u00f3n sobre tus actividades favoritas en el sitio web, lo que nos permite adaptar nuestro sitio web a tus intereses individuales. Esto puede, por ejemplo, incluir publicidad de acuerdo con tus intereses personales y acelerar la velocidad a la que podemos atender tus consultas.<\/li>\n<\/ul>\n\n<p>Al utilizar nuestro sitio web, acepta que, a menos que hayas configurado el navegador de tu computadora para rechazarlos, podemos colocar los tipos de cookies que se detallan a continuaci\u00f3n en tu dispositivo y usar esos datos de acuerdo con esta pol\u00edtica.<\/p>\n\n<p>Puedes encontrar m\u00e1s informaci\u00f3n sobre las cookies en: <a href=\"http:\/\/www.allaboutcookies.org\">www.allaboutcookies.org<\/a> y <a href=\"http:\/\/www.youronlinechoices.eu\">www.youronlinechoices.eu<\/a>, para ver un video sobre las cookies, visita <a href=\"http:\/\/www.youtube.com\/watch?v=TBR-xtJVq7E\">www.youtube.com\/watch?v=TBR-xtJVq7E<\/a>.<\/p>\n\n<h3 class=\"wp-block-heading\">-Tipos de cookies:<\/h3>\n\n<p>Hay dos tipos generales de cookies: &#8220;cookies de origen&#8221; y &#8220;cookies de terceros&#8221;:<\/p>\n\n<ul class=\"wp-block-list\">\n<li><strong>Las cookies de origen<\/strong> son cookies que el operador del sitio web env\u00eda directamente a tu computadora y, a menudo, se utilizan para reconocer tu equipo cuando vuelves a visitar ese sitio y para recordar tus preferencias mientras navegas por el sitio. B\u00e1sicamente, estas son las cookies que utilizamos.<\/li>\n\n\n\n<li><strong>Las cookies de terceros<\/strong> son proporcionadas por un proveedor de servicios en nombre del operador del sitio web y pueden ser utilizadas por el proveedor de servicios para reconocer tu computadora cuando visita otros sitios web. Las cookies de terceros son las m\u00e1s utilizadas para el an\u00e1lisis de sitios web o con fines publicitarios.<\/li>\n<\/ul>\n\n<h3 class=\"wp-block-heading\"><strong>-Uso de cookies<\/strong><\/h3>\n\n<p>Esta tabla explica las cookies que pueden colocarse en tu m\u00e1quina mientras usas este sitio web y por qu\u00e9.<\/p>\n\n<figure class=\"wp-block-table table table-bordered\"><table class=\"has-fixed-layout\"><thead><tr><th>Nombre<\/th><th>Prop\u00f3sito<\/th><th>Vencimiento<\/th><\/tr><\/thead><tbody><tr><td>&#8220;greenpeace&#8221;<\/td><td>Utilizada por Greenpeace para rastrear si ha aceptado el uso de cookies en nuestro sitio web o no<\/td><td>Esta cookie caduca 1 a\u00f1o despu\u00e9s de la configuraci\u00f3n \/ actualizaci\u00f3n<\/td><\/tr><tr><td>&#8220;wordpress_google_apps_login&#8221;<\/td><td>Greenpeace la utiliza para almacenar el estado registrado de los usuarios que tienen una cuenta en nuestro sitio web.<\/td><td>Esta cookie caduca al cerrar el navegador<\/td><\/tr><tr><td>&#8220;_ga&#8221;<\/td><td>Utilizado por Google Analytics para distinguir a los usuarios<\/td><td>Esta cookie caduca 2 a\u00f1os despu\u00e9s de la configuraci\u00f3n\/actualizaci\u00f3n<\/td><\/tr><tr><td>&#8220;_gid&#8221;<\/td><td>Utilizada por Google Analytics para distinguir a los usuarios<\/td><td>Esta cookie caduca a las 24 horas de la configuraci\u00f3n \/ actualizaci\u00f3n<\/td><\/tr><tr><td>&#8220;_dc_gtm_N7SG829&#8221;<\/td><td>Utilizado por Google Analytics (a trav\u00e9s del Administrador de etiquetas de Google) para acelerar la tasa de solicitud<\/td><td>Esta cookie caduca a 1 minuto de la configuraci\u00f3n\/actualizaci\u00f3n.<\/td><\/tr><tr><td>&#8220;AMP_TOKEN&#8221;<\/td><td>Utilizado por Google Analytics para recuperar una ID de cliente del servicio de identificaci\u00f3n de clientes de AMP.\n<p>Otros valores posibles indican la exclusi\u00f3n voluntaria, la solicitud durante el vuelo o un error al recuperar una ID de cliente del servicio de identificaci\u00f3n de clientes de AMP.<\/p>\n<\/td><td>Esta cookie caduca entre 30 segundos y un a\u00f1o (dependiendo de si se est\u00e1 utilizando) desde la configuraci\u00f3n \/ actualizaci\u00f3n<\/td><\/tr><tr><td>&#8220;_gac_10290164&#8221;<\/td><td>Utilizado por Google Analytics para vincular la identificaci\u00f3n del usuario con la informaci\u00f3n relacionada con la campa\u00f1a.\n<p>Por ejemplo, si las cuentas de Google Analytics y AdWords est\u00e1n vinculadas, las etiquetas de conversi\u00f3n del sitio web de AdWords leer\u00e1n esta cookie a menos que usted desactive esta opci\u00f3n<\/p>\n<\/td><td>Esta cookie caduca a los 90 d\u00edas de la configuraci\u00f3n\/actualizaci\u00f3n<\/td><\/tr><tr><td>&#8220;__utma&#8221;<\/td><td>Utilizado por Google Analytics para distinguir usuarios y sesiones. La cookie se crea cuando se ejecuta la biblioteca javascript y no existe ninguna cookie __utma previa.\n<p>La cookie se actualiza cada vez que los datos se env\u00edan a Google Analytics<\/p>\n<\/td><td>Esta cookie caduca 2 a\u00f1os despu\u00e9s de su instalaci\u00f3n \/ actualizaci\u00f3n<\/td><\/tr><tr><td>&#8220;__utmt&#8221;<\/td><td>Utilizado por Google Analytics para acelerar la tasa de solicitud.<\/td><td>Esta cookie caduca a los 10 minutos de su instalaci\u00f3n \/ actualizaci\u00f3n.<\/td><\/tr><tr><td>&#8220;__utmb&#8221;<\/td><td>Utilizado por Google Analytics para determinar nuevas sesiones\/visitas. La cookie se crea cuando la biblioteca javascript se ejecuta y no existe ninguna cookie __utmb.\n<p><span style=\"font-family: inherit; font-size: inherit;\">La cookie se actualiza cada vez que los datos se env\u00edan a Google Analytics<\/span><\/p>\n<\/td><td>Esta cookie vence a los 30 minutos de su instalaci\u00f3n\/actualizaci\u00f3n.<\/td><\/tr><tr><td>\u201c__utmz\u201d<\/td><td>Utilizado por Google Analytics para almacenar la fuente de tr\u00e1fico o la campa\u00f1a que explica c\u00f3mo el usuario lleg\u00f3 a su sitio. La cookie se crea cuando se ejecuta la biblioteca javascript y se actualiza cada vez que se env\u00edan datos a Google Analytics.<\/td><td>Esta cookie expira a los 6 meses desde su instalaci\u00f3n \/ actualizaci\u00f3n.<\/td><\/tr><tr><td>&#8220;__utmv&#8221;<\/td><td>Utilizado por Google Analytics para almacenar datos variables personalizados de nivel de visitante.\n<p>Esta cookie se crea cuando un desarrollador utiliza el m\u00e9todo <a href=\"https:\/\/developers.google.com\/analytics\/devguides\/collection\/gajs\/methods\/gaJSApiBasicConfiguration?hl=en-GB#_gat.GA_Tracker_._setCustomVar\">_setCustomVar<\/a> con una variable personalizada de nivel de visitante.<\/p>\n<p>Esta cookie tambi\u00e9n se us\u00f3 para el m\u00e9todo _setVar en desuso. La cookie se actualiza cada vez que los datos se env\u00edan a Google Analytics.<\/p>\n<\/td><td>Esta cookie caduca 2 a\u00f1os despu\u00e9s de su instalaci\u00f3n\/actualizaci\u00f3n<\/td><\/tr><tr><td>&#8220;usbl&#8221;<\/td><td><a href=\"https:\/\/support.usabilla.com\/hc\/en-us\/articles\/115003780472-Usabilla-cookies-and-localStorage#\">Usabilla<\/a> lo utiliza para identificar visitantes nuevos y recurrentes que posiblemente presenten una encuesta deslizable. Adem\u00e1s, esta cookie se utiliza para identificar a los visitantes que ya han visto la encuesta deslizable, por lo que no se mostrar\u00e1 de nuevo. Esta no es una cookie que rastrea el dominio cruzado y se usa puramente por razones funcionales.<\/td><td>\n<p class=\"p1\">Esta cookie caduca cuando se desactiva la encuesta dentro del software Usabilla<\/p>\n<\/td><\/tr><tr><td>&#8220;Checkpoint&#8221; and &#8220;lp&#8221;<\/td><td>Utilizados por Facebook para autenticar su identidad en Facebook o Instagram<\/td><td>Esta cookie caduca cuando cierra su navegador<\/td><\/tr><\/tbody><\/table><\/figure>\n\n<p>Greenpeace no regula la publicaci\u00f3n de cookies de terceros. Visite el sitio web de terceros correspondiente si desea conocer m\u00e1s sobre estas cookies, como <a href=\"https:\/\/www.facebook.com\/\">Facebook<\/a>, <a href=\"https:\/\/twitter.com\/?lang=en\">Twitter<\/a>, <a href=\"https:\/\/www.instagram.com\/?hl=en\">Instagram<\/a>, <a href=\"https:\/\/www.youtube.com\/\">YouTube<\/a> o <a href=\"https:\/\/soundcloud.com\/\">Soundcloud<\/a>.<\/p>\n\n<p>Si no deseas utilizar cookies, puedes configurar tu navegador para que no se acepte el almacenamiento de cookies.<\/p>\n\n<p>Si solo deseas aceptar nuestras propias cookies, pero no las cookies de nuestros proveedores de servicios y socios, seleccione &#8220;bloquear cookies de terceros&#8221; (o una configuraci\u00f3n similar en su navegador).<\/p>\n\n<h3 class=\"wp-block-heading\"><strong>Cambia tus preferencias de cookies<\/strong><\/h3>\n<div data-render=\"planet4-blocks\/cookies\" data-attributes=\"{&quot;attributes&quot;:{&quot;title&quot;:&quot;\\u00bfQu\\u00e9 cookies te gustar\\u00eda aceptar?&quot;,&quot;description&quot;:&quot;Selecciona las cookies que deseas almacenar.&quot;,&quot;necessary_cookies_name&quot;:&quot;Cookies de experiencia de usuario&quot;,&quot;necessary_cookies_description&quot;:&quot;Estas cookies te proporcionar\\u00e1n una mejor experiencia de nuestro sitio web. Podr\\u00e1s ocultar el banner de aceptaci\\u00f3n de cookies y utilizar mejor las funciones del sitio web. La no aceptaci\\u00f3n de estas cookies le dar\\u00e1 una experiencia libre de cookies.&quot;,&quot;all_cookies_name&quot;:&quot;Cookies de rendimiento&quot;,&quot;all_cookies_description&quot;:&quot;Estas cookies ayudan a mejorar el rendimiento de greenpeace.org\\\/mexico. Est\\u00e1n configurados para recopilar datos, como el tiempo que los usuarios permanecen en una p\\u00e1gina o en qu\\u00e9 enlaces se hace clic. Esto nos ayuda a crear un mejor contenido en funci\\u00f3n de tu experiencia al navegar por el sitio web.&quot;}}\"><\/div><p>La mayor\u00eda de los navegadores web permiten cierto control sobre las cookies a trav\u00e9s de la configuraci\u00f3n del navegador (por ejemplo, notificaciones de nuevas cookies, desactivaci\u00f3n de cookies y eliminaci\u00f3n de cookies). Haz click en el tipo de navegador que utilizas para ir directamente a la gu\u00eda del usuario del navegador para aprender c\u00f3mo deshabilitar o borrar las cookies.<\/p>\n<ul>\n<li><a href=\"https:\/\/support.google.com\/chrome\/answer\/95647?co=GENIE.Platform%3DDesktop&amp;hl=es\">Chrome<\/a><\/li>\n<li><a href=\"https:\/\/support.mozilla.org\/es\/kb\/habilitar-y-deshabilitar-cookies-sitios-web-rastrear-preferencias\">Firefox<\/a><\/li>\n<li><a href=\"https:\/\/support.microsoft.com\/es-mx\/help\/17442\/windows-internet-explorer-delete-manage-cookies\">Internet Explorer<\/a><\/li>\n<li><a href=\"https:\/\/support.apple.com\/es-mx\/guide\/safari\/sfri11471\/mac\">Safari<\/a><\/li>\n<\/ul>\n<p>Sin embargo, el bloqueo de todas las cookies tendr\u00e1 un impacto negativo en la usabilidad de muchos sitios web.<\/p>\n<h2><strong>Uso de Google Analytics<\/strong><\/h2>\n<p>Greenpeace utiliza Google Analytics para recopilar el uso de las visitas a nuestro sitio web y analizar los datos para ayudarnos a mantener y mejorar su dise\u00f1o.<\/p>\n<p>Google Analytics genera informaci\u00f3n estad\u00edstica y de otro tipo sobre el uso del sitio web mediante cookies, que se almacenan en las computadoras de los usuarios y usuarias.<\/p>\n<p>Si no est\u00e1s dispuesta o dispuesto a compartir las cookies de an\u00e1lisis, modifica la configuraci\u00f3n de cookies que aparece m\u00e1s arriba (&#8220;cambie sus preferencias de cookies&#8221;).<\/p>\n<p>Como se mencion\u00f3 anteriormente, las cookies de Google Analytics utilizadas en este sitio web son: _utma, _utmb, _utmc, _utmz, _ga y _gid, y todas recopilan informaci\u00f3n de forma an\u00f3nima, incluida la cantidad de visitantes del sitio, el Client ID del navegador (para identificar a los usuarios que regresan , por ejemplo), de d\u00f3nde vienen los visitantes al sitio y las p\u00e1ginas que visitaron. Aqu\u00ed est\u00e1 la descripci\u00f3n general de la <a href=\"https:\/\/support.google.com\/analytics\/answer\/6004245\">privacidad de Google Analytics<\/a>, el <a href=\"https:\/\/developers.google.com\/analytics\/devguides\/collection\/analyticsjs\/cookie-usage\">uso de cookies de Google Analytics en los sitios web<\/a> y aqu\u00ed c\u00f3mo <a href=\"https:\/\/tools.google.com\/dlpage\/gaoptout?hl=es\">cancelar f\u00e1cilmente la opci\u00f3n de cookies de Google Analytics<\/a>.<\/p>\n<p>A partir de mayo de 2018, Google Analytics introdujo los controles de <a href=\"https:\/\/support.google.com\/analytics\/answer\/7667196\">Retenci\u00f3n de datos<\/a>, lo que brinda a las organizaciones la capacidad de establecer la cantidad de tiempo antes de que los datos de nivel de usuario y de evento almacenados por Google Analytics se eliminen autom\u00e1ticamente de los servidores de Analytics.<\/p>\n<p>Dicho periodo de retenci\u00f3n se aplica a los datos de nivel de usuario y de evento asociados con cookies, identificadores de usuario (por ejemplo, ID de usuario) e identificadores de publicidad (de todos modos, no se aplican en los sitios web de Greenpeace). Para Greenpeace, el control de retenci\u00f3n de datos para Google Analytics est\u00e1 configurado en 26 meses. Una vez m\u00e1s, Analytics no recopilar\u00e1 la direcci\u00f3n de protocolo de Internet (IP) utilizada para conectar su dispositivo a Internet.<\/p>\n<p>Adem\u00e1s, es importante mencionar que Google almacena informaci\u00f3n de tr\u00e1fico de sitios web que tienen el c\u00f3digo de seguimiento de Google Analytics. Verifica la <a href=\"https:\/\/policies.google.com\/privacy\">pol\u00edtica de privacidad de Google<\/a> y c\u00f3mo <a href=\"https:\/\/tools.google.com\/dlpage\/gaoptout?hl=es\">cancelar las cookies de Google Analytics<\/a>.<\/p>\n<p>Puedes instalar el <a href=\"https:\/\/tools.google.com\/dlpage\/gaoptout\">&#8220;complemento de navegador de exclusi\u00f3n de Google Analytics&#8221;<\/a> para evitar que la informaci\u00f3n sobre tus visitas a nuestro sitio web se env\u00ede a Google Analytics.<\/p>\n<h2><strong>Uso de redes sociales compartiendo botones y widgets.<\/strong><\/h2>\n<p>Adem\u00e1s de los <a href=\"https:\/\/schier.co\/blog\/2014\/10\/22\/pure-html-share-buttons.html\">botones HTML personalizados<\/a> que instalamos para permitirle compartir el contenido de Greenpeace en Facebook y Twitter, podemos incluir widgets de <a href=\"https:\/\/www.facebook.com\/policies\/cookies\/\">Facebook<\/a>, <a href=\"https:\/\/help.twitter.com\/es\/rules-and-policies\/twitter-cookies\">Twitter<\/a>, <a href=\"https:\/\/www.facebook.com\/help\/instagram\/155833707900388\/\">Instagram<\/a>, <a href=\"https:\/\/policies.google.com\/technologies\/cookies\">YouTube<\/a>, <a href=\"https:\/\/soundcloud.com\/pages\/cookies\/05-2018\">Soundcloud<\/a> y otras redes sociales en nuestro sitio web para proporcionar una experiencia mejorada.<\/p>\n<p>Estos widgets de redes sociales provienen de servidores web que pueden rastrear su comportamiento en nuestro sitio web y pueden combinar esto con otra informaci\u00f3n que\u00a0 provenga de otros sitios web. Puede instalar complementos para el navegador como &#8220;<a href=\"https:\/\/www.eff.org\/privacybadger\">Privacy Badger<\/a>&#8221; para Chrome o &#8220;Disconnect&#8221; para que Chrome y Firefox controlen algunos (el primero) o los deshabiliten (el segundo).<\/p>\n<h2>Donaciones<\/h2>\n<h3><strong>-Telemarketing<\/strong><\/h3>\n<p>Las transacciones de donaci\u00f3n a trav\u00e9s de un agente de telemarketing ser\u00e1n efectuadas mediante la pasarela de Openpay. <a href=\"https:\/\/documents.openpay.mx\/docs\/aviso-de-privacidad.html\">Aviso de privacidad disponible aqu\u00ed<\/a>.<\/p>\n<h2><strong>Contacto<\/strong><\/h2>\n<p>Este sitio web es propiedad y est\u00e1 operado por Greenpeace M\u00e9xico. Si tiene alguna pregunta sobre nuestras cookies, pol\u00edtica de cookies o pol\u00edtica de privacidad comun\u00edquese a <strong><a href=\"mailto:greenpeace.socios@greenpeace.org\" target=\"_blank\" rel=\"noreferrer noopener\">greenpeace.socios@greenpeace.org <\/a><\/strong>o al tel\u00e9fono <i>+52 55 4440 5177<\/i><\/p>\n<p><!-- \/wp:post-content --> <!-- wp:paragraph --><\/p>\n<p>Tambi\u00e9n puedes visitarnos en <i>Luis Kuhne 55, Las \u00c1guilas<\/i>, <i>01710, \u00c1lvaro Obreg\u00f3n, Ciudad de M\u00e9xico.<\/i><\/p>\n<p><!-- \/wp:paragraph --><\/p>\n","protected":false},"excerpt":{"rendered":"<p>Aviso de privacidad GREENPEACE M\u00c9XICO, A.C. en adelante la \u201cORGANIZACI\u00d3N\u201d con Domicilio: Calle Luis Kuhne 55, Colonia Las \u00c1guilas, Alcald\u00eda \u00c1lvaro Obreg\u00f3n, C.P. 01710, Ciudad de M\u00e9xico, M\u00e9xico, con correo electr\u00f3nico: greenpeace.socios@greenpeace.org, y tel\u00e9fono: +52 55 4440 5177, es responsable del tratamiento de sus datos personales y de la utilizaci\u00f3n del uso de su imagen [&hellip;]<\/p>\n","protected":false},"author":1,"featured_media":81,"parent":0,"menu_order":0,"comment_status":"closed","ping_status":"closed","template":"page-templates\/evergreen.php","meta":{"ep_exclude_from_search":false,"p4_hide_page_title_checkbox":"on","p4_title":"","p4_subtitle":"","p4_description":"","background_image_id":"","background_image":"","p4_button_title":"","p4_button_link":"","p4_button_link_checkbox":"","p4_og_title":"","p4_og_description":"","p4_og_image":"","p4_og_image_id":"","p4_seo_canonical_url":"","p4_campaign_name":"not set","p4_local_project":"not set","p4_basket_name":"not set","p4_department":"","footnotes":""},"categories":[2],"tags":[],"class_list":["post-232","page","type-page","status-publish","has-post-thumbnail","hentry","category-cambio-climatico"],"_links":{"self":[{"href":"https:\/\/www.greenpeace.org\/mexico\/wp-json\/wp\/v2\/pages\/232","targetHints":{"allow":["GET"]}}],"collection":[{"href":"https:\/\/www.greenpeace.org\/mexico\/wp-json\/wp\/v2\/pages"}],"about":[{"href":"https:\/\/www.greenpeace.org\/mexico\/wp-json\/wp\/v2\/types\/page"}],"author":[{"embeddable":true,"href":"https:\/\/www.greenpeace.org\/mexico\/wp-json\/wp\/v2\/users\/1"}],"replies":[{"embeddable":true,"href":"https:\/\/www.greenpeace.org\/mexico\/wp-json\/wp\/v2\/comments?post=232"}],"version-history":[{"count":20,"href":"https:\/\/www.greenpeace.org\/mexico\/wp-json\/wp\/v2\/pages\/232\/revisions"}],"predecessor-version":[{"id":62020,"href":"https:\/\/www.greenpeace.org\/mexico\/wp-json\/wp\/v2\/pages\/232\/revisions\/62020"}],"wp:featuredmedia":[{"embeddable":true,"href":"https:\/\/www.greenpeace.org\/mexico\/wp-json\/wp\/v2\/media\/81"}],"wp:attachment":[{"href":"https:\/\/www.greenpeace.org\/mexico\/wp-json\/wp\/v2\/media?parent=232"}],"wp:term":[{"taxonomy":"category","embeddable":true,"href":"https:\/\/www.greenpeace.org\/mexico\/wp-json\/wp\/v2\/categories?post=232"},{"taxonomy":"post_tag","embeddable":true,"href":"https:\/\/www.greenpeace.org\/mexico\/wp-json\/wp\/v2\/tags?post=232"}],"curies":[{"name":"wp","href":"https:\/\/api.w.org\/{rel}","templated":true}]}}