{"id":3139,"date":"2019-08-23T11:48:47","date_gmt":"2019-08-23T16:48:47","guid":{"rendered":"https:\/\/www.greenpeace.org\/mexico\/?page_id=3139"},"modified":"2024-03-26T06:42:41","modified_gmt":"2024-03-26T11:42:41","slug":"protejamos-el-amazonas","status":"publish","type":"page","link":"https:\/\/www.greenpeace.org\/mexico\/participa\/protejamos-el-amazonas\/","title":{"rendered":"Protejamos el Amazonas"},"content":{"rendered":"\n                    <div class=\"wp-block-group is-vertical is-layout-flex wp-container-core-group-is-layout-8cf370e7 wp-block-group-is-layout-flex\">\n                    \n                                <p>La deforestaci\u00f3n irracional de la selva Amaz\u00f3nica para permitir actividades agr\u00edcolas y ganaderas de gran escala e industriales propician incendios forestales que acaban con la biodiversidad y contribuyen con el cambio clim\u00e1tico. Greenpeace est\u00e1 exigiendo a las autoridades brasile\u00f1as que detengan la expansi\u00f3n de estas pr\u00e1cticas agroindustriales en la selva Amaz\u00f3nica.<\/p>\n                            \n\n                    \n                            <div class=\"wp-block-buttons is-layout-flex wp-block-buttons-is-layout-flex\">\n                            <div class=\"wp-block-button\">\n                                <a class=\"wp-block-button__link wp-element-button\" href=\"https:\/\/actua.greenpeace.org.mx\/no-a-la-destruccion-del-amazonas\" target=\"\" rel=\"noreferrer noopener\">\n                                    Firma la petici\u00f3n\n                                <\/a>\n                            <\/div>\n                            <\/div>\n                            \n                    <\/div>\n                    ","protected":false},"excerpt":{"rendered":"<p>Greenpeace est\u00e1 exigiendo a las autoridades brasile\u00f1as que detengan la expansi\u00f3n de estas pr\u00e1cticas agroindustriales en la selva Amaz\u00f3nica.<\/p>\n","protected":false},"author":19,"featured_media":3137,"parent":9,"menu_order":0,"comment_status":"closed","ping_status":"closed","template":"","meta":{"ep_exclude_from_search":false,"p4_hide_page_title_checkbox":"","p4_title":"","p4_subtitle":"","p4_description":"","background_image_id":"","background_image":"","p4_button_title":"","p4_button_link":"","p4_button_link_checkbox":"","p4_og_title":"","p4_og_description":"","p4_og_image":"","p4_og_image_id":"","p4_seo_canonical_url":"","p4_campaign_name":"not set","p4_local_project":"","p4_basket_name":"not set","p4_department":"","footnotes":""},"categories":[2],"tags":[19],"class_list":["post-3139","page","type-page","status-publish","has-post-thumbnail","hentry","category-cambio-climatico","tag-deforestacion"],"_links":{"self":[{"href":"https:\/\/www.greenpeace.org\/mexico\/wp-json\/wp\/v2\/pages\/3139","targetHints":{"allow":["GET"]}}],"collection":[{"href":"https:\/\/www.greenpeace.org\/mexico\/wp-json\/wp\/v2\/pages"}],"about":[{"href":"https:\/\/www.greenpeace.org\/mexico\/wp-json\/wp\/v2\/types\/page"}],"author":[{"embeddable":true,"href":"https:\/\/www.greenpeace.org\/mexico\/wp-json\/wp\/v2\/users\/19"}],"replies":[{"embeddable":true,"href":"https:\/\/www.greenpeace.org\/mexico\/wp-json\/wp\/v2\/comments?post=3139"}],"version-history":[{"count":2,"href":"https:\/\/www.greenpeace.org\/mexico\/wp-json\/wp\/v2\/pages\/3139\/revisions"}],"predecessor-version":[{"id":53965,"href":"https:\/\/www.greenpeace.org\/mexico\/wp-json\/wp\/v2\/pages\/3139\/revisions\/53965"}],"up":[{"embeddable":true,"href":"https:\/\/www.greenpeace.org\/mexico\/wp-json\/wp\/v2\/pages\/9"}],"wp:featuredmedia":[{"embeddable":true,"href":"https:\/\/www.greenpeace.org\/mexico\/wp-json\/wp\/v2\/media\/3137"}],"wp:attachment":[{"href":"https:\/\/www.greenpeace.org\/mexico\/wp-json\/wp\/v2\/media?parent=3139"}],"wp:term":[{"taxonomy":"category","embeddable":true,"href":"https:\/\/www.greenpeace.org\/mexico\/wp-json\/wp\/v2\/categories?post=3139"},{"taxonomy":"post_tag","embeddable":true,"href":"https:\/\/www.greenpeace.org\/mexico\/wp-json\/wp\/v2\/tags?post=3139"}],"curies":[{"name":"wp","href":"https:\/\/api.w.org\/{rel}","templated":true}]}}