{"id":3769,"date":"2020-01-06T06:58:29","date_gmt":"2020-01-06T11:58:29","guid":{"rendered":"https:\/\/www.greenpeace.org\/mexico\/?page_id=3769"},"modified":"2025-09-23T04:59:16","modified_gmt":"2025-09-23T09:59:16","slug":"mi-dieta-salva-el-planeta","status":"publish","type":"page","link":"https:\/\/www.greenpeace.org\/mexico\/participa\/mi-dieta-salva-el-planeta\/","title":{"rendered":"Mi dieta salva el planeta"},"content":{"rendered":"\n                    <div class=\"wp-block-group is-vertical is-layout-flex wp-container-core-group-is-layout-8cf370e7 wp-block-group-is-layout-flex\">\n                    \n                                <p>Nuestro apetito por la carne y los l\u00e1cteos est\u00e1 devastando el planeta. El consumo excesivo de carne es promovido por una industria global de corporaciones y pol\u00edticas que anteponen las ganancias econ\u00f3micas a nuestra salud alimentaria y la del medio ambiente. A nivel Global, el 23% de las emisiones de Gases de Efecto Invernadero provienen de la agricultura, ganader\u00eda y uso forestal . En M\u00e9xico, el 15% de todas las emisiones provienen de este sector. \u00a1Es momento de actuar!<\/p>\n                            \n\n                    \n                            <div class=\"wp-block-buttons is-layout-flex wp-block-buttons-is-layout-flex\">\n                            <div class=\"wp-block-button\">\n                                <a class=\"wp-block-button__link wp-element-button\" href=\"https:\/\/actua.greenpeace.org.mx\/mi-dieta-salva-el-planeta\" target=\"_blank\" rel=\"noreferrer noopener\">\n                                    \u00danete al reto\n                                <\/a>\n                            <\/div>\n                            <\/div>\n                            \n                    <\/div>\n                    \n<h2 class=\"wp-block-heading\">Tu alimentaci\u00f3n y reducci\u00f3n de consumo de carne puede salvar el planeta<\/h2>\n\n<p>La forma en la que nos alimentamos y consumimos podr\u00eda estar salvando o acabando con el planeta. \u00bfSab\u00edas que la decisi\u00f3n sobre tus alimentos era tan importante? Te contamos algunos puntos clave para animarte a reducir al m\u00ednimo tu consumo de carne. <\/p>\n\n<div class=\"wp-block-image  caption-style-blue-overlay caption-alignment-center\"><figure class=\"aligncenter size-large\"><img loading=\"lazy\" decoding=\"async\" width=\"611\" height=\"1024\" src=\"https:\/\/www.greenpeace.org\/static\/planet4-mexico-stateless\/2020\/01\/2f2c2538-infografias_web_-logo-2-611x1024.png\" alt=\"\" class=\"wp-image-3938\" srcset=\"https:\/\/www.greenpeace.org\/static\/planet4-mexico-stateless\/2020\/01\/2f2c2538-infografias_web_-logo-2-611x1024.png 611w, https:\/\/www.greenpeace.org\/static\/planet4-mexico-stateless\/2020\/01\/2f2c2538-infografias_web_-logo-2-179x300.png 179w, https:\/\/www.greenpeace.org\/static\/planet4-mexico-stateless\/2020\/01\/2f2c2538-infografias_web_-logo-2-768x1288.png 768w, https:\/\/www.greenpeace.org\/static\/planet4-mexico-stateless\/2020\/01\/2f2c2538-infografias_web_-logo-2-916x1536.png 916w, https:\/\/www.greenpeace.org\/static\/planet4-mexico-stateless\/2020\/01\/2f2c2538-infografias_web_-logo-2-1221x2048.png 1221w, https:\/\/www.greenpeace.org\/static\/planet4-mexico-stateless\/2020\/01\/2f2c2538-infografias_web_-logo-2-815x1366.png 815w, https:\/\/www.greenpeace.org\/static\/planet4-mexico-stateless\/2020\/01\/2f2c2538-infografias_web_-logo-2-203x340.png 203w, https:\/\/www.greenpeace.org\/static\/planet4-mexico-stateless\/2020\/01\/2f2c2538-infografias_web_-logo-2.png 1667w\" sizes=\"auto, (max-width: 611px) 100vw, 611px\" \/><\/figure><\/div>\n<div data-render=\"planet4-blocks\/columns\" data-attributes=\"{&quot;attributes&quot;:{&quot;columns_block_style&quot;:&quot;no_image&quot;,&quot;columns_title&quot;:&quot;&quot;,&quot;columns_description&quot;:&quot;&quot;,&quot;columns&quot;:[{&quot;title&quot;:&quot;\\u00bfCu\\u00e1l es el problema con el consumo excesivo de carne? &quot;,&quot;description&quot;:&quot;Los impactos de este modelo de consumo y producci\\u00f3n son enormes, desde la descarga de aguas residuales a los mantos fre\\u00e1ticos, la deforestaci\\u00f3n y p\\u00e9rdida de h\\u00e1bitat de especies ic\\u00f3nicas.nnLa industria solo antepone las ganancias econ\\u00f3micas antes que la salud de los consumidores y del medio ambiente y son ellos quienes impulsan este modelo que aumenta las emisiones de Gases de Efecto Invernadero y la temperatura del planeta. La respuesta es ponerle fin a este modelo de producci\\u00f3n industrial y optar por la ganader\\u00eda ecol\\u00f3gica que es un modelo que asegura alimentos sanos, protege el suelo, el agua y el clima.&quot;,&quot;attachment&quot;:0,&quot;cta_link&quot;:&quot;&quot;,&quot;cta_text&quot;:&quot;&quot;,&quot;link_new_tab&quot;:false},{&quot;title&quot;:&quot;\\u00a1Cambia tu dieta! Beneficios para el planeta y la biodiversidad&quot;,&quot;description&quot;:&quot;Los beneficios para el planeta son muchos: si la producci\\u00f3n de carne y l\\u00e1cteos se reduce en un 50% para 2050 en relaci\\u00f3n con los niveles actuales, las emisiones de gases de efecto invernadero del sector agr\\u00edcola se reducir\\u00e1n en un 64% en comparaci\\u00f3n con las emisiones previstas en las trayectorias de referencia del 2050 y si apuestas por un mayor n\\u00famero de alimentos de origen vegetal podr\\u00edas reducir en un 20%-40% el aumento de riesgo de extinci\\u00f3n de aves y mam\\u00edferos para 2060. \\u00a1Hazlo por el planeta! &quot;,&quot;attachment&quot;:0,&quot;cta_link&quot;:&quot;&quot;,&quot;cta_text&quot;:&quot;&quot;,&quot;link_new_tab&quot;:false},{&quot;title&quot;:&quot;&quot;,&quot;description&quot;:&quot;&quot;,&quot;attachment&quot;:0,&quot;cta_link&quot;:&quot;&quot;,&quot;cta_text&quot;:&quot;&quot;,&quot;link_new_tab&quot;:false}]}}\"><\/div>\n<div class=\"wp-block-image  caption-style-blue-overlay caption-alignment-center\"><figure class=\"aligncenter size-large\"><img loading=\"lazy\" decoding=\"async\" width=\"700\" height=\"1024\" src=\"https:\/\/www.greenpeace.org\/static\/planet4-mexico-stateless\/2020\/01\/6c8468dc-infografias_web_1logo-700x1024.png\" alt=\"\" class=\"wp-image-3939\" srcset=\"https:\/\/www.greenpeace.org\/static\/planet4-mexico-stateless\/2020\/01\/6c8468dc-infografias_web_1logo-700x1024.png 700w, https:\/\/www.greenpeace.org\/static\/planet4-mexico-stateless\/2020\/01\/6c8468dc-infografias_web_1logo-205x300.png 205w, https:\/\/www.greenpeace.org\/static\/planet4-mexico-stateless\/2020\/01\/6c8468dc-infografias_web_1logo-768x1123.png 768w, https:\/\/www.greenpeace.org\/static\/planet4-mexico-stateless\/2020\/01\/6c8468dc-infografias_web_1logo-1050x1536.png 1050w, https:\/\/www.greenpeace.org\/static\/planet4-mexico-stateless\/2020\/01\/6c8468dc-infografias_web_1logo-1401x2048.png 1401w, https:\/\/www.greenpeace.org\/static\/planet4-mexico-stateless\/2020\/01\/6c8468dc-infografias_web_1logo-934x1366.png 934w, https:\/\/www.greenpeace.org\/static\/planet4-mexico-stateless\/2020\/01\/6c8468dc-infografias_web_1logo-233x340.png 233w, https:\/\/www.greenpeace.org\/static\/planet4-mexico-stateless\/2020\/01\/6c8468dc-infografias_web_1logo.png 1668w\" sizes=\"auto, (max-width: 700px) 100vw, 700px\" \/><\/figure><\/div>\n\n<div class=\"wp-block-image  caption-style-blue-overlay caption-alignment-center\"><figure class=\"aligncenter size-large\"><img loading=\"lazy\" decoding=\"async\" width=\"1024\" height=\"917\" src=\"https:\/\/www.greenpeace.org\/static\/planet4-mexico-stateless\/2020\/01\/6fa4c231-infografias_web_4logo-1024x917.png\" alt=\"\" class=\"wp-image-3942\" srcset=\"https:\/\/www.greenpeace.org\/static\/planet4-mexico-stateless\/2020\/01\/6fa4c231-infografias_web_4logo-1024x917.png 1024w, https:\/\/www.greenpeace.org\/static\/planet4-mexico-stateless\/2020\/01\/6fa4c231-infografias_web_4logo-300x269.png 300w, https:\/\/www.greenpeace.org\/static\/planet4-mexico-stateless\/2020\/01\/6fa4c231-infografias_web_4logo-768x688.png 768w, https:\/\/www.greenpeace.org\/static\/planet4-mexico-stateless\/2020\/01\/6fa4c231-infografias_web_4logo-1536x1376.png 1536w, https:\/\/www.greenpeace.org\/static\/planet4-mexico-stateless\/2020\/01\/6fa4c231-infografias_web_4logo-1525x1366.png 1525w, https:\/\/www.greenpeace.org\/static\/planet4-mexico-stateless\/2020\/01\/6fa4c231-infografias_web_4logo-380x340.png 380w, https:\/\/www.greenpeace.org\/static\/planet4-mexico-stateless\/2020\/01\/6fa4c231-infografias_web_4logo.png 1668w\" sizes=\"auto, (max-width: 1024px) 100vw, 1024px\" \/><\/figure><\/div>\n\n<h2 class=\"wp-block-heading\">\u00a1S\u00famate al reto!<\/h2>\n\n<h4 class=\"wp-block-heading\">\u00bfCocinar no se te da?, \u00bfquieres usar los ingredientes de tu cocina para comer rico y nutritivo? Comer sano no significa dejar de disfrutar un sin fin de sabores, olores y texturas.&nbsp;<\/h4>\n\n<h4 class=\"wp-block-heading\">En Greenpeace, hemos creado este reto en donde aprender\u00e1s c\u00f3mo cocinar f\u00e1cil y delicioso. Este desaf\u00edo solo dura 4 semanas, durante las cuales te enviaremos recetas, consejos, tips e informaci\u00f3n exclusiva a tu correo.&nbsp;&nbsp;<\/h4>\n\n<h4 class=\"wp-block-heading\">Evoluciona tu alimentaci\u00f3n: S\u00famate al reto hoy mismo y descarga las primeras recetas.<\/h4>\n\n<div class=\"wp-block-button\"><a class=\"wp-block-button__link\" href=\"https:\/\/actua.greenpeace.org.mx\/mi-dieta-salva-el-planeta\">\u00danete al reto<\/a><\/div>\n\n<p><\/p>\n<div data-render=\"planet4-blocks\/columns\" data-attributes=\"{&quot;attributes&quot;:{&quot;columns_block_style&quot;:&quot;tasks&quot;,&quot;columns_title&quot;:&quot;&quot;,&quot;columns_description&quot;:&quot;&quot;,&quot;columns&quot;:[{&quot;title&quot;:&quot;Reduce las porciones&quot;,&quot;description&quot;:&quot;Reduce de a poco las porciones de carne que comes hasta lograr el objetivo de solo 300g por semana. Invita a otros a hacerlo tambi\\u00e9n y haz consciencia.&quot;,&quot;attachment&quot;:0,&quot;cta_link&quot;:&quot;&quot;,&quot;cta_text&quot;:&quot;&quot;,&quot;link_new_tab&quot;:false},{&quot;title&quot;:&quot;Consume local&quot;,&quot;description&quot;:&quot;Decide siempre comprar local, si vas a comprar porciones de carne hazlo en la carnicer\\u00eda de tu colonia y evita la comida empaquetada en supermercados. &quot;,&quot;attachment&quot;:0,&quot;cta_link&quot;:&quot;&quot;,&quot;cta_text&quot;:&quot;&quot;,&quot;link_new_tab&quot;:false},{&quot;title&quot;:&quot;Planifica tu men\\u00fa semanal&quot;,&quot;description&quot;:&quot;Hacerlo evitar\\u00e1 que comas en la calle o recurras a la comida r\\u00e1pida, adem\\u00e1s de que podr\\u00e1s crear platillos deliciosos para tu d\\u00eda a d\\u00eda. &quot;,&quot;attachment&quot;:0,&quot;cta_link&quot;:&quot;&quot;,&quot;cta_text&quot;:&quot;&quot;,&quot;link_new_tab&quot;:false},{&quot;title&quot;:&quot;Sustituye la carne con otros alimentos&quot;,&quot;description&quot;:&quot;Sustituye la carne con platillos que incluyan productos como lentejas, quinoa o soya org\\u00e1nica. \\u00a1De a poco puedes hacer que tu dieta salve el planeta! &quot;,&quot;attachment&quot;:0,&quot;cta_link&quot;:&quot;&quot;,&quot;cta_text&quot;:&quot;&quot;,&quot;link_new_tab&quot;:false}]}}\"><\/div>\n<div class=\"wp-block-image  caption-style-blue-overlay caption-alignment-center\"><figure class=\"aligncenter size-large\"><img loading=\"lazy\" decoding=\"async\" width=\"562\" height=\"1024\" src=\"https:\/\/www.greenpeace.org\/static\/planet4-mexico-stateless\/2020\/01\/9f5a1e6b-infografias_web_2logo-562x1024.png\" alt=\"\" class=\"wp-image-3941\" srcset=\"https:\/\/www.greenpeace.org\/static\/planet4-mexico-stateless\/2020\/01\/9f5a1e6b-infografias_web_2logo-562x1024.png 562w, https:\/\/www.greenpeace.org\/static\/planet4-mexico-stateless\/2020\/01\/9f5a1e6b-infografias_web_2logo-165x300.png 165w, https:\/\/www.greenpeace.org\/static\/planet4-mexico-stateless\/2020\/01\/9f5a1e6b-infografias_web_2logo-768x1399.png 768w, https:\/\/www.greenpeace.org\/static\/planet4-mexico-stateless\/2020\/01\/9f5a1e6b-infografias_web_2logo-843x1536.png 843w, https:\/\/www.greenpeace.org\/static\/planet4-mexico-stateless\/2020\/01\/9f5a1e6b-infografias_web_2logo-1124x2048.png 1124w, https:\/\/www.greenpeace.org\/static\/planet4-mexico-stateless\/2020\/01\/9f5a1e6b-infografias_web_2logo-750x1366.png 750w, https:\/\/www.greenpeace.org\/static\/planet4-mexico-stateless\/2020\/01\/9f5a1e6b-infografias_web_2logo-187x340.png 187w, https:\/\/www.greenpeace.org\/static\/planet4-mexico-stateless\/2020\/01\/9f5a1e6b-infografias_web_2logo.png 1667w\" sizes=\"auto, (max-width: 562px) 100vw, 562px\" \/><\/figure><\/div>\n\n<div class=\"wp-block-image  caption-style-blue-overlay caption-alignment-center\"><figure class=\"aligncenter size-large\"><img loading=\"lazy\" decoding=\"async\" width=\"1024\" height=\"805\" src=\"https:\/\/www.greenpeace.org\/static\/planet4-mexico-stateless\/2020\/01\/1e5d6222-infografias_web_3logo-1024x805.png\" alt=\"\" class=\"wp-image-3940\" srcset=\"https:\/\/www.greenpeace.org\/static\/planet4-mexico-stateless\/2020\/01\/1e5d6222-infografias_web_3logo-1024x805.png 1024w, https:\/\/www.greenpeace.org\/static\/planet4-mexico-stateless\/2020\/01\/1e5d6222-infografias_web_3logo-300x236.png 300w, https:\/\/www.greenpeace.org\/static\/planet4-mexico-stateless\/2020\/01\/1e5d6222-infografias_web_3logo-768x604.png 768w, https:\/\/www.greenpeace.org\/static\/planet4-mexico-stateless\/2020\/01\/1e5d6222-infografias_web_3logo-1536x1207.png 1536w, https:\/\/www.greenpeace.org\/static\/planet4-mexico-stateless\/2020\/01\/1e5d6222-infografias_web_3logo-433x340.png 433w, https:\/\/www.greenpeace.org\/static\/planet4-mexico-stateless\/2020\/01\/1e5d6222-infografias_web_3logo.png 1668w\" sizes=\"auto, (max-width: 1024px) 100vw, 1024px\" \/><\/figure><\/div>\n\n    <div class=\"wp-block-query posts-list p4-query-loop is-custom-layout-list is-layout-flow wp-block-query-is-layout-flow\">\n        <div class=\"wp-block-group is-content-justification-space-between is-layout-flex wp-container-core-group-is-layout-3d213aab wp-block-group-is-layout-flex\"><h2 class=\"wp-block-heading\">Contenido relacionado<\/h2>\n        <li class=\" wp-block-navigation-item see-all-link wp-block-navigation-link\"><a class=\"wp-block-navigation-item__content\"  href=\"http:\/\/www-dev.greenpeace.org\/mexico\/news-stories\/\"><span class=\"wp-block-navigation-item__label\">See all stories<\/span><\/a><\/li>\n        \n        <\/div>\n        \n\n    <p style=\"margin-top: 24px; margin-bottom: 36px;\"><\/p>\n\n    \n\n    <ul class=\"wp-block-post-template is-layout-flow wp-block-post-template-is-layout-flow\"><li class=\"wp-block-post post-3792 post type-post status-publish format-standard has-post-thumbnail hentry category-cambio-climatico tag-consumo p4-page-type-investigacion\">\n            \n<div class=\"wp-block-columns is-layout-flex wp-container-core-columns-is-layout-9d6595d7 wp-block-columns-is-layout-flex\"><figure class=\"wp-block-post-featured-image\"><a href=\"https:\/\/www.greenpeace.org\/mexico\/investigacion\/3792\/menos-es-mas-reducir-la-produccion-y-consumo-de-carne-y-lacteos-para-una-vida-y-planeta-mas-saludables\/\" target=\"_self\"  ><img loading=\"lazy\" decoding=\"async\" width=\"1260\" height=\"1118\" src=\"https:\/\/www.greenpeace.org\/static\/planet4-mexico-stateless\/2020\/01\/8052bbeb-menos-es-mas-carnes-y-lacteos-greenpeace.png\" class=\"attachment-post-thumbnail size-post-thumbnail wp-post-image wp-stateless-item\" alt=\"Menos es m\u00e1s. Reducir la producci\u00f3n y consumo de carne y l\u00e1cteos para una vida y planeta m\u00e1s saludables.\" style=\"object-fit:cover;\" srcset=\"https:\/\/www.greenpeace.org\/static\/planet4-mexico-stateless\/2020\/01\/8052bbeb-menos-es-mas-carnes-y-lacteos-greenpeace.png 1260w, https:\/\/www.greenpeace.org\/static\/planet4-mexico-stateless\/2020\/01\/8052bbeb-menos-es-mas-carnes-y-lacteos-greenpeace-300x266.png 300w, https:\/\/www.greenpeace.org\/static\/planet4-mexico-stateless\/2020\/01\/8052bbeb-menos-es-mas-carnes-y-lacteos-greenpeace-1024x909.png 1024w, https:\/\/www.greenpeace.org\/static\/planet4-mexico-stateless\/2020\/01\/8052bbeb-menos-es-mas-carnes-y-lacteos-greenpeace-768x681.png 768w, https:\/\/www.greenpeace.org\/static\/planet4-mexico-stateless\/2020\/01\/8052bbeb-menos-es-mas-carnes-y-lacteos-greenpeace-383x340.png 383w\" sizes=\"auto, (max-width: 1260px) 100vw, 1260px\" data-image-size=\"post-thumbnail\" data-stateless-media-bucket=\"planet4-mexico-stateless\" data-stateless-media-name=\"2020\/01\/8052bbeb-menos-es-mas-carnes-y-lacteos-greenpeace.png\" \/><\/a><\/figure>\n\n        <div class=\"wp-block-group is-layout-flow wp-block-group-is-layout-flow\">\n                <div class=\"wp-block-group is-layout-flex wp-block-group-is-layout-flex\"><div class=\"wp-block-post-terms\"><a href=\"https:\/\/www.greenpeace.org\/mexico\/category\/cambio-climatico\/\">Cambio clim\u00e1tico<\/a><\/div>\n                <div class=\"taxonomy-post_tag wp-block-post-terms\"><a href=\"https:\/\/www.greenpeace.org\/mexico\/tag\/consumo\/\" rel=\"tag\">Consumo<\/a><\/div>\n                \n                <\/div>\n                \n        <h3 class=\"wp-block-post-title\"><a href=\"https:\/\/www.greenpeace.org\/mexico\/investigacion\/3792\/menos-es-mas-reducir-la-produccion-y-consumo-de-carne-y-lacteos-para-una-vida-y-planeta-mas-saludables\/\" target=\"_self\" >Menos es m\u00e1s. Reducir la producci\u00f3n y consumo de carne y l\u00e1cteos para una vida y planeta m\u00e1s saludables.<\/a><\/h3>\n        <div class=\"wp-block-post-excerpt\"><p class=\"wp-block-post-excerpt__excerpt\">Durante millones de a\u00f1os los seres humanos se han enfrentado a diario a la misma pregunta: \u00bfqu\u00e9 comer? Se la han hecho tanto cazadores-recolectores ancestrales, como padres y madres de&hellip; <\/p><\/div>\n        \n        <div class=\"wp-block-group posts-list-meta is-layout-flow wp-block-group-is-layout-flow\"><span class='article-list-item-author'><a href='https:\/\/www.greenpeace.org\/mexico\/author\/gherrera\/'>Gabriel Herrera<\/a><\/span>\n        <div class=\"wp-block-post-date\"><time datetime=\"2020-01-08T15:14:46-05:00\">enero 8, 2020<\/time><\/div>\n        \n        <\/div>\n        <\/div>\n        <\/div>\n\n            <\/li><\/ul>\n\n    \n<div class=\"wp-block-buttons carousel-controls is-horizontal is-content-justification-space-between is-nowrap is-layout-flex wp-container-core-buttons-is-layout-044bd602 wp-block-buttons-is-layout-flex\">\n            <div class=\"wp-block-button carousel-control-prev\"><button type=\"button\" class=\"wp-block-button__link wp-element-button\">Prev<\/button><\/div>\n        \n\n            <div class=\"wp-block-button carousel-control-next\"><button type=\"button\" class=\"wp-block-button__link wp-element-button\">Next<\/button><\/div>\n        <\/div>\n\n\n    <li class=\" wp-block-navigation-item see-all-link wp-block-navigation-link\"><a class=\"wp-block-navigation-item__content\"  href=\"http:\/\/www-dev.greenpeace.org\/mexico\/news-stories\/\"><span class=\"wp-block-navigation-item__label\">See all stories<\/span><\/a><\/li><\/div>\n    \n<div class=\"gpmx-button\"><a href=\"https:\/\/actua.greenpeace.org.mx\/mi-dieta-salva-el-planeta\" target=\"_blank\" rel=\"noopener noreferrer\"><img decoding=\"async\" src=\"https:\/\/www.greenpeace.org\/static\/planet4-mexico-stateless\/2020\/01\/9c4df033-boton-mi-dieta-salva-el-planeta.png\" width=\"150\"><\/a><\/div>\n","protected":false},"excerpt":{"rendered":"<p>Tu alimentaci\u00f3n y reducci\u00f3n de consumo de carne puede salvar el planeta<\/p>\n","protected":false},"author":21,"featured_media":3840,"parent":9,"menu_order":0,"comment_status":"closed","ping_status":"closed","template":"","meta":{"ep_exclude_from_search":false,"p4_hide_page_title_checkbox":"","p4_title":"","p4_subtitle":"","p4_description":"","background_image_id":"","background_image":"","p4_button_title":"","p4_button_link":"","p4_button_link_checkbox":"","p4_og_title":"","p4_og_description":"","p4_og_image":"https:\/\/www.greenpeace.org\/static\/planet4-mexico-stateless\/2020\/01\/8c52022f-gp0stqjwq.jpg","p4_og_image_id":"3770","p4_seo_canonical_url":"","p4_campaign_name":"not set","p4_local_project":"","p4_basket_name":"not set","p4_department":"","footnotes":""},"categories":[2],"tags":[20],"class_list":["post-3769","page","type-page","status-publish","has-post-thumbnail","hentry","category-cambio-climatico","tag-consumo"],"_links":{"self":[{"href":"https:\/\/www.greenpeace.org\/mexico\/wp-json\/wp\/v2\/pages\/3769","targetHints":{"allow":["GET"]}}],"collection":[{"href":"https:\/\/www.greenpeace.org\/mexico\/wp-json\/wp\/v2\/pages"}],"about":[{"href":"https:\/\/www.greenpeace.org\/mexico\/wp-json\/wp\/v2\/types\/page"}],"author":[{"embeddable":true,"href":"https:\/\/www.greenpeace.org\/mexico\/wp-json\/wp\/v2\/users\/21"}],"replies":[{"embeddable":true,"href":"https:\/\/www.greenpeace.org\/mexico\/wp-json\/wp\/v2\/comments?post=3769"}],"version-history":[{"count":20,"href":"https:\/\/www.greenpeace.org\/mexico\/wp-json\/wp\/v2\/pages\/3769\/revisions"}],"predecessor-version":[{"id":61228,"href":"https:\/\/www.greenpeace.org\/mexico\/wp-json\/wp\/v2\/pages\/3769\/revisions\/61228"}],"up":[{"embeddable":true,"href":"https:\/\/www.greenpeace.org\/mexico\/wp-json\/wp\/v2\/pages\/9"}],"wp:featuredmedia":[{"embeddable":true,"href":"https:\/\/www.greenpeace.org\/mexico\/wp-json\/wp\/v2\/media\/3840"}],"wp:attachment":[{"href":"https:\/\/www.greenpeace.org\/mexico\/wp-json\/wp\/v2\/media?parent=3769"}],"wp:term":[{"taxonomy":"category","embeddable":true,"href":"https:\/\/www.greenpeace.org\/mexico\/wp-json\/wp\/v2\/categories?post=3769"},{"taxonomy":"post_tag","embeddable":true,"href":"https:\/\/www.greenpeace.org\/mexico\/wp-json\/wp\/v2\/tags?post=3769"}],"curies":[{"name":"wp","href":"https:\/\/api.w.org\/{rel}","templated":true}]}}