{"id":608,"date":"2018-10-29T10:51:30","date_gmt":"2018-10-29T15:51:30","guid":{"rendered":"https:\/\/www.greenpeace.org\/mexico\/?page_id=608"},"modified":"2025-06-25T09:41:36","modified_gmt":"2025-06-25T14:41:36","slug":"un-millon-de-actos-azules","status":"publish","type":"page","link":"https:\/\/www.greenpeace.org\/mexico\/participa\/un-millon-de-actos-azules\/","title":{"rendered":"Un mill\u00f3n de actos azules"},"content":{"rendered":"\n                    <div class=\"wp-block-group is-vertical is-layout-flex wp-container-core-group-is-layout-8cf370e7 wp-block-group-is-layout-flex\">\n                    \n                                <p>Hacemos un llamado a las personas de todo el mundo para crear \u00abUn mill\u00f3n de actos azules\u00bb, que es un conjunto de acciones para impulsar a minoristas, negocios y empresas a reducir el uso de pl\u00e1sticos de un solo uso. Se necesitan crear grandes y peque\u00f1os compromisos para afrontar la gran crisis actual de contaminaci\u00f3n por pl\u00e1stico. Todos tenemos un papel que desempe\u00f1ar. Cada acci\u00f3n que se toma para reducir el uso de los pl\u00e1sticos de un solo uso env\u00eda un mensaje a la industria de que es hora de cambiar. Ya no podemos permitir que los productos que se usan durante unos segundos contaminen nuestro planeta de por vida.<\/p>\n                            \n\n                    \n                            <div class=\"wp-block-buttons is-layout-flex wp-block-buttons-is-layout-flex\">\n                            <div class=\"wp-block-button\">\n                                <a class=\"wp-block-button__link wp-element-button\" href=\"https:\/\/www.greenpeace.org\/static\/planet4-mexico-stateless\/2018\/10\/3b504c3c-ocean-plastic-full-esp.pdf?_ga=2.94240285.1830087535.1547569943-2083076255.1529342126\" target=\"\" rel=\"noreferrer noopener\">\n                                    Manual de herramientas\n                                <\/a>\n                            <\/div>\n                            <\/div>\n                            \n                    <\/div>\n                    <div data-render=\"planet4-blocks\/columns\" data-attributes=\"{&quot;attributes&quot;:{&quot;columns_block_style&quot;:&quot;icons&quot;,&quot;columns_title&quot;:&quot;Manual de herramientas de \\u00abUn mill\\u00f3n de Actos Azules\\u00bb&quot;,&quot;columns&quot;:[{&quot;attachment&quot;:&quot;https:\\\/\\\/www.greenpeace.org\\\/static\\\/planet4-mexico-stateless\\\/2018\\\/10\\\/df9fbcea-cir1.png&quot;,&quot;title&quot;:&quot;Aprende, comparte y \\u00fanete&quot;,&quot;description&quot;:&quot;Si eres maestro, estudiante o una persona interesada que desea aprender m\\u00e1s sobre la contaminaci\\u00f3n pl\\u00e1stica, hemos preparado algunos recursos para ayudarte a dar una presentaci\\u00f3n que inspire a tus alumnos, compa\\u00f1eros o tu comunidad a unirse al movimiento sin pl\\u00e1sticos.&quot;,&quot;cta_text&quot;:&quot;Descarga la Acci\\u00f3n 1&quot;,&quot;cta_link&quot;:&quot;https:\\\/\\\/www.greenpeace.org\\\/static\\\/planet4-mexico-stateless\\\/2018\\\/10\\\/3081debc-ocean-plastic-accion-1-esp.pdf&quot;,&quot;attachment_srcset&quot;:false},{&quot;attachment&quot;:&quot;https:\\\/\\\/www.greenpeace.org\\\/static\\\/planet4-mexico-stateless\\\/2018\\\/10\\\/76007767-cir2.png&quot;,&quot;title&quot;:&quot;Env\\u00eda una carta al editor&quot;,&quot;description&quot;:&quot;Los medios tradicionales como: peri\\u00f3dicos, televisi\\u00f3n, revistas, radio y el formato digital siguen siendo algunas de las mejores opciones para llegar a un gran n\\u00famero de personas. Enviar una carta al editor de tu peri\\u00f3dico local puede ser una forma efectiva de compartir informaci\\u00f3n con otras personas de tu regi\\u00f3n. \\u00a1Aqu\\u00ed hay algunos consejos!&quot;,&quot;cta_text&quot;:&quot;Descarga la Acci\\u00f3n 2&quot;,&quot;cta_link&quot;:&quot;https:\\\/\\\/www.greenpeace.org\\\/static\\\/planet4-mexico-stateless\\\/2018\\\/10\\\/c7692250-ocean-plastic-accion-2-esp.pdf&quot;,&quot;attachment_srcset&quot;:false},{&quot;attachment&quot;:&quot;https:\\\/\\\/www.greenpeace.org\\\/static\\\/planet4-mexico-stateless\\\/2018\\\/10\\\/517ad846-cir3.png&quot;,&quot;title&quot;:&quot;Haz que los supermercados no usen pl\\u00e1stico&quot;,&quot;description&quot;:&quot;Los supermercados son un punto de venta de pl\\u00e1sticos de un solo uso. Hay muchas maneras de influir en tu tienda local de comestibles o en una importante cadena de supermercados. Hacer que los supermercados est\\u00e9n libres de pl\\u00e1sticos puede darles el incentivo que necesitan para avanzar en la direcci\\u00f3n correcta.&quot;,&quot;cta_text&quot;:&quot;Descarga la Acci\\u00f3n 3&quot;,&quot;cta_link&quot;:&quot;https:\\\/\\\/www.greenpeace.org\\\/static\\\/planet4-mexico-stateless\\\/2018\\\/10\\\/4b153d1d-ocean-plastic-accion-3-esp.pdf&quot;,&quot;attachment_srcset&quot;:false},{&quot;attachment&quot;:&quot;https:\\\/\\\/www.greenpeace.org\\\/static\\\/planet4-mexico-stateless\\\/2018\\\/10\\\/dc1ffda3-cir4.png&quot;,&quot;title&quot;:&quot;Haz que los restaurantes y cafeter\\u00edas se deshagan de los pl\\u00e1sticos de un solo uso&quot;,&quot;description&quot;:&quot;Un movimiento cada vez mayor est\\u00e1 instando a las cadenas de comida r\\u00e1pida, restaurantes y cafeter\\u00edas a que dejen de ofrecer pl\\u00e1sticos de un solo uso a sus clientes. No subestimes el poder de cambiar un solo lugar. \\u00a1Puedes alentar o presionar a otras empresas para que sigan el ejemplo!&quot;,&quot;cta_text&quot;:&quot;Descarga la Acci\\u00f3n 4&quot;,&quot;cta_link&quot;:&quot;https:\\\/\\\/www.greenpeace.org\\\/static\\\/planet4-mexico-stateless\\\/2018\\\/10\\\/9b7033b1-ocean-plastic-accion-4-esp.pdf&quot;,&quot;attachment_srcset&quot;:false}]}}\"><\/div><div data-render=\"planet4-blocks\/columns\" data-attributes=\"{&quot;attributes&quot;:{&quot;columns_block_style&quot;:&quot;icons&quot;,&quot;columns&quot;:[{&quot;attachment&quot;:&quot;https:\\\/\\\/www.greenpeace.org\\\/static\\\/planet4-mexico-stateless\\\/2018\\\/10\\\/daf41972-cir5.png&quot;,&quot;title&quot;:&quot;Lobby para la prohibici\\u00f3n de pl\\u00e1sticos de un solo uso&quot;,&quot;description&quot;:&quot;Cuando las personas piensan en el cabildeo, pueden llegar a pensar en grupos de presi\\u00f3n pagados por la industria, pero cada persona tiene derecho a compartir su opini\\u00f3n. El cabildeo es una estrategia efectiva para influir en la opini\\u00f3n y obtener el apoyo de los funcionarios electos en todos los niveles del gobierno.&quot;,&quot;cta_text&quot;:&quot;Descarga la Acci\\u00f3n 5&quot;,&quot;cta_link&quot;:&quot;https:\\\/\\\/www.greenpeace.org\\\/static\\\/planet4-mexico-stateless\\\/2018\\\/10\\\/edc29cae-ocean-plastic-accion-5-esp.pdf&quot;,&quot;attachment_srcset&quot;:false},{&quot;attachment&quot;:&quot;https:\\\/\\\/www.greenpeace.org\\\/static\\\/planet4-mexico-stateless\\\/2018\\\/10\\\/d7711d58-cir6.png&quot;,&quot;title&quot;:&quot;Organiza una limpieza comunitaria con auditor\\u00eda de marcas&quot;,&quot;description&quot;:&quot;A trav\\u00e9s de las auditor\\u00edas de marca, el movimiento #BreakFreeFromPlastic responsabiliza a las corporaciones e impulsa un llamado a la innovaci\\u00f3n en el envasado de productos y a la gesti\\u00f3n de residuos. Si deseas realizar una auditor\\u00eda de marca en tu comunidad, aqu\\u00ed te damos algunas opciones.&quot;,&quot;cta_text&quot;:&quot;Descarga la Acci\\u00f3n 6&quot;,&quot;cta_link&quot;:&quot;https:\\\/\\\/www.greenpeace.org\\\/static\\\/planet4-mexico-stateless\\\/2018\\\/10\\\/dabbcec1-ocean-plastic-accion-6-esp.pdf&quot;,&quot;attachment_srcset&quot;:false},{&quot;attachment&quot;:&quot;https:\\\/\\\/www.greenpeace.org\\\/static\\\/planet4-mexico-stateless\\\/2018\\\/10\\\/396224d7-cir7.png&quot;,&quot;title&quot;:&quot;Organiza un grupo comunitario para un futuro sin pl\\u00e1sticos&quot;,&quot;description&quot;:&quot;Para detener la contaminaci\\u00f3n pl\\u00e1stica desde su origen, debemos construir un movimiento impulsado por personas suficientemente fuertes como para desafiar la mentalidad de la cultura de usar y tirar. Sensibiliza a tu comunidad para que juntos logren el cambio.&quot;,&quot;cta_text&quot;:&quot;Descarga la Acci\\u00f3n 7&quot;,&quot;cta_link&quot;:&quot;https:\\\/\\\/www.greenpeace.org\\\/static\\\/planet4-mexico-stateless\\\/2018\\\/10\\\/32d5ab7a-ocean-plastic-accion-7-esp.pdf&quot;,&quot;attachment_srcset&quot;:false},{&quot;attachment&quot;:&quot;https:\\\/\\\/www.greenpeace.org\\\/static\\\/planet4-mexico-stateless\\\/2018\\\/10\\\/a46c61d5-cirok.png&quot;,&quot;title&quot;:&quot;Paquete de Herramientas completo de \\u00abUn Mill\\u00f3n de Actos Azules\\u00bb&quot;,&quot;description&quot;:&quot;El paquete de herramientas completo consta de siete acciones que puedes emprender para resolver esta crisis y est\\u00e1 acompa\\u00f1ado de documentos de respaldo, presentaciones y materiales creativos.&quot;,&quot;cta_text&quot;:&quot;Descarga el Manual Completo&quot;,&quot;cta_link&quot;:&quot;https:\\\/\\\/www.greenpeace.org\\\/static\\\/planet4-mexico-stateless\\\/2018\\\/10\\\/3b504c3c-ocean-plastic-full-esp.pdf&quot;,&quot;attachment_srcset&quot;:false}]}}\"><\/div>\n        <div class=\"wp-block-group is-layout-flow wp-block-group-is-layout-flow\">\n        \n        \n        <figure class=\"wp-block-embed is-type-1 is-provider-youtube wp-block-embed-youtube wp-embed-aspect-16-9 wp-has-aspect-ratio\"><div class=\"wp-block-embed__wrapper\">\n        <lite-youtube style=\"background-image: url('https:\/\/i.ytimg.com\/vi\/EZ9DaX6BqR0\/hqdefault.jpg');\" videoid=\"EZ9DaX6BqR0\" params=\"rel=0\"><\/lite-youtube>\n        <\/div><\/figure><\/div>\n        <div data-render=\"planet4-blocks\/columns\" data-attributes=\"{&quot;attributes&quot;:{&quot;columns_block_style&quot;:&quot;tasks&quot;,&quot;columns_title&quot;:&quot;\\u00bfQu\\u00e9 m\\u00e1s puedes hacer?&quot;,&quot;columns_description&quot;:&quot;Cada acci\\u00f3n para reducir los pl\\u00e1sticos de un solo uso es un mensaje para la industria de que es hora de cambiar.&quot;,&quot;columns&quot;:[{&quot;title&quot;:&quot;P\\u00eddele a las compa\\u00f1\\u00edas que dejen de contaminar con pl\\u00e1stico&quot;,&quot;description&quot;:&quot;Por mucho tiempo, corporaciones como: Coca-Cola, Pepsi, Nestl\\u00e9, Unilever, Starbucks, Procter u0026 Gamble y McDonald&#039;s han impuesto empaques de pl\\u00e1stico en nuestras vidas. \\u00a1Diles que es momento de encontrar nuevas formas de hacernos llegar sus productos!&quot;,&quot;cta_link&quot;:&quot;https:\\\/\\\/actua.greenpeace.org.mx\\\/liberate-del-plastico&quot;,&quot;cta_text&quot;:&quot;Firma la petici\\u00f3n&quot;},{&quot;title&quot;:&quot;Reta a las compa\\u00f1\\u00edas en redes sociales&quot;,&quot;description&quot;:&quot;Comparte tus fotos de productos de pl\\u00e1stico de un solo uso y envases excesivos usando el hashtag #BreakFreeFromPlastic. \\u00a1No olvides etiquetar a las empresas responsables!&quot;,&quot;cta_link&quot;:&quot;https:\\\/\\\/www.facebook.com\\\/greenpeacemexico\\\/videos\\\/10156306699915275\\\/&quot;,&quot;cta_text&quot;:&quot;Act\\u00faa en redes sociales&quot;}]}}\"><\/div><p>Como parte del movimiento Lib\u00e9rate del pl\u00e1stico #<em>BreakFreeFromPlastic<\/em>, deseamos un mundo donde la tierra, el cielo, los oc\u00e9anos y el agua alberguen una gran cantidad de vida, no una gran cantidad de pl\u00e1stico; y donde el aire que respiramos, el agua que bebemos y la comida que comemos est\u00e9 libre de subproductos t\u00f3xicos de la contaminaci\u00f3n pl\u00e1stica. Nuestro movimiento debe ser ambicioso, inteligente y flexible para poder aprovechar las oportunidades de cambio y hacer realidad esta visi\u00f3n. Tu pasi\u00f3n, la inteligencia colectiva y tu participaci\u00f3n lo har\u00e1n posible.<\/p>\n<div data-render=\"planet4-blocks\/happypoint\" data-attributes=\"{&quot;attributes&quot;:{&quot;id&quot;:629,&quot;focus_image&quot;:&quot;0% 0%&quot;,&quot;opacity&quot;:30,&quot;override_default_content&quot;:false,&quot;local_content_provider&quot;:&quot;none&quot;}}\"><\/div>","protected":false},"excerpt":{"rendered":"<p>Se necesitan crear grandes y peque\u00f1os compromisos para afrontar la gran crisis actual de contaminaci\u00f3n por pl\u00e1stico.<\/p>\n","protected":false},"author":19,"featured_media":611,"parent":9,"menu_order":0,"comment_status":"closed","ping_status":"closed","template":"","meta":{"ep_exclude_from_search":false,"p4_hide_page_title_checkbox":"","p4_title":"","p4_subtitle":"","p4_description":"","background_image_id":"","background_image":"","p4_button_title":"","p4_button_link":"","p4_button_link_checkbox":"","p4_og_title":"","p4_og_description":"","p4_og_image":"","p4_og_image_id":"","p4_seo_canonical_url":"","p4_campaign_name":"not set","p4_local_project":"","p4_basket_name":"not set","p4_department":"","footnotes":""},"categories":[2],"tags":[],"class_list":["post-608","page","type-page","status-publish","has-post-thumbnail","hentry","category-cambio-climatico"],"_links":{"self":[{"href":"https:\/\/www.greenpeace.org\/mexico\/wp-json\/wp\/v2\/pages\/608","targetHints":{"allow":["GET"]}}],"collection":[{"href":"https:\/\/www.greenpeace.org\/mexico\/wp-json\/wp\/v2\/pages"}],"about":[{"href":"https:\/\/www.greenpeace.org\/mexico\/wp-json\/wp\/v2\/types\/page"}],"author":[{"embeddable":true,"href":"https:\/\/www.greenpeace.org\/mexico\/wp-json\/wp\/v2\/users\/19"}],"replies":[{"embeddable":true,"href":"https:\/\/www.greenpeace.org\/mexico\/wp-json\/wp\/v2\/comments?post=608"}],"version-history":[{"count":18,"href":"https:\/\/www.greenpeace.org\/mexico\/wp-json\/wp\/v2\/pages\/608\/revisions"}],"predecessor-version":[{"id":58544,"href":"https:\/\/www.greenpeace.org\/mexico\/wp-json\/wp\/v2\/pages\/608\/revisions\/58544"}],"up":[{"embeddable":true,"href":"https:\/\/www.greenpeace.org\/mexico\/wp-json\/wp\/v2\/pages\/9"}],"wp:featuredmedia":[{"embeddable":true,"href":"https:\/\/www.greenpeace.org\/mexico\/wp-json\/wp\/v2\/media\/611"}],"wp:attachment":[{"href":"https:\/\/www.greenpeace.org\/mexico\/wp-json\/wp\/v2\/media?parent=608"}],"wp:term":[{"taxonomy":"category","embeddable":true,"href":"https:\/\/www.greenpeace.org\/mexico\/wp-json\/wp\/v2\/categories?post=608"},{"taxonomy":"post_tag","embeddable":true,"href":"https:\/\/www.greenpeace.org\/mexico\/wp-json\/wp\/v2\/tags?post=608"}],"curies":[{"name":"wp","href":"https:\/\/api.w.org\/{rel}","templated":true}]}}