{"id":8448,"date":"2020-05-19T16:58:02","date_gmt":"2020-05-19T21:58:02","guid":{"rendered":"https:\/\/www.greenpeace.org\/mexico\/?page_id=8448"},"modified":"2024-03-26T06:42:33","modified_gmt":"2024-03-26T11:42:33","slug":"no-al-bloqueo-de-energias-renovables-en-mexico","status":"publish","type":"page","link":"https:\/\/www.greenpeace.org\/mexico\/participa\/no-al-bloqueo-de-energias-renovables-en-mexico\/","title":{"rendered":"\u00a1No m\u00e1s combustibles f\u00f3siles!"},"content":{"rendered":"\n                    <div class=\"wp-block-group is-vertical is-layout-flex wp-container-core-group-is-layout-8cf370e7 wp-block-group-is-layout-flex\">\n                    \n                                <p>Secretaria de Energ\u00eda Ing. Roc\u00edo Nahle,\r\nLa generaci\u00f3n de electricidad es la segunda fuente de emisi\u00f3n de gases de efecto invernadero en M\u00e9xico, causantes del cambio clim\u00e1tico.<\/p>\n                            \n\n                    \n                            <div class=\"wp-block-buttons is-layout-flex wp-block-buttons-is-layout-flex\">\n                            <div class=\"wp-block-button\">\n                                <a class=\"wp-block-button__link wp-element-button\" href=\"https:\/\/actua.greenpeace.org.mx\/justicia-energetica\" target=\"_blank\" rel=\"noreferrer noopener\">\n                                    Firma la petici\u00f3n\n                                <\/a>\n                            <\/div>\n                            <\/div>\n                            \n                    <\/div>\n                    \n<p>Al igual que en administraciones anteriores, el gobierno de nuestro pa\u00eds sigue apostando por el uso de combustibles f\u00f3siles atados a un modelo roto que da\u00f1a nuestra salud y el medio ambiente.<\/p>\n\n<p>Tenemos ejemplos claros, como la obsoleta planta termoel\u00e9ctrica de Tula, una de las principales fuentes de emisi\u00f3n de di\u00f3xido de azufre en el mundo. Es tan grave el deterioro ambiental y de salud p\u00fablica que la zona est\u00e1 declarada como regi\u00f3n de emergencia ambiental.<\/p>\n\n<p>Otro ejemplo es la refiner\u00eda de Dos Bocas, en Para\u00edso, Tabasco. Una zona ya afectada ambientalmente, que sufrir\u00e1 cada vez m\u00e1s graves impactos de huracanes y el incremento del nivel del mar.&nbsp;<br>Nuestro gobierno debe enfocarse en una transici\u00f3n hacia fuentes renovables de energ\u00eda. Necesitamos acciones contundentes y nos ofrecen falsas soluciones.<\/p>\n\n<p>Por eso te invitamos a unirte firmando y compartiendo. <a href=\"https:\/\/www.greenpeace.org\/mexico\/crisis-climatica-mexico\">#CrisisClim\u00e9xico<\/a><\/p>\n\n<p><\/p>\n","protected":false},"excerpt":{"rendered":"<p>Que no se prioricen combustibles f\u00f3siles altamente contaminantes como el combust\u00f3leo, el carb\u00f3n y el gas natural para producir la energ\u00eda que necesitamos, sobre fuentes renovables que son m\u00e1s baratas y ayudan a combatir el cambio clim\u00e1tico.<\/p>\n","protected":false},"author":19,"featured_media":49452,"parent":9,"menu_order":0,"comment_status":"closed","ping_status":"closed","template":"","meta":{"ep_exclude_from_search":false,"p4_hide_page_title_checkbox":"","p4_title":"","p4_subtitle":"","p4_description":"","background_image_id":"","background_image":"","p4_button_title":"","p4_button_link":"","p4_button_link_checkbox":"","p4_og_title":"","p4_og_description":"","p4_og_image":"","p4_og_image_id":"","p4_seo_canonical_url":"","p4_campaign_name":"not set","p4_local_project":"not set","p4_basket_name":"not set","p4_department":"","footnotes":""},"categories":[2],"tags":[],"class_list":["post-8448","page","type-page","status-publish","has-post-thumbnail","hentry","category-cambio-climatico"],"_links":{"self":[{"href":"https:\/\/www.greenpeace.org\/mexico\/wp-json\/wp\/v2\/pages\/8448","targetHints":{"allow":["GET"]}}],"collection":[{"href":"https:\/\/www.greenpeace.org\/mexico\/wp-json\/wp\/v2\/pages"}],"about":[{"href":"https:\/\/www.greenpeace.org\/mexico\/wp-json\/wp\/v2\/types\/page"}],"author":[{"embeddable":true,"href":"https:\/\/www.greenpeace.org\/mexico\/wp-json\/wp\/v2\/users\/19"}],"replies":[{"embeddable":true,"href":"https:\/\/www.greenpeace.org\/mexico\/wp-json\/wp\/v2\/comments?post=8448"}],"version-history":[{"count":9,"href":"https:\/\/www.greenpeace.org\/mexico\/wp-json\/wp\/v2\/pages\/8448\/revisions"}],"predecessor-version":[{"id":53961,"href":"https:\/\/www.greenpeace.org\/mexico\/wp-json\/wp\/v2\/pages\/8448\/revisions\/53961"}],"up":[{"embeddable":true,"href":"https:\/\/www.greenpeace.org\/mexico\/wp-json\/wp\/v2\/pages\/9"}],"wp:featuredmedia":[{"embeddable":true,"href":"https:\/\/www.greenpeace.org\/mexico\/wp-json\/wp\/v2\/media\/49452"}],"wp:attachment":[{"href":"https:\/\/www.greenpeace.org\/mexico\/wp-json\/wp\/v2\/media?parent=8448"}],"wp:term":[{"taxonomy":"category","embeddable":true,"href":"https:\/\/www.greenpeace.org\/mexico\/wp-json\/wp\/v2\/categories?post=8448"},{"taxonomy":"post_tag","embeddable":true,"href":"https:\/\/www.greenpeace.org\/mexico\/wp-json\/wp\/v2\/tags?post=8448"}],"curies":[{"name":"wp","href":"https:\/\/api.w.org\/{rel}","templated":true}]}}

¡No más combustibles fósiles!

<div class="wp-block-group is-vertical is-layout-flex wp-container-core-group-is-layout-8cf370e7 wp-block-group-is-layout-flex">
                    
                                <p>Secretaria de Energía Ing. Rocío Nahle,
La generación de electricidad es la segunda fuente de emisión de gases de efecto invernadero en México, causantes del cambio climático.</p>
                            

                    
                            <div class="wp-block-buttons is-layout-flex wp-block-buttons-is-layout-flex">
                            <div class="wp-block-button">
                                <a class="wp-block-button__link wp-element-button" href="https://actua.greenpeace.org.mx/justicia-energetica" target="_blank" rel="noreferrer noopener">
                                    Firma la petición
                                </a>
                            </div>
                            </div>
                            
                    </div>
                    
<p>Al igual que en administraciones anteriores, el gobierno de nuestro país sigue apostando por el uso de combustibles fósiles atados a un modelo roto que daña nuestra salud y el medio ambiente.</p>

<p>Tenemos ejemplos claros, como la obsoleta planta termoeléctrica de Tula, una de las principales fuentes de emisión de dióxido de azufre en el mundo. Es tan grave el deterioro ambiental y de salud pública que la zona está declarada como región de emergencia ambiental.</p>

<p>Otro ejemplo es la refinería de Dos Bocas, en Paraíso, Tabasco. Una zona ya afectada ambientalmente, que sufrirá cada vez más graves impactos de huracanes y el incremento del nivel del mar.&nbsp;<br>Nuestro gobierno debe enfocarse en una transición hacia fuentes renovables de energía. Necesitamos acciones contundentes y nos ofrecen falsas soluciones.</p>

<p>Por eso te invitamos a unirte firmando y compartiendo. <a href="https://www.greenpeace.org/mexico/crisis-climatica-mexico">#CrisisCliméxico</a></p>

<p></p>

<p>Que no se prioricen combustibles fósiles altamente contaminantes como el combustóleo, el carbón y el gas natural para producir la energía que necesitamos, sobre fuentes renovables que son más baratas y ayudan a combatir el cambio climático.</p>
