{"id":1510,"date":"2019-05-03T07:44:48","date_gmt":"2019-05-03T07:44:48","guid":{"rendered":"https:\/\/www.greenpeace.org\/norway\/?page_id=1510"},"modified":"2025-06-23T15:42:00","modified_gmt":"2025-06-23T14:42:00","slug":"island","status":"publish","type":"page","link":"https:\/\/www.greenpeace.org\/norway\/island\/","title":{"rendered":"\u00cdsland"},"content":{"rendered":"\n                \n                <div class=\"wp-block-group alignfull is-layout-flow wp-block-group-is-layout-flow\">\n                \n                <div class=\"wp-block-group container is-layout-flow wp-block-group-is-layout-flow\">\n                \n                <div class=\"wp-block-media-text alignfull has-media-on-the-right is-stacked-on-mobile is-pattern-p4-page-header is-style-parallax\">\n\n                <div class=\"wp-block-media-text__content\">\n                    <div class=\"wp-block-group is-layout-flow wp-block-group-is-layout-flow\">\n                    \n                        <h1 class=\"wp-block-heading has-white-background-color has-background\">\n                            Greenpeace heims\u00e6kir \u00cdsland\n                        <\/h1>\n                    <\/div>\n                \n\n                \n                        <p style=\"font-size:1.25rem\">\n                            <span style=\"font-weight: 400\">Samt\u00f6kin starfa \u00e1 \u00fdmsa vegu, s.s. me\u00f0 \u00fev\u00ed a\u00f0 rannsaka og koma upp um umhverfisspj\u00f6ll, \u00fer\u00fdsta \u00e1 stj\u00f3rnv\u00f6ld til a\u00f0 beita umhverfisv\u00e6num og r\u00e9ttl\u00e1tum lausnum og me\u00f0 fri\u00f0s\u00e6lum a\u00f0ger\u00f0um. Grunngildi samtakanna eru \u00e1valt h\u00f6f\u00f0 a\u00f0 lei\u00f0arlj\u00f3si en \u00feau eru a\u00f0 starfa sj\u00e1lfst\u00e6tt og \u00e1 al\u00fej\u00f3\u00f0avettvangi og leggja \u00e1herslu \u00e1 einstaklings\u00e1byrg\u00f0. Greenpeace voru stofnu\u00f0 \u00e1ri\u00f0 1971 og starfa \u00ed dag \u00ed yfir 40 l\u00f6ndum. Samt\u00f6kin tryggja sj\u00e1lfst\u00e6\u00f0i og hlutleysi sitt me\u00f0 \u00fev\u00ed a\u00f0 taka ekki vi\u00f0 fj\u00e1rstu\u00f0ningi fr\u00e1 fyrirt\u00e6kjum e\u00f0a stj\u00f3rnv\u00f6ldum og eru \u00fev\u00ed algerlega h\u00e1\u00f0 \u00feeim fj\u00f6lm\u00f6rgu einstaklingum um allan heim sem sty\u00f0ja vi\u00f0 samt\u00f6kin og deila s\u00fdn okkar um n\u00e1tt\u00faruvernd og fri\u00f0.<\/span>\n                        <\/p>\n                    \n\n                \n                        <div class=\"wp-block-buttons is-layout-flex wp-block-buttons-is-layout-flex\">\n                            \n                        <\/div>\n                        <div class=\"wp-block-button is-style-cta\">\n                            <a class=\"wp-block-button__link wp-element-button\"\n                                href=\"https:\/\/www.greenpeace.org\/international\/\"\n                                target=\"\"\n                                rel=\"noreferrer noopener\"\n                            >\n                                Lestu meira\n                            <\/a>\n                        <\/div>\n                    \n\n                <\/div>\n                <figure class=\"wp-block-media-text__media\">\n                    <img loading=\"lazy\" decoding=\"async\" width=\"1024\" height=\"683\"\n                        src=\"https:\/\/storage.googleapis.com\/planet4-norway-stateless-develop\/2018\/05\/63675cec-preparing-the-22planet-earth-first22-hot-air-balloon-in-hamburg.jpg\"\n                        alt=\"\"\n                        sizes=\"auto, (min-width: 601px) 50vw, 100vw\" srcset=\"https:\/\/storage.googleapis.com\/planet4-norway-stateless-develop\/2018\/05\/63675cec-preparing-the-22planet-earth-first22-hot-air-balloon-in-hamburg.jpg 1024w, https:\/\/storage.googleapis.com\/planet4-norway-stateless-develop\/2018\/05\/63675cec-preparing-the-22planet-earth-first22-hot-air-balloon-in-hamburg-300x200.jpg 300w, https:\/\/storage.googleapis.com\/planet4-norway-stateless-develop\/2018\/05\/63675cec-preparing-the-22planet-earth-first22-hot-air-balloon-in-hamburg-768x512.jpg 768w, https:\/\/storage.googleapis.com\/planet4-norway-stateless-develop\/2018\/05\/63675cec-preparing-the-22planet-earth-first22-hot-air-balloon-in-hamburg-510x340.jpg 510w\" class=\"wp-image-66 size-full\"\n                    \/>\n                <\/figure>\n                <\/div>\n                \n                <\/div>\n                \n                <\/div>\n                \n                <p><a href=\"https:\/\/www.visir.is\/g\/2019190519075\/uthofin-og-framtid-okkar\"><em>Lesa grein skrifu\u00f0 af P\u00e9tur Halld\u00f3rsson forma\u00f0ur Ungra umhverfissinna<\/em><\/a><\/p>\n<div data-render=\"planet4-blocks\/columns\" data-attributes=\"{&quot;attributes&quot;:{&quot;columns_block_style&quot;:&quot;icons&quot;,&quot;columns&quot;:[{&quot;title&quot;:&quot;Al\\u00fej\\u00f3\\u00f0legur \\u00fathafssamningur&quot;,&quot;description&quot;:&quot;H\\u00f6fin okkar eru \\u00ed s\\u00edfellt meiri h\\u00e6ttu vegna \\u00fdmissa \\u00fe\\u00e1tta \\u00e1 bor\\u00f0 vi\\u00f0 loftslagsbreytingar, plastmengun, ofvei\\u00f0i og n\\u00e1muvinnslu \\u00e1 hafsbotni.&quot;,&quot;attachment&quot;:&quot;https:\\\/\\\/storage.googleapis.com\\\/planet4-norway-stateless-develop\\\/2018\\\/06\\\/47a0b301-organisation.png&quot;,&quot;cta_link&quot;:&quot;https:\\\/\\\/www.greenpeace.org\\\/norway\\\/island\\\/althjodlegur-uthafssamningur\\\/&quot;,&quot;cta_text&quot;:&quot;Lestu meira&quot;,&quot;link_new_tab&quot;:false,&quot;attachment_srcset&quot;:false},{&quot;title&quot;:&quot;Fr\\u00e9ttatilkynning&quot;,&quot;description&quot;:&quot;Greenpeace heldur \\u00ed lei\\u00f0angur p\\u00f3lanna \\u00e1 milli vegna v\\u00e6ntanlegs \\u00fathafssamnings Sameinu\\u00f0u \\u00fej\\u00f3\\u00f0anna&quot;,&quot;attachment&quot;:&quot;https:\\\/\\\/storage.googleapis.com\\\/planet4-norway-stateless-develop\\\/2018\\\/06\\\/2638fccd-gp-ships.png&quot;,&quot;cta_link&quot;:&quot;https:\\\/\\\/www.greenpeace.org\\\/norway\\\/island\\\/frettatilkynning\\\/&quot;,&quot;cta_text&quot;:&quot;Lestu meira&quot;,&quot;link_new_tab&quot;:false,&quot;attachment_srcset&quot;:false}],&quot;className&quot;:&quot;is-style-icons&quot;}}\"><\/div><div>\n<h2>Dagskr\u00e1 heims\u00f3knar:<\/h2>\n<h4>31 ma\u00ed: Skipi\u00f0 lendir \u00ed Reykjav\u00edkurh\u00f6fn<\/h4>\n<h4>1 j\u00fan\u00ed: Greenpeace kynnir: Verndum h\u00f6fin t\u00f3nleikur<\/h4>\n<p>Mamm\u00fat<\/p>\n<p>T\u00f3nleikarnir fara fram \u00ed Hvalasafninu \u00e1 Granda, Reykjav\u00edk<\/p>\n<p>H\u00fasi\u00f0 opnar kl. 20:00<\/p>\n<p>\u00d3keypis a\u00f0gangur<\/p>\n<h4>2 j\u00fan\u00ed: Almenningi bo\u00f0i\u00f0 um bor\u00f0 \u00ed skip Greenpeace:<\/h4>\n<p>Esperanza<\/p>\n<p>Vi\u00f0 \u00c6gisgar\u00f0 \u00ed Reykjav\u00edkurh\u00f6fn, kl. 12:00-14:00<\/p>\n<h4>2 j\u00fan\u00ed: Hvernig breytum vi\u00f0 heiminum saman? &#8211; Fundur \u00ed samvinnu vi\u00f0 f\u00e9lagasamt\u00f6k \u00ed umhverfisvernd.<\/h4>\n<p>Esperanza<\/p>\n<p>Vi\u00f0 \u00c6gisgar\u00f0 \u00ed Reykjav\u00edkurh\u00f6fn, kl. 15:30-20:00<\/p>\n<p>Taktu \u00fe\u00e1tt \u00ed \u00fev\u00ed a\u00f0 r\u00e6\u00f0a hvernig vi\u00f0 getum unni\u00f0 saman \u00ed \u00fe\u00e1gu umhverfisins. \u00deetta er t\u00e6kif\u00e6ri til a\u00f0 deila eigin s\u00f6gum og reynslu, \u00e1samt \u00fev\u00ed a\u00f0 l\u00e6ra af \u00f6\u00f0rum.<\/p>\n<p>Skipulagt af Greenpeace, Landvernd, Arctic Youth Network o.fl.<\/p>\n<p><a href=\"https:\/\/forms.gle\/r9LxYSrKhYbE3sjz6\"><b>Skr\u00e1ning h\u00e9r<\/b><\/a><\/p>\n<h4>4 j\u00fan\u00ed: Almenningi bo\u00f0i\u00f0 um bor\u00f0 \u00ed skip Greenpeace:<\/h4>\n<p>Esperanza<\/p>\n<p>Vi\u00f0 \u00c6gisgar\u00f0 \u00ed Reykjav\u00edkurh\u00f6fn, kl. 10:00-15:00<\/p>\n<h4>4 j\u00fan\u00ed: Greenpeace og Landvernd kynna: Hafspjall \u00ed Reykjav\u00edk (Ocean Talks Reykjav\u00edk)<\/h4>\n<p>Esperanza<\/p>\n<p>Vi\u00f0 \u00c6gisgar\u00f0 \u00ed Reykjav\u00edkurh\u00f6fn, kl. 17:00-19:00<\/p>\n<p><i>Hafspjall \u00ed Reykjav\u00edk (Ocean Talks Reykjav\u00edk)<\/i> er pallbor\u00f0sumr\u00e6\u00f0a um framt\u00ed\u00f0 hafsins \u00e1 v\u00ed\u00f0um grundvelli n\u00e1tt\u00faruv\u00edsinda, heimspeki og stefnum\u00f3tunar. Hva\u00f0a m\u00e1li skipta \u00fath\u00f6fin fyrir \u00edslenska \u00fej\u00f3\u00f0 og menningu? Hva\u00f0a lausnir hefur \u00cdsland fram a\u00f0 f\u00e6ra?<\/p>\n<p>Taktu \u00fe\u00e1tt \u00ed umr\u00e6\u00f0unni me\u00f0 okkur en \u00ed pallbor\u00f0i ver\u00f0a:<\/p>\n<ul>\n<li style=\"font-weight: 300;\"><span style=\"font-weight: 300;\">L\u00edsa Anne Libungan, sj\u00e1varvistfr\u00e6\u00f0ingur hj\u00e1 Hafranns\u00f3knastofnun<\/span><\/li>\n<li style=\"font-weight: 300;\"><span style=\"font-weight: 300;\">Sigur\u00f0ur Thorlacius, ritari Ungra umhverfissinna og einn af skipuleggjendum loftslagsverkfallsins<\/span><\/li>\n<li style=\"font-weight: 300;\"><span style=\"font-weight: 300;\">Andri Snaer Magnason, rith\u00f6fundur<\/span><\/li>\n<li style=\"font-weight: 300;\"><span style=\"font-weight: 300;\">Au\u00f0ur \u00d6nnu Magn\u00fasd\u00f3ttir, framkv\u00e6mdastj\u00f3ri Landverndar<\/span><\/li>\n<li style=\"font-weight: 300;\"><span style=\"font-weight: 300;\">Frida Bengtsson, stj\u00f3rnandi verkefnisins \u2018Verndum h\u00f6fin\u2019 hj\u00e1 Greenpeace <\/span><\/li>\n<\/ul>\n<p><span style=\"font-weight: 300;\">Pallbor\u00f0inu ver\u00f0ur st\u00fdrt af P\u00e9tri Halld\u00f3rssyni, formanni Ungra umhverfissinna og stofnanda hins al\u00fej\u00f3\u00f0lega tengslanets ungmenna um Nor\u00f0ursl\u00f3\u00f0ir.<\/span><span style=\"font-weight: 300;\"><br \/><\/span><span style=\"font-weight: 300;\">Allir eru velkomnir en nau\u00f0synlegt er a\u00f0 <\/span><a href=\"https:\/\/forms.gle\/NUY1nFFT7xkpzYTf9\"><span style=\"font-weight: 300;\">skr\u00e1 sig h\u00e9r<\/span><\/a><\/p>\n<h4>6 j\u00fan\u00ed: Skipi\u00f0 leggur \u00far h\u00f6fn<\/h4>\n<\/div>\n<div><em>\u00deessi s\u00ed\u00f0a notar vafrak\u00f6kur. N\u00e1nari uppl\u00fdsingar um pers\u00f3nuvernd <a href=\"https:\/\/www.greenpeace.org\/international\/privacy\/\" target=\"_blank\" rel=\"noopener noreferrer\" data-saferedirecturl=\"https:\/\/www.google.com\/url?q=https:\/\/www.greenpeace.org\/international\/privacy\/&amp;source=gmail&amp;ust=1557395484737000&amp;usg=AFQjCNGNnL_f7FHiVosxTZQSL-DBeHLvFQ\">h\u00e9r.<\/a><br \/><\/em><\/div>\n<div>&nbsp;<\/div>\n<div>&nbsp;<\/div>\n","protected":false},"excerpt":{"rendered":"<p>Lesa grein skrifu\u00f0 af P\u00e9tur Halld\u00f3rsson forma\u00f0ur Ungra umhverfissinna Dagskr\u00e1 heims\u00f3knar: 31 ma\u00ed: Skipi\u00f0 lendir \u00ed Reykjav\u00edkurh\u00f6fn 1 j\u00fan\u00ed: Greenpeace kynnir: Verndum h\u00f6fin t\u00f3nleikur Mamm\u00fat T\u00f3nleikarnir fara fram \u00ed Hvalasafninu \u00e1 Granda, Reykjav\u00edk H\u00fasi\u00f0 opnar kl. 20:00 \u00d3keypis a\u00f0gangur 2 j\u00fan\u00ed: Almenningi bo\u00f0i\u00f0 um bor\u00f0 \u00ed skip Greenpeace: Esperanza Vi\u00f0 \u00c6gisgar\u00f0 \u00ed Reykjav\u00edkurh\u00f6fn, kl. 12:00-14:00 [&hellip;]<\/p>\n","protected":false},"author":25,"featured_media":0,"parent":0,"menu_order":0,"comment_status":"closed","ping_status":"closed","template":"","meta":{"ep_exclude_from_search":false,"p4_hide_page_title_checkbox":"on","p4_title":"","p4_subtitle":"","p4_description":"","background_image_id":"","background_image":"","p4_button_title":"","p4_button_link":"","p4_button_link_checkbox":"","p4_og_title":"","p4_og_description":"","p4_og_image":"","p4_og_image_id":"","p4_seo_canonical_url":"","p4_campaign_name":"not set","p4_local_project":"not set","p4_basket_name":"not set","p4_department":"","footnotes":""},"categories":[26],"tags":[53],"class_list":["post-1510","page","type-page","status-publish","hentry","category-greenpeace","tag-greenpeacefakta"],"_links":{"self":[{"href":"https:\/\/www.greenpeace.org\/norway\/wp-json\/wp\/v2\/pages\/1510","targetHints":{"allow":["GET"]}}],"collection":[{"href":"https:\/\/www.greenpeace.org\/norway\/wp-json\/wp\/v2\/pages"}],"about":[{"href":"https:\/\/www.greenpeace.org\/norway\/wp-json\/wp\/v2\/types\/page"}],"author":[{"embeddable":true,"href":"https:\/\/www.greenpeace.org\/norway\/wp-json\/wp\/v2\/users\/25"}],"replies":[{"embeddable":true,"href":"https:\/\/www.greenpeace.org\/norway\/wp-json\/wp\/v2\/comments?post=1510"}],"version-history":[{"count":20,"href":"https:\/\/www.greenpeace.org\/norway\/wp-json\/wp\/v2\/pages\/1510\/revisions"}],"predecessor-version":[{"id":64831,"href":"https:\/\/www.greenpeace.org\/norway\/wp-json\/wp\/v2\/pages\/1510\/revisions\/64831"}],"wp:attachment":[{"href":"https:\/\/www.greenpeace.org\/norway\/wp-json\/wp\/v2\/media?parent=1510"}],"wp:term":[{"taxonomy":"category","embeddable":true,"href":"https:\/\/www.greenpeace.org\/norway\/wp-json\/wp\/v2\/categories?post=1510"},{"taxonomy":"post_tag","embeddable":true,"href":"https:\/\/www.greenpeace.org\/norway\/wp-json\/wp\/v2\/tags?post=1510"}],"curies":[{"name":"wp","href":"https:\/\/api.w.org\/{rel}","templated":true}]}}

Ísland

<div class="wp-block-group alignfull is-layout-flow wp-block-group-is-layout-flow">
                
                <div class="wp-block-group container is-layout-flow wp-block-group-is-layout-flow">
                
                <div class="wp-block-media-text alignfull has-media-on-the-right is-stacked-on-mobile is-pattern-p4-page-header is-style-parallax">

                <div class="wp-block-media-text__content">
                    <div class="wp-block-group is-layout-flow wp-block-group-is-layout-flow">
                    
                        <h1 class="wp-block-heading has-white-background-color has-background">
                            Greenpeace heimsækir Ísland
                        </h1>
                    </div>
                

                
                        <p style="font-size:1.25rem">
                            <span style="font-weight: 400">Samtökin starfa á ýmsa vegu, s.s. með því að rannsaka og koma upp um umhverfisspjöll, þrýsta á stjórnvöld til að beita umhverfisvænum og réttlátum lausnum og með friðsælum aðgerðum. Grunngildi samtakanna eru ávalt höfð að leiðarljósi en þau eru að starfa sjálfstætt og á alþjóðavettvangi og leggja áherslu á einstaklingsábyrgð. Greenpeace voru stofnuð árið 1971 og starfa í dag í yfir 40 löndum. Samtökin tryggja sjálfstæði og hlutleysi sitt með því að taka ekki við fjárstuðningi frá fyrirtækjum eða stjórnvöldum og eru því algerlega háð þeim fjölmörgu einstaklingum um allan heim sem styðja við samtökin og deila sýn okkar um náttúruvernd og frið.</span>
                        </p>
                    

                
                        <div class="wp-block-buttons is-layout-flex wp-block-buttons-is-layout-flex">
                            
                        </div>
                        <div class="wp-block-button is-style-cta">
                            <a class="wp-block-button__link wp-element-button"
                                href="https://www.greenpeace.org/international/"
                                target=""
                                rel="noreferrer noopener"
                            >
                                Lestu meira
                            </a>
                        </div>
                    

                </div>
                <figure class="wp-block-media-text__media">
                    <img loading="lazy" decoding="async" width="1024" height="683"
                        src="https://storage.googleapis.com/planet4-norway-stateless-develop/2018/05/63675cec-preparing-the-22planet-earth-first22-hot-air-balloon-in-hamburg.jpg"
                        alt=""
                        sizes="auto, (min-width: 601px) 50vw, 100vw" srcset="https://storage.googleapis.com/planet4-norway-stateless-develop/2018/05/63675cec-preparing-the-22planet-earth-first22-hot-air-balloon-in-hamburg.jpg 1024w, https://storage.googleapis.com/planet4-norway-stateless-develop/2018/05/63675cec-preparing-the-22planet-earth-first22-hot-air-balloon-in-hamburg-300x200.jpg 300w, https://storage.googleapis.com/planet4-norway-stateless-develop/2018/05/63675cec-preparing-the-22planet-earth-first22-hot-air-balloon-in-hamburg-768x512.jpg 768w, https://storage.googleapis.com/planet4-norway-stateless-develop/2018/05/63675cec-preparing-the-22planet-earth-first22-hot-air-balloon-in-hamburg-510x340.jpg 510w" class="wp-image-66 size-full"
                    />
                </figure>
                </div>
                
                </div>
                
                </div>
                
                <p><a href="https://www.visir.is/g/2019190519075/uthofin-og-framtid-okkar"><em>Lesa grein skrifuð af Pétur Halldórsson formaður Ungra umhverfissinna</em></a></p>
<div data-render="planet4-blocks/columns" data-attributes="{&quot;attributes&quot;:{&quot;columns_block_style&quot;:&quot;icons&quot;,&quot;columns&quot;:[{&quot;title&quot;:&quot;Al\u00fej\u00f3\u00f0legur \u00fathafssamningur&quot;,&quot;description&quot;:&quot;H\u00f6fin okkar eru \u00ed s\u00edfellt meiri h\u00e6ttu vegna \u00fdmissa \u00fe\u00e1tta \u00e1 bor\u00f0 vi\u00f0 loftslagsbreytingar, plastmengun, ofvei\u00f0i og n\u00e1muvinnslu \u00e1 hafsbotni.&quot;,&quot;attachment&quot;:&quot;https:\/\/storage.googleapis.com\/planet4-norway-stateless-develop\/2018\/06\/47a0b301-organisation.png&quot;,&quot;cta_link&quot;:&quot;https:\/\/www.greenpeace.org\/norway\/island\/althjodlegur-uthafssamningur\/&quot;,&quot;cta_text&quot;:&quot;Lestu meira&quot;,&quot;link_new_tab&quot;:false,&quot;attachment_srcset&quot;:false},{&quot;title&quot;:&quot;Fr\u00e9ttatilkynning&quot;,&quot;description&quot;:&quot;Greenpeace heldur \u00ed lei\u00f0angur p\u00f3lanna \u00e1 milli vegna v\u00e6ntanlegs \u00fathafssamnings Sameinu\u00f0u \u00fej\u00f3\u00f0anna&quot;,&quot;attachment&quot;:&quot;https:\/\/storage.googleapis.com\/planet4-norway-stateless-develop\/2018\/06\/2638fccd-gp-ships.png&quot;,&quot;cta_link&quot;:&quot;https:\/\/www.greenpeace.org\/norway\/island\/frettatilkynning\/&quot;,&quot;cta_text&quot;:&quot;Lestu meira&quot;,&quot;link_new_tab&quot;:false,&quot;attachment_srcset&quot;:false}],&quot;className&quot;:&quot;is-style-icons&quot;}}"></div><div>
<h2>Dagskrá heimsóknar:</h2>
<h4>31 maí: Skipið lendir í Reykjavíkurhöfn</h4>
<h4>1 júní: Greenpeace kynnir: Verndum höfin tónleikur</h4>
<p>Mammút</p>
<p>Tónleikarnir fara fram í Hvalasafninu á Granda, Reykjavík</p>
<p>Húsið opnar kl. 20:00</p>
<p>Ókeypis aðgangur</p>
<h4>2 júní: Almenningi boðið um borð í skip Greenpeace:</h4>
<p>Esperanza</p>
<p>Við Ægisgarð í Reykjavíkurhöfn, kl. 12:00-14:00</p>
<h4>2 júní: Hvernig breytum við heiminum saman? &#8211; Fundur í samvinnu við félagasamtök í umhverfisvernd.</h4>
<p>Esperanza</p>
<p>Við Ægisgarð í Reykjavíkurhöfn, kl. 15:30-20:00</p>
<p>Taktu þátt í því að ræða hvernig við getum unnið saman í þágu umhverfisins. Þetta er tækifæri til að deila eigin sögum og reynslu, ásamt því að læra af öðrum.</p>
<p>Skipulagt af Greenpeace, Landvernd, Arctic Youth Network o.fl.</p>
<p><a href="https://forms.gle/r9LxYSrKhYbE3sjz6"><b>Skráning hér</b></a></p>
<h4>4 júní: Almenningi boðið um borð í skip Greenpeace:</h4>
<p>Esperanza</p>
<p>Við Ægisgarð í Reykjavíkurhöfn, kl. 10:00-15:00</p>
<h4>4 júní: Greenpeace og Landvernd kynna: Hafspjall í Reykjavík (Ocean Talks Reykjavík)</h4>
<p>Esperanza</p>
<p>Við Ægisgarð í Reykjavíkurhöfn, kl. 17:00-19:00</p>
<p><i>Hafspjall í Reykjavík (Ocean Talks Reykjavík)</i> er pallborðsumræða um framtíð hafsins á víðum grundvelli náttúruvísinda, heimspeki og stefnumótunar. Hvaða máli skipta úthöfin fyrir íslenska þjóð og menningu? Hvaða lausnir hefur Ísland fram að færa?</p>
<p>Taktu þátt í umræðunni með okkur en í pallborði verða:</p>
<ul>
<li style="font-weight: 300;"><span style="font-weight: 300;">Lísa Anne Libungan, sjávarvistfræðingur hjá Hafrannsóknastofnun</span></li>
<li style="font-weight: 300;"><span style="font-weight: 300;">Sigurður Thorlacius, ritari Ungra umhverfissinna og einn af skipuleggjendum loftslagsverkfallsins</span></li>
<li style="font-weight: 300;"><span style="font-weight: 300;">Andri Snaer Magnason, rithöfundur</span></li>
<li style="font-weight: 300;"><span style="font-weight: 300;">Auður Önnu Magnúsdóttir, framkvæmdastjóri Landverndar</span></li>
<li style="font-weight: 300;"><span style="font-weight: 300;">Frida Bengtsson, stjórnandi verkefnisins ‘Verndum höfin’ hjá Greenpeace </span></li>
</ul>
<p><span style="font-weight: 300;">Pallborðinu verður stýrt af Pétri Halldórssyni, formanni Ungra umhverfissinna og stofnanda hins alþjóðlega tengslanets ungmenna um Norðurslóðir.</span><span style="font-weight: 300;"><br /></span><span style="font-weight: 300;">Allir eru velkomnir en nauðsynlegt er að </span><a href="https://forms.gle/NUY1nFFT7xkpzYTf9"><span style="font-weight: 300;">skrá sig hér</span></a></p>
<h4>6 júní: Skipið leggur úr höfn</h4>
</div>
<div><em>Þessi síða notar vafrakökur. Nánari upplýsingar um persónuvernd <a href="https://www.greenpeace.org/international/privacy/" target="_blank" rel="noopener noreferrer" data-saferedirecturl="https://www.google.com/url?q=https://www.greenpeace.org/international/privacy/&amp;source=gmail&amp;ust=1557395484737000&amp;usg=AFQjCNGNnL_f7FHiVosxTZQSL-DBeHLvFQ">hér.</a><br /></em></div>
<div>&nbsp;</div>
<div>&nbsp;</div>

<p>Lesa grein skrifuð af Pétur Halldórsson formaður Ungra umhverfissinna Dagskrá heimsóknar: 31 maí: Skipið lendir í Reykjavíkurhöfn 1 júní: Greenpeace kynnir: Verndum höfin tónleikur Mammút Tónleikarnir fara fram í Hvalasafninu á Granda, Reykjavík Húsið opnar kl. 20:00 Ókeypis aðgangur 2 júní: Almenningi boðið um borð í skip Greenpeace: Esperanza Við Ægisgarð í Reykjavíkurhöfn, kl. 12:00-14:00 [&hellip;]</p>
