{"id":61778,"date":"2024-10-22T11:51:47","date_gmt":"2024-10-22T10:51:47","guid":{"rendered":"https:\/\/www.greenpeace.org\/norway\/?page_id=61778"},"modified":"2025-11-03T12:00:41","modified_gmt":"2025-11-03T11:00:41","slug":"equinor-ithaca-kontakt-styret","status":"publish","type":"page","link":"https:\/\/www.greenpeace.org\/norway\/vaer-med\/equinor-ithaca-kontakt-styret\/","title":{"rendered":"Stopp Equinors samarbeid med Ithaca, send e-post til styret"},"content":{"rendered":"\n<div class=\"wp-block-planet4-blocks-carousel-header\"><div data-hydrate=\"planet4-blocks\/carousel-header\" data-attributes=\"{&quot;carousel_autoplay&quot;:false,&quot;slides&quot;:[{&quot;image&quot;:61886,&quot;focal_points&quot;:{&quot;x&quot;:0.54,&quot;y&quot;:0.53},&quot;header&quot;:&quot;Krev at Equinor avslutter samarbeidet med Ithaca&quot;,&quot;description&quot;:&quot;Takk til alle dere som har sendt e-post til Equinor-styret! Denne kampanjen er n\u00e5 avsluttet, men du kan fortsatt signere brevet til n\u00e6ringsministeren her:&quot;,&quot;link_text&quot;:&quot;Signer&quot;,&quot;link_url&quot;:&quot;https:\/\/www.greenpeace.org\/norway\/vaer-med\/signer-equinor-ma-avslutte-samarbeidet-med-ithaca-eid-av-israel\/&quot;,&quot;link_url_new_tab&quot;:false,&quot;image_url&quot;:&quot;https:\/\/www.greenpeace.org\/static\/planet4-norway-stateless\/2024\/10\/faf2b1ea-equinor-ithaca-israel-greenpeace-aksjon-fornebu-4.jpg&quot;,&quot;image_srcset&quot;:&quot;https:\/\/www.greenpeace.org\/static\/planet4-norway-stateless\/2024\/10\/faf2b1ea-equinor-ithaca-israel-greenpeace-aksjon-fornebu-4-150x150.jpg 150w,https:\/\/www.greenpeace.org\/static\/planet4-norway-stateless\/2024\/10\/faf2b1ea-equinor-ithaca-israel-greenpeace-aksjon-fornebu-4-300x194.jpg 300w,https:\/\/www.greenpeace.org\/static\/planet4-norway-stateless\/2024\/10\/faf2b1ea-equinor-ithaca-israel-greenpeace-aksjon-fornebu-4-1024x664.jpg 1024w,https:\/\/www.greenpeace.org\/static\/planet4-norway-stateless\/2024\/10\/faf2b1ea-equinor-ithaca-israel-greenpeace-aksjon-fornebu-4-510x331.jpg 510w,https:\/\/www.greenpeace.org\/static\/planet4-norway-stateless\/2024\/10\/faf2b1ea-equinor-ithaca-israel-greenpeace-aksjon-fornebu-4.jpg 1790w&quot;}],&quot;currentImageIndex&quot;:0}\"><section class=\"block block-header alignfull carousel-header \"><div class=\"carousel-wrapper-header\"><div class=\"carousel-inner\" role=\"listbox\"><div class=\"carousel-item active\"><div class=\"carousel-item-mask\"><div class=\"background-holder\"><img decoding=\"async\" src=\"https:\/\/www.greenpeace.org\/static\/planet4-norway-stateless\/2024\/10\/faf2b1ea-equinor-ithaca-israel-greenpeace-aksjon-fornebu-4.jpg\" style=\"object-position:54% 53%\" srcSet=\"https:\/\/www.greenpeace.org\/static\/planet4-norway-stateless\/2024\/10\/faf2b1ea-equinor-ithaca-israel-greenpeace-aksjon-fornebu-4-150x150.jpg 150w,https:\/\/www.greenpeace.org\/static\/planet4-norway-stateless\/2024\/10\/faf2b1ea-equinor-ithaca-israel-greenpeace-aksjon-fornebu-4-300x194.jpg 300w,https:\/\/www.greenpeace.org\/static\/planet4-norway-stateless\/2024\/10\/faf2b1ea-equinor-ithaca-israel-greenpeace-aksjon-fornebu-4-1024x664.jpg 1024w,https:\/\/www.greenpeace.org\/static\/planet4-norway-stateless\/2024\/10\/faf2b1ea-equinor-ithaca-israel-greenpeace-aksjon-fornebu-4-510x331.jpg 510w,https:\/\/www.greenpeace.org\/static\/planet4-norway-stateless\/2024\/10\/faf2b1ea-equinor-ithaca-israel-greenpeace-aksjon-fornebu-4.jpg 1790w\"\/><\/div><div class=\"carousel-caption\"><div class=\"caption-overlay\"><\/div><div class=\"container main-header\"><div class=\"carousel-captions-wrapper\"><h2>Krev at Equinor avslutter samarbeidet med Ithaca<\/h2><p>Takk til alle dere som har sendt e-post til Equinor-styret! Denne kampanjen er n\u00e5 avsluttet, men du kan fortsatt signere brevet til n\u00e6ringsministeren her:<\/p><\/div><div class=\"col-xs-12 col-sm-8 col-md-4 action-button\"><a href=\"https:\/\/www.greenpeace.org\/norway\/vaer-med\/signer-equinor-ma-avslutte-samarbeidet-med-ithaca-eid-av-israel\/\" class=\"btn btn-primary\" data-ga-category=\"Carousel Header\" data-ga-action=\"Call to Action\"><span>Signer<\/span><\/a><\/div><\/div><\/div><\/div><\/div><\/div><\/div><\/section><\/div><\/div>\n\n\n<div class=\"wp-block-group alignfull has-black-background-color has-background is-layout-flow wp-block-group-is-layout-flow\"><\/div>\n\n\n<div style=\"height:20px\" aria-hidden=\"true\" class=\"wp-block-spacer\"><\/div>\n\n<div class=\"wp-block-columns is-layout-flex wp-container-core-columns-is-layout-9d6595d7 wp-block-columns-is-layout-flex\">\n<div class=\"wp-block-column is-layout-flow wp-block-column-is-layout-flow\">\n<h2 class=\"wp-block-heading proca-text proca-Email\">Equinors oljefelt Rosebank vil bidra til okkupasjonen av Palestina&nbsp;<\/h2>\n\n\n\n<p class=\"proca-text proca-Email\">Visste du at Equinors Rosebank-felt vil bidra til den ulovlige og brutale okkupasjonen av Palestina ved \u00e5 sende milliarder til et selskap svartelistet av FN for brudd p\u00e5 folkeretten? <\/p>\n\n\n\n<p class=\"proca-text proca-Email\">Equinors partner p\u00e5 oljefeltet Rosebank, Ithaca Energy, er majoritetseid av Delek Group, et av Israels st\u00f8rste energiselskaper. De st\u00e5r oppf\u00f8rt p\u00e5 FNs \u201csvarteliste\u201d over selskaper som opererer i okkuperte omr\u00e5der i Palestina. Delek Group selger ogs\u00e5 drivstoff til det israelske milit\u00e6ret.<\/p>\n\n\n\n<p class=\"proca-text proca-Email\">Vi kan ikke akseptere at statseide Equinor, som eies av alle oss nordmenn, bidrar til Israels folkerettsbrudd og krigf\u00f8ring. Equinor er n\u00f8dt til \u00e5 respektere menneskerettighetene og folkeretten.<\/p>\n\n\n\n<p class=\"proca-text proca-Email\"><strong>Bruk stemmen din \u2013 send en forh\u00e5ndsskrevet e-post til et eller flere av Equinors styremedlemmer. Merk at du ogs\u00e5 kan velge \u00e5 skrive til de engelsktalende medlemmene, via menyen. Endre gjerne p\u00e5 e-posten for \u00e5 gj\u00f8re den mer personlig.<\/strong><\/p>\n\n\n\n<h2 class=\"wp-block-heading proca-text proca-Email\">Equinor-styret har et ansvar<\/h2>\n\n\n\n<p class=\"proca-text proca-Email\">Styret i Equinor er ansvarlig for \u00e5 sikre at selskapet opptrer etisk forsvarlig og respekterer menneskerettighetene.<\/p>\n\n\n\n<p class=\"proca-text proca-Email\">Equinor-sjef Anders Opedal og resten av Equinor-ledelsen har valgt \u00e5 g\u00e5 videre med Rosebank, vel vitende om konsekvensene utbyggingen av oljefeltet vil f\u00e5. Det er n\u00e5 opp til styret \u00e5 sikre at Equinor respekterer folkeretten og menneskerettighetene. De m\u00e5 gj\u00f8re alt de kan for at Equinor umiddelbart avslutter samarbeidet med Ithaca Energy og skrinlegger Rosebank-feltet.<\/p>\n<\/div>\n\n\n\n<div class=\"wp-block-column is-layout-flow wp-block-column-is-layout-flow\">\n<script src=\"https:\/\/widget.proca.app\/d\/equinor_board_2024\/nb\"><\/script>\n<div class=\"proca-widget\">\n  <div class=\"proca-description\">Laster inn<\/div>\n<\/div>\n<\/div>\n<\/div>\n","protected":false},"excerpt":{"rendered":"<p>Equinors Rosebank-samarbeid med israelsk-eide Ithaca vil bidra til okkupasjonen av Palestina. Det kan vi ikke akseptere \u2013 send en e-post til Equinor-styret n\u00e5.<\/p>\n","protected":false},"author":35,"featured_media":61860,"parent":9,"menu_order":0,"comment_status":"closed","ping_status":"closed","template":"","meta":{"ep_exclude_from_search":true,"p4_hide_page_title_checkbox":"on","p4_title":"","p4_subtitle":"","p4_description":"","background_image_id":"","background_image":"","p4_button_title":"","p4_button_link":"","p4_button_link_checkbox":"","p4_og_title":"Krev at Equinor slutter \u00e5 samarbeide med israelsk-eide Ithaca","p4_og_description":"","p4_og_image":"","p4_og_image_id":"","p4_seo_canonical_url":"","p4_campaign_name":"Fossil Free Future","p4_local_project":"not set","p4_basket_name":"Oceans","p4_department":"","footnotes":""},"categories":[58],"tags":[],"class_list":["post-61778","page","type-page","status-publish","has-post-thumbnail","hentry","category-energi"],"_links":{"self":[{"href":"https:\/\/www.greenpeace.org\/norway\/wp-json\/wp\/v2\/pages\/61778","targetHints":{"allow":["GET"]}}],"collection":[{"href":"https:\/\/www.greenpeace.org\/norway\/wp-json\/wp\/v2\/pages"}],"about":[{"href":"https:\/\/www.greenpeace.org\/norway\/wp-json\/wp\/v2\/types\/page"}],"author":[{"embeddable":true,"href":"https:\/\/www.greenpeace.org\/norway\/wp-json\/wp\/v2\/users\/35"}],"replies":[{"embeddable":true,"href":"https:\/\/www.greenpeace.org\/norway\/wp-json\/wp\/v2\/comments?post=61778"}],"version-history":[{"count":20,"href":"https:\/\/www.greenpeace.org\/norway\/wp-json\/wp\/v2\/pages\/61778\/revisions"}],"predecessor-version":[{"id":66282,"href":"https:\/\/www.greenpeace.org\/norway\/wp-json\/wp\/v2\/pages\/61778\/revisions\/66282"}],"up":[{"embeddable":true,"href":"https:\/\/www.greenpeace.org\/norway\/wp-json\/wp\/v2\/pages\/9"}],"wp:featuredmedia":[{"embeddable":true,"href":"https:\/\/www.greenpeace.org\/norway\/wp-json\/wp\/v2\/media\/61860"}],"wp:attachment":[{"href":"https:\/\/www.greenpeace.org\/norway\/wp-json\/wp\/v2\/media?parent=61778"}],"wp:term":[{"taxonomy":"category","embeddable":true,"href":"https:\/\/www.greenpeace.org\/norway\/wp-json\/wp\/v2\/categories?post=61778"},{"taxonomy":"post_tag","embeddable":true,"href":"https:\/\/www.greenpeace.org\/norway\/wp-json\/wp\/v2\/tags?post=61778"}],"curies":[{"name":"wp","href":"https:\/\/api.w.org\/{rel}","templated":true}]}}